CRAN Package Check Results for Package frailtypack

Last updated on 2015-03-03 09:49:35.

Flavor Version Tinstall Tcheck Ttotal Status Flags
r-devel-linux-x86_64-debian-clang 2.7.4 55.16 33.80 88.96 OK
r-devel-linux-x86_64-debian-gcc 2.7.4 55.48 32.53 88.02 OK
r-devel-linux-x86_64-fedora-clang 2.7.4 133.86 OK
r-devel-linux-x86_64-fedora-gcc 2.7.4 125.96 OK
r-devel-osx-x86_64-clang 2.7.4 77.00 OK
r-devel-windows-ix86+x86_64 2.7.4 208.00 86.00 294.00 OK
r-patched-linux-x86_64 2.7.4 56.31 37.95 94.26 OK
r-patched-solaris-sparc 2.7.4 858.20 OK
r-patched-solaris-x86 2.7.4 281.00 OK
r-release-linux-ix86 2.7.2 83.33 50.58 133.91 OK
r-release-linux-x86_64 2.7.4 55.39 37.69 93.08 OK
r-release-osx-x86_64-mavericks 2.7.4 WARN
r-release-osx-x86_64-snowleopard 2.7.4 OK
r-release-windows-ix86+x86_64 2.7.4 206.00 76.00 282.00 OK
r-oldrel-windows-ix86+x86_64 2.7.4 159.00 82.00 241.00 OK

Check Details

Version: 2.7.4
Check: whether package can be installed
Result: WARN
    Found the following significant warnings:
     Warning: Possible change of value in conversion from REAL(8) to REAL(4) at (1)
     Warning: Possible change of value in conversion from REAL(8) to INTEGER(4) at (1)
Flavor: r-release-osx-x86_64-mavericks