CRAN Package Check Results for Package frailtypack

Last updated on 2017-02-27 18:48:55.

Flavor Version Tinstall Tcheck Ttotal Status Flags
r-devel-linux-x86_64-debian-clang 2.10.5 93.85 74.21 168.06 NOTE
r-devel-linux-x86_64-debian-gcc 2.10.5 94.86 74.82 169.68 NOTE
r-devel-linux-x86_64-fedora-clang 2.10.5 256.82 NOTE --no-stop-on-test-error
r-devel-linux-x86_64-fedora-gcc 2.10.5 252.68 NOTE --no-stop-on-test-error
r-devel-macos-x86_64-clang 2.10.5 211.17 NOTE --no-stop-on-test-error
r-devel-windows-ix86+x86_64 2.10.5 440.00 282.00 722.00 NOTE
r-patched-linux-x86_64 2.10.5 83.58 71.60 155.18 OK
r-patched-solaris-sparc 2.10.5 1602.60 OK
r-patched-solaris-x86 2.10.5 432.20 OK
r-release-linux-x86_64 2.10.5 84.26 71.21 155.47 OK
r-release-osx-x86_64-mavericks 2.10.5 WARN
r-release-windows-ix86+x86_64 2.10.5 323.00 261.00 584.00 OK
r-oldrel-windows-ix86+x86_64 2.10.5 291.00 187.00 478.00 OK

Check Details

Version: 2.10.5
Check: compiled code
Result: NOTE
    File ‘frailtypack/libs/frailtypack.so’:
     Found no calls to: ‘R_registerRoutines’, ‘R_useDynamicSymbols’
    
    It is good practice to register native routines and to disable symbol
    search.
    
    See ‘Writing portable packages’ in the ‘Writing R Extensions’ manual.
Flavors: r-devel-linux-x86_64-debian-clang, r-devel-linux-x86_64-debian-gcc

Version: 2.10.5
Flags: --no-stop-on-test-error
Check: compiled code
Result: NOTE
    File ‘frailtypack/libs/frailtypack.so’:
     Found no calls to: ‘R_registerRoutines’, ‘R_useDynamicSymbols’
    
    It is good practice to register native routines and to disable symbol
    search.
    
    See ‘Writing portable packages’ in the ‘Writing R Extensions’ manual.
Flavors: r-devel-linux-x86_64-fedora-clang, r-devel-linux-x86_64-fedora-gcc, r-devel-macos-x86_64-clang

Version: 2.10.5
Check: installed package size
Result: NOTE
     installed size is 8.1Mb
     sub-directories of 1Mb or more:
     libs 7.0Mb
Flavor: r-devel-windows-ix86+x86_64

Version: 2.10.5
Check: whether package can be installed
Result: WARN
    Found the following significant warnings:
     Warning: Possible change of value in conversion from REAL(8) to REAL(4) at (1)
     Warning: Possible change of value in conversion from REAL(8) to INTEGER(4) at (1)
Flavor: r-release-osx-x86_64-mavericks