CRAN Package Check Results for Package frailtypack

Last updated on 2014-09-19 10:49:28.

Flavor Version Tinstall Tcheck Ttotal Status Flags
r-devel-linux-x86_64-debian-clang 2.7 54.14 36.64 90.78 OK
r-devel-linux-x86_64-debian-gcc 2.7 54.27 34.21 88.48 OK
r-devel-linux-x86_64-fedora-clang 2.7 133.55 OK
r-devel-linux-x86_64-fedora-gcc 2.7 132.71 OK
r-devel-osx-x86_64-clang 2.7 112.63 OK
r-devel-windows-ix86+x86_64 2.7 146.00 59.00 205.00 OK
r-patched-linux-x86_64 2.7 54.12 36.27 90.39 OK
r-patched-solaris-sparc 2.7 811.90 OK
r-patched-solaris-x86 2.7 311.00 OK
r-release-linux-ix86 2.7 86.67 47.12 133.79 OK
r-release-linux-x86_64 2.7 53.87 36.50 90.36 OK
r-release-osx-x86_64-mavericks 2.7 WARN
r-release-osx-x86_64-snowleopard 2.7 OK
r-release-windows-ix86+x86_64 2.7 151.00 69.00 220.00 OK
r-oldrel-windows-ix86+x86_64 2.7 145.00 66.00 211.00 OK

Check Details

Version: 2.7
Check: whether package can be installed
Result: WARN
    Found the following significant warnings:
     Warning: Possible change of value in conversion from REAL(8) to REAL(4) at (1)
     Warning: Possible change of value in conversion from REAL(8) to INTEGER(4) at (1)
Flavor: r-release-osx-x86_64-mavericks