CRAN Package Check Results for Package frailtypack

Last updated on 2017-09-20 03:48:12.

Flavor Version Tinstall Tcheck Ttotal Status Flags
r-devel-linux-x86_64-debian-clang 2.12.4 73.89 91.21 165.10 OK
r-devel-linux-x86_64-debian-gcc 2.12.4 75.89 88.63 164.52 OK
r-devel-linux-x86_64-fedora-clang 2.12.4 321.04 OK
r-devel-linux-x86_64-fedora-gcc 2.12.4 319.60 OK
r-devel-windows-ix86+x86_64 2.12.4 438.00 237.00 675.00 NOTE
r-patched-linux-x86_64 2.12.4 75.59 91.34 166.93 OK
r-patched-solaris-x86 2.12.4 640.80 NOTE
r-release-linux-x86_64 2.12.4 75.86 91.63 167.49 OK
r-release-windows-ix86+x86_64 2.12.4 290.00 179.00 469.00 OK
r-release-osx-x86_64 2.12.4 OK
r-oldrel-windows-ix86+x86_64 2.12.4 279.00 145.00 424.00 OK
r-oldrel-osx-x86_64 2.12.4 OK

Check Details

Version: 2.12.4
Check: installed package size
Result: NOTE
     installed size is 10.0Mb
     sub-directories of 1Mb or more:
     libs 9.2Mb
Flavors: r-devel-windows-ix86+x86_64, r-patched-solaris-x86