CRAN Package Check Results for Package frailtypack

Last updated on 2016-12-09 05:48:57.

Flavor Version Tinstall Tcheck Ttotal Status Flags
r-devel-linux-x86_64-debian-clang 2.10.3 91.97 73.93 165.90 OK
r-devel-linux-x86_64-debian-gcc 2.10.3 94.95 73.67 168.62 OK
r-devel-linux-x86_64-fedora-clang 2.10.3 268.75 OK --no-stop-on-test-error
r-devel-linux-x86_64-fedora-gcc 2.10.3 259.10 OK --no-stop-on-test-error
r-devel-macos-x86_64-clang 2.10.3 210.83 OK
r-devel-windows-ix86+x86_64 2.10.3 305.00 130.00 435.00 NOTE
r-patched-linux-x86_64 2.10.3 83.50 71.00 154.50 OK
r-patched-solaris-sparc 2.10.3 1596.00 OK
r-patched-solaris-x86 2.10.3 444.30 OK
r-release-linux-x86_64 2.10.3 84.18 69.31 153.49 OK
r-release-osx-x86_64-mavericks 2.10.3 WARN
r-release-windows-ix86+x86_64 2.10.3 184.00 137.00 321.00 OK
r-oldrel-windows-ix86+x86_64 2.10.3 288.00 137.00 425.00 OK

Check Details

Version: 2.10.3
Check: installed package size
Result: NOTE
     installed size is 8.0Mb
     sub-directories of 1Mb or more:
     libs 6.9Mb
Flavor: r-devel-windows-ix86+x86_64

Version: 2.10.3
Check: whether package can be installed
Result: WARN
    Found the following significant warnings:
     Warning: Possible change of value in conversion from REAL(8) to REAL(4) at (1)
     Warning: Possible change of value in conversion from REAL(8) to INTEGER(4) at (1)
Flavor: r-release-osx-x86_64-mavericks