CRAN Package Check Results for Package frailtypack

Last updated on 2017-11-21 08:57:10 CET.

Flavor Version Tinstall Tcheck Ttotal Status Flags
r-devel-linux-x86_64-debian-clang 2.12.6 73.68 83.77 157.45 OK
r-devel-linux-x86_64-debian-gcc 2.12.6 94.74 170.96 265.70 OK
r-devel-linux-x86_64-fedora-clang 2.12.6 295.61 NOTE
r-devel-linux-x86_64-fedora-gcc 2.12.6 342.59 NOTE
r-devel-windows-ix86+x86_64 2.12.6 567.00 210.00 777.00 NOTE
r-patched-linux-x86_64 2.12.6 87.68 92.06 179.75 OK
r-patched-solaris-x86 2.12.6 638.70 NOTE
r-release-linux-x86_64 2.12.6 76.33 89.39 165.72 OK
r-release-windows-ix86+x86_64 2.12.6 287.00 158.00 445.00 OK
r-release-osx-x86_64 2.12.6 OK
r-oldrel-windows-ix86+x86_64 2.12.6 259.00 161.00 420.00 OK
r-oldrel-osx-x86_64 2.12.6 OK

Check Details

Version: 2.12.6
Check: installed package size
Result: NOTE
     installed size is 5.0Mb
     sub-directories of 1Mb or more:
     libs 4.2Mb
Flavors: r-devel-linux-x86_64-fedora-clang, r-devel-linux-x86_64-fedora-gcc, r-devel-windows-ix86+x86_64, r-patched-solaris-x86