CRAN Package Check Results for Package frailtypack

Last updated on 2017-01-23 08:48:40.

Flavor Version Tinstall Tcheck Ttotal Status Flags
r-devel-linux-x86_64-debian-clang 2.10.4 93.46 75.25 168.72 OK
r-devel-linux-x86_64-debian-gcc 2.10.4 93.49 74.41 167.91 OK
r-devel-linux-x86_64-fedora-clang 2.10.4 245.42 OK --no-stop-on-test-error
r-devel-linux-x86_64-fedora-gcc 2.10.4 247.89 OK --no-stop-on-test-error
r-devel-macos-x86_64-clang 2.10.4 201.44 OK --no-stop-on-test-error
r-devel-windows-ix86+x86_64 2.10.4 282.00 142.00 424.00 NOTE
r-patched-linux-x86_64 2.10.4 86.12 70.83 156.94 OK
r-patched-solaris-sparc 2.10.4 1588.70 OK
r-patched-solaris-x86 2.10.4 450.40 OK
r-release-linux-x86_64 2.10.4 83.96 70.33 154.29 OK
r-release-osx-x86_64-mavericks 2.10.4 WARN
r-release-windows-ix86+x86_64 2.10.4 293.00 171.00 464.00 OK
r-oldrel-windows-ix86+x86_64 2.10.4 330.00 270.00 600.00 OK

Check Details

Version: 2.10.4
Check: installed package size
Result: NOTE
     installed size is 8.0Mb
     sub-directories of 1Mb or more:
     libs 6.9Mb
Flavor: r-devel-windows-ix86+x86_64

Version: 2.10.4
Check: whether package can be installed
Result: WARN
    Found the following significant warnings:
     Warning: Possible change of value in conversion from REAL(8) to REAL(4) at (1)
     Warning: Possible change of value in conversion from REAL(8) to INTEGER(4) at (1)
Flavor: r-release-osx-x86_64-mavericks