CRAN Package Check Results for Package frailtypack

Last updated on 2016-07-28 06:47:19.

Flavor Version Tinstall Tcheck Ttotal Status Flags
r-devel-linux-x86_64-debian-clang 2.9.4 103.81 83.98 187.79 NOTE
r-devel-linux-x86_64-debian-gcc 2.9.4 118.24 82.77 201.01 NOTE
r-devel-linux-x86_64-fedora-clang 2.9.4 247.47 OK
r-devel-linux-x86_64-fedora-gcc 2.9.4 174.28 OK
r-devel-osx-x86_64-clang 2.9.4 186.83 OK
r-devel-windows-ix86+x86_64 2.9.4 237.00 144.00 381.00 OK
r-patched-linux-x86_64 2.9.4 108.00 84.41 192.41 NOTE
r-patched-solaris-sparc 2.9.4 1596.90 OK
r-patched-solaris-x86 2.9.4 417.30 OK
r-release-linux-x86_64 2.9.4 104.28 82.51 186.79 NOTE
r-release-osx-x86_64-mavericks 2.9.3.1 WARN
r-release-windows-ix86+x86_64 2.9.4 242.00 163.00 405.00 OK
r-oldrel-windows-ix86+x86_64 2.9.4 246.00 186.00 432.00 OK

Check Details

Version: 2.9.4
Check: installed package size
Result: NOTE
     installed size is 7.9Mb
     sub-directories of 1Mb or more:
     libs 6.8Mb
Flavors: r-devel-linux-x86_64-debian-clang, r-devel-linux-x86_64-debian-gcc, r-patched-linux-x86_64, r-release-linux-x86_64

Version: 2.9.3.1
Check: whether package can be installed
Result: WARN
    Found the following significant warnings:
     Warning: Possible change of value in conversion from REAL(8) to REAL(4) at (1)
     Warning: Possible change of value in conversion from REAL(8) to INTEGER(4) at (1)
Flavor: r-release-osx-x86_64-mavericks