CRAN Package Check Results for Package frailtypack

Last updated on 2015-05-26 02:46:46.

Flavor Version Tinstall Tcheck Ttotal Status Flags
r-devel-linux-x86_64-debian-clang 2.7.5 55.42 35.54 90.97 OK
r-devel-linux-x86_64-debian-gcc 2.7.5 55.34 32.52 87.86 OK
r-devel-linux-x86_64-fedora-clang 2.7.5 133.75 OK
r-devel-linux-x86_64-fedora-gcc 2.7.5 127.54 OK
r-devel-osx-x86_64-clang 2.7.5 114.06 OK
r-devel-windows-ix86+x86_64 2.7.5 158.00 68.00 226.00 OK
r-patched-linux-x86_64 2.7.5 55.53 35.13 90.66 OK
r-patched-solaris-sparc 2.7.5 936.20 OK
r-patched-solaris-x86 2.7.5 267.30 OK
r-release-linux-x86_64 2.7.5 55.37 38.37 93.74 OK
r-release-osx-x86_64-mavericks 2.7.5 WARN
r-release-osx-x86_64-snowleopard 2.7.5 OK
r-release-windows-ix86+x86_64 2.7.5 151.00 62.00 213.00 OK
r-oldrel-windows-ix86+x86_64 2.7.5 157.00 71.00 228.00 OK

Check Details

Version: 2.7.5
Check: whether package can be installed
Result: WARN
    Found the following significant warnings:
     Warning: Possible change of value in conversion from REAL(8) to REAL(4) at (1)
     Warning: Possible change of value in conversion from REAL(8) to INTEGER(4) at (1)
Flavor: r-release-osx-x86_64-mavericks