CRAN Package Check Results for Package frailtypack

Last updated on 2014-07-28 11:48:58.

Flavor Version Tinstall Tcheck Ttotal Status Flags
r-devel-linux-x86_64-debian-clang 2.6.1 52.73 35.66 88.38 OK
r-devel-linux-x86_64-debian-gcc 2.6.1 52.16 34.96 87.12 OK
r-devel-linux-x86_64-fedora-clang 2.6.1 135.36 OK
r-devel-linux-x86_64-fedora-gcc 2.6.1 128.79 OK
r-devel-osx-x86_64-clang 2.6.1 116.75 OK
r-devel-windows-ix86+x86_64 2.6.1 144.00 63.00 207.00 OK
r-patched-linux-x86_64 2.6.1 52.36 37.38 89.74 OK
r-patched-solaris-sparc 2.6.1 858.40 OK
r-patched-solaris-x86 2.6.1 227.60 OK
r-release-linux-ix86 2.6.1 84.36 45.55 129.90 OK
r-release-linux-x86_64 2.6.1 51.86 36.67 88.52 OK
r-release-osx-x86_64-mavericks 2.6.1 WARN
r-release-osx-x86_64-snowleopard 2.6.1 OK
r-release-windows-ix86+x86_64 2.6.1 146.00 63.00 209.00 OK
r-oldrel-windows-ix86+x86_64 2.6.1 144.00 69.00 213.00 OK

Check Details

Version: 2.6.1
Check: whether package can be installed
Result: WARNING
    Found the following significant warnings:
     Warning: Possible change of value in conversion from REAL(8) to INTEGER(4) at (1)
     Warning: Possible change of value in conversion from REAL(8) to REAL(4) at (1)
    See /Builds/CRAN-QA-Simon/packages/mavericks-x86_64/results/3.1/frailtypack.Rcheck/00install.out for details.
Flavor: r-release-osx-x86_64-mavericks