CRAN Package Check Results for Package frailtypack

Last updated on 2014-04-24 11:48:46.

Flavor Version Tinstall Tcheck Ttotal Status Flags
r-devel-linux-x86_64-debian-clang 2.6 54.10 37.30 91.40 NOTE
r-devel-linux-x86_64-debian-gcc 2.6 53.92 38.59 92.51 NOTE
r-devel-linux-x86_64-fedora-clang 2.6 133.23 OK
r-devel-linux-x86_64-fedora-gcc 2.6 130.13 OK
r-devel-osx-x86_64-clang 2.6 104.13 OK
r-devel-osx-x86_64-gcc 2.6 OK
r-devel-windows-ix86+x86_64 2.6 135.00 58.00 193.00 OK
r-patched-linux-x86_64 2.6 54.21 37.17 91.38 NOTE
r-patched-solaris-sparc 2.6 808.40 OK
r-patched-solaris-x86 2.6 264.30 OK
r-release-linux-ix86 2.6 98.00 63.00 161.00 OK
r-release-linux-x86_64 2.6 54.44 37.16 91.60 NOTE
r-release-osx-x86_64-mavericks 2.6 WARN
r-release-osx-x86_64-snowleopard 2.6 OK
r-release-windows-ix86+x86_64 2.6 139.00 62.00 201.00 OK
r-oldrel-windows-ix86+x86_64 2.6 145.00 65.00 210.00 OK

Check Details

Version: 2.6
Check: installed package size
Result: NOTE
     installed size is 5.1Mb
     sub-directories of 1Mb or more:
     libs 4.7Mb
Flavors: r-devel-linux-x86_64-debian-clang, r-devel-linux-x86_64-debian-gcc, r-patched-linux-x86_64, r-release-linux-x86_64

Version: 2.6
Check: whether package can be installed
Result: WARNING
    Found the following significant warnings:
     Warning: Possible change of value in conversion from REAL(8) to INTEGER(4) at (1)
     Warning: Possible change of value in conversion from REAL(8) to INTEGER(4) at (1)
     Warning: Possible change of value in conversion from REAL(8) to REAL(4) at (1)
     Warning: Possible change of value in conversion from REAL(8) to REAL(4) at (1)
     Warning: Possible change of value in conversion from REAL(8) to REAL(4) at (1)
     Warning: Possible change of value in conversion from REAL(8) to REAL(4) at (1)
     Warning: Possible change of value in conversion from REAL(8) to REAL(4) at (1)
     Warning: Possible change of value in conversion from REAL(8) to REAL(4) at (1)
    See ‘/Builds/CRAN-QA-Simon/packages/mavericks-x86_64/results/3.1/frailtypack.Rcheck/00install.out’ for details.
Flavor: r-release-osx-x86_64-mavericks

Version: 2.6
Check: PDF version of manual
Result: WARNING
    LaTeX errors when creating PDF version.
    This typically indicates Rd problems.
    LaTeX errors found:
    ! LaTeX Error: File `upquote.sty' not found.
    
    Type X to quit or <RETURN> to proceed,
    or enter new name. (Default extension: sty)
    
    91654ba/Rd2.tex:8: ==> Fatal error occurred, no output PDF file produced!
Flavor: r-release-osx-x86_64-mavericks