CRAN Package Check Results for Package frailtypack

Last updated on 2016-09-30 12:50:20.

Flavor Version Tinstall Tcheck Ttotal Status Flags
r-devel-linux-x86_64-debian-clang 2.9.4 95.80 75.55 171.36 WARN
r-devel-linux-x86_64-debian-gcc 2.9.4 95.87 71.78 167.65 WARN
r-devel-linux-x86_64-fedora-clang 2.9.4 252.87 WARN
r-devel-linux-x86_64-fedora-gcc 2.9.4 232.88 WARN
r-devel-macos-x86_64-clang 2.9.4 200.45 WARN
r-devel-windows-ix86+x86_64 2.9.4 394.00 158.00 552.00 WARN
r-patched-linux-x86_64 2.9.4 85.99 69.26 155.25 NOTE
r-patched-solaris-sparc 2.9.4 1596.90 OK
r-patched-solaris-x86 2.9.4 443.80 OK
r-release-linux-x86_64 2.9.4 84.25 69.99 154.24 NOTE
r-release-osx-x86_64-mavericks 2.9.4 WARN
r-release-windows-ix86+x86_64 2.9.4 193.00 120.00 313.00 OK
r-oldrel-windows-ix86+x86_64 2.9.4 285.00 191.00 476.00 OK

Check Details

Version: 2.9.4
Check: whether package can be installed
Result: WARN
    Found the following significant warnings:
     Warning: GNU Extension: Nonstandard type declaration INTEGER*4 at (1)
     Warning: GNU Extension: Symbol ‘n’ is used before it is typed at (1)
     Warning: GNU Extension: Symbol ‘m’ is used before it is typed at (1)
     Warning: GNU Extension: Symbol ‘nsujet’ is used before it is typed at (1)
     Warning: GNU Extension: Symbol ‘nvaaux’ is used before it is typed at (1)
     Warning: GNU Extension: Symbol ‘nsujetaux’ is used before it is typed at (1)
     Warning: GNU Extension: Symbol ‘npred0’ is used before it is typed at (1)
     Warning: GNU Extension: Symbol ‘nrec0’ is used before it is typed at (1)
Flavors: r-devel-linux-x86_64-debian-clang, r-devel-linux-x86_64-debian-gcc, r-devel-windows-ix86+x86_64

Version: 2.9.4
Check: installed package size
Result: NOTE
     installed size is 8.1Mb
     sub-directories of 1Mb or more:
     libs 7.0Mb
Flavors: r-devel-linux-x86_64-debian-clang, r-devel-linux-x86_64-debian-gcc, r-devel-windows-ix86+x86_64, r-patched-linux-x86_64, r-release-linux-x86_64

Version: 2.9.4
Check: whether package can be installed
Result: WARN
    Found the following significant warnings:
     Warning: GNU Extension: Symbol ‘m’ is used before it is typed at (1)
     Warning: GNU Extension: Symbol ‘nsujet’ is used before it is typed at (1)
     Warning: GNU Extension: Symbol ‘nvaaux’ is used before it is typed at (1)
     Warning: GNU Extension: Symbol ‘nsujetaux’ is used before it is typed at (1)
     Warning: GNU Extension: Symbol ‘npred0’ is used before it is typed at (1)
     Warning: GNU Extension: Symbol ‘nrec0’ is used before it is typed at (1)
     Warning: GNU Extension: Nonstandard type declaration INTEGER*4 at (1)
     Warning: GNU Extension: Symbol ‘n’ is used before it is typed at (1)
Flavors: r-devel-linux-x86_64-fedora-clang, r-devel-linux-x86_64-fedora-gcc, r-devel-macos-x86_64-clang

Version: 2.9.4
Check: whether package can be installed
Result: WARN
    Found the following significant warnings:
     Warning: Possible change of value in conversion from REAL(8) to REAL(4) at (1)
     Warning: Possible change of value in conversion from REAL(8) to INTEGER(4) at (1)
Flavor: r-release-osx-x86_64-mavericks