CRAN Package Check Results for Package frailtypack

Last updated on 2016-02-08 19:48:23.

Flavor Version Tinstall Tcheck Ttotal Status Flags
r-devel-linux-x86_64-debian-gcc 2.8.3 79.28 50.22 129.49 NOTE
r-devel-linux-x86_64-fedora-clang 2.8.3 187.57 OK
r-devel-linux-x86_64-fedora-gcc 2.8.3 182.49 OK
r-devel-osx-x86_64-clang 2.8.3 199.81 OK
r-devel-windows-ix86+x86_64 2.8.3 266.00 96.00 362.00 OK
r-patched-linux-x86_64 2.8.3 79.24 51.06 130.29 NOTE
r-patched-solaris-sparc 2.8.3 1283.20 OK
r-patched-solaris-x86 2.8.3 401.60 OK
r-release-linux-x86_64 2.8.3 80.29 50.90 131.19 NOTE
r-release-osx-x86_64-mavericks 2.8.3 WARN
r-release-windows-ix86+x86_64 2.8.3 265.00 96.00 361.00 OK
r-oldrel-windows-ix86+x86_64 2.8.3 274.00 111.00 385.00 OK

Check Details

Version: 2.8.3
Check: installed package size
Result: NOTE
     installed size is 7.3Mb
     sub-directories of 1Mb or more:
     libs 6.7Mb
Flavors: r-devel-linux-x86_64-debian-gcc, r-patched-linux-x86_64, r-release-linux-x86_64

Version: 2.8.3
Check: whether package can be installed
Result: WARN
    Found the following significant warnings:
     Warning: Possible change of value in conversion from REAL(8) to REAL(4) at (1)
     Warning: Possible change of value in conversion from REAL(8) to INTEGER(4) at (1)
Flavor: r-release-osx-x86_64-mavericks