CRAN Package Check Results for Package frailtypack

Last updated on 2015-02-01 23:48:53.

Flavor Version Tinstall Tcheck Ttotal Status Flags
r-devel-linux-x86_64-debian-clang 2.7.2 53.83 33.05 86.88 OK
r-devel-linux-x86_64-debian-gcc 2.7.2 53.90 35.32 89.22 OK
r-devel-linux-x86_64-fedora-clang 2.7.2 90.49 OK
r-devel-linux-x86_64-fedora-gcc 2.7.2 125.43 OK
r-devel-osx-x86_64-clang 2.7.2 123.38 OK
r-devel-windows-ix86+x86_64 2.7.2 185.00 54.00 239.00 OK
r-patched-linux-x86_64 2.7.2 54.15 36.64 90.78 OK
r-patched-solaris-sparc 2.7.2 929.10 OK
r-patched-solaris-x86 2.7.2 272.20 OK
r-release-linux-ix86 2.7.2 82.90 47.20 130.09 OK
r-release-linux-x86_64 2.7.2 54.82 37.04 91.86 OK
r-release-osx-x86_64-mavericks 2.7.2 WARN
r-release-osx-x86_64-snowleopard 2.7.2 OK
r-release-windows-ix86+x86_64 2.7.2 149.00 71.00 220.00 OK
r-oldrel-windows-ix86+x86_64 2.7.2 150.00 70.00 220.00 OK

Check Details

Version: 2.7.2
Check: whether package can be installed
Result: WARN
    Found the following significant warnings:
     Warning: Possible change of value in conversion from REAL(8) to REAL(4) at (1)
     Warning: Possible change of value in conversion from REAL(8) to INTEGER(4) at (1)
Flavor: r-release-osx-x86_64-mavericks