CRAN Package Check Results for Package frailtypack

Last updated on 2016-08-26 23:48:52.

Flavor Version Tinstall Tcheck Ttotal Status Flags
r-devel-linux-x86_64-debian-clang 2.9.4 92.56 74.03 166.60 WARN
r-devel-linux-x86_64-debian-gcc 2.9.4 134.70 93.75 228.45 WARN
r-devel-linux-x86_64-fedora-clang 2.9.4 244.94 WARN
r-devel-linux-x86_64-fedora-gcc 2.9.4 233.08 WARN
r-devel-osx-x86_64-clang 2.9.4 207.92 WARN
r-devel-windows-ix86+x86_64 2.9.4 236.00 137.00 373.00 OK
r-patched-linux-x86_64 2.9.4 85.86 73.88 159.74 NOTE
r-patched-solaris-sparc 2.9.4 1596.90 OK
r-patched-solaris-x86 2.9.4 446.10 OK
r-release-linux-x86_64 2.9.4 87.49 72.81 160.30 NOTE
r-release-osx-x86_64-mavericks 2.9.4 WARN
r-release-windows-ix86+x86_64 2.9.4 242.00 139.00 381.00 OK
r-oldrel-windows-ix86+x86_64 2.9.4 231.00 152.00 383.00 OK

Check Details

Version: 2.9.4
Check: whether package can be installed
Result: WARN
    Found the following significant warnings:
     Warning: GNU Extension: Nonstandard type declaration INTEGER*4 at (1)
     Warning: GNU Extension: Symbol ‘n’ is used before it is typed at (1)
     Warning: GNU Extension: Symbol ‘m’ is used before it is typed at (1)
     Warning: GNU Extension: Symbol ‘nsujet’ is used before it is typed at (1)
     Warning: GNU Extension: Symbol ‘nvaaux’ is used before it is typed at (1)
     Warning: GNU Extension: Symbol ‘nsujetaux’ is used before it is typed at (1)
     Warning: GNU Extension: Symbol ‘npred0’ is used before it is typed at (1)
     Warning: GNU Extension: Symbol ‘nrec0’ is used before it is typed at (1)
Flavors: r-devel-linux-x86_64-debian-clang, r-devel-linux-x86_64-debian-gcc

Version: 2.9.4
Check: installed package size
Result: NOTE
     installed size is 8.1Mb
     sub-directories of 1Mb or more:
     libs 7.0Mb
Flavors: r-devel-linux-x86_64-debian-clang, r-devel-linux-x86_64-debian-gcc, r-patched-linux-x86_64, r-release-linux-x86_64

Version: 2.9.4
Check: whether package can be installed
Result: WARN
    Found the following significant warnings:
     Warning: GNU Extension: Symbol ‘npred0’ is used before it is typed at (1)
     Warning: GNU Extension: Nonstandard type declaration INTEGER*4 at (1)
     Warning: GNU Extension: Symbol ‘n’ is used before it is typed at (1)
     Warning: GNU Extension: Symbol ‘m’ is used before it is typed at (1)
     Warning: GNU Extension: Symbol ‘nsujet’ is used before it is typed at (1)
     Warning: GNU Extension: Symbol ‘nvaaux’ is used before it is typed at (1)
     Warning: GNU Extension: Symbol ‘nsujetaux’ is used before it is typed at (1)
     Warning: GNU Extension: Symbol ‘nrec0’ is used before it is typed at (1)
Flavor: r-devel-linux-x86_64-fedora-clang

Version: 2.9.4
Check: whether package can be installed
Result: WARN
    Found the following significant warnings:
     Warning: GNU Extension: Symbol ‘m’ is used before it is typed at (1)
     Warning: GNU Extension: Symbol ‘nsujet’ is used before it is typed at (1)
     Warning: GNU Extension: Symbol ‘nvaaux’ is used before it is typed at (1)
     Warning: GNU Extension: Symbol ‘nsujetaux’ is used before it is typed at (1)
     Warning: GNU Extension: Symbol ‘npred0’ is used before it is typed at (1)
     Warning: GNU Extension: Symbol ‘nrec0’ is used before it is typed at (1)
     Warning: GNU Extension: Nonstandard type declaration INTEGER*4 at (1)
     Warning: GNU Extension: Symbol ‘n’ is used before it is typed at (1)
Flavors: r-devel-linux-x86_64-fedora-gcc, r-devel-osx-x86_64-clang

Version: 2.9.4
Check: whether package can be installed
Result: WARN
    Found the following significant warnings:
     Warning: Possible change of value in conversion from REAL(8) to REAL(4) at (1)
     Warning: Possible change of value in conversion from REAL(8) to INTEGER(4) at (1)
Flavor: r-release-osx-x86_64-mavericks