CRAN Package Check Results for Package frailtypack

Last updated on 2016-05-29 10:46:32.

Flavor Version Tinstall Tcheck Ttotal Status Flags
r-devel-linux-x86_64-debian-gcc 2.8.3 91.21 68.51 159.72 NOTE
r-devel-linux-x86_64-fedora-clang 2.8.3 260.79 OK
r-devel-linux-x86_64-fedora-gcc 2.8.3 218.92 OK
r-devel-osx-x86_64-clang 2.8.3 248.17 OK
r-devel-windows-ix86+x86_64 2.8.3 176.00 141.00 317.00 OK
r-patched-linux-x86_64 2.8.3 81.64 68.53 150.16 NOTE
r-patched-solaris-sparc 2.8.3 1634.10 OK
r-patched-solaris-x86 2.8.3 451.20 OK
r-release-linux-x86_64 2.8.3 82.83 69.31 152.13 NOTE
r-release-osx-x86_64-mavericks 2.8.3 WARN
r-release-windows-ix86+x86_64 2.8.3 246.00 132.00 378.00 OK
r-oldrel-windows-ix86+x86_64 2.8.3 225.00 142.00 367.00 OK

Check Details

Version: 2.8.3
Check: installed package size
Result: NOTE
     installed size is 7.5Mb
     sub-directories of 1Mb or more:
     libs 6.8Mb
Flavors: r-devel-linux-x86_64-debian-gcc, r-patched-linux-x86_64, r-release-linux-x86_64

Version: 2.8.3
Check: whether package can be installed
Result: WARN
    Found the following significant warnings:
     Warning: Possible change of value in conversion from REAL(8) to REAL(4) at (1)
     Warning: Possible change of value in conversion from REAL(8) to INTEGER(4) at (1)
Flavor: r-release-osx-x86_64-mavericks