CRAN Package Check Results for Package frailtypack

Last updated on 2014-12-18 19:50:36.

Flavor Version Tinstall Tcheck Ttotal Status Flags
r-devel-linux-x86_64-debian-clang 2.7.2 53.68 37.04 90.72 OK
r-devel-linux-x86_64-debian-gcc 2.7.2 53.92 34.98 88.90 OK
r-devel-linux-x86_64-fedora-clang 2.7.2 138.55 OK
r-devel-linux-x86_64-fedora-gcc 2.7.2 119.90 OK
r-devel-osx-x86_64-clang 2.7.2 118.26 OK
r-devel-windows-ix86+x86_64 2.7.2 147.00 65.00 212.00 OK
r-patched-linux-x86_64 2.7.2 54.99 36.04 91.03 OK
r-patched-solaris-sparc 2.7.2 848.60 OK
r-patched-solaris-x86 2.7.2 271.40 OK
r-release-linux-ix86 2.7.2 82.96 46.01 128.97 OK
r-release-linux-x86_64 2.7.2 54.19 37.55 91.74 OK
r-release-osx-x86_64-mavericks 2.7.2 WARN
r-release-osx-x86_64-snowleopard 2.7.2 OK
r-release-windows-ix86+x86_64 2.7.2 144.00 63.00 207.00 OK
r-oldrel-windows-ix86+x86_64 2.7.2 143.00 68.00 211.00 OK

Check Details

Version: 2.7.2
Check: whether package can be installed
Result: WARN
    Found the following significant warnings:
     Warning: Possible change of value in conversion from REAL(8) to REAL(4) at (1)
     Warning: Possible change of value in conversion from REAL(8) to INTEGER(4) at (1)
Flavor: r-release-osx-x86_64-mavericks