CRAN Package Check Results for Package frailtypack

Last updated on 2015-07-03 16:47:18.

Flavor Version Tinstall Tcheck Ttotal Status Flags
r-devel-linux-x86_64-debian-clang 2.7.5 58.81 37.46 96.27 NOTE
r-devel-linux-x86_64-debian-gcc 2.7.5 59.66 34.61 94.27 NOTE
r-devel-linux-x86_64-fedora-clang 2.7.5 133.53 NOTE
r-devel-linux-x86_64-fedora-gcc 2.7.5 127.31 NOTE
r-devel-osx-x86_64-clang 2.7.5 118.10 OK
r-devel-windows-ix86+x86_64 2.7.5 155.00 60.00 215.00 NOTE
r-patched-linux-x86_64 2.7.5 56.54 33.52 90.06 OK
r-patched-solaris-sparc 2.7.5 936.20 OK
r-patched-solaris-x86 2.7.5 269.10 OK
r-release-linux-x86_64 2.7.5 59.19 34.26 93.45 NOTE
r-release-osx-x86_64-mavericks 2.7.5 WARN
r-release-windows-ix86+x86_64 2.7.5 186.00 64.00 250.00 OK
r-oldrel-windows-ix86+x86_64 2.7.5 150.00 77.00 227.00 OK

Check Details

Version: 2.7.5
Check: installed package size
Result: NOTE
     installed size is 5.6Mb
     sub-directories of 1Mb or more:
     libs 5.2Mb
Flavors: r-devel-linux-x86_64-debian-clang, r-devel-linux-x86_64-debian-gcc, r-release-linux-x86_64

Version: 2.7.5
Check: R code for possible problems
Result: NOTE
    Cmeasures: no visible global function definition for ‘complete.cases’
    Cmeasures: no visible global function definition for ‘update’
    Cmeasures: no visible global function definition for ‘as.formula’
    Cmeasures: no visible global function definition for ‘terms’
    Cmeasures: no visible global function definition for ‘model.matrix’
    Cmeasures: no visible global function definition for ‘aggregate’
    Cmeasures : <anonymous>: no visible global function definition for
     ‘quantile’
    Cmeasures : <anonymous>: no visible global function definition for
     ‘var’
    Diffepoce: no visible global function definition for ‘qnorm’
    additivePenal: no visible global function definition for ‘terms’
    additivePenal: no visible global function definition for
     ‘model.extract’
    additivePenal: no visible global function definition for
     ‘is.empty.model’
    additivePenal: no visible global function definition for ‘model.matrix’
    additivePenal: no visible binding for global variable ‘contrasts’
    additivePenal: no visible global function definition for ‘.getXlevels’
    additivePenal: no visible global function definition for
     ‘flush.console’
    additivePenal: no visible global function definition for ‘pchisq’
    epoce: no visible global function definition for ‘model.extract’
    epoce: no visible global function definition for ‘terms’
    epoce: no visible global function definition for ‘model.matrix’
    epoce: no visible global function definition for ‘aggregate’
    frailtyPenal: no visible global function definition for ‘terms’
    frailtyPenal: no visible global function definition for ‘model.extract’
    frailtyPenal: no visible global function definition for
     ‘is.empty.model’
    frailtyPenal: no visible global function definition for ‘model.matrix’
    frailtyPenal: no visible binding for global variable ‘contrasts’
    frailtyPenal: no visible global function definition for ‘.getXlevels’
    frailtyPenal: no visible global function definition for ‘flush.console’
    frailtyPenal: no visible global function definition for ‘pchisq’
    frailtyPenal: no visible global function definition for ‘aggregate’
    lines.frailtyPenal: no visible global function definition for
     ‘matlines’
    lines.frailtyPenal: no visible global function definition for ‘lines’
    multivPenal: no visible global function definition for ‘get_all_vars’
    multivPenal: no visible global function definition for ‘update’
    multivPenal: no visible global function definition for ‘terms’
    multivPenal: no visible global function definition for ‘model.extract’
    multivPenal: no visible global function definition for ‘is.empty.model’
    multivPenal: no visible global function definition for ‘model.matrix’
    multivPenal: no visible binding for global variable ‘contrasts’
    multivPenal: no visible global function definition for ‘flush.console’
    multivPenal: no visible global function definition for ‘aggregate’
    multivPenal: no visible global function definition for ‘pchisq’
    plot.Diffepoce: no visible global function definition for ‘matplot’
    plot.Diffepoce: no visible global function definition for ‘plot’
    plot.Diffepoce: no visible global function definition for ‘abline’
    plot.additivePenal: no visible global function definition for ‘matplot’
    plot.additivePenal: no visible global function definition for ‘plot’
    plot.additivePenal: no visible global function definition for
     ‘matlines’
    plot.additivePenal: no visible global function definition for ‘lines’
    plot.additivePenal: no visible global function definition for ‘legend’
    plot.epoce: no visible global function definition for ‘plot’
    plot.epoce: no visible global function definition for ‘legend’
    plot.frailtyPenal: no visible global function definition for ‘matplot’
    plot.frailtyPenal: no visible global function definition for ‘matlines’
    plot.frailtyPenal: no visible global function definition for ‘plot’
    plot.frailtyPenal: no visible global function definition for ‘lines’
    plot.frailtyPenal: no visible global function definition for ‘legend’
    plot.jointPenal: no visible global function definition for ‘matplot’
    plot.jointPenal: no visible global function definition for ‘matlines’
    plot.jointPenal: no visible global function definition for ‘plot’
    plot.jointPenal: no visible global function definition for ‘lines’
    plot.jointPenal: no visible global function definition for ‘legend’
    plot.multivPenal: no visible global function definition for ‘matplot’
    plot.multivPenal: no visible global function definition for ‘matlines’
    plot.multivPenal: no visible global function definition for ‘plot’
    plot.multivPenal: no visible global function definition for ‘lines’
    plot.multivPenal: no visible global function definition for ‘legend’
    plot.nestedPenal: no visible global function definition for ‘matplot’
    plot.nestedPenal: no visible global function definition for ‘plot’
    plot.nestedPenal: no visible global function definition for ‘matlines’
    plot.nestedPenal: no visible global function definition for ‘lines’
    plot.nestedPenal: no visible global function definition for ‘legend’
    plot.predFrailty: no visible global function definition for ‘matplot’
    plot.predFrailty: no visible global function definition for ‘matlines’
    plot.predFrailty: no visible global function definition for ‘legend’
    plot.predFrailty: no visible global function definition for ‘abline’
    plot.predJoint: no visible global function definition for ‘par’
    plot.predJoint: no visible global function definition for ‘matplot’
    plot.predJoint: no visible global function definition for ‘matlines’
    plot.predJoint: no visible global function definition for ‘plot’
    plot.predJoint: no visible global function definition for ‘lines’
    plot.predJoint: no visible global function definition for ‘abline’
    plot.predJoint: no visible global function definition for ‘legend’
    prediction: no visible global function definition for ‘as.formula’
    prediction: no visible global function definition for ‘model.extract’
    prediction: no visible global function definition for ‘terms’
    prediction: no visible global function definition for ‘model.matrix’
    prediction: no visible global function definition for ‘aggregate’
    prediction: no visible binding for global variable ‘quantile’
    prediction: no visible global function definition for ‘rgamma’
    print.additivePenal: no visible global function definition for ‘pchisq’
    print.frailtyPenal: no visible global function definition for ‘par’
    print.frailtyPenal: no visible global function definition for ‘matplot’
    print.frailtyPenal: no visible global function definition for ‘pchisq’
    print.frailtyPenal: no visible global function definition for ‘pnorm’
    print.jointPenal: no visible global function definition for ‘par’
    print.jointPenal: no visible global function definition for ‘matplot’
    print.jointPenal: no visible global function definition for ‘pchisq’
    print.jointPenal: no visible global function definition for ‘pnorm’
    print.multivPenal: no visible global function definition for ‘pchisq’
    print.multivPenal: no visible global function definition for ‘pnorm’
    print.nestedPenal: no visible global function definition for ‘pchisq’
    print.nestedPenal: no visible global function definition for ‘pnorm’
    summary.additivePenal: no visible global function definition for
     ‘qnorm’
    summary.frailtyPenal: no visible global function definition for ‘qnorm’
    summary.jointPenal: no visible global function definition for ‘qnorm’
    summary.multivPenal: no visible global function definition for ‘qnorm’
    summary.nestedPenal: no visible global function definition for ‘qnorm’
    Undefined global functions or variables:
     .getXlevels abline aggregate as.formula complete.cases contrasts
     flush.console get_all_vars is.empty.model legend lines matlines
     matplot model.extract model.matrix par pchisq plot pnorm qnorm
     quantile rgamma terms update var
Flavors: r-devel-linux-x86_64-debian-clang, r-devel-linux-x86_64-debian-gcc, r-devel-linux-x86_64-fedora-clang, r-devel-linux-x86_64-fedora-gcc, r-devel-windows-ix86+x86_64

Version: 2.7.5
Check: whether package can be installed
Result: WARN
    Found the following significant warnings:
     Warning: Possible change of value in conversion from REAL(8) to REAL(4) at (1)
     Warning: Possible change of value in conversion from REAL(8) to INTEGER(4) at (1)
Flavor: r-release-osx-x86_64-mavericks