CRAN Package Check Results for Package frailtypack

Last updated on 2014-08-30 15:48:36.

Flavor Version Tinstall Tcheck Ttotal Status Flags
r-devel-linux-x86_64-debian-clang 2.6.1 52.12 33.73 85.85 OK
r-devel-linux-x86_64-debian-gcc 2.6.1 54.15 34.14 88.28 OK
r-devel-linux-x86_64-fedora-clang 2.6.1 135.79 OK
r-devel-linux-x86_64-fedora-gcc 2.6.1 127.46 OK
r-devel-osx-x86_64-clang 2.6.1 115.06 OK
r-devel-windows-ix86+x86_64 2.6.1 171.00 63.00 234.00 OK
r-patched-linux-x86_64 2.6.1 52.61 35.34 87.95 OK
r-patched-solaris-sparc 2.6.1 946.60 OK
r-patched-solaris-x86 2.6.1 281.00 OK
r-release-linux-ix86 2.6.1 85.15 45.85 131.00 OK
r-release-linux-x86_64 2.6.1 52.34 35.58 87.92 OK
r-release-osx-x86_64-mavericks 2.6.1 WARN
r-release-osx-x86_64-snowleopard 2.6.1 OK
r-release-windows-ix86+x86_64 2.6.1 143.00 66.00 209.00 OK
r-oldrel-windows-ix86+x86_64 2.6.1 183.00 63.00 246.00 OK

Check Details

Version: 2.6.1
Check: whether package can be installed
Result: WARN
    Found the following significant warnings:
     Warning: Possible change of value in conversion from REAL(8) to INTEGER(4) at (1)
     Warning: Possible change of value in conversion from REAL(8) to REAL(4) at (1)
Flavor: r-release-osx-x86_64-mavericks