CRAN Package Check Results for Package frailtypack

Last updated on 2014-11-29 07:51:09.

Flavor Version Tinstall Tcheck Ttotal Status Flags
r-devel-linux-x86_64-debian-clang 2.7.2 54.03 35.13 89.16 OK
r-devel-linux-x86_64-debian-gcc 2.7.2 53.82 35.02 88.84 OK
r-devel-linux-x86_64-fedora-clang 2.7.2 139.81 OK
r-devel-linux-x86_64-fedora-gcc 2.7.2 143.08 OK
r-devel-osx-x86_64-clang 2.7.2 116.35 OK
r-devel-windows-ix86+x86_64 2.7.2 139.00 58.00 197.00 OK
r-patched-linux-x86_64 2.7.2 54.08 36.22 90.30 OK
r-patched-solaris-sparc 2.7.2 848.60 OK
r-patched-solaris-x86 2.7.2 267.90 OK
r-release-linux-ix86 2.7.2 82.76 46.12 128.88 OK
r-release-linux-x86_64 2.7.2 53.97 36.00 89.98 OK
r-release-osx-x86_64-mavericks 2.7.2 WARN
r-release-osx-x86_64-snowleopard 2.7.2 OK
r-release-windows-ix86+x86_64 2.7.2 152.00 66.00 218.00 OK
r-oldrel-windows-ix86+x86_64 2.7.2 146.00 64.00 210.00 OK

Check Details

Version: 2.7.2
Check: whether package can be installed
Result: WARN
    Found the following significant warnings:
     Warning: Possible change of value in conversion from REAL(8) to REAL(4) at (1)
     Warning: Possible change of value in conversion from REAL(8) to INTEGER(4) at (1)
Flavor: r-release-osx-x86_64-mavericks