CRAN Package Check Results for Package frailtypack

Last updated on 2018-02-24 10:48:48 CET.

Flavor Version Tinstall Tcheck Ttotal Status Flags
r-devel-linux-x86_64-debian-clang 2.12.6 137.12 137.43 274.55 OK
r-devel-linux-x86_64-debian-gcc 2.12.6 118.12 106.88 225.00 OK
r-devel-linux-x86_64-fedora-clang 2.12.6 362.29 NOTE
r-devel-linux-x86_64-fedora-gcc 2.12.6 358.12 NOTE
r-devel-windows-ix86+x86_64 2.12.6 614.00 248.00 862.00 NOTE
r-patched-linux-x86_64 2.12.6 103.59 150.42 254.01 OK
r-patched-solaris-x86 2.12.6 627.90 NOTE
r-release-linux-x86_64 2.12.6 104.75 151.84 256.59 OK
r-release-windows-ix86+x86_64 2.12.6 366.00 226.00 592.00 OK
r-release-osx-x86_64 2.12.6 OK
r-oldrel-windows-ix86+x86_64 2.12.6 290.00 168.00 458.00 OK
r-oldrel-osx-x86_64 2.12.6 OK

Check Details

Version: 2.12.6
Check: installed package size
Result: NOTE
     installed size is 5.6Mb
     sub-directories of 1Mb or more:
     libs 4.2Mb
Flavors: r-devel-linux-x86_64-fedora-clang, r-devel-linux-x86_64-fedora-gcc, r-devel-windows-ix86+x86_64, r-patched-solaris-x86