CRAN Package Check Results for Package frailtypack

Last updated on 2016-04-28 21:47:29.

Flavor Version Tinstall Tcheck Ttotal Status Flags
r-devel-linux-x86_64-debian-gcc 2.8.3 83.18 69.47 152.64 NOTE
r-devel-linux-x86_64-fedora-clang 2.8.3 229.60 OK
r-devel-linux-x86_64-fedora-gcc 2.8.3 219.77 OK
r-devel-osx-x86_64-clang 2.8.3 243.23 OK
r-devel-windows-ix86+x86_64 2.8.3 240.00 168.00 408.00 OK
r-patched-linux-x86_64 2.8.3 81.48 67.94 149.42 NOTE
r-patched-solaris-sparc 2.8.3 1414.90 OK
r-patched-solaris-x86 2.8.3 443.60 OK
r-release-linux-x86_64 2.8.3 83.34 72.05 155.40 NOTE
r-release-osx-x86_64-mavericks 2.8.3 WARN
r-release-windows-ix86+x86_64 2.8.3 219.00 129.00 348.00 OK
r-oldrel-windows-ix86+x86_64 2.8.3 268.00 210.00 478.00 OK

Check Details

Version: 2.8.3
Check: installed package size
Result: NOTE
     installed size is 7.3Mb
     sub-directories of 1Mb or more:
     libs 6.7Mb
Flavors: r-devel-linux-x86_64-debian-gcc, r-patched-linux-x86_64, r-release-linux-x86_64

Version: 2.8.3
Check: whether package can be installed
Result: WARN
    Found the following significant warnings:
     Warning: Possible change of value in conversion from REAL(8) to REAL(4) at (1)
     Warning: Possible change of value in conversion from REAL(8) to INTEGER(4) at (1)
Flavor: r-release-osx-x86_64-mavericks