CRAN Package Check Results for Package frailtypack

Last updated on 2017-07-25 07:46:43.

Flavor Version Tinstall Tcheck Ttotal Status Flags
r-devel-linux-x86_64-debian-clang 2.12.2 129.81 100.02 229.84 OK
r-devel-linux-x86_64-debian-gcc 2.12.2 139.76 98.15 237.90 OK
r-devel-linux-x86_64-fedora-clang 2.12.2 322.24 NOTE
r-devel-linux-x86_64-fedora-gcc 2.12.2 319.98 NOTE
r-devel-windows-ix86+x86_64 2.12.2 496.00 196.00 692.00 NOTE
r-patched-linux-x86_64 2.12.2 134.03 101.63 235.67 OK
r-patched-solaris-x86 2.12.2 636.10 NOTE
r-release-linux-x86_64 2.12.2 134.74 101.33 236.08 OK
r-release-windows-ix86+x86_64 2.12.2 271.00 213.00 484.00 OK
r-release-osx-x86_64 2.12.2 OK
r-oldrel-windows-ix86+x86_64 2.12.2 284.00 174.00 458.00 OK
r-oldrel-osx-x86_64 2.12.2 OK

Check Details

Version: 2.12.2
Check: installed package size
Result: NOTE
     installed size is 5.1Mb
     sub-directories of 1Mb or more:
     libs 4.3Mb
Flavors: r-devel-linux-x86_64-fedora-clang, r-devel-linux-x86_64-fedora-gcc, r-devel-windows-ix86+x86_64, r-patched-solaris-x86