CRAN Package Check Results for Package frailtypack

Last updated on 2016-06-26 13:46:50.

Flavor Version Tinstall Tcheck Ttotal Status Flags
r-devel-linux-x86_64-debian-gcc 2.8.3 96.17 69.39 165.56 NOTE
r-devel-linux-x86_64-fedora-clang 2.8.3 229.47 OK
r-devel-linux-x86_64-fedora-gcc 2.8.3 220.94 OK
r-devel-osx-x86_64-clang 2.8.3 200.65 OK
r-devel-windows-ix86+x86_64 2.8.3 241.00 157.00 398.00 OK
r-patched-linux-x86_64 2.8.3 87.83 70.39 158.23 NOTE
r-patched-solaris-sparc 2.8.3 1636.90 OK
r-patched-solaris-x86 2.8.3 444.90 OK
r-release-linux-x86_64 2.8.3 86.24 70.24 156.48 NOTE
r-release-osx-x86_64-mavericks 2.8.3 WARN
r-release-windows-ix86+x86_64 2.8.3 182.00 113.00 295.00 OK
r-oldrel-windows-ix86+x86_64 2.8.3 275.00 180.00 455.00 OK

Check Details

Version: 2.8.3
Check: installed package size
Result: NOTE
     installed size is 7.5Mb
     sub-directories of 1Mb or more:
     libs 6.8Mb
Flavors: r-devel-linux-x86_64-debian-gcc, r-patched-linux-x86_64, r-release-linux-x86_64

Version: 2.8.3
Check: whether package can be installed
Result: WARN
    Found the following significant warnings:
     Warning: Possible change of value in conversion from REAL(8) to REAL(4) at (1)
     Warning: Possible change of value in conversion from REAL(8) to INTEGER(4) at (1)
Flavor: r-release-osx-x86_64-mavericks