CRAN Package Check Results for Package frailtypack

Last updated on 2017-05-25 15:48:23.

Flavor Version Tinstall Tcheck Ttotal Status Flags
r-devel-linux-x86_64-debian-clang 2.11.1 94.08 74.87 168.95 OK
r-devel-linux-x86_64-debian-gcc 2.11.1 97.65 74.70 172.35 OK
r-devel-linux-x86_64-fedora-clang 2.11.1 259.24 OK --no-stop-on-test-error
r-devel-linux-x86_64-fedora-gcc 2.11.1 255.50 OK --no-stop-on-test-error
r-devel-windows-ix86+x86_64 2.11.1 345.00 150.00 495.00 NOTE
r-patched-linux-x86_64 2.11.1 85.31 76.19 161.51 OK
r-patched-solaris-sparc 2.11.1 1620.90 OK
r-patched-solaris-x86 2.11.1 470.60 OK
r-release-linux-x86_64 2.11.1 85.48 74.98 160.46 OK
r-release-windows-ix86+x86_64 2.11.1 239.00 143.00 382.00 OK
r-release-osx-x86_64 2.11.1 OK
r-oldrel-windows-ix86+x86_64 2.11.1 277.00 193.00 470.00 OK
r-oldrel-osx-x86_64 2.11.1 WARN

Check Details

Version: 2.11.1
Check: installed package size
Result: NOTE
     installed size is 8.1Mb
     sub-directories of 1Mb or more:
     libs 7.0Mb
Flavor: r-devel-windows-ix86+x86_64

Version: 2.11.1
Check: whether package can be installed
Result: WARN
    Found the following significant warnings:
     Warning: Possible change of value in conversion from REAL(8) to INTEGER(4) at (1)
Flavor: r-oldrel-osx-x86_64