CRAN Package Check Results for Package frailtypack

Last updated on 2017-04-23 15:48:20.

Flavor Version Tinstall Tcheck Ttotal Status Flags
r-devel-linux-x86_64-debian-clang 2.11.1 93.47 77.25 170.71 OK
r-devel-linux-x86_64-debian-gcc 2.11.1 95.23 76.04 171.27 OK
r-devel-linux-x86_64-fedora-clang 2.11.1 261.89 OK --no-stop-on-test-error
r-devel-linux-x86_64-fedora-gcc 2.11.1 257.42 OK --no-stop-on-test-error
r-devel-windows-ix86+x86_64 2.11.1 448.00 171.00 619.00 NOTE
r-patched-linux-x86_64 2.11.1 86.35 75.45 161.80 OK
r-patched-solaris-sparc 2.11.1 1620.90 OK
r-patched-solaris-x86 2.11.1 465.70 OK
r-release-linux-x86_64 2.11.1 85.07 75.83 160.90 OK
r-release-windows-ix86+x86_64 2.11.1 205.00 156.00 361.00 NOTE
r-release-osx-x86_64 2.11.1 OK
r-oldrel-windows-ix86+x86_64 2.11.1 229.00 143.00 372.00 OK
r-oldrel-osx-x86_64 2.11.1 WARN

Check Details

Version: 2.11.1
Check: installed package size
Result: NOTE
     installed size is 8.1Mb
     sub-directories of 1Mb or more:
     libs 7.0Mb
Flavors: r-devel-windows-ix86+x86_64, r-release-windows-ix86+x86_64

Version: 2.11.1
Check: whether package can be installed
Result: WARN
    Found the following significant warnings:
     Warning: Possible change of value in conversion from REAL(8) to INTEGER(4) at (1)
Flavor: r-oldrel-osx-x86_64