CRAN Package Check Results for Package frailtypack

Last updated on 2014-10-24 16:46:44.

Flavor Version Tinstall Tcheck Ttotal Status Flags
r-devel-linux-x86_64-debian-clang 2.7.2 53.90 36.84 90.74 OK
r-devel-linux-x86_64-debian-gcc 2.7.2 55.20 37.49 92.68 OK
r-devel-linux-x86_64-fedora-clang 2.7.2 94.18 OK
r-devel-linux-x86_64-fedora-gcc 2.7.2 88.43 OK
r-devel-osx-x86_64-clang 2.7.2 123.34 OK
r-devel-windows-ix86+x86_64 2.7.2 145.00 62.00 207.00 OK
r-patched-linux-x86_64 2.7.2 53.86 36.63 90.49 OK
r-patched-solaris-sparc 2.7.2 848.60 OK
r-patched-solaris-x86 2.7.2 271.20 OK
r-release-linux-ix86 2.7.1 87.26 46.95 134.22 OK
r-release-linux-x86_64 2.7.1 54.85 36.35 91.20 OK
r-release-osx-x86_64-mavericks 2.7.2 WARN
r-release-osx-x86_64-snowleopard 2.7.2 OK
r-release-windows-ix86+x86_64 2.7.2 140.00 61.00 201.00 OK
r-oldrel-windows-ix86+x86_64 2.7.2 147.00 70.00 217.00 OK

Check Details

Version: 2.7.2
Check: whether package can be installed
Result: WARN
    Found the following significant warnings:
     Warning: Possible change of value in conversion from REAL(8) to REAL(4) at (1)
     Warning: Possible change of value in conversion from REAL(8) to INTEGER(4) at (1)
Flavor: r-release-osx-x86_64-mavericks