CRAN Package Check Results for Package frailtypack

Last updated on 2017-03-23 23:50:43.

Flavor Version Tinstall Tcheck Ttotal Status Flags
r-devel-linux-x86_64-debian-clang 2.11.1 93.50 76.41 169.91 OK
r-devel-linux-x86_64-debian-gcc 2.11.1 95.35 74.81 170.16 OK
r-devel-linux-x86_64-fedora-clang 2.11.1 133.98 OK --no-stop-on-test-error
r-devel-linux-x86_64-fedora-gcc 2.11.1 132.04 OK --no-stop-on-test-error
r-devel-macos-x86_64-clang 2.11.1 118.88 OK --no-stop-on-test-error
r-devel-windows-ix86+x86_64 2.11.1 275.00 153.00 428.00 NOTE
r-patched-linux-x86_64 2.11.1 84.38 73.06 157.45 OK
r-patched-solaris-sparc 2.11.1 1620.90 OK
r-patched-solaris-x86 2.11.1 429.00 OK
r-release-linux-x86_64 2.11.1 83.77 74.16 157.93 OK
r-release-osx-x86_64-mavericks 2.11.1 WARN
r-release-windows-ix86+x86_64 2.11.1 266.00 182.00 448.00 OK
r-oldrel-windows-ix86+x86_64 2.11.1 206.00 138.00 344.00 OK

Check Details

Version: 2.11.1
Check: installed package size
Result: NOTE
     installed size is 8.1Mb
     sub-directories of 1Mb or more:
     libs 7.0Mb
Flavor: r-devel-windows-ix86+x86_64

Version: 2.11.1
Check: whether package can be installed
Result: WARN
    Found the following significant warnings:
     Warning: Possible change of value in conversion from REAL(8) to INTEGER(4) at (1)
Flavor: r-release-osx-x86_64-mavericks