CRAN Package Check Results for Package frapplot

Last updated on 2024-03-04 18:54:59 CET.

Flavor Version Tinstall Tcheck Ttotal Status Flags
r-devel-linux-x86_64-debian-clang 0.1.3 2.34 21.96 24.30 OK
r-devel-linux-x86_64-debian-gcc 0.1.3 1.45 17.03 18.48 OK
r-devel-linux-x86_64-fedora-clang 0.1.3 30.92 NOTE
r-devel-linux-x86_64-fedora-gcc 0.1.3 28.72 NOTE
r-devel-windows-x86_64 0.1.3 3.00 39.00 42.00 OK
r-patched-linux-x86_64 0.1.3 1.53 21.33 22.86 OK
r-release-linux-x86_64 0.1.3 2.16 21.44 23.60 OK
r-release-macos-arm64 0.1.3 15.00 OK
r-release-macos-x86_64 0.1.3 19.00 OK
r-release-windows-x86_64 0.1.3 3.00 39.00 42.00 OK
r-oldrel-macos-arm64 0.1.3 16.00 OK
r-oldrel-windows-x86_64 0.1.3 6.00 48.00 54.00 OK

Check Details

Version: 0.1.3
Check: dependencies in R code
Result: NOTE Namespace in Imports field not imported from: ‘utils’ All declared Imports should be used. Flavors: r-devel-linux-x86_64-fedora-clang, r-devel-linux-x86_64-fedora-gcc