CRAN Package Check Results for Package frbs

Last updated on 2014-09-23 17:47:44.

Flavor Version Tinstall Tcheck Ttotal Status Flags
r-devel-linux-x86_64-debian-clang 2.2-0 1.14 28.26 29.40 NOTE
r-devel-linux-x86_64-debian-gcc 2.2-0 1.10 29.80 30.90 NOTE
r-devel-linux-x86_64-fedora-clang 2.2-0 57.04 NOTE
r-devel-linux-x86_64-fedora-gcc 2.2-0 52.99 NOTE
r-devel-osx-x86_64-clang 2.2-0 52.90 NOTE
r-devel-windows-ix86+x86_64 2.2-0 4.00 38.00 42.00 NOTE
r-patched-linux-x86_64 2.2-0 1.21 29.67 30.88 OK
r-patched-solaris-sparc 2.2-0 365.20 OK
r-patched-solaris-x86 2.2-0 70.50 OK
r-release-linux-ix86 2.2-0 1.62 42.40 44.02 OK
r-release-linux-x86_64 2.2-0 1.16 29.87 31.03 OK
r-release-osx-x86_64-mavericks 2.2-0 OK
r-release-osx-x86_64-snowleopard 2.2-0 OK
r-release-windows-ix86+x86_64 2.2-0 4.00 41.00 45.00 OK
r-oldrel-windows-ix86+x86_64 2.2-0 3.00 41.00 44.00 OK

Check Details

Version: 2.2-0
Check: R code for possible problems
Result: NOTE
    SBC: no visible global function definition for ‘cmeans’
Flavors: r-devel-linux-x86_64-debian-clang, r-devel-linux-x86_64-debian-gcc, r-devel-linux-x86_64-fedora-clang, r-devel-linux-x86_64-fedora-gcc, r-devel-osx-x86_64-clang, r-devel-windows-ix86+x86_64