CRAN Package Check Results for Package frbs

Last updated on 2014-12-19 12:48:17.

Flavor Version Tinstall Tcheck Ttotal Status Flags
r-devel-linux-x86_64-debian-clang 2.2-0 1.16 29.58 30.75 NOTE
r-devel-linux-x86_64-debian-gcc 2.2-0 1.12 27.54 28.66 NOTE
r-devel-linux-x86_64-fedora-clang 2.2-0 60.60 NOTE
r-devel-linux-x86_64-fedora-gcc 2.2-0 55.04 NOTE
r-devel-osx-x86_64-clang 2.2-0 56.48 NOTE
r-devel-windows-ix86+x86_64 2.2-0 4.00 41.00 45.00 NOTE
r-patched-linux-x86_64 2.2-0 1.18 30.32 31.50 NOTE
r-patched-solaris-sparc 2.2-0 351.70 NOTE
r-patched-solaris-x86 2.2-0 70.40 NOTE
r-release-linux-ix86 2.2-0 1.60 37.12 38.72 NOTE
r-release-linux-x86_64 2.2-0 1.17 29.59 30.76 NOTE
r-release-osx-x86_64-mavericks 2.2-0 OK
r-release-osx-x86_64-snowleopard 2.2-0 OK
r-release-windows-ix86+x86_64 2.2-0 4.00 41.00 45.00 NOTE
r-oldrel-windows-ix86+x86_64 2.2-0 5.00 43.00 48.00 OK

Check Details

Version: 2.2-0
Check: R code for possible problems
Result: NOTE
    SBC: no visible global function definition for ‘cmeans’
Flavors: r-devel-linux-x86_64-debian-clang, r-devel-linux-x86_64-debian-gcc, r-devel-linux-x86_64-fedora-clang, r-devel-linux-x86_64-fedora-gcc, r-devel-osx-x86_64-clang, r-devel-windows-ix86+x86_64, r-patched-linux-x86_64, r-patched-solaris-sparc, r-patched-solaris-x86, r-release-linux-ix86, r-release-linux-x86_64, r-release-windows-ix86+x86_64