CRAN Package Check Results for Package frbs

Last updated on 2014-04-25 09:52:14.

Flavor Version Tinstall Tcheck Ttotal Status Flags
r-devel-linux-x86_64-debian-clang 2.2-0 1.20 30.41 31.61 OK
r-devel-linux-x86_64-debian-gcc 2.2-0 1.20 30.30 31.50 OK
r-devel-linux-x86_64-fedora-clang 2.2-0 62.06 OK
r-devel-linux-x86_64-fedora-gcc 2.2-0 57.79 OK
r-devel-osx-x86_64-clang 2.2-0 49.19 OK
r-devel-osx-x86_64-gcc 2.2-0 OK
r-devel-windows-ix86+x86_64 2.2-0 3.00 41.00 44.00 OK
r-patched-linux-x86_64 2.2-0 1.24 30.96 32.20 OK
r-patched-solaris-sparc 2.2-0 342.90 OK
r-patched-solaris-x86 2.2-0 70.40 OK
r-release-linux-ix86 2.2-0 3.00 50.00 53.00 OK
r-release-linux-x86_64 2.2-0 1.30 29.98 31.28 OK
r-release-osx-x86_64-mavericks 2.2-0 WARN
r-release-osx-x86_64-snowleopard 2.2-0 OK
r-release-windows-ix86+x86_64 2.2-0 3.00 39.00 42.00 OK
r-oldrel-windows-ix86+x86_64 2.2-0 4.00 44.00 48.00 OK

Check Details

Version: 2.2-0
Check: PDF version of manual
Result: WARNING
    LaTeX errors when creating PDF version.
    This typically indicates Rd problems.
    LaTeX errors found:
    ! LaTeX Error: File `upquote.sty' not found.
    
    Type X to quit or <RETURN> to proceed,
    or enter new name. (Default extension: sty)
    
    885367/Rd2.tex:8: ==> Fatal error occurred, no output PDF file produced!
Flavor: r-release-osx-x86_64-mavericks