CRAN Package Check Results for Package frbs

Last updated on 2014-10-22 13:48:38.

Flavor Version Tinstall Tcheck Ttotal Status Flags
r-devel-linux-x86_64-debian-clang 2.2-0 1.17 29.04 30.21 NOTE
r-devel-linux-x86_64-debian-gcc 2.2-0 1.14 28.58 29.71 NOTE
r-devel-linux-x86_64-fedora-clang 2.2-0 59.07 NOTE
r-devel-linux-x86_64-fedora-gcc 2.2-0 54.38 NOTE
r-devel-osx-x86_64-clang 2.2-0 56.28 NOTE
r-devel-windows-ix86+x86_64 2.2-0 4.00 37.00 41.00 NOTE
r-patched-linux-x86_64 2.2-0 1.18 30.12 31.30 NOTE
r-patched-solaris-sparc 2.2-0 351.70 NOTE
r-patched-solaris-x86 2.2-0 71.80 NOTE
r-release-linux-ix86 2.2-0 1.62 38.44 40.06 OK
r-release-linux-x86_64 2.2-0 1.18 29.99 31.17 OK
r-release-osx-x86_64-mavericks 2.2-0 OK
r-release-osx-x86_64-snowleopard 2.2-0 OK
r-release-windows-ix86+x86_64 2.2-0 4.00 44.00 48.00 OK
r-oldrel-windows-ix86+x86_64 2.2-0 4.00 42.00 46.00 OK

Check Details

Version: 2.2-0
Check: R code for possible problems
Result: NOTE
    SBC: no visible global function definition for ‘cmeans’
Flavors: r-devel-linux-x86_64-debian-clang, r-devel-linux-x86_64-debian-gcc, r-devel-linux-x86_64-fedora-clang, r-devel-linux-x86_64-fedora-gcc, r-devel-osx-x86_64-clang, r-devel-windows-ix86+x86_64, r-patched-linux-x86_64, r-patched-solaris-sparc, r-patched-solaris-x86