CRAN Package Check Results for Package frbs

Last updated on 2016-12-02 18:47:33.

Flavor Version Tinstall Tcheck Ttotal Status Flags
r-devel-linux-x86_64-debian-clang 3.1-0 1.17 38.21 39.38 NOTE
r-devel-linux-x86_64-debian-gcc 3.1-0 1.25 37.25 38.51 NOTE
r-devel-linux-x86_64-fedora-clang 3.1-0 66.42 NOTE
r-devel-linux-x86_64-fedora-gcc 3.1-0 64.83 NOTE
r-devel-macos-x86_64-clang 3.1-0 54.41 NOTE
r-devel-windows-ix86+x86_64 3.1-0 4.00 57.00 61.00 NOTE
r-patched-linux-x86_64 3.1-0 1.12 32.65 33.77 NOTE
r-patched-solaris-sparc 3.1-0 375.00 NOTE
r-patched-solaris-x86 3.1-0 65.60 NOTE
r-release-linux-x86_64 3.1-0 1.08 32.30 33.38 NOTE
r-release-osx-x86_64-mavericks 3.1-0 NOTE
r-release-windows-ix86+x86_64 3.1-0 11.00 82.00 93.00 NOTE
r-oldrel-windows-ix86+x86_64 3.1-0 11.00 74.00 85.00 OK

Check Details

Version: 3.1-0
Check: R code for possible problems
Result: NOTE
    ANFIS: no visible global function definition for ‘txtProgressBar’
    ANFIS: no visible global function definition for ‘runif’
    ANFIS: no visible global function definition for ‘setTxtProgressBar’
    BLX.alpha: no visible global function definition for ‘runif’
    DENFIS: no visible global function definition for ‘txtProgressBar’
    DENFIS: no visible global function definition for ‘runif’
    DENFIS: no visible global function definition for ‘setTxtProgressBar’
    ECM: no visible global function definition for ‘dist’
    FH.GBML: no visible global function definition for ‘txtProgressBar’
    FH.GBML: no visible global function definition for ‘runif’
    FH.GBML: no visible global function definition for ‘na.omit’
    FH.GBML: no visible global function definition for ‘setTxtProgressBar’
    FIR.DM: no visible global function definition for ‘txtProgressBar’
    FIR.DM: no visible global function definition for ‘runif’
    FIR.DM: no visible global function definition for ‘setTxtProgressBar’
    FRBCS.W: no visible global function definition for ‘aggregate’
    FS.HGD: no visible global function definition for ‘txtProgressBar’
    FS.HGD: no visible global function definition for ‘runif’
    FS.HGD: no visible global function definition for ‘setTxtProgressBar’
    GA.crossover: no visible global function definition for ‘runif’
    GA.mutation: no visible global function definition for ‘runif’
    GFS.FR.MOGUL: no visible global function definition for
     ‘txtProgressBar’
    GFS.FR.MOGUL: no visible global function definition for ‘na.omit’
    GFS.FR.MOGUL: no visible global function definition for
     ‘setTxtProgressBar’
    GFS.GCCL: no visible global function definition for ‘runif’
    GFS.LT.RS: no visible global function definition for ‘txtProgressBar’
    GFS.LT.RS: no visible global function definition for
     ‘setTxtProgressBar’
    GFS.Michigan: no visible global function definition for
     ‘txtProgressBar’
    GFS.Michigan: no visible global function definition for
     ‘setTxtProgressBar’
    GFS.Thrift: no visible global function definition for ‘txtProgressBar’
    GFS.Thrift: no visible global function definition for
     ‘setTxtProgressBar’
    HyFIS: no visible global function definition for ‘txtProgressBar’
    HyFIS: no visible global function definition for ‘setTxtProgressBar’
    SBC: no visible global function definition for ‘txtProgressBar’
    SBC: no visible global function definition for ‘setTxtProgressBar’
    SBC: no visible global function definition for ‘na.omit’
    SBC.test: no visible global function definition for ‘dist’
    SLAVE: no visible global function definition for ‘txtProgressBar’
    SLAVE: no visible global function definition for ‘setTxtProgressBar’
    SLAVE: no visible global function definition for ‘na.omit’
    WM: no visible global function definition for ‘na.omit’
    WM: no visible binding for global variable ‘na.omit’
    check.active.rule: no visible global function definition for ‘na.omit’
    convert.VecToMat: no visible global function definition for ‘na.omit’
    create.rule: no visible global function definition for ‘na.omit’
    create.rule: no visible binding for global variable ‘na.omit’
    det.grade.cert: no visible global function definition for ‘aggregate’
    det.grade.cert: no visible global function definition for ‘na.omit’
    generate.popu: no visible global function definition for ‘runif’
    plotMF: no visible global function definition for ‘par’
    plotMF: no visible global function definition for ‘curve’
    plotMF: no visible global function definition for ‘title’
    potential: no visible global function definition for ‘dist’
    prune.rule: no visible global function definition for ‘runif’
    prune.rule: no visible global function definition for ‘na.omit’
    red.data: no visible global function definition for ‘na.omit’
    revise.pot: no visible global function definition for ‘dist’
    stop.criteria: no visible global function definition for ‘na.omit’
    stop.criteria: no visible global function definition for ‘dist’
    tune.MF: no visible global function definition for ‘runif’
    Undefined global functions or variables:
     aggregate curve dist na.omit par runif setTxtProgressBar title
     txtProgressBar
    Consider adding
     importFrom("graphics", "curve", "par", "title")
     importFrom("stats", "aggregate", "dist", "na.omit", "runif")
     importFrom("utils", "setTxtProgressBar", "txtProgressBar")
    to your NAMESPACE file.
Flavors: r-devel-linux-x86_64-debian-clang, r-devel-linux-x86_64-debian-gcc, r-devel-linux-x86_64-fedora-clang, r-devel-linux-x86_64-fedora-gcc, r-devel-macos-x86_64-clang, r-devel-windows-ix86+x86_64, r-patched-linux-x86_64, r-patched-solaris-sparc, r-patched-solaris-x86, r-release-linux-x86_64, r-release-osx-x86_64-mavericks, r-release-windows-ix86+x86_64