CRAN Package Check Results for Package frbs

Last updated on 2014-11-28 19:51:18.

Flavor Version Tinstall Tcheck Ttotal Status Flags
r-devel-linux-x86_64-debian-clang 2.2-0 1.20 28.87 30.08 NOTE
r-devel-linux-x86_64-debian-gcc 2.2-0 1.14 28.28 29.43 NOTE
r-devel-linux-x86_64-fedora-clang 2.2-0 60.31 NOTE
r-devel-linux-x86_64-fedora-gcc 2.2-0 59.22 NOTE
r-devel-osx-x86_64-clang 2.2-0 55.47 NOTE
r-devel-windows-ix86+x86_64 2.2-0 4.00 37.00 41.00 NOTE
r-patched-linux-x86_64 2.2-0 1.18 29.87 31.05 NOTE
r-patched-solaris-sparc 2.2-0 351.70 NOTE
r-patched-solaris-x86 2.2-0 72.50 NOTE
r-release-linux-ix86 2.2-0 1.59 37.19 38.78 NOTE
r-release-linux-x86_64 2.2-0 1.17 29.79 30.96 NOTE
r-release-osx-x86_64-mavericks 2.2-0 OK
r-release-osx-x86_64-snowleopard 2.2-0 OK
r-release-windows-ix86+x86_64 2.2-0 4.00 42.00 46.00 NOTE
r-oldrel-windows-ix86+x86_64 2.2-0 3.00 44.00 47.00 OK

Check Details

Version: 2.2-0
Check: R code for possible problems
Result: NOTE
    SBC: no visible global function definition for ‘cmeans’
Flavors: r-devel-linux-x86_64-debian-clang, r-devel-linux-x86_64-debian-gcc, r-devel-linux-x86_64-fedora-clang, r-devel-linux-x86_64-fedora-gcc, r-devel-osx-x86_64-clang, r-devel-windows-ix86+x86_64, r-patched-linux-x86_64, r-patched-solaris-sparc, r-patched-solaris-x86, r-release-linux-ix86, r-release-linux-x86_64, r-release-windows-ix86+x86_64