Last updated on 2021-03-06 02:48:44 CET.
Flavor | Version | Tinstall | Tcheck | Ttotal | Status | Flags |
---|---|---|---|---|---|---|
r-devel-linux-x86_64-debian-clang | 2.1.0 | 3.53 | 43.34 | 46.87 | OK | |
r-devel-linux-x86_64-debian-gcc | 2.1.0 | 2.65 | 34.00 | 36.65 | OK | |
r-devel-linux-x86_64-fedora-clang | 2.1.0 | 67.68 | NOTE | |||
r-devel-linux-x86_64-fedora-gcc | 2.1.0 | 56.90 | NOTE | |||
r-devel-windows-ix86+x86_64 | 2.1.0 | 7.00 | 66.00 | 73.00 | OK | |
r-patched-linux-x86_64 | 2.1.0 | OK | ||||
r-patched-solaris-x86 | 2.1.0 | 76.10 | NOTE | |||
r-release-linux-x86_64 | 2.1.0 | 3.51 | 42.59 | 46.10 | OK | |
r-release-macos-x86_64 | 2.1.0 | NOTE | ||||
r-release-windows-ix86+x86_64 | 2.1.0 | 6.00 | 47.00 | 53.00 | OK | |
r-oldrel-macos-x86_64 | 2.1.0 | NOTE | ||||
r-oldrel-windows-ix86+x86_64 | 2.1.0 | 5.00 | 46.00 | 51.00 | OK |
Version: 2.1.0
Check: data for non-ASCII characters
Result: NOTE
Note: found 1 marked UTF-8 string
Flavors: r-devel-linux-x86_64-fedora-clang, r-devel-linux-x86_64-fedora-gcc, r-patched-solaris-x86, r-release-macos-x86_64, r-oldrel-macos-x86_64