Last updated on 2023-09-30 05:22:03 CEST.
Flavor | Version | Tinstall | Tcheck | Ttotal | Status | Flags |
---|---|---|---|---|---|---|
r-devel-linux-x86_64-debian-clang | 1.0.1 | 31.37 | 28.55 | 59.92 | NOTE | |
r-devel-linux-x86_64-debian-gcc | 1.0.1 | 20.06 | 22.28 | 42.34 | NOTE | |
r-devel-linux-x86_64-fedora-clang | 1.0.1 | 83.74 | NOTE | |||
r-devel-linux-x86_64-fedora-gcc | 1.0.1 | 81.37 | NOTE | |||
r-devel-windows-x86_64 | 1.0.1 | 25.00 | 63.00 | 88.00 | NOTE | |
r-patched-linux-x86_64 | 1.0.1 | 29.19 | 27.68 | 56.87 | NOTE | |
r-release-linux-x86_64 | 1.0.1 | 29.04 | 27.60 | 56.64 | NOTE | |
r-release-macos-arm64 | 1.0.1 | 28.00 | NOTE | |||
r-release-macos-x86_64 | 1.0.1 | 41.00 | NOTE | |||
r-release-windows-x86_64 | 1.0.1 | 32.00 | 69.00 | 101.00 | NOTE | |
r-oldrel-macos-arm64 | 1.0.1 | 25.00 | OK | |||
r-oldrel-macos-x86_64 | 1.0.1 | 32.00 | OK | |||
r-oldrel-windows-x86_64 | 1.0.1 | 31.00 | 67.00 | 98.00 | OK |
Version: 1.0.1
Check: C++ specification
Result: NOTE
Specified C++11: please drop specification unless essential
Flavors: r-devel-linux-x86_64-debian-clang, r-devel-linux-x86_64-debian-gcc, r-devel-linux-x86_64-fedora-clang, r-devel-linux-x86_64-fedora-gcc, r-devel-windows-x86_64, r-patched-linux-x86_64, r-release-linux-x86_64, r-release-macos-arm64, r-release-macos-x86_64, r-release-windows-x86_64