CRAN Package Check Results for Package freesurfer

Last updated on 2024-07-20 10:48:11 CEST.

Flavor Version Tinstall Tcheck Ttotal Status Flags
r-devel-linux-x86_64-debian-clang 1.6.10 7.87 81.61 89.48 OK
r-devel-linux-x86_64-debian-gcc 1.6.10 6.66 61.58 68.24 OK
r-devel-linux-x86_64-fedora-clang 1.6.10 117.57 OK
r-devel-linux-x86_64-fedora-gcc 1.6.10 118.58 OK
r-devel-windows-x86_64 1.6.10 9.00 94.00 103.00 NOTE
r-patched-linux-x86_64 1.6.10 15.10 77.09 92.19 OK
r-release-linux-x86_64 1.6.10 7.76 77.25 85.01 OK
r-release-macos-arm64 1.6.10 44.00 OK
r-release-macos-x86_64 1.6.10 62.00 OK
r-release-windows-x86_64 1.6.10 9.00 94.00 103.00 OK
r-oldrel-macos-arm64 1.6.10 44.00 OK
r-oldrel-macos-x86_64 1.6.10 73.00 OK
r-oldrel-windows-x86_64 1.6.10 11.00 103.00 114.00 OK

Check Details

Version: 1.6.10
Check: Rd cross-references
Result: NOTE Found the following Rd file(s) with Rd \link{} targets missing package anchors: checkmnc-methods.Rd: checkimg fs_cmd.Rd: readnii readmgz.Rd: readnii readmnc.Rd: readnii Please provide package anchors for all Rd \link{} targets not in the package itself and the base packages. Flavor: r-devel-windows-x86_64