CRAN Package Check Results for Package freesurferformats

Last updated on 2022-01-19 17:49:23 CET.

Flavor Version Tinstall Tcheck Ttotal Status Flags
r-devel-linux-x86_64-debian-clang 0.1.16 OK
r-devel-linux-x86_64-debian-gcc 0.1.16 10.02 125.07 135.09 OK
r-devel-linux-x86_64-fedora-clang 0.1.16 210.89 NOTE
r-devel-linux-x86_64-fedora-gcc 0.1.16 199.28 NOTE
r-devel-windows-x86_64-new-UL 0.1.16 1001.00 201.00 1202.00 OK
r-devel-windows-x86_64-new-TK 0.1.16 NOTE
r-patched-linux-x86_64 0.1.16 12.21 153.99 166.20 OK
r-release-linux-x86_64 0.1.16 OK
r-release-macos-arm64 0.1.16 NOTE
r-release-macos-x86_64 0.1.16 NOTE
r-release-windows-ix86+x86_64 0.1.16 21.00 180.00 201.00 OK
r-oldrel-macos-x86_64 0.1.16 NOTE
r-oldrel-windows-ix86+x86_64 0.1.16 20.00 178.00 198.00 OK

Check Details

Version: 0.1.16
Check: dependencies in R code
Result: NOTE
    Namespace in Imports field not imported from: ‘rmarkdown’
     All declared Imports should be used.
Flavors: r-devel-linux-x86_64-fedora-clang, r-devel-linux-x86_64-fedora-gcc, r-devel-windows-x86_64-new-TK, r-release-macos-arm64, r-release-macos-x86_64, r-oldrel-macos-x86_64