CRAN Package Check Results for Package fritools2

Last updated on 2024-02-29 12:54:50 CET.

Flavor Version Tinstall Tcheck Ttotal Status Flags
r-devel-linux-x86_64-debian-clang 4.1.0 3.88 57.29 61.17 OK
r-devel-linux-x86_64-debian-gcc 4.1.0 3.82 44.02 47.84 OK
r-devel-linux-x86_64-fedora-clang 4.1.0 84.03 OK
r-devel-linux-x86_64-fedora-gcc 4.1.0 94.67 OK
r-devel-windows-x86_64 4.1.0 6.00 126.00 132.00 NOTE
r-patched-linux-x86_64 4.1.0 6.17 54.58 60.75 OK
r-release-linux-x86_64 4.1.0 4.10 54.68 58.78 OK
r-release-macos-arm64 4.1.0 70.00 OK
r-release-macos-x86_64 4.1.0 119.00 OK
r-release-windows-x86_64 4.1.0 8.00 128.00 136.00 OK
r-oldrel-macos-arm64 4.1.0 56.00 OK
r-oldrel-windows-x86_64 4.1.0 10.00 119.00 129.00 OK

Check Details

Version: 4.1.0
Check: Rd files
Result: NOTE checkRd: (-1) NEWS.Rd:234: Escaped LaTeX specials: \_ checkRd: (-1) NEWS.Rd:257: Escaped LaTeX specials: \_ \_ checkRd: (-1) NEWS.Rd:258: Escaped LaTeX specials: \_ \_ checkRd: (-1) NEWS.Rd:259: Escaped LaTeX specials: \_ checkRd: (-1) NEWS.Rd:262: Escaped LaTeX specials: \_ checkRd: (-1) NEWS.Rd:265: Escaped LaTeX specials: \_ Flavor: r-devel-windows-x86_64