CRAN Package Check Results for Package frontier

Last updated on 2015-05-30 23:46:55.

Flavor Version Tinstall Tcheck Ttotal Status Flags
r-devel-linux-x86_64-debian-clang 1.1-0 2.34 65.10 67.43 NOTE
r-devel-linux-x86_64-debian-gcc 1.1-0 2.27 63.34 65.61 NOTE
r-devel-linux-x86_64-fedora-clang 1.1-0 124.10 NOTE
r-devel-linux-x86_64-fedora-gcc 1.1-0 120.99 NOTE
r-devel-osx-x86_64-clang 1.1-0 102.48 NOTE
r-devel-windows-ix86+x86_64 1.1-0 9.00 155.00 164.00 NOTE
r-patched-linux-x86_64 1.1-0 2.30 63.15 65.45 NOTE
r-patched-solaris-sparc 1.1-0 868.20 NOTE
r-patched-solaris-x86 1.1-0 160.70 NOTE
r-release-linux-x86_64 1.1-0 2.41 63.51 65.92 NOTE
r-release-osx-x86_64-mavericks 1.1-0 NOTE
r-release-osx-x86_64-snowleopard 1.1-0 ERROR
r-release-windows-ix86+x86_64 1.1-0 9.00 158.00 167.00 NOTE
r-oldrel-windows-ix86+x86_64 1.1-0 11.00 174.00 185.00 NOTE

Check Details

Version: 1.1-0
Check: S3 generic/method consistency
Result: NOTE
    Found the following apparent S3 methods exported but not registered:
     elas.frontierQuad
    See section ‘Registering S3 methods’ in the ‘Writing R Extensions’
    manual.
Flavors: r-devel-linux-x86_64-debian-clang, r-devel-linux-x86_64-debian-gcc, r-devel-linux-x86_64-fedora-clang, r-devel-linux-x86_64-fedora-gcc, r-devel-osx-x86_64-clang, r-patched-linux-x86_64, r-patched-solaris-sparc, r-patched-solaris-x86, r-release-linux-x86_64

Version: 1.1-0
Check: R code for possible problems
Result: NOTE
    lrtest.frontier: no visible binding for global variable
     ‘lrtest.default’
Flavors: r-devel-linux-x86_64-debian-clang, r-devel-linux-x86_64-debian-gcc, r-devel-linux-x86_64-fedora-clang, r-devel-linux-x86_64-fedora-gcc, r-devel-osx-x86_64-clang, r-devel-windows-ix86+x86_64, r-patched-linux-x86_64, r-patched-solaris-sparc, r-patched-solaris-x86, r-release-linux-x86_64, r-release-osx-x86_64-mavericks, r-release-windows-ix86+x86_64, r-oldrel-windows-ix86+x86_64

Version: 1.1-0
Check: package dependencies
Result: ERROR
    Packages required but not available: ‘micEcon’ ‘lmtest’ ‘miscTools’
    
    Package suggested but not available for checking: ‘plm’
    
    See section ‘The DESCRIPTION file’ in the ‘Writing R Extensions’
    manual.
Flavor: r-release-osx-x86_64-snowleopard