CRAN Package Check Results for Package frontier

Last updated on 2014-09-02 15:48:56.

Flavor Version Tinstall Tcheck Ttotal Status Flags
r-devel-linux-x86_64-debian-clang 1.1-0 2.41 72.95 75.36 NOTE
r-devel-linux-x86_64-debian-gcc 1.1-0 2.38 69.82 72.20 NOTE
r-devel-linux-x86_64-fedora-clang 1.1-0 148.12 NOTE
r-devel-linux-x86_64-fedora-gcc 1.1-0 139.70 NOTE
r-devel-osx-x86_64-clang 1.1-0 108.86 NOTE
r-devel-windows-ix86+x86_64 1.1-0 10.00 170.00 180.00 NOTE
r-patched-linux-x86_64 1.1-0 2.48 74.52 77.00 OK
r-patched-solaris-sparc 1.1-0 973.70 OK
r-patched-solaris-x86 1.1-0 183.10 OK
r-release-linux-ix86 1.1-0 3.40 104.60 108.00 OK
r-release-linux-x86_64 1.1-0 2.60 75.34 77.94 OK
r-release-osx-x86_64-mavericks 1.1-0 OK
r-release-osx-x86_64-snowleopard 1.1-0 OK
r-release-windows-ix86+x86_64 1.1-0 10.00 184.00 194.00 OK
r-oldrel-windows-ix86+x86_64 1.1-0 10.00 201.00 211.00 OK

Check Details

Version: 1.1-0
Check: R code for possible problems
Result: NOTE
    lrtest.frontier: no visible binding for global variable
     ‘lrtest.default’
Flavors: r-devel-linux-x86_64-debian-clang, r-devel-linux-x86_64-debian-gcc, r-devel-linux-x86_64-fedora-clang, r-devel-linux-x86_64-fedora-gcc, r-devel-osx-x86_64-clang, r-devel-windows-ix86+x86_64