CRAN Package Check Results for Package frontier

Last updated on 2015-04-27 14:46:45.

Flavor Version Tinstall Tcheck Ttotal Status Flags
r-devel-linux-x86_64-debian-clang 1.1-0 2.32 65.95 68.28 NOTE
r-devel-linux-x86_64-debian-gcc 1.1-0 2.26 64.06 66.32 NOTE
r-devel-linux-x86_64-fedora-clang 1.1-0 127.36 NOTE
r-devel-linux-x86_64-fedora-gcc 1.1-0 119.90 NOTE
r-devel-osx-x86_64-clang 1.1-0 101.34 NOTE
r-devel-windows-ix86+x86_64 1.1-0 10.00 165.00 175.00 NOTE
r-patched-linux-x86_64 1.1-0 2.37 63.25 65.62 NOTE
r-patched-solaris-sparc 1.1-0 851.60 NOTE
r-patched-solaris-x86 1.1-0 160.80 NOTE
r-release-linux-x86_64 1.1-0 2.29 65.52 67.81 NOTE
r-release-osx-x86_64-mavericks 1.1-0 NOTE
r-release-osx-x86_64-snowleopard 1.1-0 ERROR
r-release-windows-ix86+x86_64 1.1-0 13.00 206.00 219.00 NOTE
r-oldrel-windows-ix86+x86_64 1.1-0 9.00 174.00 183.00 NOTE

Check Details

Version: 1.1-0
Check: S3 generic/method consistency
Result: NOTE
    Found the following apparent S3 methods exported but not registered:
     elas.frontierQuad
    See section ‘Registering S3 methods’ in the ‘Writing R Extensions’
    manual.
Flavors: r-devel-linux-x86_64-debian-clang, r-devel-linux-x86_64-debian-gcc, r-devel-linux-x86_64-fedora-clang, r-devel-linux-x86_64-fedora-gcc, r-devel-osx-x86_64-clang, r-patched-solaris-x86, r-release-linux-x86_64

Version: 1.1-0
Check: R code for possible problems
Result: NOTE
    lrtest.frontier: no visible binding for global variable
     ‘lrtest.default’
Flavors: r-devel-linux-x86_64-debian-clang, r-devel-linux-x86_64-debian-gcc, r-devel-linux-x86_64-fedora-clang, r-devel-linux-x86_64-fedora-gcc, r-devel-osx-x86_64-clang, r-devel-windows-ix86+x86_64, r-patched-solaris-sparc, r-patched-solaris-x86, r-release-linux-x86_64, r-release-osx-x86_64-mavericks, r-release-windows-ix86+x86_64, r-oldrel-windows-ix86+x86_64

Version: 1.1-0
Check: package dependencies
Result: ERROR
    Packages required but not available: ‘micEcon’ ‘lmtest’ ‘miscTools’
    
    Package suggested but not available for checking: ‘plm’
    
    See section ‘The DESCRIPTION file’ in the ‘Writing R Extensions’
    manual.
Flavor: r-release-osx-x86_64-snowleopard