CRAN Package Check Results for Package frontier

Last updated on 2014-11-24 05:47:31.

Flavor Version Tinstall Tcheck Ttotal Status Flags
r-devel-linux-x86_64-debian-clang 1.1-0 3.13 73.35 76.48 NOTE
r-devel-linux-x86_64-debian-gcc 1.1-0 2.48 71.76 74.25 NOTE
r-devel-linux-x86_64-fedora-clang 1.1-0 145.93 NOTE
r-devel-linux-x86_64-fedora-gcc 1.1-0 140.35 NOTE
r-devel-osx-x86_64-clang 1.1-0 114.55 NOTE
r-devel-windows-ix86+x86_64 1.1-0 9.00 171.00 180.00 NOTE
r-patched-linux-x86_64 1.1-0 2.61 75.29 77.90 NOTE
r-patched-solaris-sparc 1.1-0 948.10 NOTE
r-patched-solaris-x86 1.1-0 179.80 NOTE
r-release-linux-ix86 1.1-0 3.25 99.93 103.18 NOTE
r-release-linux-x86_64 1.1-0 2.57 75.04 77.61 NOTE
r-release-osx-x86_64-mavericks 1.1-0 OK
r-release-osx-x86_64-snowleopard 1.1-0 OK
r-release-windows-ix86+x86_64 1.1-0 11.00 185.00 196.00 NOTE
r-oldrel-windows-ix86+x86_64 1.1-0 10.00 190.00 200.00 OK

Check Details

Version: 1.1-0
Check: R code for possible problems
Result: NOTE
    lrtest.frontier: no visible binding for global variable
     ‘lrtest.default’
Flavors: r-devel-linux-x86_64-debian-clang, r-devel-linux-x86_64-debian-gcc, r-devel-linux-x86_64-fedora-clang, r-devel-linux-x86_64-fedora-gcc, r-devel-osx-x86_64-clang, r-devel-windows-ix86+x86_64, r-patched-linux-x86_64, r-patched-solaris-sparc, r-patched-solaris-x86, r-release-linux-ix86, r-release-linux-x86_64, r-release-windows-ix86+x86_64