CRAN Package Check Results for Package frontier

Last updated on 2015-07-30 17:47:11.

Flavor Version Tinstall Tcheck Ttotal Status Flags
r-devel-linux-x86_64-debian-clang 1.1-0 2.43 62.91 65.34 NOTE
r-devel-linux-x86_64-debian-gcc 1.1-0 2.24 62.90 65.14 NOTE
r-devel-linux-x86_64-fedora-clang 1.1-0 125.07 NOTE
r-devel-linux-x86_64-fedora-gcc 1.1-0 118.70 NOTE
r-devel-osx-x86_64-clang 1.1-0 87.57 NOTE
r-devel-windows-ix86+x86_64 1.1-0 16.00 155.00 171.00 NOTE
r-patched-linux-x86_64 1.1-0 2.40 65.26 67.66 NOTE
r-patched-solaris-sparc 1.1-0 867.20 NOTE
r-patched-solaris-x86 1.1-0 159.30 NOTE
r-release-linux-x86_64 1.1-0 2.26 67.24 69.49 NOTE
r-release-osx-x86_64-mavericks 1.1-0 NOTE
r-release-windows-ix86+x86_64 1.1-0 12.00 156.00 168.00 NOTE
r-oldrel-windows-ix86+x86_64 1.1-0 15.00 196.00 211.00 NOTE

Check Details

Version: 1.1-0
Check: S3 generic/method consistency
Result: NOTE
    Found the following apparent S3 methods exported but not registered:
     elas.frontierQuad
    See section ‘Registering S3 methods’ in the ‘Writing R Extensions’
    manual.
Flavors: r-devel-linux-x86_64-debian-clang, r-devel-linux-x86_64-debian-gcc, r-devel-linux-x86_64-fedora-clang, r-devel-linux-x86_64-fedora-gcc, r-devel-osx-x86_64-clang, r-patched-linux-x86_64, r-patched-solaris-sparc, r-patched-solaris-x86, r-release-linux-x86_64

Version: 1.1-0
Check: R code for possible problems
Result: NOTE
    coef.frontier: no visible global function definition for ‘pnorm’
    coef.frontier: no visible global function definition for ‘dnorm’
    efficiencies.frontier: no visible global function definition for
     ‘residuals’
    efficiencies.frontier: no visible global function definition for ‘coef’
    efficiencies.frontier: no visible global function definition for
     ‘pnorm’
    efficiencies.frontier: no visible global function definition for
     ‘dnorm’
    elas.frontierQuad: no visible global function definition for ‘coef’
    elas.frontierQuad: no visible global function definition for ‘vcov’
    front41WriteInput: no visible global function definition for
     ‘write.table’
    frontier: no visible global function definition for ‘as.formula’
    logLik.frontier: no visible global function definition for ‘coef’
    logLik.frontier: no visible global function definition for ‘logLik’
    lrtest.frontier: no visible global function definition for ‘logLik’
    lrtest.frontier: no visible global function definition for ‘pchisq’
    lrtest.frontier: no visible binding for global variable
     ‘lrtest.default’
    print.front41Output: no visible global function definition for ‘coef’
    print.frontier: no visible global function definition for ‘coef’
    print.summary.front41Output: no visible global function definition for
     ‘printCoefmat’
    print.summary.front41Output: no visible global function definition for
     ‘coef’
    print.summary.frontier: no visible global function definition for
     ‘printCoefmat’
    print.summary.frontier: no visible global function definition for
     ‘coef’
    sfa: no visible binding for global variable ‘na.pass’
    sfa: no visible global function definition for ‘model.matrix’
    sfa: no visible global function definition for ‘model.response’
    sfa: no visible global function definition for ‘lm’
    sfa: no visible global function definition for ‘coef’
    sfa: no visible global function definition for ‘vcov’
    sfa: no visible global function definition for ‘logLik’
    sfa: no visible global function definition for ‘residuals’
    summary.front41Output: no visible global function definition for ‘pt’
    summary.front41Output: no visible global function definition for
     ‘pnorm’
    summary.frontier: no visible global function definition for ‘pt’
    summary.frontier: no visible global function definition for ‘coef’
    summary.frontier: no visible global function definition for ‘vcov’
    summary.frontier: no visible global function definition for ‘pnorm’
    summary.frontier: no visible global function definition for ‘residuals’
    vcov.frontier: no visible global function definition for ‘coef’
    Undefined global functions or variables:
     as.formula coef dnorm lm logLik lrtest.default model.matrix
     model.response na.pass pchisq pnorm printCoefmat pt residuals vcov
     write.table
    Consider adding
     importFrom("stats", "as.formula", "coef", "dnorm", "lm", "logLik",
     "model.matrix", "model.response", "na.pass", "pchisq",
     "pnorm", "printCoefmat", "pt", "residuals", "vcov")
     importFrom("utils", "write.table")
    to your NAMESPACE.
Flavors: r-devel-linux-x86_64-debian-clang, r-devel-linux-x86_64-debian-gcc, r-devel-linux-x86_64-fedora-clang, r-devel-linux-x86_64-fedora-gcc, r-devel-windows-ix86+x86_64

Version: 1.1-0
Check: R code for possible problems
Result: NOTE
    lrtest.frontier: no visible binding for global variable
     ‘lrtest.default’
    Undefined global functions or variables:
     lrtest.default
Flavor: r-devel-osx-x86_64-clang

Version: 1.1-0
Check: R code for possible problems
Result: NOTE
    lrtest.frontier: no visible binding for global variable
     ‘lrtest.default’
Flavors: r-patched-linux-x86_64, r-patched-solaris-sparc, r-patched-solaris-x86, r-release-linux-x86_64, r-release-osx-x86_64-mavericks, r-release-windows-ix86+x86_64, r-oldrel-windows-ix86+x86_64