CRAN Package Check Results for Package frontier

Last updated on 2015-03-03 18:46:46.

Flavor Version Tinstall Tcheck Ttotal Status Flags
r-devel-linux-x86_64-debian-clang 1.1-0 2.26 65.53 67.79 NOTE
r-devel-linux-x86_64-debian-gcc 1.1-0 2.25 65.01 67.26 NOTE
r-devel-linux-x86_64-fedora-clang 1.1-0 127.92 NOTE
r-devel-linux-x86_64-fedora-gcc 1.1-0 121.60 NOTE
r-devel-osx-x86_64-clang 1.1-0 103.28 NOTE
r-devel-windows-ix86+x86_64 1.1-0 17.00 205.00 222.00 NOTE
r-patched-linux-x86_64 1.1-0 2.65 77.15 79.80 NOTE
r-patched-solaris-sparc 1.1-0 972.60 NOTE
r-patched-solaris-x86 1.1-0 179.00 NOTE
r-release-linux-ix86 1.1-0 3.25 101.92 105.17 NOTE
r-release-linux-x86_64 1.1-0 2.68 77.26 79.94 NOTE
r-release-osx-x86_64-mavericks 1.1-0 NOTE
r-release-osx-x86_64-snowleopard 1.1-0 OK
r-release-windows-ix86+x86_64 1.1-0 17.00 243.00 260.00 NOTE
r-oldrel-windows-ix86+x86_64 1.1-0 10.00 201.00 211.00 OK

Check Details

Version: 1.1-0
Check: S3 generic/method consistency
Result: NOTE
    Found the following apparent S3 methods exported but not registered:
     elas.frontierQuad
    See section ‘Registering S3 methods’ in the ‘Writing R Extensions’
    manual.
Flavors: r-devel-linux-x86_64-debian-clang, r-devel-linux-x86_64-debian-gcc, r-devel-linux-x86_64-fedora-clang, r-devel-linux-x86_64-fedora-gcc, r-devel-osx-x86_64-clang

Version: 1.1-0
Check: R code for possible problems
Result: NOTE
    lrtest.frontier: no visible binding for global variable
     ‘lrtest.default’
Flavors: r-devel-linux-x86_64-debian-clang, r-devel-linux-x86_64-debian-gcc, r-devel-linux-x86_64-fedora-clang, r-devel-linux-x86_64-fedora-gcc, r-devel-osx-x86_64-clang, r-devel-windows-ix86+x86_64, r-patched-linux-x86_64, r-patched-solaris-sparc, r-patched-solaris-x86, r-release-linux-ix86, r-release-linux-x86_64, r-release-osx-x86_64-mavericks, r-release-windows-ix86+x86_64