CRAN Package Check Results for Package frontier

Last updated on 2014-08-27 10:47:48.

Flavor Version Tinstall Tcheck Ttotal Status Flags
r-devel-linux-x86_64-debian-clang 1.1-0 2.40 73.12 75.52 NOTE
r-devel-linux-x86_64-debian-gcc 1.1-0 3.00 69.97 72.98 NOTE
r-devel-linux-x86_64-fedora-clang 1.1-0 145.16 NOTE
r-devel-linux-x86_64-fedora-gcc 1.1-0 140.68 NOTE
r-devel-osx-x86_64-clang 1.1-0 109.32 NOTE
r-devel-windows-ix86+x86_64 1.1-0 10.00 169.00 179.00 NOTE
r-patched-linux-x86_64 1.1-0 2.46 76.05 78.51 OK
r-patched-solaris-sparc 1.1-0 973.70 OK
r-patched-solaris-x86 1.1-0 184.60 OK
r-release-linux-ix86 1.1-0 3.42 104.50 107.92 OK
r-release-linux-x86_64 1.1-0 2.50 77.12 79.62 OK
r-release-osx-x86_64-mavericks 1.1-0 OK
r-release-osx-x86_64-snowleopard 1.1-0 OK
r-release-windows-ix86+x86_64 1.1-0 10.00 177.00 187.00 OK
r-oldrel-windows-ix86+x86_64 1.1-0 10.00 192.00 202.00 OK

Check Details

Version: 1.1-0
Check: R code for possible problems
Result: NOTE
    lrtest.frontier: no visible binding for global variable
     ‘lrtest.default’
Flavors: r-devel-linux-x86_64-debian-clang, r-devel-linux-x86_64-debian-gcc, r-devel-linux-x86_64-fedora-clang, r-devel-linux-x86_64-fedora-gcc, r-devel-osx-x86_64-clang, r-devel-windows-ix86+x86_64