CRAN Package Check Results for Package frontier

Last updated on 2019-11-21 19:48:38 CET.

Flavor Version Tinstall Tcheck Ttotal Status Flags
r-devel-linux-x86_64-debian-clang 1.1-2 8.40 116.54 124.94 NOTE
r-devel-linux-x86_64-debian-gcc 1.1-2 7.29 88.60 95.89 NOTE
r-devel-linux-x86_64-fedora-clang 1.1-2 145.61 NOTE
r-devel-linux-x86_64-fedora-gcc 1.1-2 144.34 NOTE
r-devel-windows-ix86+x86_64 1.1-2 29.00 271.00 300.00 OK
r-devel-windows-ix86+x86_64-gcc8 1.1-2 19.00 207.00 226.00 OK
r-patched-linux-x86_64 1.1-2 8.36 108.77 117.13 OK
r-patched-solaris-x86 1.1-2 214.70 OK
r-release-linux-x86_64 1.1-2 8.25 110.19 118.44 OK
r-release-windows-ix86+x86_64 1.1-2 31.00 287.00 318.00 OK
r-release-osx-x86_64 1.1-2 OK
r-oldrel-windows-ix86+x86_64 1.1-2 13.00 279.00 292.00 OK
r-oldrel-osx-x86_64 1.1-2 OK

Check Details

Version: 1.1-2
Check: for non-standard things in the check directory
Result: NOTE
    Found the following files/directories:
     'coelli.dta' 'coelli.ins' 'front41.000'
Flavors: r-devel-linux-x86_64-debian-clang, r-devel-linux-x86_64-debian-gcc, r-devel-linux-x86_64-fedora-clang, r-devel-linux-x86_64-fedora-gcc