CRAN Package Check Results for Package frontier

Last updated on 2014-12-22 03:48:54.

Flavor Version Tinstall Tcheck Ttotal Status Flags
r-devel-linux-x86_64-debian-clang 1.1-0 2.52 71.96 74.48 NOTE
r-devel-linux-x86_64-debian-gcc 1.1-0 2.42 72.98 75.39 NOTE
r-devel-linux-x86_64-fedora-clang 1.1-0 147.12 NOTE
r-devel-linux-x86_64-fedora-gcc 1.1-0 139.79 NOTE
r-devel-osx-x86_64-clang 1.1-0 114.53 NOTE
r-devel-windows-ix86+x86_64 1.1-0 10.00 167.00 177.00 NOTE
r-patched-linux-x86_64 1.1-0 2.58 74.60 77.19 NOTE
r-patched-solaris-sparc 1.1-0 948.10 NOTE
r-patched-solaris-x86 1.1-0 178.20 NOTE
r-release-linux-ix86 1.1-0 3.28 99.54 102.82 NOTE
r-release-linux-x86_64 1.1-0 2.48 74.56 77.03 NOTE
r-release-osx-x86_64-mavericks 1.1-0 OK
r-release-osx-x86_64-snowleopard 1.1-0 OK
r-release-windows-ix86+x86_64 1.1-0 11.00 175.00 186.00 NOTE
r-oldrel-windows-ix86+x86_64 1.1-0 11.00 198.00 209.00 OK

Check Details

Version: 1.1-0
Check: R code for possible problems
Result: NOTE
    lrtest.frontier: no visible binding for global variable
     ‘lrtest.default’
Flavors: r-devel-linux-x86_64-debian-clang, r-devel-linux-x86_64-debian-gcc, r-devel-linux-x86_64-fedora-clang, r-devel-linux-x86_64-fedora-gcc, r-devel-osx-x86_64-clang, r-devel-windows-ix86+x86_64, r-patched-linux-x86_64, r-patched-solaris-sparc, r-patched-solaris-x86, r-release-linux-ix86, r-release-linux-x86_64, r-release-windows-ix86+x86_64