CRAN Package Check Results for Package frontier

Last updated on 2015-01-28 17:55:17.

Flavor Version Tinstall Tcheck Ttotal Status Flags
r-devel-linux-x86_64-debian-clang 1.1-0 2.37 70.66 73.03 NOTE
r-devel-linux-x86_64-debian-gcc 1.1-0 2.35 66.97 69.32 NOTE
r-devel-linux-x86_64-fedora-clang 1.1-0 143.38 NOTE
r-devel-linux-x86_64-fedora-gcc 1.1-0 133.67 NOTE
r-devel-osx-x86_64-clang 1.1-0 114.73 NOTE
r-devel-windows-ix86+x86_64 1.1-0 17.00 161.00 178.00 NOTE
r-patched-linux-x86_64 1.1-0 2.50 75.00 77.50 NOTE
r-patched-solaris-sparc 1.1-0 941.40 NOTE
r-patched-solaris-x86 1.1-0 177.90 NOTE
r-release-linux-ix86 1.1-0 3.30 99.95 103.25 NOTE
r-release-linux-x86_64 1.1-0 2.54 76.69 79.23 NOTE
r-release-osx-x86_64-mavericks 1.1-0 NOTE
r-release-osx-x86_64-snowleopard 1.1-0 OK
r-release-windows-ix86+x86_64 1.1-0 11.00 175.00 186.00 NOTE
r-oldrel-windows-ix86+x86_64 1.1-0 10.00 192.00 202.00 OK

Check Details

Version: 1.1-0
Check: S3 generic/method consistency
Result: NOTE
    Found the following apparent S3 methods exported but not registered:
     elas.frontierQuad
    See section ‘Registering S3 methods’ in the ‘Writing R Extensions’
    manual.
Flavors: r-devel-linux-x86_64-debian-clang, r-devel-linux-x86_64-debian-gcc, r-devel-linux-x86_64-fedora-clang, r-devel-linux-x86_64-fedora-gcc, r-devel-osx-x86_64-clang

Version: 1.1-0
Check: R code for possible problems
Result: NOTE
    lrtest.frontier: no visible binding for global variable
     ‘lrtest.default’
Flavors: r-devel-linux-x86_64-debian-clang, r-devel-linux-x86_64-debian-gcc, r-devel-linux-x86_64-fedora-clang, r-devel-linux-x86_64-fedora-gcc, r-devel-osx-x86_64-clang, r-devel-windows-ix86+x86_64, r-patched-linux-x86_64, r-patched-solaris-sparc, r-patched-solaris-x86, r-release-linux-ix86, r-release-linux-x86_64, r-release-osx-x86_64-mavericks, r-release-windows-ix86+x86_64