CRAN Package Check Results for Package frontier

Last updated on 2014-04-24 09:49:01.

Flavor Version Tinstall Tcheck Ttotal Status Flags
r-devel-linux-x86_64-debian-clang 1.1-0 2.71 77.05 79.76 OK
r-devel-linux-x86_64-debian-gcc 1.1-0 2.37 76.77 79.14 OK
r-devel-linux-x86_64-fedora-clang 1.1-0 155.22 OK
r-devel-linux-x86_64-fedora-gcc 1.1-0 153.75 OK
r-devel-osx-x86_64-clang 1.1-0 112.42 OK
r-devel-osx-x86_64-gcc 1.1-0 ERROR
r-devel-windows-ix86+x86_64 1.1-0 10.00 175.00 185.00 OK
r-patched-linux-x86_64 1.1-0 2.39 80.14 82.52 OK
r-patched-solaris-sparc 1.1-0 939.10 OK
r-patched-solaris-x86 1.1-0 182.80 OK
r-release-linux-ix86 1.1-0 5.00 128.00 133.00 OK
r-release-linux-x86_64 1.1-0 2.38 77.79 80.17 OK
r-release-osx-x86_64-mavericks 1.1-0 WARN
r-release-osx-x86_64-snowleopard 1.1-0 OK
r-release-windows-ix86+x86_64 1.1-0 8.00 178.00 186.00 OK
r-oldrel-windows-ix86+x86_64 1.1-0 11.00 200.00 211.00 OK

Check Details

Version: 1.1-0
Check: package dependencies
Result: ERROR
    Packages required but not available: ‘micEcon’ ‘lmtest’ ‘miscTools’
    
    Package suggested but not available for checking: ‘plm’
    
    See the information on DESCRIPTION files in the chapter ‘Creating R
    packages’ of the ‘Writing R Extensions’ manual.
Flavor: r-devel-osx-x86_64-gcc

Version: 1.1-0
Check: PDF version of manual
Result: WARNING
    LaTeX errors when creating PDF version.
    This typically indicates Rd problems.
    LaTeX errors found:
    ! LaTeX Error: File `upquote.sty' not found.
    
    Type X to quit or <RETURN> to proceed,
    or enter new name. (Default extension: sty)
    
    7fc40a61/Rd2.tex:8: ==> Fatal error occurred, no output PDF file produced!
Flavor: r-release-osx-x86_64-mavericks