CRAN Package Check Results for Package frontiles

Last updated on 2014-07-24 15:52:19.

Flavor Version Tinstall Tcheck Ttotal Status Flags
r-devel-linux-x86_64-debian-clang 1.2 1.88 29.44 31.33 OK
r-devel-linux-x86_64-debian-gcc 1.2 1.90 28.76 30.66 OK
r-devel-linux-x86_64-fedora-clang 1.2 67.57 OK
r-devel-linux-x86_64-fedora-gcc 1.2 66.58 OK
r-devel-osx-x86_64-clang 1.2 57.51 OK
r-devel-windows-ix86+x86_64 1.2 10.00 61.00 71.00 OK
r-patched-linux-x86_64 1.2 1.98 29.38 31.36 OK
r-patched-solaris-sparc 1.2 364.10 OK
r-patched-solaris-x86 1.2 94.20 OK
r-release-linux-ix86 1.2 2.77 40.74 43.51 OK
r-release-linux-x86_64 1.2 1.97 30.36 32.33 OK
r-release-osx-x86_64-mavericks 1.2 OK
r-release-osx-x86_64-snowleopard 1.2 ERROR
r-release-windows-ix86+x86_64 1.2 11.00 65.00 76.00 OK
r-oldrel-windows-ix86+x86_64 1.2 11.00 67.00 78.00 OK

Check Details

Version: 1.2
Check: whether package can be installed
Result: ERROR
    Installation failed.
    See ‘/Volumes/XT3/Builds/R-dev-web/QA/Simon/packages/snowleopard-x86_64/results/3.1/frontiles.Rcheck/00install.out’ for details.
Flavor: r-release-osx-x86_64-snowleopard