CRAN Package Check Results for Package frontiles

Last updated on 2014-12-21 11:46:34.

Flavor Version Tinstall Tcheck Ttotal Status Flags
r-devel-linux-x86_64-debian-clang 1.2 1.90 29.18 31.07 OK
r-devel-linux-x86_64-debian-gcc 1.2 1.83 28.06 29.89 OK
r-devel-linux-x86_64-fedora-clang 1.2 67.04 OK
r-devel-linux-x86_64-fedora-gcc 1.2 58.75 OK
r-devel-osx-x86_64-clang 1.2 59.21 OK
r-devel-windows-ix86+x86_64 1.2 11.00 64.00 75.00 OK
r-patched-linux-x86_64 1.2 1.96 29.37 31.33 OK
r-patched-solaris-sparc 1.2 379.90 OK
r-patched-solaris-x86 1.2 87.70 OK
r-release-linux-ix86 1.2 2.58 38.35 40.93 OK
r-release-linux-x86_64 1.2 1.95 29.94 31.88 OK
r-release-osx-x86_64-mavericks 1.2 OK
r-release-osx-x86_64-snowleopard 1.2 ERROR
r-release-windows-ix86+x86_64 1.2 11.00 67.00 78.00 OK
r-oldrel-windows-ix86+x86_64 1.2 11.00 68.00 79.00 OK

Check Details

Version: 1.2
Check: whether package can be installed
Result: ERROR
    Installation failed.
Flavor: r-release-osx-x86_64-snowleopard