CRAN Package Check Results for Package frontiles

Last updated on 2015-05-27 19:47:08.

Flavor Version Tinstall Tcheck Ttotal Status Flags
r-devel-linux-x86_64-debian-clang 1.2 1.68 24.44 26.11 OK
r-devel-linux-x86_64-debian-gcc 1.2 1.61 24.44 26.04 OK
r-devel-linux-x86_64-fedora-clang 1.2 52.74 OK
r-devel-linux-x86_64-fedora-gcc 1.2 49.95 OK
r-devel-osx-x86_64-clang 1.2 50.30 OK
r-devel-windows-ix86+x86_64 1.2 9.00 53.00 62.00 OK
r-patched-linux-x86_64 1.2 1.58 23.75 25.33 OK
r-patched-solaris-sparc 1.2 319.30 OK
r-patched-solaris-x86 1.2 73.70 OK
r-release-linux-x86_64 1.2 1.56 24.36 25.91 OK
r-release-osx-x86_64-mavericks 1.2 OK
r-release-osx-x86_64-snowleopard 1.2 NOTE
r-release-windows-ix86+x86_64 1.2 9.00 60.00 69.00 OK
r-oldrel-windows-ix86+x86_64 1.2 11.00 67.00 78.00 OK

Check Details

Version: 1.2
Check: package dependencies
Result: NOTE
    Package suggested but not available for checking: ‘ggplot2’
Flavor: r-release-osx-x86_64-snowleopard