CRAN Package Check Results for Package frontiles

Last updated on 2015-09-01 21:47:01.

Flavor Version Tinstall Tcheck Ttotal Status Flags
r-devel-linux-x86_64-debian-clang 1.2 1.62 24.08 25.70 NOTE
r-devel-linux-x86_64-debian-gcc 1.2 1.53 23.82 25.35 NOTE
r-devel-linux-x86_64-fedora-clang 1.2 50.55 NOTE
r-devel-linux-x86_64-fedora-gcc 1.2 45.43 NOTE
r-devel-osx-x86_64-clang 1.2 44.69 OK
r-devel-windows-ix86+x86_64 1.2 14.00 61.00 75.00 NOTE
r-patched-linux-x86_64 1.2 1.64 25.08 26.71 OK
r-patched-solaris-sparc 1.2 322.60 OK
r-patched-solaris-x86 1.2 76.30 OK
r-release-linux-x86_64 1.2 1.75 24.61 26.36 OK
r-release-osx-x86_64-mavericks 1.2 OK
r-release-windows-ix86+x86_64 1.2 10.00 59.00 69.00 OK
r-oldrel-windows-ix86+x86_64 1.2 16.00 75.00 91.00 OK

Check Details

Version: 1.2
Check: R code for possible problems
Result: NOTE
    ROCscore: no visible global function definition for ‘par’
    ROCscore: no visible global function definition for ‘axis’
    ROCscore: no visible global function definition for ‘mtext’
    ROCscore: no visible global function definition for ‘legend’
    alphafrontier.2d: no visible global function definition for ‘par’
    alphafrontier.2d: no visible global function definition for ‘polygon’
    alphafrontier.2d: no visible global function definition for ‘lines’
    alphafrontier.2d: no visible global function definition for ‘points’
    alphafrontier.3d: no visible global function definition for ‘layout’
    alphafrontier.3d: no visible global function definition for ‘barplot’
    alphafrontier.3d: no visible global function definition for ‘axis’
    alphafrontier.3d: no visible global function definition for ‘lines’
    alphafrontier.3d: no visible global function definition for ‘na.omit’
    ordermfrontier.2d: no visible global function definition for ‘par’
    ordermfrontier.2d: no visible global function definition for ‘polygon’
    ordermfrontier.2d: no visible global function definition for ‘lines’
    ordermfrontier.2d: no visible global function definition for ‘points’
    ordermscore.boot: no visible global function definition for ‘sd’
    Undefined global functions or variables:
     axis barplot layout legend lines mtext na.omit par points polygon sd
    Consider adding
     importFrom("graphics", "axis", "barplot", "layout", "legend", "lines",
     "mtext", "par", "points", "polygon")
     importFrom("stats", "na.omit", "sd")
    to your NAMESPACE.
Flavors: r-devel-linux-x86_64-debian-clang, r-devel-linux-x86_64-debian-gcc, r-devel-linux-x86_64-fedora-clang, r-devel-linux-x86_64-fedora-gcc, r-devel-windows-ix86+x86_64