CRAN Package Check Results for Package frontiles

Last updated on 2014-09-16 05:48:21.

Flavor Version Tinstall Tcheck Ttotal Status Flags
r-devel-linux-x86_64-debian-clang 1.2 1.86 28.73 30.59 OK
r-devel-linux-x86_64-debian-gcc 1.2 2.05 28.49 30.54 OK
r-devel-linux-x86_64-fedora-clang 1.2 63.87 OK
r-devel-linux-x86_64-fedora-gcc 1.2 64.01 OK
r-devel-osx-x86_64-clang 1.2 55.39 OK
r-devel-windows-ix86+x86_64 1.2 9.00 59.00 68.00 OK
r-patched-linux-x86_64 1.2 2.02 29.65 31.66 OK
r-patched-solaris-sparc 1.2 379.90 OK
r-patched-solaris-x86 1.2 85.60 OK
r-release-linux-ix86 1.2 2.74 41.34 44.07 OK
r-release-linux-x86_64 1.2 2.08 31.13 33.21 OK
r-release-osx-x86_64-mavericks 1.2 OK
r-release-osx-x86_64-snowleopard 1.2 ERROR
r-release-windows-ix86+x86_64 1.2 9.00 69.00 78.00 OK
r-oldrel-windows-ix86+x86_64 1.2 10.00 67.00 77.00 OK

Check Details

Version: 1.2
Check: whether package can be installed
Result: ERROR
    Installation failed.
Flavor: r-release-osx-x86_64-snowleopard