CRAN Package Check Results for Package frontiles

Last updated on 2015-07-04 03:48:09.

Flavor Version Tinstall Tcheck Ttotal Status Flags
r-devel-linux-x86_64-debian-clang 1.2 1.61 24.03 25.64 NOTE
r-devel-linux-x86_64-debian-gcc 1.2 1.58 23.91 25.49 NOTE
r-devel-linux-x86_64-fedora-clang 1.2 50.59 NOTE
r-devel-linux-x86_64-fedora-gcc 1.2 47.43 NOTE
r-devel-osx-x86_64-clang 1.2 49.20 OK
r-devel-windows-ix86+x86_64 1.2 18.00 55.00 73.00 NOTE
r-patched-linux-x86_64 1.2 1.92 24.63 26.55 OK
r-patched-solaris-sparc 1.2 319.30 OK
r-patched-solaris-x86 1.2 75.30 OK
r-release-linux-x86_64 1.2 1.70 23.97 25.68 OK
r-release-osx-x86_64-mavericks 1.2 OK
r-release-windows-ix86+x86_64 1.2 12.00 50.00 62.00 OK
r-oldrel-windows-ix86+x86_64 1.2 11.00 64.00 75.00 OK

Check Details

Version: 1.2
Check: R code for possible problems
Result: NOTE
    ROCscore: no visible global function definition for ‘par’
    ROCscore: no visible global function definition for ‘axis’
    ROCscore: no visible global function definition for ‘mtext’
    ROCscore: no visible global function definition for ‘legend’
    alphafrontier.2d: no visible global function definition for ‘par’
    alphafrontier.2d: no visible global function definition for ‘polygon’
    alphafrontier.2d: no visible global function definition for ‘lines’
    alphafrontier.2d: no visible global function definition for ‘points’
    alphafrontier.3d: no visible global function definition for ‘layout’
    alphafrontier.3d: no visible global function definition for ‘barplot’
    alphafrontier.3d: no visible global function definition for ‘axis’
    alphafrontier.3d: no visible global function definition for ‘lines’
    alphafrontier.3d: no visible global function definition for ‘na.omit’
    ordermfrontier.2d: no visible global function definition for ‘par’
    ordermfrontier.2d: no visible global function definition for ‘polygon’
    ordermfrontier.2d: no visible global function definition for ‘lines’
    ordermfrontier.2d: no visible global function definition for ‘points’
    ordermscore.boot: no visible global function definition for ‘sd’
    Undefined global functions or variables:
     axis barplot layout legend lines mtext na.omit par points polygon sd
Flavors: r-devel-linux-x86_64-debian-clang, r-devel-linux-x86_64-debian-gcc, r-devel-linux-x86_64-fedora-clang, r-devel-linux-x86_64-fedora-gcc, r-devel-windows-ix86+x86_64