CRAN Package Check Results for Package frontiles

Last updated on 2014-10-23 17:47:41.

Flavor Version Tinstall Tcheck Ttotal Status Flags
r-devel-linux-x86_64-debian-clang 1.2 1.86 29.20 31.06 OK
r-devel-linux-x86_64-debian-gcc 1.2 1.89 28.97 30.86 OK
r-devel-linux-x86_64-fedora-clang 1.2 64.90 OK
r-devel-linux-x86_64-fedora-gcc 1.2 61.62 OK
r-devel-osx-x86_64-clang 1.2 59.64 OK
r-devel-windows-ix86+x86_64 1.2 10.00 64.00 74.00 OK
r-patched-linux-x86_64 1.2 1.97 30.78 32.75 OK
r-patched-solaris-sparc 1.2 379.90 OK
r-patched-solaris-x86 1.2 87.90 OK
r-release-linux-ix86 1.2 2.74 41.23 43.97 OK
r-release-linux-x86_64 1.2 2.12 31.31 33.43 OK
r-release-osx-x86_64-mavericks 1.2 OK
r-release-osx-x86_64-snowleopard 1.2 ERROR
r-release-windows-ix86+x86_64 1.2 10.00 63.00 73.00 OK
r-oldrel-windows-ix86+x86_64 1.2 10.00 66.00 76.00 OK

Check Details

Version: 1.2
Check: whether package can be installed
Result: ERROR
    Installation failed.
Flavor: r-release-osx-x86_64-snowleopard