CRAN Package Check Results for Package frontiles

Last updated on 2015-03-06 14:46:56.

Flavor Version Tinstall Tcheck Ttotal Status Flags
r-devel-linux-x86_64-debian-clang 1.2 1.73 26.98 28.71 OK
r-devel-linux-x86_64-debian-gcc 1.2 1.75 25.93 27.68 OK
r-devel-linux-x86_64-fedora-clang 1.2 54.88 OK
r-devel-linux-x86_64-fedora-gcc 1.2 53.00 OK
r-devel-osx-x86_64-clang 1.2 58.12 OK
r-devel-windows-ix86+x86_64 1.2 10.00 57.00 67.00 OK
r-patched-linux-x86_64 1.2 2.50 32.69 35.19 OK
r-patched-solaris-sparc 1.2 403.60 OK
r-patched-solaris-x86 1.2 90.20 OK
r-release-linux-ix86 1.2 2.81 41.26 44.07 OK
r-release-linux-x86_64 1.2 2.27 32.83 35.10 OK
r-release-osx-x86_64-mavericks 1.2 OK
r-release-osx-x86_64-snowleopard 1.2 ERROR
r-release-windows-ix86+x86_64 1.2 12.00 71.00 83.00 OK
r-oldrel-windows-ix86+x86_64 1.2 10.00 73.00 83.00 OK

Check Details

Version: 1.2
Check: whether package can be installed
Result: ERROR
    Installation failed.
Flavor: r-release-osx-x86_64-snowleopard