CRAN Package Check Results for Package frontiles

Last updated on 2015-08-01 10:46:54.

Flavor Version Tinstall Tcheck Ttotal Status Flags
r-devel-linux-x86_64-debian-clang 1.2 1.60 24.78 26.38 NOTE
r-devel-linux-x86_64-debian-gcc 1.2 1.56 24.14 25.71 NOTE
r-devel-linux-x86_64-fedora-clang 1.2 54.02 NOTE
r-devel-linux-x86_64-fedora-gcc 1.2 50.40 NOTE
r-devel-osx-x86_64-clang 1.2 46.30 OK
r-devel-windows-ix86+x86_64 1.2 18.00 59.00 77.00 NOTE
r-patched-linux-x86_64 1.2 1.63 24.50 26.13 OK
r-patched-solaris-sparc 1.2 322.60 OK
r-patched-solaris-x86 1.2 74.50 OK
r-release-linux-x86_64 1.2 2.04 24.63 26.66 OK
r-release-osx-x86_64-mavericks 1.2 OK
r-release-windows-ix86+x86_64 1.2 12.00 61.00 73.00 OK
r-oldrel-windows-ix86+x86_64 1.2 15.00 74.00 89.00 OK

Check Details

Version: 1.2
Check: R code for possible problems
Result: NOTE
    ROCscore: no visible global function definition for ‘par’
    ROCscore: no visible global function definition for ‘axis’
    ROCscore: no visible global function definition for ‘mtext’
    ROCscore: no visible global function definition for ‘legend’
    alphafrontier.2d: no visible global function definition for ‘par’
    alphafrontier.2d: no visible global function definition for ‘polygon’
    alphafrontier.2d: no visible global function definition for ‘lines’
    alphafrontier.2d: no visible global function definition for ‘points’
    alphafrontier.3d: no visible global function definition for ‘layout’
    alphafrontier.3d: no visible global function definition for ‘barplot’
    alphafrontier.3d: no visible global function definition for ‘axis’
    alphafrontier.3d: no visible global function definition for ‘lines’
    alphafrontier.3d: no visible global function definition for ‘na.omit’
    ordermfrontier.2d: no visible global function definition for ‘par’
    ordermfrontier.2d: no visible global function definition for ‘polygon’
    ordermfrontier.2d: no visible global function definition for ‘lines’
    ordermfrontier.2d: no visible global function definition for ‘points’
    ordermscore.boot: no visible global function definition for ‘sd’
    Undefined global functions or variables:
     axis barplot layout legend lines mtext na.omit par points polygon sd
    Consider adding
     importFrom("graphics", "axis", "barplot", "layout", "legend", "lines",
     "mtext", "par", "points", "polygon")
     importFrom("stats", "na.omit", "sd")
    to your NAMESPACE.
Flavors: r-devel-linux-x86_64-debian-clang, r-devel-linux-x86_64-debian-gcc, r-devel-linux-x86_64-fedora-clang, r-devel-linux-x86_64-fedora-gcc, r-devel-windows-ix86+x86_64