CRAN Package Check Results for Package frontiles

Last updated on 2014-11-26 18:48:22.

Flavor Version Tinstall Tcheck Ttotal Status Flags
r-devel-linux-x86_64-debian-clang 1.2 1.91 29.72 31.63 OK
r-devel-linux-x86_64-debian-gcc 1.2 1.82 28.94 30.76 OK
r-devel-linux-x86_64-fedora-clang 1.2 66.46 OK
r-devel-linux-x86_64-fedora-gcc 1.2 70.14 OK
r-devel-osx-x86_64-clang 1.2 58.86 OK
r-devel-windows-ix86+x86_64 1.2 10.00 62.00 72.00 OK
r-patched-linux-x86_64 1.2 2.15 29.85 32.00 OK
r-patched-solaris-sparc 1.2 379.90 OK
r-patched-solaris-x86 1.2 89.10 OK
r-release-linux-ix86 1.2 2.58 38.83 41.41 OK
r-release-linux-x86_64 1.2 1.97 29.98 31.95 OK
r-release-osx-x86_64-mavericks 1.2 OK
r-release-osx-x86_64-snowleopard 1.2 ERROR
r-release-windows-ix86+x86_64 1.2 9.00 65.00 74.00 OK
r-oldrel-windows-ix86+x86_64 1.2 11.00 68.00 79.00 OK

Check Details

Version: 1.2
Check: whether package can be installed
Result: ERROR
    Installation failed.
Flavor: r-release-osx-x86_64-snowleopard