CRAN Package Check Results for Package frontiles

Last updated on 2016-05-06 15:46:48.

Flavor Version Tinstall Tcheck Ttotal Status Flags
r-devel-linux-x86_64-debian-gcc 1.2 1.78 24.57 26.36 NOTE
r-devel-linux-x86_64-fedora-clang 1.2 45.89 NOTE
r-devel-linux-x86_64-fedora-gcc 1.2 43.49 NOTE
r-devel-osx-x86_64-clang 1.2 52.93 NOTE
r-devel-windows-ix86+x86_64 1.2 7.00 64.00 71.00 NOTE
r-patched-linux-x86_64 1.2 1.70 24.18 25.88 NOTE
r-patched-solaris-sparc 1.2 284.20 NOTE
r-patched-solaris-x86 1.2 65.10 NOTE
r-release-linux-x86_64 1.2 2.14 23.62 25.76 NOTE
r-release-osx-x86_64-mavericks 1.2 OK
r-release-windows-ix86+x86_64 1.2 7.00 64.00 71.00 NOTE
r-oldrel-windows-ix86+x86_64 1.2 15.00 92.00 107.00 OK

Check Details

Version: 1.2
Check: R code for possible problems
Result: NOTE
    ROCscore: no visible global function definition for ‘par’
    ROCscore: no visible global function definition for ‘axis’
    ROCscore: no visible global function definition for ‘mtext’
    ROCscore: no visible global function definition for ‘legend’
    alphafrontier.2d: no visible global function definition for ‘par’
    alphafrontier.2d: no visible global function definition for ‘polygon’
    alphafrontier.2d: no visible global function definition for ‘lines’
    alphafrontier.2d: no visible global function definition for ‘points’
    alphafrontier.3d: no visible global function definition for ‘layout’
    alphafrontier.3d: no visible global function definition for ‘barplot’
    alphafrontier.3d: no visible global function definition for ‘axis’
    alphafrontier.3d: no visible global function definition for ‘lines’
    alphafrontier.3d: no visible global function definition for ‘na.omit’
    ordermfrontier.2d: no visible global function definition for ‘par’
    ordermfrontier.2d: no visible global function definition for ‘polygon’
    ordermfrontier.2d: no visible global function definition for ‘lines’
    ordermfrontier.2d: no visible global function definition for ‘points’
    ordermscore.boot: no visible global function definition for ‘sd’
    Undefined global functions or variables:
     axis barplot layout legend lines mtext na.omit par points polygon sd
    Consider adding
     importFrom("graphics", "axis", "barplot", "layout", "legend", "lines",
     "mtext", "par", "points", "polygon")
     importFrom("stats", "na.omit", "sd")
    to your NAMESPACE file.
Flavors: r-devel-linux-x86_64-debian-gcc, r-devel-linux-x86_64-fedora-clang, r-devel-linux-x86_64-fedora-gcc, r-devel-osx-x86_64-clang, r-devel-windows-ix86+x86_64, r-patched-linux-x86_64, r-patched-solaris-sparc, r-patched-solaris-x86, r-release-linux-x86_64, r-release-windows-ix86+x86_64