CRAN Package Check Results for Package frontiles

Last updated on 2015-01-31 23:47:55.

Flavor Version Tinstall Tcheck Ttotal Status Flags
r-devel-linux-x86_64-debian-clang 1.2 1.66 25.28 26.93 OK
r-devel-linux-x86_64-debian-gcc 1.2 1.96 23.54 25.50 OK
r-devel-linux-x86_64-fedora-clang 1.2 58.20 OK
r-devel-linux-x86_64-fedora-gcc 1.2 50.84 OK
r-devel-osx-x86_64-clang 1.2 60.70 OK
r-devel-windows-ix86+x86_64 1.2 15.00 54.00 69.00 OK
r-patched-linux-x86_64 1.2 2.02 29.74 31.76 OK
r-patched-solaris-sparc 1.2 370.60 OK
r-patched-solaris-x86 1.2 88.30 OK
r-release-linux-ix86 1.2 2.62 40.64 43.26 OK
r-release-linux-x86_64 1.2 2.01 30.06 32.08 OK
r-release-osx-x86_64-mavericks 1.2 OK
r-release-osx-x86_64-snowleopard 1.2 ERROR
r-release-windows-ix86+x86_64 1.2 10.00 65.00 75.00 OK
r-oldrel-windows-ix86+x86_64 1.2 11.00 74.00 85.00 OK

Check Details

Version: 1.2
Check: whether package can be installed
Result: ERROR
    Installation failed.
Flavor: r-release-osx-x86_64-snowleopard