CRAN Package Check Results for Package frontiles

Last updated on 2014-08-02 08:48:35.

Flavor Version Tinstall Tcheck Ttotal Status Flags
r-devel-linux-x86_64-debian-clang 1.2 1.98 29.23 31.22 OK
r-devel-linux-x86_64-debian-gcc 1.2 1.91 28.84 30.75 OK
r-devel-linux-x86_64-fedora-clang 1.2 67.23 OK
r-devel-linux-x86_64-fedora-gcc 1.2 62.70 OK
r-devel-osx-x86_64-clang 1.2 57.87 OK
r-devel-windows-ix86+x86_64 1.2 9.00 64.00 73.00 OK
r-patched-linux-x86_64 1.2 2.14 29.26 31.40 OK
r-patched-solaris-sparc 1.2 379.90 OK
r-patched-solaris-x86 1.2 89.60 OK
r-release-linux-ix86 1.2 2.63 40.44 43.07 OK
r-release-linux-x86_64 1.2 2.08 30.75 32.84 OK
r-release-osx-x86_64-mavericks 1.2 OK
r-release-osx-x86_64-snowleopard 1.2 ERROR
r-release-windows-ix86+x86_64 1.2 10.00 62.00 72.00 OK
r-oldrel-windows-ix86+x86_64 1.2 10.00 94.00 104.00 OK

Check Details

Version: 1.2
Check: whether package can be installed
Result: ERROR
    Installation failed.
Flavor: r-release-osx-x86_64-snowleopard