CRAN Package Check Results for Package frostr

Last updated on 2022-01-25 04:49:37 CET.

Flavor Version Tinstall Tcheck Ttotal Status Flags
r-devel-linux-x86_64-debian-clang 0.2.0 3.84 50.60 54.44 NOTE
r-devel-linux-x86_64-debian-gcc 0.2.0 3.99 40.01 44.00 NOTE
r-devel-linux-x86_64-fedora-clang 0.2.0 65.82 NOTE
r-devel-linux-x86_64-fedora-gcc 0.2.0 55.47 NOTE
r-devel-windows-x86_64-new-UL 0.2.0 21.00 70.00 91.00 NOTE
r-devel-windows-x86_64-new-TK 0.2.0 NOTE
r-patched-linux-x86_64 0.2.0 3.95 46.33 50.28 NOTE
r-release-linux-x86_64 0.2.0 2.86 47.19 50.05 NOTE
r-release-macos-arm64 0.2.0 NOTE
r-release-macos-x86_64 0.2.0 NOTE
r-release-windows-ix86+x86_64 0.2.0 11.00 60.00 71.00 NOTE
r-oldrel-macos-x86_64 0.2.0 OK
r-oldrel-windows-ix86+x86_64 0.2.0 12.00 59.00 71.00 OK

Check Details

Version: 0.2.0
Check: LazyData
Result: NOTE
     'LazyData' is specified without a 'data' directory
Flavors: r-devel-linux-x86_64-debian-clang, r-devel-linux-x86_64-debian-gcc, r-devel-linux-x86_64-fedora-clang, r-devel-linux-x86_64-fedora-gcc, r-devel-windows-x86_64-new-UL, r-devel-windows-x86_64-new-TK, r-patched-linux-x86_64, r-release-linux-x86_64, r-release-macos-arm64, r-release-macos-x86_64, r-release-windows-ix86+x86_64