CRAN Package Check Results for Package fscaret

Last updated on 2016-05-06 08:47:19.

Flavor Version Tinstall Tcheck Ttotal Status Flags
r-devel-linux-x86_64-debian-gcc 0.9.4 4.40 56.46 60.86 NOTE
r-devel-linux-x86_64-fedora-clang 0.9.4 126.02 NOTE
r-devel-linux-x86_64-fedora-gcc 0.9.4 118.32 NOTE
r-devel-osx-x86_64-clang 0.9.4 138.14 NOTE
r-devel-windows-ix86+x86_64 0.9.4 10.00 104.00 114.00 NOTE
r-patched-linux-x86_64 0.9.4 4.35 56.67 61.02 NOTE
r-patched-solaris-sparc 0.9.4 662.10 NOTE
r-patched-solaris-x86 0.9.4 165.50 NOTE
r-release-linux-x86_64 0.9.4 4.32 56.06 60.38 NOTE
r-release-osx-x86_64-mavericks 0.9.4 OK
r-release-windows-ix86+x86_64 0.9.4 10.00 104.00 114.00 NOTE
r-oldrel-windows-ix86+x86_64 0.9.4 22.00 151.00 173.00 OK

Check Details

Version: 0.9.4
Check: R code for possible problems
Result: NOTE
    classVarImp : classVarPred: no visible global function definition for
     ‘write.table’
    classVarImp : classVarPred: no visible global function definition for
     ‘predict’
    dataPreprocess: no visible global function definition for ‘cor’
    fscaret: no visible global function definition for ‘data’
    impCalc: no visible global function definition for ‘predict’
    impCalc: no visible global function definition for ‘read.csv’
    installPckg: no visible global function definition for
     ‘installed.packages’
    installPckg: no visible global function definition for
     ‘install.packages’
    regVarImp : regVarPred: no visible global function definition for
     ‘write.table’
    regVarImp : regVarPred: no visible global function definition for
     ‘predict’
    Undefined global functions or variables:
     cor data install.packages installed.packages predict read.csv
     write.table
    Consider adding
     importFrom("stats", "cor", "predict")
     importFrom("utils", "data", "install.packages", "installed.packages",
     "read.csv", "write.table")
    to your NAMESPACE file.
Flavors: r-devel-linux-x86_64-debian-gcc, r-devel-linux-x86_64-fedora-clang, r-devel-linux-x86_64-fedora-gcc, r-devel-osx-x86_64-clang, r-devel-windows-ix86+x86_64, r-patched-linux-x86_64, r-patched-solaris-sparc, r-patched-solaris-x86, r-release-linux-x86_64, r-release-windows-ix86+x86_64