CRAN Package Check Results for Package fscaret

Last updated on 2014-04-23 12:48:18.

Flavor Version Tinstall Tcheck Ttotal Status Flags
r-devel-linux-x86_64-debian-clang 0.8.5.6 3.00 58.24 61.24 OK
r-devel-linux-x86_64-debian-gcc 0.8.5.6 2.90 57.73 60.63 OK
r-devel-linux-x86_64-fedora-clang 0.8.5.6 128.01 OK
r-devel-linux-x86_64-fedora-gcc 0.8.5.6 125.19 OK
r-devel-osx-x86_64-clang 0.8.5.6 118.51 OK
r-devel-osx-x86_64-gcc 0.8.5.6 ERROR
r-devel-windows-ix86+x86_64 0.8.5.6 8.00 100.00 108.00 OK
r-patched-linux-x86_64 0.8.5.6 2.45 58.80 61.24 OK
r-patched-solaris-sparc 0.8.5.6 648.20 OK
r-patched-solaris-x86 0.8.5.6 189.10 OK
r-release-linux-ix86 0.8.5.6 4.00 110.00 114.00 OK
r-release-linux-x86_64 0.8.5.6 2.37 57.54 59.92 OK
r-release-osx-x86_64-mavericks 0.8.5.6 NOTE
r-release-osx-x86_64-snowleopard 0.8.5.6 OK
r-release-windows-ix86+x86_64 0.8.5.6 8.00 90.00 98.00 OK
r-oldrel-windows-ix86+x86_64 0.8.5.6 9.00 112.00 121.00 OK

Check Details

Version: 0.8.5.6
Check: package dependencies
Result: ERROR
    Package required but not available: ‘caret’
    
    Packages suggested but not available for checking:
     ‘car’ ‘evtree’ ‘Hmisc’ ‘kknn’ ‘klaR’ ‘mboost’ ‘party’ ‘proxy’ ‘rrcov’
     ‘rrlda’
    
    See the information on DESCRIPTION files in the chapter ‘Creating R
    packages’ of the ‘Writing R Extensions’ manual.
Flavor: r-devel-osx-x86_64-gcc

Version: 0.8.5.6
Check: re-building of vignette outputs
Result: NOTE
    Error in re-building vignettes:
     ...
    
    Loading required package: pls
    
    Attaching package: ‘pls’
    
    The following object is masked from ‘package:caret’:
    
     R2
    
    The following object is masked from ‘package:stats’:
    
     loadings
    
    Error in texi2dvi(file = file, pdf = TRUE, clean = clean, quiet = quiet, :
     Running 'texi2dvi' on 'fscaret.tex' failed.
    LaTeX errors:
    ! LaTeX Error: File `lastpage.sty' not found.
    
    Type X to quit or <RETURN> to proceed,
    or enter new name. (Default extension: sty)
    
    _test/fscaret/vignettes/fscaret.tex:12: ==> Fatal error occurred, no output PD
    F file produced!
    Calls: buildVignettes -> texi2pdf -> texi2dvi
    Execution halted
Flavor: r-release-osx-x86_64-mavericks