CRAN Package Check Results for Package fscaret

Last updated on 2014-07-29 08:49:33.

Flavor Version Tinstall Tcheck Ttotal Status Flags
r-devel-linux-x86_64-debian-clang 0.8.5.6 6.00 92.65 98.65 NOTE
r-devel-linux-x86_64-debian-gcc 0.8.5.6 5.64 92.79 98.42 NOTE
r-devel-linux-x86_64-fedora-clang 0.8.5.6 230.17 NOTE
r-devel-linux-x86_64-fedora-gcc 0.8.5.6 218.68 NOTE
r-devel-osx-x86_64-clang 0.8.5.6 189.32 NOTE
r-devel-windows-ix86+x86_64 0.8.5.6 19.00 146.00 165.00 OK
r-patched-linux-x86_64 0.8.5.6 6.36 92.55 98.91 NOTE
r-patched-solaris-sparc 0.8.5.6 1094.40 NOTE
r-patched-solaris-x86 0.8.5.6 302.40 NOTE
r-release-linux-ix86 0.8.5.6 6.65 117.15 123.80 NOTE
r-release-linux-x86_64 0.8.5.6 5.96 95.03 100.99 NOTE
r-release-osx-x86_64-mavericks 0.8.5.6 NOTE
r-release-osx-x86_64-snowleopard 0.8.5.6 OK
r-release-windows-ix86+x86_64 0.8.5.6 18.00 157.00 175.00 OK
r-oldrel-windows-ix86+x86_64 0.8.5.6 18.00 143.00 161.00 OK

Check Details

Version: 0.8.5.6
Check: package dependencies
Result: NOTE
    Package suggested but not available for checking: HiDimDA
Flavors: r-devel-linux-x86_64-debian-clang, r-devel-linux-x86_64-debian-gcc, r-devel-linux-x86_64-fedora-clang, r-devel-linux-x86_64-fedora-gcc, r-devel-osx-x86_64-clang, r-patched-linux-x86_64, r-patched-solaris-sparc, r-patched-solaris-x86, r-release-linux-ix86, r-release-linux-x86_64

Version: 0.8.5.6
Check: re-building of vignette outputs
Result: NOTE
    Error in re-building vignettes:
     ...
    
    Loading required package: pls
    
    Attaching package: pls
    
    The following object is masked from package:caret :
    
     R2
    
    The following object is masked from package:stats :
    
     loadings
    
    Error in texi2dvi(file = file, pdf = TRUE, clean = clean, quiet = quiet, :
     Running 'texi2dvi' on 'fscaret.tex' failed.
    LaTeX errors:
    ! LaTeX Error: File `lastpage.sty' not found.
    
    Type X to quit or <RETURN> to proceed,
    or enter new name. (Default extension: sty)
    
    _test/fscaret/vignettes/fscaret.tex:12: ==> Fatal error occurred, no output PD
    F file produced!
    Calls: buildVignettes -> texi2pdf -> texi2dvi
    Execution halted
Flavor: r-release-osx-x86_64-mavericks