CRAN Package Check Results for Package fscaret

Last updated on 2014-12-20 17:51:06.

Flavor Version Tinstall Tcheck Ttotal Status Flags
r-devel-linux-x86_64-debian-clang 0.8.6.3 5.72 84.20 89.92 OK
r-devel-linux-x86_64-debian-gcc 0.8.6.3 5.33 81.10 86.43 OK
r-devel-linux-x86_64-fedora-clang 0.8.6.3 209.54 OK
r-devel-linux-x86_64-fedora-gcc 0.8.6.3 184.80 OK
r-devel-osx-x86_64-clang 0.8.6.3 181.55 OK
r-devel-windows-ix86+x86_64 0.8.6.3 22.00 137.00 159.00 OK
r-patched-linux-x86_64 0.8.6.3 5.76 86.23 91.99 OK
r-patched-solaris-sparc 0.8.6.3 1103.40 OK
r-patched-solaris-x86 0.8.6.3 277.90 OK
r-release-linux-ix86 0.8.6.3 6.62 104.89 111.51 OK
r-release-linux-x86_64 0.8.6.3 5.71 85.74 91.45 OK
r-release-osx-x86_64-mavericks 0.8.6.3 NOTE
r-release-osx-x86_64-snowleopard 0.8.6.3 OK
r-release-windows-ix86+x86_64 0.8.6.3 23.00 147.00 170.00 OK
r-oldrel-windows-ix86+x86_64 0.8.6.3 20.00 171.00 191.00 OK

Check Details

Version: 0.8.6.3
Check: re-building of vignette outputs
Result: NOTE
    Error in re-building vignettes:
     ...
    
    Loading required package: pls
    
    Attaching package: ‘pls’
    
    The following object is masked from ‘package:caret’:
    
     R2
    
    The following object is masked from ‘package:stats’:
    
     loadings
    
    Error in texi2dvi(file = file, pdf = TRUE, clean = clean, quiet = quiet, :
     Running 'texi2dvi' on 'fscaret.tex' failed.
    LaTeX errors:
    ! LaTeX Error: File `lastpage.sty' not found.
    
    Type X to quit or <RETURN> to proceed,
    or enter new name. (Default extension: sty)
    
    _test/fscaret/vignettes/fscaret.tex:12: ==> Fatal error occurred, no output PD
    F file produced!
    Calls: buildVignettes -> texi2pdf -> texi2dvi
    Execution halted
Flavor: r-release-osx-x86_64-mavericks