CRAN Package Check Results for Package fscaret

Last updated on 2018-02-22 01:49:46 CET.

Flavor Version Tinstall Tcheck Ttotal Status Flags
r-devel-linux-x86_64-debian-clang 0.9.4.2 10.38 102.08 112.46 OK
r-devel-linux-x86_64-debian-gcc 0.9.4.2 7.82 88.08 95.90 OK
r-devel-linux-x86_64-fedora-clang 0.9.4.2 147.24 OK
r-devel-linux-x86_64-fedora-gcc 0.9.4.2 144.88 OK
r-devel-windows-ix86+x86_64 0.9.4.2 21.00 146.00 167.00 OK
r-patched-linux-x86_64 0.9.4.2 7.56 111.40 118.96 OK
r-patched-solaris-x86 0.9.4.2 220.70 NOTE
r-release-linux-x86_64 0.9.4.2 7.73 109.68 117.41 OK
r-release-windows-ix86+x86_64 0.9.4.2 29.00 174.00 203.00 OK
r-release-osx-x86_64 0.9.4.2 OK
r-oldrel-windows-ix86+x86_64 0.9.4.2 19.00 198.00 217.00 OK
r-oldrel-osx-x86_64 0.9.4.2 OK

Check Details

Version: 0.9.4.2
Check: package dependencies
Result: NOTE
    Package suggested but not available for checking: ‘RWeka’
Flavor: r-patched-solaris-x86