CRAN Package Check Results for Package fscaret

Last updated on 2015-08-03 03:47:41.

Flavor Version Tinstall Tcheck Ttotal Status Flags
r-devel-linux-x86_64-debian-clang 0.9.4 4.57 62.50 67.08 NOTE
r-devel-linux-x86_64-debian-gcc 0.9.4 4.40 61.88 66.28 NOTE
r-devel-linux-x86_64-fedora-clang 0.9.4 141.69 NOTE
r-devel-linux-x86_64-fedora-gcc 0.9.4 130.90 NOTE
r-devel-osx-x86_64-clang 0.9.4 118.90 OK
r-devel-windows-ix86+x86_64 0.9.4 13.00 104.00 117.00 NOTE
r-patched-linux-x86_64 0.9.4 4.75 63.80 68.55 OK
r-patched-solaris-sparc 0.9.4 770.50 OK
r-patched-solaris-x86 0.9.4 190.00 OK
r-release-linux-x86_64 0.9.4 4.48 60.88 65.36 OK
r-release-osx-x86_64-mavericks 0.9.4 OK
r-release-windows-ix86+x86_64 0.9.4 20.00 114.00 134.00 OK
r-oldrel-windows-ix86+x86_64 0.9.4 35.00 181.00 216.00 OK

Check Details

Version: 0.9.4
Check: R code for possible problems
Result: NOTE
    classVarImp : classVarPred: no visible global function definition for
     ‘write.table’
    classVarImp : classVarPred: no visible global function definition for
     ‘predict’
    dataPreprocess: no visible global function definition for ‘cor’
    fscaret: no visible global function definition for ‘data’
    impCalc: no visible global function definition for ‘predict’
    impCalc: no visible global function definition for ‘read.csv’
    installPckg: no visible global function definition for
     ‘installed.packages’
    installPckg: no visible global function definition for
     ‘install.packages’
    regVarImp : regVarPred: no visible global function definition for
     ‘write.table’
    regVarImp : regVarPred: no visible global function definition for
     ‘predict’
    Undefined global functions or variables:
     cor data install.packages installed.packages predict read.csv
     write.table
    Consider adding
     importFrom("stats", "cor", "predict")
     importFrom("utils", "data", "install.packages", "installed.packages",
     "read.csv", "write.table")
    to your NAMESPACE.
Flavors: r-devel-linux-x86_64-debian-clang, r-devel-linux-x86_64-debian-gcc, r-devel-linux-x86_64-fedora-clang, r-devel-linux-x86_64-fedora-gcc, r-devel-windows-ix86+x86_64