CRAN Package Check Results for Package fscaret

Last updated on 2017-03-23 23:50:43.

Flavor Version Tinstall Tcheck Ttotal Status Flags
r-devel-linux-x86_64-debian-clang 0.9.4.1 4.53 60.90 65.43 OK
r-devel-linux-x86_64-debian-gcc 0.9.4.1 4.28 60.49 64.76 OK
r-devel-linux-x86_64-fedora-clang 0.9.4.1 143.66 OK --no-stop-on-test-error
r-devel-linux-x86_64-fedora-gcc 0.9.4.1 136.87 OK --no-stop-on-test-error
r-devel-macos-x86_64-clang 0.9.4.1 103.42 OK --no-stop-on-test-error
r-devel-windows-ix86+x86_64 0.9.4.1 14.00 123.00 137.00 OK
r-patched-linux-x86_64 0.9.4.1 4.27 57.70 61.96 OK
r-patched-solaris-sparc 0.9.4.1 726.30 NOTE
r-patched-solaris-x86 0.9.4.1 194.60 OK
r-release-linux-x86_64 0.9.4.1 4.36 57.62 61.98 OK
r-release-osx-x86_64-mavericks 0.9.4.1 OK
r-release-windows-ix86+x86_64 0.9.4.1 17.00 114.00 131.00 OK
r-oldrel-windows-ix86+x86_64 0.9.4.1 22.00 167.00 189.00 OK

Check Details

Version: 0.9.4.1
Check: package dependencies
Result: NOTE
    Package suggested but not available for checking: ‘evtree’
Flavor: r-patched-solaris-sparc