CRAN Package Check Results for Package fscaret

Last updated on 2015-05-29 07:47:25.

Flavor Version Tinstall Tcheck Ttotal Status Flags
r-devel-linux-x86_64-debian-clang 0.9.4 4.46 59.99 64.46 OK
r-devel-linux-x86_64-debian-gcc 0.9.4 4.34 58.74 63.08 OK
r-devel-linux-x86_64-fedora-clang 0.9.4 142.36 OK
r-devel-linux-x86_64-fedora-gcc 0.9.4 123.49 OK
r-devel-osx-x86_64-clang 0.9.4 120.94 OK
r-devel-windows-ix86+x86_64 0.9.4 14.00 112.00 126.00 OK
r-patched-linux-x86_64 0.9.4 4.54 59.27 63.80 OK
r-patched-solaris-sparc 0.9.4 747.30 OK
r-patched-solaris-x86 0.9.4 180.30 OK
r-release-linux-x86_64 0.9.4 5.08 60.48 65.56 OK
r-release-osx-x86_64-mavericks 0.9.4 OK
r-release-osx-x86_64-snowleopard 0.9.4 ERROR
r-release-windows-ix86+x86_64 0.9.4 14.00 101.00 115.00 OK
r-oldrel-windows-ix86+x86_64 0.9.4 26.00 147.00 173.00 OK

Check Details

Version: 0.9.4
Check: package dependencies
Result: ERROR
    Package required but not available: ‘caret’
    
    Packages suggested but not available for checking:
     ‘car’ ‘evtree’ ‘Hmisc’ ‘kknn’ ‘mboost’ ‘party’ ‘proxy’ ‘rrlda’
    
    See section ‘The DESCRIPTION file’ in the ‘Writing R Extensions’
    manual.
Flavor: r-release-osx-x86_64-snowleopard