CRAN Package Check Results for Package fscaret

Last updated on 2015-04-02 08:49:30.

Flavor Version Tinstall Tcheck Ttotal Status Flags
r-devel-linux-x86_64-debian-clang 0.9.3 4.19 63.87 68.06 OK
r-devel-linux-x86_64-debian-gcc 0.9.3 4.12 64.11 68.22 OK
r-devel-linux-x86_64-fedora-clang 0.9.3 132.50 OK
r-devel-linux-x86_64-fedora-gcc 0.9.3 139.74 OK
r-devel-osx-x86_64-clang 0.9.3 139.50 OK
r-prerel-windows-ix86+x86_64 0.9.3 11.00 109.00 120.00 OK
r-prerel-linux-x86_64 0.9.3 4.14 61.68 65.81 OK
r-prerel-solaris-sparc 0.9.3 679.60 ERROR
r-prerel-solaris-x86 0.9.3 171.10 OK
r-release-linux-x86_64 0.9.3 7.64 91.25 98.89 OK
r-release-osx-x86_64-mavericks 0.9.3 OK
r-release-osx-x86_64-snowleopard 0.9.3 OK
r-release-windows-ix86+x86_64 0.9.3 21.00 156.00 177.00 OK
r-oldrel-windows-ix86+x86_64 0.9 24.00 163.00 187.00 OK

Check Details

Version: 0.9.3
Check: running R code from vignettes
Result: ERROR
    Errors in running code in vignettes:
    when running code in ‘fscaret.Rnw’
     ...
    [1] "Building model has failed or reached timelimit!"
    
    > myRES_tab <- myFS$VarImp$matrixVarImp.MSE[1:10, ]
    
    > myRES_tab <- subset(myRES_tab, select = c("pcr", "pls",
    + "SUM%", "ImpGrad", "Input_no"))
    
     When sourcing ‘fscaret.R’:
    Error: argument "subset" is missing, with no default
    Execution halted
Flavor: r-prerel-solaris-sparc

Version: 0.9.3
Check: re-building of vignette outputs
Result: NOTE
    Error in re-building vignettes:
     ...
    
     R2
    
    The following object is masked from ‘package:stats’:
    
     loadings
    
    Loading required package: pls
    
    Attaching package: ‘pls’
    
    The following object is masked from ‘package:caret’:
    
     R2
    
    The following object is masked from ‘package:stats’:
    
     loadings
    
    
    Error: processing vignette 'fscaret.Rnw' failed with diagnostics:
     chunk 9 (label = fscaret_example)
    Error in subset.default(myRES_tab, select = c("pcr", "pls", "SUM%", "ImpGrad", :
     argument "subset" is missing, with no default
    Execution halted
Flavor: r-prerel-solaris-sparc