CRAN Package Check Results for Package fscaret

Last updated on 2017-09-24 11:48:07.

Flavor Version Tinstall Tcheck Ttotal Status Flags
r-devel-linux-x86_64-debian-clang 0.9.4.1 6.05 78.72 84.77 OK
r-devel-linux-x86_64-debian-gcc 0.9.4.1 5.55 72.94 78.49 OK
r-devel-linux-x86_64-fedora-clang 0.9.4.1 187.62 OK
r-devel-linux-x86_64-fedora-gcc 0.9.4.1 168.06 OK
r-devel-windows-ix86+x86_64 0.9.4.1 17.00 133.00 150.00 OK
r-patched-linux-x86_64 0.9.4.1 6.08 75.08 81.16 OK
r-patched-solaris-x86 0.9.4.1 229.90 OK
r-release-linux-x86_64 0.9.4.1 5.69 75.18 80.87 OK
r-release-windows-ix86+x86_64 0.9.4.1 15.00 140.00 155.00 OK
r-release-osx-x86_64 0.9.4.1 NOTE
r-oldrel-windows-ix86+x86_64 0.9.4.1 17.00 132.00 149.00 OK
r-oldrel-osx-x86_64 0.9.4.1 OK

Check Details

Version: 0.9.4.1
Check: re-building of vignette outputs
Result: NOTE
    Error in re-building vignettes:
     ...
    Loading required package: caret
    Loading required package: lattice
    Loading required package: ggplot2
    Loading required package: gsubfn
    Loading required package: proto
    Loading required package: hmeasure
    Loading required package: parallel
    Error in texi2dvi(file = file, pdf = TRUE, clean = clean, quiet = quiet, :
     Running 'texi2dvi' on 'fscaret.tex' failed.
    LaTeX errors:
    ! LaTeX Error: File `lastpage.sty' not found.
    
    Type X to quit or <RETURN> to proceed,
    or enter new name. (Default extension: sty)
    
    ! Emergency stop.
    <read *>
    
    l.12 \usepackage
     [^^M
    ! ==> Fatal error occurred, no output PDF file produced!
    Calls: buildVignettes -> texi2pdf -> texi2dvi
    Execution halted
Flavor: r-release-osx-x86_64