CRAN Package Check Results for Package fscaret

Last updated on 2014-08-29 23:48:47.

Flavor Version Tinstall Tcheck Ttotal Status Flags
r-devel-linux-x86_64-debian-clang 0.8.5.7 5.85 82.18 88.03 OK
r-devel-linux-x86_64-debian-gcc 0.8.5.7 5.51 80.07 85.58 OK
r-devel-linux-x86_64-fedora-clang 0.8.5.7 121.63 OK
r-devel-linux-x86_64-fedora-gcc 0.8.5.7 132.72 OK
r-devel-osx-x86_64-clang 0.8.5.7 109.75 OK
r-devel-windows-ix86+x86_64 0.8.5.7 23.00 182.00 205.00 OK
r-patched-linux-x86_64 0.8.5.6 7.05 91.87 98.92 NOTE
r-patched-solaris-sparc 0.8.5.7 1085.00 OK
r-patched-solaris-x86 0.8.5.7 237.70 OK
r-release-linux-ix86 0.8.5.6 6.86 119.54 126.40 NOTE
r-release-linux-x86_64 0.8.5.7 6.69 92.84 99.52 OK
r-release-osx-x86_64-mavericks 0.8.5.7 NOTE
r-release-osx-x86_64-snowleopard 0.8.5.6 OK
r-release-windows-ix86+x86_64 0.8.5.7 20.00 132.00 152.00 OK
r-oldrel-windows-ix86+x86_64 0.8.5.7 19.00 138.00 157.00 OK

Check Details

Version: 0.8.5.6
Check: package dependencies
Result: NOTE
    Package suggested but not available for checking: ‘HiDimDA’
Flavors: r-patched-linux-x86_64, r-release-linux-ix86

Version: 0.8.5.7
Check: re-building of vignette outputs
Result: NOTE
    Error in re-building vignettes:
     ...
    
    Loading required package: pls
    
    Attaching package: ‘pls’
    
    The following object is masked from ‘package:caret’:
    
     R2
    
    The following object is masked from ‘package:stats’:
    
     loadings
    
    Error in texi2dvi(file = file, pdf = TRUE, clean = clean, quiet = quiet, :
     Running 'texi2dvi' on 'fscaret.tex' failed.
    LaTeX errors:
    ! LaTeX Error: File `lastpage.sty' not found.
    
    Type X to quit or <RETURN> to proceed,
    or enter new name. (Default extension: sty)
    
    _test/fscaret/vignettes/fscaret.tex:12: ==> Fatal error occurred, no output PD
    F file produced!
    Calls: buildVignettes -> texi2pdf -> texi2dvi
    Execution halted
Flavor: r-release-osx-x86_64-mavericks