CRAN Package Check Results for Package fscaret

Last updated on 2017-11-23 11:52:15 CET.

Flavor Version Tinstall Tcheck Ttotal Status Flags
r-devel-linux-x86_64-debian-clang 0.9.4.1 5.63 115.54 121.17 OK
r-devel-linux-x86_64-debian-gcc 0.9.4.1 5.60 153.89 159.49 OK
r-devel-linux-x86_64-fedora-clang 0.9.4.1 137.22 OK
r-devel-linux-x86_64-fedora-gcc 0.9.4.1 145.02 OK
r-devel-windows-ix86+x86_64 0.9.4.1 17.00 214.00 231.00 OK
r-patched-linux-x86_64 0.9.4.1 8.32 181.39 189.72 OK
r-patched-solaris-x86 0.9.4.1 228.80 OK
r-release-linux-x86_64 0.9.4.1 6.09 77.99 84.08 OK
r-release-windows-ix86+x86_64 0.9.4.1 17.00 137.00 154.00 OK
r-release-osx-x86_64 0.9.4.1 NOTE
r-oldrel-windows-ix86+x86_64 0.9.4.1 15.00 144.00 159.00 OK
r-oldrel-osx-x86_64 0.9.4.1 OK

Check Details

Version: 0.9.4.1
Check: re-building of vignette outputs
Result: NOTE
    Error in re-building vignettes:
     ...
    Loading required package: caret
    Loading required package: lattice
    Loading required package: ggplot2
    Loading required package: gsubfn
    Loading required package: proto
    Loading required package: hmeasure
    Loading required package: parallel
    Error in texi2dvi(file = file, pdf = TRUE, clean = clean, quiet = quiet, :
     Running 'texi2dvi' on 'fscaret.tex' failed.
    LaTeX errors:
    ! LaTeX Error: File `lastpage.sty' not found.
    
    Type X to quit or <RETURN> to proceed,
    or enter new name. (Default extension: sty)
    
    ! Emergency stop.
    <read *>
    
    l.12 \usepackage
     [^^M
    ! ==> Fatal error occurred, no output PDF file produced!
    Calls: buildVignettes -> texi2pdf -> texi2dvi
    Execution halted
Flavor: r-release-osx-x86_64