CRAN Package Check Results for Package fscaret

Last updated on 2017-05-29 14:50:10.

Flavor Version Tinstall Tcheck Ttotal Status Flags
r-devel-linux-x86_64-debian-clang 0.9.4.1 4.43 59.84 64.27 OK
r-devel-linux-x86_64-debian-gcc 0.9.4.1 4.71 56.14 60.85 OK
r-devel-linux-x86_64-fedora-clang 0.9.4.1 135.53 OK
r-devel-linux-x86_64-fedora-gcc 0.9.4.1 126.79 OK
r-devel-windows-ix86+x86_64 0.9.4.1 13.00 167.00 180.00 OK
r-patched-linux-x86_64 0.9.4.1 4.35 57.70 62.06 OK
r-patched-solaris-sparc 0.9.4.1 726.30 NOTE
r-patched-solaris-x86 0.9.4.1 181.30 OK
r-release-linux-x86_64 0.9.4.1 4.65 60.64 65.29 OK
r-release-windows-ix86+x86_64 0.9.4.1 21.00 168.00 189.00 OK
r-release-osx-x86_64 0.9.4.1 NOTE
r-oldrel-windows-ix86+x86_64 0.9.4.1 12.00 100.00 112.00 OK
r-oldrel-osx-x86_64 0.9.4.1 OK

Check Details

Version: 0.9.4.1
Check: package dependencies
Result: NOTE
    Package suggested but not available for checking: ‘evtree’
Flavor: r-patched-solaris-sparc

Version: 0.9.4.1
Check: re-building of vignette outputs
Result: NOTE
    Error in re-building vignettes:
     ...
    Loading required package: caret
    Loading required package: lattice
    Loading required package: ggplot2
    Loading required package: gsubfn
    Loading required package: proto
    Loading required package: hmeasure
    Loading required package: parallel
    Error in texi2dvi(file = file, pdf = TRUE, clean = clean, quiet = quiet, :
     Running 'texi2dvi' on 'fscaret.tex' failed.
    LaTeX errors:
    ! LaTeX Error: File `lastpage.sty' not found.
    
    Type X to quit or <RETURN> to proceed,
    or enter new name. (Default extension: sty)
    
    ! Emergency stop.
    <read *>
    
    l.12 \usepackage
     [^^M
    ! ==> Fatal error occurred, no output PDF file produced!
    Calls: buildVignettes -> texi2pdf -> texi2dvi
    Execution halted
Flavor: r-release-osx-x86_64