CRAN Package Check Results for Package fscaret

Last updated on 2014-11-27 16:48:10.

Flavor Version Tinstall Tcheck Ttotal Status Flags
r-devel-linux-x86_64-debian-clang 0.8.6.3 5.41 85.65 91.06 OK
r-devel-linux-x86_64-debian-gcc 0.8.6.3 5.64 81.34 86.98 OK
r-devel-linux-x86_64-fedora-clang 0.8.6.3 210.24 OK
r-devel-linux-x86_64-fedora-gcc 0.8.6.3 226.46 OK
r-devel-osx-x86_64-clang 0.8.6.3 176.62 OK
r-devel-windows-ix86+x86_64 0.8.6.3 19.00 129.00 148.00 OK
r-patched-linux-x86_64 0.8.6.3 5.54 85.47 91.01 OK
r-patched-solaris-sparc 0.8.6.3 1103.40 OK
r-patched-solaris-x86 0.8.6.3 281.20 OK
r-release-linux-ix86 0.8.6.3 6.61 104.76 111.37 OK
r-release-linux-x86_64 0.8.6.3 5.67 85.90 91.56 OK
r-release-osx-x86_64-mavericks 0.8.6.3 NOTE
r-release-osx-x86_64-snowleopard 0.8.6.3 OK
r-release-windows-ix86+x86_64 0.8.6.3 18.00 136.00 154.00 OK
r-oldrel-windows-ix86+x86_64 0.8.6.3 18.00 143.00 161.00 OK

Check Details

Version: 0.8.6.3
Check: re-building of vignette outputs
Result: NOTE
    Error in re-building vignettes:
     ...
    
    Loading required package: pls
    
    Attaching package: ‘pls’
    
    The following object is masked from ‘package:caret’:
    
     R2
    
    The following object is masked from ‘package:stats’:
    
     loadings
    
    Error in texi2dvi(file = file, pdf = TRUE, clean = clean, quiet = quiet, :
     Running 'texi2dvi' on 'fscaret.tex' failed.
    LaTeX errors:
    ! LaTeX Error: File `lastpage.sty' not found.
    
    Type X to quit or <RETURN> to proceed,
    or enter new name. (Default extension: sty)
    
    _test/fscaret/vignettes/fscaret.tex:12: ==> Fatal error occurred, no output PD
    F file produced!
    Calls: buildVignettes -> texi2pdf -> texi2dvi
    Execution halted
Flavor: r-release-osx-x86_64-mavericks