Last updated on 2018-04-24 00:46:42 CEST.
Flavor | Version | Tinstall | Tcheck | Ttotal | Status | Flags |
---|---|---|---|---|---|---|
r-devel-linux-x86_64-debian-clang | 0.9.4.3 | 8.71 | 102.43 | 111.14 | OK | |
r-devel-linux-x86_64-debian-gcc | 0.9.4.3 | 8.26 | 88.96 | 97.22 | OK | |
r-devel-linux-x86_64-fedora-clang | 0.9.4.3 | 149.39 | OK | |||
r-devel-linux-x86_64-fedora-gcc | 0.9.4.3 | 147.17 | OK | |||
r-devel-windows-ix86+x86_64 | 0.9.4.3 | 32.00 | 132.00 | 164.00 | OK | |
r-devel-osx-x86_64 | 0.9.4.3 | OK | ||||
r-patched-linux-x86_64 | 0.9.4.3 | 9.03 | 109.15 | 118.18 | OK | |
r-patched-solaris-x86 | 0.9.4.3 | 223.70 | NOTE | |||
r-release-linux-x86_64 | 0.9.4.3 | 10.15 | 109.10 | 119.25 | OK | |
r-release-windows-ix86+x86_64 | 0.9.4.3 | 19.00 | 130.00 | 149.00 | OK | |
r-release-osx-x86_64 | 0.9.4.3 | OK | ||||
r-oldrel-windows-ix86+x86_64 | 0.9.4.3 | 17.00 | 128.00 | 145.00 | OK |
Version: 0.9.4.3
Check: package dependencies
Result: NOTE
Package suggested but not available for checking: ‘RWeka’
Flavor: r-patched-solaris-x86