CRAN Package Check Results for Package fscaret

Last updated on 2018-06-24 09:49:03 CEST.

Flavor Version Tinstall Tcheck Ttotal Status Flags
r-devel-linux-x86_64-debian-clang 0.9.4.4 11.54 137.79 149.33 OK
r-devel-linux-x86_64-debian-gcc 0.9.4.4 9.73 106.82 116.55 OK
r-devel-linux-x86_64-fedora-clang 0.9.4.4 176.21 OK
r-devel-linux-x86_64-fedora-gcc 0.9.4.4 165.11 OK
r-devel-windows-ix86+x86_64 0.9.4.4 23.00 153.00 176.00 OK
r-patched-linux-x86_64 0.9.4.4 11.46 114.17 125.63 OK
r-patched-solaris-x86 0.9.4.4 222.60 NOTE
r-release-linux-x86_64 0.9.4.4 9.67 112.46 122.13 OK
r-release-windows-ix86+x86_64 0.9.4.4 31.00 136.00 167.00 OK
r-release-osx-x86_64 0.9.4.4 OK
r-oldrel-windows-ix86+x86_64 0.9.4.4 29.00 133.00 162.00 OK
r-oldrel-osx-x86_64 0.9.4.4 OK

Check Details

Version: 0.9.4.4
Check: package dependencies
Result: NOTE
    Package suggested but not available for checking: ‘RWeka’
Flavor: r-patched-solaris-x86