CRAN Package Check Results for Package fscaret

Last updated on 2014-09-19 10:49:28.

Flavor Version Tinstall Tcheck Ttotal Status Flags
r-devel-linux-x86_64-debian-clang 0.8.5.7 5.54 82.90 88.45 OK
r-devel-linux-x86_64-debian-gcc 0.8.5.7 5.52 80.22 85.74 OK
r-devel-linux-x86_64-fedora-clang 0.8.5.7 209.09 OK
r-devel-linux-x86_64-fedora-gcc 0.8.5.7 189.65 OK
r-devel-osx-x86_64-clang 0.8.5.7 170.16 OK
r-devel-windows-ix86+x86_64 0.8.5.7 20.00 126.00 146.00 OK
r-patched-linux-x86_64 0.8.5.7 5.72 94.66 100.38 OK
r-patched-solaris-sparc 0.8.5.7 1085.00 OK
r-patched-solaris-x86 0.8.5.7 292.30 OK
r-release-linux-ix86 0.8.5.7 6.86 118.52 125.38 OK
r-release-linux-x86_64 0.8.5.7 5.76 94.08 99.84 OK
r-release-osx-x86_64-mavericks 0.8.5.7 NOTE
r-release-osx-x86_64-snowleopard 0.8.5.7 OK
r-release-windows-ix86+x86_64 0.8.5.7 18.00 155.00 173.00 OK
r-oldrel-windows-ix86+x86_64 0.8.5.7 17.00 154.00 171.00 OK

Check Details

Version: 0.8.5.7
Check: re-building of vignette outputs
Result: NOTE
    Error in re-building vignettes:
     ...
    
    Loading required package: pls
    
    Attaching package: ‘pls’
    
    The following object is masked from ‘package:caret’:
    
     R2
    
    The following object is masked from ‘package:stats’:
    
     loadings
    
    Error in texi2dvi(file = file, pdf = TRUE, clean = clean, quiet = quiet, :
     Running 'texi2dvi' on 'fscaret.tex' failed.
    LaTeX errors:
    ! LaTeX Error: File `lastpage.sty' not found.
    
    Type X to quit or <RETURN> to proceed,
    or enter new name. (Default extension: sty)
    
    _test/fscaret/vignettes/fscaret.tex:12: ==> Fatal error occurred, no output PD
    F file produced!
    Calls: buildVignettes -> texi2pdf -> texi2dvi
    Execution halted
Flavor: r-release-osx-x86_64-mavericks