CRAN Package Check Results for Package fscaret

Last updated on 2016-07-29 17:47:14.

Flavor Version Tinstall Tcheck Ttotal Status Flags
r-devel-linux-x86_64-debian-clang 0.9.4 4.58 59.50 64.08 NOTE
r-devel-linux-x86_64-debian-gcc 0.9.4 5.70 67.13 72.83 NOTE
r-devel-linux-x86_64-fedora-clang 0.9.4 124.44 NOTE
r-devel-linux-x86_64-fedora-gcc 0.9.4 115.84 NOTE
r-devel-osx-x86_64-clang 0.9.4 104.10 NOTE
r-devel-windows-ix86+x86_64 0.9.4 22.00 107.00 129.00 NOTE
r-patched-linux-x86_64 0.9.4 5.22 67.35 72.57 NOTE
r-patched-solaris-sparc 0.9.4 665.10 NOTE
r-patched-solaris-x86 0.9.4 163.30 NOTE
r-release-linux-x86_64 0.9.4 5.37 64.63 70.00 NOTE
r-release-osx-x86_64-mavericks 0.9.4 WARN
r-release-windows-ix86+x86_64 0.9.4 17.00 144.00 161.00 NOTE
r-oldrel-windows-ix86+x86_64 0.9.4 22.00 117.00 139.00 OK

Check Details

Version: 0.9.4
Check: R code for possible problems
Result: NOTE
    classVarImp : classVarPred: no visible global function definition for
     ‘write.table’
    classVarImp : classVarPred: no visible global function definition for
     ‘predict’
    dataPreprocess: no visible global function definition for ‘cor’
    fscaret: no visible global function definition for ‘data’
    impCalc: no visible global function definition for ‘predict’
    impCalc: no visible global function definition for ‘read.csv’
    installPckg: no visible global function definition for
     ‘installed.packages’
    installPckg: no visible global function definition for
     ‘install.packages’
    regVarImp : regVarPred: no visible global function definition for
     ‘write.table’
    regVarImp : regVarPred: no visible global function definition for
     ‘predict’
    Undefined global functions or variables:
     cor data install.packages installed.packages predict read.csv
     write.table
    Consider adding
     importFrom("stats", "cor", "predict")
     importFrom("utils", "data", "install.packages", "installed.packages",
     "read.csv", "write.table")
    to your NAMESPACE file.
Flavors: r-devel-linux-x86_64-debian-clang, r-devel-linux-x86_64-debian-gcc, r-devel-linux-x86_64-fedora-clang, r-devel-linux-x86_64-fedora-gcc, r-devel-osx-x86_64-clang, r-devel-windows-ix86+x86_64, r-patched-linux-x86_64, r-patched-solaris-sparc, r-patched-solaris-x86, r-release-linux-x86_64, r-release-osx-x86_64-mavericks, r-release-windows-ix86+x86_64

Version: 0.9.4
Check: dependencies in R code
Result: NOTE
    Invalid MIT-MAGIC-COOKIE-1 keyInvalid MIT-MAGIC-COOKIE-1 key
Flavor: r-release-osx-x86_64-mavericks

Version: 0.9.4
Check: S3 generic/method consistency
Result: WARN
    Invalid MIT-MAGIC-COOKIE-1 keyInvalid MIT-MAGIC-COOKIE-1 key
    See section ‘Generic functions and methods’ in the ‘Writing R
    Extensions’ manual.
Flavor: r-release-osx-x86_64-mavericks

Version: 0.9.4
Check: replacement functions
Result: WARN
    Invalid MIT-MAGIC-COOKIE-1 keyInvalid MIT-MAGIC-COOKIE-1 key
    The argument of a replacement function which corresponds to the right
    hand side must be named ‘value’.
Flavor: r-release-osx-x86_64-mavericks

Version: 0.9.4
Check: foreign function calls
Result: NOTE
    Invalid MIT-MAGIC-COOKIE-1 keyInvalid MIT-MAGIC-COOKIE-1 key
    See chapter ‘System and foreign language interfaces’ in the ‘Writing R
    Extensions’ manual.
Flavor: r-release-osx-x86_64-mavericks

Version: 0.9.4
Check: for missing documentation entries
Result: WARN
    Invalid MIT-MAGIC-COOKIE-1 keyInvalid MIT-MAGIC-COOKIE-1 key
    All user-level objects in a package should have documentation entries.
    See chapter ‘Writing R documentation files’ in the ‘Writing R
    Extensions’ manual.
Flavor: r-release-osx-x86_64-mavericks

Version: 0.9.4
Check: for code/documentation mismatches
Result: WARN
    Invalid MIT-MAGIC-COOKIE-1 keyInvalid MIT-MAGIC-COOKIE-1 key
    Invalid MIT-MAGIC-COOKIE-1 keyInvalid MIT-MAGIC-COOKIE-1 key
    Invalid MIT-MAGIC-COOKIE-1 keyInvalid MIT-MAGIC-COOKIE-1 key
Flavor: r-release-osx-x86_64-mavericks

Version: 0.9.4
Check: Rd \usage sections
Result: NOTE
    Invalid MIT-MAGIC-COOKIE-1 keyInvalid MIT-MAGIC-COOKIE-1 key
    The \usage entries for S3 methods should use the \method markup and not
    their full name.
    See chapter ‘Writing R documentation files’ in the ‘Writing R
    Extensions’ manual.
Flavor: r-release-osx-x86_64-mavericks