CRAN Package Check Results for Package fscaret

Last updated on 2015-07-05 15:46:28.

Flavor Version Tinstall Tcheck Ttotal Status Flags
r-devel-linux-x86_64-debian-clang 0.9.4 4.30 60.05 64.35 NOTE
r-devel-linux-x86_64-debian-gcc 0.9.4 4.68 58.94 63.62 NOTE
r-devel-linux-x86_64-fedora-clang 0.9.4 127.81 NOTE
r-devel-linux-x86_64-fedora-gcc 0.9.4 122.59 NOTE
r-devel-osx-x86_64-clang 0.9.4 116.29 OK
r-devel-windows-ix86+x86_64 0.9.4 17.00 104.00 121.00 NOTE
r-patched-linux-x86_64 0.9.4 4.44 58.71 63.15 OK
r-patched-solaris-sparc 0.9.4 747.30 OK
r-patched-solaris-x86 0.9.4 183.30 OK
r-release-linux-x86_64 0.9.4 4.81 59.53 64.34 OK
r-release-osx-x86_64-mavericks 0.9.4 OK
r-release-windows-ix86+x86_64 0.9.4 19.00 93.00 112.00 OK
r-oldrel-windows-ix86+x86_64 0.9.4 36.00 167.00 203.00 OK

Check Details

Version: 0.9.4
Check: R code for possible problems
Result: NOTE
    classVarImp : classVarPred: no visible global function definition for
     ‘write.table’
    classVarImp : classVarPred: no visible global function definition for
     ‘predict’
    dataPreprocess: no visible global function definition for ‘cor’
    fscaret: Error while checking: invalid ‘envir’ argument
    impCalc: no visible global function definition for ‘predict’
    impCalc: no visible global function definition for ‘read.csv’
    installPckg: no visible global function definition for
     ‘installed.packages’
    installPckg: no visible global function definition for
     ‘install.packages’
    regVarImp : regVarPred: no visible global function definition for
     ‘write.table’
    regVarImp : regVarPred: no visible global function definition for
     ‘predict’
    Undefined global functions or variables:
     cor install.packages installed.packages predict read.csv write.table
Flavors: r-devel-linux-x86_64-debian-clang, r-devel-linux-x86_64-debian-gcc, r-devel-linux-x86_64-fedora-clang, r-devel-linux-x86_64-fedora-gcc

Version: 0.9.4
Check: R code for possible problems
Result: NOTE
    classVarImp : classVarPred: no visible global function definition for
     'write.table'
    classVarImp : classVarPred: no visible global function definition for
     'predict'
    dataPreprocess: no visible global function definition for 'cor'
    fscaret: no visible global function definition for 'data'
    impCalc: no visible global function definition for 'predict'
    impCalc: no visible global function definition for 'read.csv'
    installPckg: no visible global function definition for
     'installed.packages'
    installPckg: no visible global function definition for
     'install.packages'
    regVarImp : regVarPred: no visible global function definition for
     'write.table'
    regVarImp : regVarPred: no visible global function definition for
     'predict'
    Undefined global functions or variables:
     cor data install.packages installed.packages predict read.csv
     write.table
Flavor: r-devel-windows-ix86+x86_64