CRAN Package Check Results for Package fscaret

Last updated on 2014-10-25 11:48:36.

Flavor Version Tinstall Tcheck Ttotal Status Flags
r-devel-linux-x86_64-debian-clang 0.8.6.3 5.56 82.70 88.26 OK
r-devel-linux-x86_64-debian-gcc 0.8.6.3 5.64 82.82 88.46 OK
r-devel-linux-x86_64-fedora-clang 0.8.6.3 213.39 OK
r-devel-linux-x86_64-fedora-gcc 0.8.6.3 196.09 OK
r-devel-osx-x86_64-clang 0.8.6.3 177.45 OK
r-devel-windows-ix86+x86_64 0.8.6.3 19.00 128.00 147.00 OK
r-patched-linux-x86_64 0.8.6.3 5.77 85.45 91.22 OK
r-patched-solaris-sparc 0.8.6.3 1103.40 OK
r-patched-solaris-x86 0.8.6.3 276.20 OK
r-release-linux-ix86 0.8.6.3 7.06 124.63 131.69 OK
r-release-linux-x86_64 0.8.6.3 5.73 96.12 101.84 OK
r-release-osx-x86_64-mavericks 0.8.6.3 NOTE
r-release-osx-x86_64-snowleopard 0.8.6.3 OK
r-release-windows-ix86+x86_64 0.8.6.3 20.00 150.00 170.00 OK
r-oldrel-windows-ix86+x86_64 0.8.6.3 20.00 142.00 162.00 OK

Check Details

Version: 0.8.6.3
Check: re-building of vignette outputs
Result: NOTE
    Error in re-building vignettes:
     ...
    
    Loading required package: pls
    
    Attaching package: ‘pls’
    
    The following object is masked from ‘package:caret’:
    
     R2
    
    The following object is masked from ‘package:stats’:
    
     loadings
    
    Error in texi2dvi(file = file, pdf = TRUE, clean = clean, quiet = quiet, :
     Running 'texi2dvi' on 'fscaret.tex' failed.
    LaTeX errors:
    ! LaTeX Error: File `lastpage.sty' not found.
    
    Type X to quit or <RETURN> to proceed,
    or enter new name. (Default extension: sty)
    
    _test/fscaret/vignettes/fscaret.tex:12: ==> Fatal error occurred, no output PD
    F file produced!
    Calls: buildVignettes -> texi2pdf -> texi2dvi
    Execution halted
Flavor: r-release-osx-x86_64-mavericks