CRAN Package Check Results for Package fscaret

Last updated on 2016-02-09 06:49:45.

Flavor Version Tinstall Tcheck Ttotal Status Flags
r-devel-linux-x86_64-debian-gcc 0.9.4 4.43 55.74 60.17 NOTE
r-devel-linux-x86_64-fedora-clang 0.9.4 125.65 NOTE
r-devel-linux-x86_64-fedora-gcc 0.9.4 119.49 NOTE
r-devel-osx-x86_64-clang 0.9.4 137.77 NOTE
r-devel-windows-ix86+x86_64 0.9.4 20.00 98.00 118.00 NOTE
r-patched-linux-x86_64 0.9.4 4.95 61.52 66.47 OK
r-patched-solaris-sparc 0.9.4 737.80 OK
r-patched-solaris-x86 0.9.4 175.40 OK
r-release-linux-x86_64 0.9.4 4.91 62.01 66.92 OK
r-release-osx-x86_64-mavericks 0.9.4 OK
r-release-windows-ix86+x86_64 0.9.4 18.00 112.00 130.00 OK
r-oldrel-windows-ix86+x86_64 0.9.4 11.00 2.00 13.00 ERROR

Check Details

Version: 0.9.4
Check: R code for possible problems
Result: NOTE
    classVarImp : classVarPred: no visible global function definition for
     ‘write.table’
    classVarImp : classVarPred: no visible global function definition for
     ‘predict’
    dataPreprocess: no visible global function definition for ‘cor’
    fscaret: no visible global function definition for ‘data’
    impCalc: no visible global function definition for ‘predict’
    impCalc: no visible global function definition for ‘read.csv’
    installPckg: no visible global function definition for
     ‘installed.packages’
    installPckg: no visible global function definition for
     ‘install.packages’
    regVarImp : regVarPred: no visible global function definition for
     ‘write.table’
    regVarImp : regVarPred: no visible global function definition for
     ‘predict’
    Undefined global functions or variables:
     cor data install.packages installed.packages predict read.csv
     write.table
    Consider adding
     importFrom("stats", "cor", "predict")
     importFrom("utils", "data", "install.packages", "installed.packages",
     "read.csv", "write.table")
    to your NAMESPACE file.
Flavors: r-devel-linux-x86_64-debian-gcc, r-devel-linux-x86_64-fedora-clang, r-devel-linux-x86_64-fedora-gcc, r-devel-osx-x86_64-clang, r-devel-windows-ix86+x86_64

Version: 0.9.4
Check: whether package can be installed
Result: ERROR
    Installation failed.
Flavor: r-oldrel-windows-ix86+x86_64