CRAN Package Check Results for Package fscaret

Last updated on 2017-07-22 21:48:14.

Flavor Version Tinstall Tcheck Ttotal Status Flags
r-devel-linux-x86_64-debian-clang 0.9.4.1 4.71 70.29 75.00 OK
r-devel-linux-x86_64-debian-gcc 0.9.4.1 4.40 68.08 72.48 OK
r-devel-linux-x86_64-fedora-clang 0.9.4.1 134.97 OK
r-devel-linux-x86_64-fedora-gcc 0.9.4.1 131.72 OK
r-devel-windows-ix86+x86_64 0.9.4.1 23.00 154.00 177.00 OK
r-patched-linux-x86_64 0.9.4.1 4.39 69.08 73.47 OK
r-patched-solaris-x86 0.9.4.1 184.10 OK
r-release-linux-x86_64 0.9.4.1 4.59 69.83 74.43 OK
r-release-windows-ix86+x86_64 0.9.4.1 25.00 175.00 200.00 OK
r-release-osx-x86_64 0.9.4.1 NOTE
r-oldrel-windows-ix86+x86_64 0.9.4.1 17.00 176.00 193.00 OK
r-oldrel-osx-x86_64 0.9.4.1 OK

Check Details

Version: 0.9.4.1
Check: re-building of vignette outputs
Result: NOTE
    Error in re-building vignettes:
     ...
    Loading required package: caret
    Loading required package: lattice
    Loading required package: ggplot2
    Loading required package: gsubfn
    Loading required package: proto
    Loading required package: hmeasure
    Loading required package: parallel
    Error in texi2dvi(file = file, pdf = TRUE, clean = clean, quiet = quiet, :
     Running 'texi2dvi' on 'fscaret.tex' failed.
    LaTeX errors:
    ! LaTeX Error: File `lastpage.sty' not found.
    
    Type X to quit or <RETURN> to proceed,
    or enter new name. (Default extension: sty)
    
    ! Emergency stop.
    <read *>
    
    l.12 \usepackage
     [^^M
    ! ==> Fatal error occurred, no output PDF file produced!
    Calls: buildVignettes -> texi2pdf -> texi2dvi
    Execution halted
Flavor: r-release-osx-x86_64