CRAN Package Check Results for Package fts

Last updated on 2015-03-05 03:47:58.

Flavor Version Tinstall Tcheck Ttotal Status Flags
r-devel-linux-x86_64-debian-clang 0.9.9 11.88 12.17 24.04 NOTE
r-devel-linux-x86_64-debian-gcc 0.9.9 17.52 11.80 29.32 NOTE
r-devel-linux-x86_64-fedora-clang 0.9.9 51.06 NOTE
r-devel-linux-x86_64-fedora-gcc 0.9.9 53.46 NOTE
r-devel-osx-x86_64-clang 0.9.9 42.71 NOTE
r-devel-windows-ix86+x86_64 0.9.9 48.00 33.00 81.00 NOTE
r-patched-linux-x86_64 0.9.9 17.42 13.92 31.33 OK
r-patched-solaris-sparc 0.9.9 465.90 OK
r-patched-solaris-x86 0.9.9 84.90 OK
r-release-linux-ix86 0.9.9 23.79 20.55 44.34 OK
r-release-linux-x86_64 0.9.9 18.13 13.99 32.12 OK
r-release-osx-x86_64-mavericks 0.9.9 OK
r-release-osx-x86_64-snowleopard 0.9.9 OK
r-release-windows-ix86+x86_64 0.9.9 46.00 40.00 86.00 OK
r-oldrel-windows-ix86+x86_64 0.9.9 52.00 42.00 94.00 OK

Memtest notes: UBSAN-clang-trunk UBSAN UBSAN-gcc

Check Details

Version: 0.9.9
Check: DESCRIPTION meta-information
Result: NOTE
    Malformed Description field: should contain one or more complete sentences.
Flavors: r-devel-linux-x86_64-debian-clang, r-devel-linux-x86_64-debian-gcc, r-devel-linux-x86_64-fedora-clang, r-devel-linux-x86_64-fedora-gcc, r-devel-osx-x86_64-clang, r-devel-windows-ix86+x86_64

Version: 0.9.9
Check: S3 generic/method consistency
Result: NOTE
    Found the following apparent S3 methods exported but not registered:
     as.data.frame.fts as.fts.data.frame as.fts.default as.fts.zoo
     as.matrix.fts diff.fts lead.fts
    See section ‘Registering S3 methods’ in the ‘Writing R Extensions’
    manual.
Flavors: r-devel-linux-x86_64-debian-clang, r-devel-linux-x86_64-debian-gcc, r-devel-linux-x86_64-fedora-clang, r-devel-linux-x86_64-fedora-gcc, r-devel-osx-x86_64-clang