CRAN Package Check Results for Package fts

Last updated on 2018-05-22 22:48:30 CEST.

Flavor Version Tinstall Tcheck Ttotal Status Flags
r-devel-linux-x86_64-debian-clang 0.9.9 28.06 22.21 50.27 ERROR
r-devel-linux-x86_64-debian-gcc 0.9.9 24.34 17.92 42.26 ERROR
r-devel-linux-x86_64-fedora-clang 0.9.9 66.11 NOTE
r-devel-linux-x86_64-fedora-gcc 0.9.9 64.56 NOTE
r-devel-windows-ix86+x86_64 0.9.9 80.00 67.00 147.00 NOTE
r-patched-linux-x86_64 0.9.9 28.30 21.36 49.66 ERROR
r-patched-solaris-x86 0.9.9 71.00 NOTE
r-release-linux-x86_64 0.9.9 26.24 21.11 47.35 ERROR
r-release-windows-ix86+x86_64 0.9.9 82.00 47.00 129.00 NOTE
r-release-osx-x86_64 0.9.9 NOTE
r-oldrel-windows-ix86+x86_64 0.9.9 72.00 50.00 122.00 NOTE
r-oldrel-osx-x86_64 0.9.9 NOTE

Additional issues

clang-UBSAN gcc-UBSAN

Check Details

Version: 0.9.9
Check: DESCRIPTION meta-information
Result: NOTE
    Malformed Description field: should contain one or more complete sentences.
Flavors: r-devel-linux-x86_64-debian-clang, r-devel-linux-x86_64-debian-gcc, r-devel-linux-x86_64-fedora-clang, r-devel-linux-x86_64-fedora-gcc, r-devel-windows-ix86+x86_64, r-patched-linux-x86_64, r-patched-solaris-x86, r-release-linux-x86_64, r-release-windows-ix86+x86_64, r-release-osx-x86_64, r-oldrel-windows-ix86+x86_64, r-oldrel-osx-x86_64

Version: 0.9.9
Check: S3 generic/method consistency
Result: NOTE
    Found the following apparent S3 methods exported but not registered:
     [<-.fts as.data.frame.fts as.fts.data.frame as.fts.default as.fts.zoo
     as.matrix.fts cbind.fts diff.fts lead.fts rbind.fts
    See section ‘Registering S3 methods’ in the ‘Writing R Extensions’
    manual.
Flavors: r-devel-linux-x86_64-debian-clang, r-devel-linux-x86_64-debian-gcc, r-devel-linux-x86_64-fedora-clang, r-devel-linux-x86_64-fedora-gcc, r-patched-linux-x86_64, r-patched-solaris-x86, r-release-linux-x86_64

Version: 0.9.9
Check: R code for possible problems
Result: NOTE
    cor.by.row: no visible global function definition for ‘cor’
    plot.fts: no visible global function definition for ‘plot’
    plot.fts: no visible global function definition for ‘xy.coords’
    plot.fts: no visible binding for global variable ‘plot.xy’
    read.csv.fts: no visible global function definition for ‘read.csv’
    write.csv.fts: no visible global function definition for ‘write.csv’
    Undefined global functions or variables:
     cor plot plot.xy read.csv write.csv xy.coords
    Consider adding
     importFrom("grDevices", "xy.coords")
     importFrom("graphics", "plot", "plot.xy")
     importFrom("stats", "cor")
     importFrom("utils", "read.csv", "write.csv")
    to your NAMESPACE file.
Flavors: r-devel-linux-x86_64-debian-clang, r-devel-linux-x86_64-debian-gcc, r-devel-linux-x86_64-fedora-clang, r-devel-linux-x86_64-fedora-gcc, r-devel-windows-ix86+x86_64, r-patched-linux-x86_64, r-patched-solaris-x86, r-release-linux-x86_64, r-release-windows-ix86+x86_64, r-release-osx-x86_64, r-oldrel-windows-ix86+x86_64, r-oldrel-osx-x86_64

Version: 0.9.9
Check: compiled code
Result: NOTE
    File ‘fts/libs/fts.so’:
     Found no calls to: ‘R_registerRoutines’, ‘R_useDynamicSymbols’
    
    It is good practice to register native routines and to disable symbol
    search.
    
    See ‘Writing portable packages’ in the ‘Writing R Extensions’ manual.
Flavors: r-devel-linux-x86_64-debian-clang, r-devel-linux-x86_64-debian-gcc, r-devel-linux-x86_64-fedora-clang, r-devel-linux-x86_64-fedora-gcc, r-patched-linux-x86_64, r-release-linux-x86_64

Version: 0.9.9
Check: examples
Result: ERROR
    Running examples in ‘fts-Ex.R’ failed
    The error most likely occurred in:
    
    > base::assign(".ptime", proc.time(), pos = "CheckExEnv")
    > ### Name: as.fts
    > ### Title: Convert from/to fts
    > ### Aliases: as.fts as.fts.default as.fts.data.frame as.fts.matrix
    > ### as.fts.zoo as.data.frame.fts as.matrix.fts
    > ### Keywords: ts
    >
    > ### ** Examples
    >
    > N <- 100
    > xm <- matrix(rnorm(N))
    > dts <- format(seq(from=Sys.Date(),length.out=N,by="days"),"%Y-%m-%d")
    > rownames(xm) <- dts
    > x.from.m <- as.fts(xm)
    Error in UseMethod("as.fts") :
     no applicable method for 'as.fts' applied to an object of class "c('matrix', 'double', 'numeric')"
    Calls: as.fts
    Execution halted
Flavors: r-devel-linux-x86_64-debian-clang, r-devel-linux-x86_64-debian-gcc, r-patched-linux-x86_64, r-release-linux-x86_64