CRAN Package Check Results for Package fts

Last updated on 2014-04-24 09:49:01.

Flavor Version Tinstall Tcheck Ttotal Status Flags
r-devel-linux-x86_64-debian-clang 0.9.9 11.22 14.08 25.30 OK
r-devel-linux-x86_64-debian-gcc 0.9.9 16.83 14.23 31.06 OK
r-devel-linux-x86_64-fedora-clang 0.9.9 52.07 OK
r-devel-linux-x86_64-fedora-gcc 0.9.9 57.33 OK
r-devel-osx-x86_64-clang 0.9.9 41.70 OK
r-devel-osx-x86_64-gcc 0.9.9 ERROR
r-devel-windows-ix86+x86_64 0.9.9 48.00 29.00 77.00 OK
r-patched-linux-x86_64 0.9.9 16.93 13.97 30.90 OK
r-patched-solaris-sparc 0.9.9 394.40 OK
r-patched-solaris-x86 0.9.9 78.40 OK
r-release-linux-ix86 0.9.9 26.00 29.00 55.00 OK
r-release-linux-x86_64 0.9.9 16.98 14.00 30.98 OK
r-release-osx-x86_64-mavericks 0.9.9 OK
r-release-osx-x86_64-snowleopard 0.9.9 OK
r-release-windows-ix86+x86_64 0.9.9 47.00 31.00 78.00 OK
r-oldrel-windows-ix86+x86_64 0.9.9 50.00 32.00 82.00 OK

Memtest notes: UBSAN

Check Details

Version: 0.9.9
Check: package dependencies
Result: ERROR
    Package required but not available: ‘zoo’
    
    See the information on DESCRIPTION files in the chapter ‘Creating R
    packages’ of the ‘Writing R Extensions’ manual.
Flavor: r-devel-osx-x86_64-gcc