CRAN Package Check Results for Package fts

Last updated on 2017-04-29 15:47:57.

Flavor Version Tinstall Tcheck Ttotal Status Flags
r-devel-linux-x86_64-debian-clang 0.9.9 18.29 15.08 33.37 NOTE
r-devel-linux-x86_64-debian-gcc 0.9.9 17.96 15.06 33.02 NOTE
r-devel-linux-x86_64-fedora-clang 0.9.9 60.20 NOTE --no-stop-on-test-error
r-devel-linux-x86_64-fedora-gcc 0.9.9 57.14 NOTE --no-stop-on-test-error
r-devel-windows-ix86+x86_64 0.9.9 80.00 61.00 141.00 NOTE
r-patched-linux-x86_64 0.9.9 16.42 15.31 31.72 NOTE
r-patched-solaris-sparc 0.9.9 310.80 NOTE
r-patched-solaris-x86 0.9.9 64.80 NOTE
r-release-linux-x86_64 0.9.9 16.12 14.97 31.09 NOTE
r-release-windows-ix86+x86_64 0.9.9 97.00 62.00 159.00 NOTE
r-release-osx-x86_64 0.9.9 NOTE
r-oldrel-windows-ix86+x86_64 0.9.9 79.00 60.00 139.00 NOTE
r-oldrel-osx-x86_64 0.9.9 NOTE

Memtest notes: clang-UBSAN gcc-UBSAN

Check Details

Version: 0.9.9
Check: DESCRIPTION meta-information
Result: NOTE
    Malformed Description field: should contain one or more complete sentences.
Flavors: r-devel-linux-x86_64-debian-clang, r-devel-linux-x86_64-debian-gcc, r-devel-windows-ix86+x86_64, r-patched-linux-x86_64, r-patched-solaris-sparc, r-patched-solaris-x86, r-release-linux-x86_64, r-release-windows-ix86+x86_64, r-release-osx-x86_64, r-oldrel-windows-ix86+x86_64, r-oldrel-osx-x86_64

Version: 0.9.9
Check: S3 generic/method consistency
Result: NOTE
    Found the following apparent S3 methods exported but not registered:
     as.data.frame.fts as.fts.data.frame as.fts.default as.fts.zoo
     as.matrix.fts diff.fts lead.fts
    See section ‘Registering S3 methods’ in the ‘Writing R Extensions’
    manual.
Flavors: r-devel-linux-x86_64-debian-clang, r-devel-linux-x86_64-debian-gcc, r-patched-linux-x86_64, r-patched-solaris-sparc, r-patched-solaris-x86, r-release-linux-x86_64

Version: 0.9.9
Check: R code for possible problems
Result: NOTE
    cor.by.row: no visible global function definition for ‘cor’
    plot.fts: no visible global function definition for ‘plot’
    plot.fts: no visible global function definition for ‘xy.coords’
    plot.fts: no visible binding for global variable ‘plot.xy’
    read.csv.fts: no visible global function definition for ‘read.csv’
    write.csv.fts: no visible global function definition for ‘write.csv’
    Undefined global functions or variables:
     cor plot plot.xy read.csv write.csv xy.coords
    Consider adding
     importFrom("grDevices", "xy.coords")
     importFrom("graphics", "plot", "plot.xy")
     importFrom("stats", "cor")
     importFrom("utils", "read.csv", "write.csv")
    to your NAMESPACE file.
Flavors: r-devel-linux-x86_64-debian-clang, r-devel-linux-x86_64-debian-gcc, r-devel-windows-ix86+x86_64, r-patched-linux-x86_64, r-patched-solaris-sparc, r-patched-solaris-x86, r-release-linux-x86_64, r-release-windows-ix86+x86_64, r-release-osx-x86_64, r-oldrel-windows-ix86+x86_64, r-oldrel-osx-x86_64

Version: 0.9.9
Check: compiled code
Result: NOTE
    File ‘fts/libs/fts.so’:
     Found no calls to: ‘R_registerRoutines’, ‘R_useDynamicSymbols’
    
    It is good practice to register native routines and to disable symbol
    search.
    
    See ‘Writing portable packages’ in the ‘Writing R Extensions’ manual.
Flavors: r-devel-linux-x86_64-debian-clang, r-devel-linux-x86_64-debian-gcc, r-patched-linux-x86_64, r-release-linux-x86_64

Version: 0.9.9
Flags: --no-stop-on-test-error
Check: DESCRIPTION meta-information
Result: NOTE
    Malformed Description field: should contain one or more complete sentences.
Flavors: r-devel-linux-x86_64-fedora-clang, r-devel-linux-x86_64-fedora-gcc

Version: 0.9.9
Flags: --no-stop-on-test-error
Check: S3 generic/method consistency
Result: NOTE
    Found the following apparent S3 methods exported but not registered:
     as.data.frame.fts as.fts.data.frame as.fts.default as.fts.zoo
     as.matrix.fts diff.fts lead.fts
    See section ‘Registering S3 methods’ in the ‘Writing R Extensions’
    manual.
Flavors: r-devel-linux-x86_64-fedora-clang, r-devel-linux-x86_64-fedora-gcc

Version: 0.9.9
Flags: --no-stop-on-test-error
Check: R code for possible problems
Result: NOTE
    cor.by.row: no visible global function definition for ‘cor’
    plot.fts: no visible global function definition for ‘plot’
    plot.fts: no visible global function definition for ‘xy.coords’
    plot.fts: no visible binding for global variable ‘plot.xy’
    read.csv.fts: no visible global function definition for ‘read.csv’
    write.csv.fts: no visible global function definition for ‘write.csv’
    Undefined global functions or variables:
     cor plot plot.xy read.csv write.csv xy.coords
    Consider adding
     importFrom("grDevices", "xy.coords")
     importFrom("graphics", "plot", "plot.xy")
     importFrom("stats", "cor")
     importFrom("utils", "read.csv", "write.csv")
    to your NAMESPACE file.
Flavors: r-devel-linux-x86_64-fedora-clang, r-devel-linux-x86_64-fedora-gcc

Version: 0.9.9
Flags: --no-stop-on-test-error
Check: compiled code
Result: NOTE
    File ‘fts/libs/fts.so’:
     Found no calls to: ‘R_registerRoutines’, ‘R_useDynamicSymbols’
    
    It is good practice to register native routines and to disable symbol
    search.
    
    See ‘Writing portable packages’ in the ‘Writing R Extensions’ manual.
Flavors: r-devel-linux-x86_64-fedora-clang, r-devel-linux-x86_64-fedora-gcc