CRAN Package Check Results for Package fts

Last updated on 2015-04-27 15:46:32.

Flavor Version Tinstall Tcheck Ttotal Status Flags
r-devel-linux-x86_64-debian-clang 0.9.9 12.49 12.27 24.76 NOTE
r-devel-linux-x86_64-debian-gcc 0.9.9 19.77 12.26 32.03 NOTE
r-devel-linux-x86_64-fedora-clang 0.9.9 50.56 NOTE
r-devel-linux-x86_64-fedora-gcc 0.9.9 54.17 NOTE
r-devel-osx-x86_64-clang 0.9.9 42.81 NOTE
r-devel-windows-ix86+x86_64 0.9.9 51.00 36.00 87.00 NOTE
r-patched-linux-x86_64 0.9.9 17.78 12.07 29.85 NOTE
r-patched-solaris-sparc 0.9.9 421.80 NOTE
r-patched-solaris-x86 0.9.9 77.80 NOTE
r-release-linux-x86_64 0.9.9 17.64 12.40 30.04 NOTE
r-release-osx-x86_64-mavericks 0.9.9 NOTE
r-release-osx-x86_64-snowleopard 0.9.9 ERROR
r-release-windows-ix86+x86_64 0.9.9 70.00 43.00 113.00 NOTE
r-oldrel-windows-ix86+x86_64 0.9.9 40.00 36.00 76.00 OK

Memtest notes: UBSAN UBSAN-gcc

Check Details

Version: 0.9.9
Check: DESCRIPTION meta-information
Result: NOTE
    Malformed Description field: should contain one or more complete sentences.
Flavors: r-devel-linux-x86_64-debian-clang, r-devel-linux-x86_64-debian-gcc, r-devel-linux-x86_64-fedora-clang, r-devel-linux-x86_64-fedora-gcc, r-devel-osx-x86_64-clang, r-devel-windows-ix86+x86_64, r-patched-solaris-sparc, r-patched-solaris-x86, r-release-linux-x86_64, r-release-osx-x86_64-mavericks, r-release-windows-ix86+x86_64

Version: 0.9.9
Check: S3 generic/method consistency
Result: NOTE
    Found the following apparent S3 methods exported but not registered:
     as.data.frame.fts as.fts.data.frame as.fts.default as.fts.zoo
     as.matrix.fts diff.fts lead.fts
    See section ‘Registering S3 methods’ in the ‘Writing R Extensions’
    manual.
Flavors: r-devel-linux-x86_64-debian-clang, r-devel-linux-x86_64-debian-gcc, r-devel-linux-x86_64-fedora-clang, r-devel-linux-x86_64-fedora-gcc, r-devel-osx-x86_64-clang, r-patched-solaris-x86, r-release-linux-x86_64

Version: 0.9.9
Check: package dependencies
Result: ERROR
    Package required but not available: ‘zoo’
    
    See section ‘The DESCRIPTION file’ in the ‘Writing R Extensions’
    manual.
Flavor: r-release-osx-x86_64-snowleopard