CRAN Package Check Results for Package fts

Last updated on 2016-07-25 12:49:38.

Flavor Version Tinstall Tcheck Ttotal Status Flags
r-devel-linux-x86_64-debian-clang 0.9.9 19.05 14.50 33.56 NOTE
r-devel-linux-x86_64-debian-gcc 0.9.9 21.18 14.81 36.00 NOTE
r-devel-linux-x86_64-fedora-clang 0.9.9 52.47 NOTE
r-devel-linux-x86_64-fedora-gcc 0.9.9 50.47 NOTE
r-devel-osx-x86_64-clang 0.9.9 40.42 NOTE
r-devel-windows-ix86+x86_64 0.9.9 75.00 42.00 117.00 NOTE
r-patched-linux-x86_64 0.9.9 17.69 13.49 31.19 NOTE
r-patched-solaris-sparc 0.9.9 320.30 NOTE
r-patched-solaris-x86 0.9.9 61.30 NOTE
r-release-linux-x86_64 0.9.9 19.31 14.70 34.01 NOTE
r-release-osx-x86_64-mavericks 0.9.9 NOTE
r-release-windows-ix86+x86_64 0.9.9 62.00 45.00 107.00 NOTE
r-oldrel-windows-ix86+x86_64 0.9.9 73.00 48.00 121.00 NOTE

Memtest notes: clang-UBSAN gcc6-UBSAN gcc7-UBSAN

Check Details

Version: 0.9.9
Check: DESCRIPTION meta-information
Result: NOTE
    Malformed Description field: should contain one or more complete sentences.
Flavors: r-devel-linux-x86_64-debian-clang, r-devel-linux-x86_64-debian-gcc, r-devel-linux-x86_64-fedora-clang, r-devel-linux-x86_64-fedora-gcc, r-devel-osx-x86_64-clang, r-devel-windows-ix86+x86_64, r-patched-linux-x86_64, r-patched-solaris-sparc, r-patched-solaris-x86, r-release-linux-x86_64, r-release-osx-x86_64-mavericks, r-release-windows-ix86+x86_64, r-oldrel-windows-ix86+x86_64

Version: 0.9.9
Check: S3 generic/method consistency
Result: NOTE
    Found the following apparent S3 methods exported but not registered:
     as.data.frame.fts as.fts.data.frame as.fts.default as.fts.zoo
     as.matrix.fts diff.fts lead.fts
    See section ‘Registering S3 methods’ in the ‘Writing R Extensions’
    manual.
Flavors: r-devel-linux-x86_64-debian-clang, r-devel-linux-x86_64-debian-gcc, r-devel-linux-x86_64-fedora-clang, r-devel-linux-x86_64-fedora-gcc, r-devel-osx-x86_64-clang, r-patched-linux-x86_64, r-patched-solaris-sparc, r-patched-solaris-x86, r-release-linux-x86_64

Version: 0.9.9
Check: R code for possible problems
Result: NOTE
    cor.by.row: no visible global function definition for ‘cor’
    plot.fts: no visible global function definition for ‘plot’
    plot.fts: no visible global function definition for ‘xy.coords’
    plot.fts: no visible binding for global variable ‘plot.xy’
    read.csv.fts: no visible global function definition for ‘read.csv’
    write.csv.fts: no visible global function definition for ‘write.csv’
    Undefined global functions or variables:
     cor plot plot.xy read.csv write.csv xy.coords
    Consider adding
     importFrom("grDevices", "xy.coords")
     importFrom("graphics", "plot", "plot.xy")
     importFrom("stats", "cor")
     importFrom("utils", "read.csv", "write.csv")
    to your NAMESPACE file.
Flavors: r-devel-linux-x86_64-debian-clang, r-devel-linux-x86_64-debian-gcc, r-devel-linux-x86_64-fedora-clang, r-devel-linux-x86_64-fedora-gcc, r-devel-osx-x86_64-clang, r-devel-windows-ix86+x86_64, r-patched-linux-x86_64, r-patched-solaris-sparc, r-patched-solaris-x86, r-release-linux-x86_64, r-release-osx-x86_64-mavericks, r-release-windows-ix86+x86_64