CRAN Package Check Results for Package fts

Last updated on 2015-02-02 01:47:46.

Flavor Version Tinstall Tcheck Ttotal Status Flags
r-devel-linux-x86_64-debian-clang 0.9.9 11.93 11.99 23.92 NOTE
r-devel-linux-x86_64-debian-gcc 0.9.9 17.92 11.93 29.85 NOTE
r-devel-linux-x86_64-fedora-clang 0.9.9 50.24 NOTE
r-devel-linux-x86_64-fedora-gcc 0.9.9 54.70 NOTE
r-devel-osx-x86_64-clang 0.9.9 48.51 NOTE
r-devel-windows-ix86+x86_64 0.9.9 65.00 32.00 97.00 OK
r-patched-linux-x86_64 0.9.9 17.56 14.12 31.68 OK
r-patched-solaris-sparc 0.9.9 439.80 OK
r-patched-solaris-x86 0.9.9 84.00 OK
r-release-linux-ix86 0.9.9 23.79 20.14 43.93 OK
r-release-linux-x86_64 0.9.9 17.76 13.92 31.68 OK
r-release-osx-x86_64-mavericks 0.9.9 OK
r-release-osx-x86_64-snowleopard 0.9.9 OK
r-release-windows-ix86+x86_64 0.9.9 49.00 36.00 85.00 OK
r-oldrel-windows-ix86+x86_64 0.9.9 50.00 39.00 89.00 OK

Memtest notes: UBSAN-clang-trunk UBSAN UBSAN-gcc

Check Details

Version: 0.9.9
Check: S3 generic/method consistency
Result: NOTE
    Found the following apparent S3 methods exported but not registered:
     as.fts.data.frame as.fts.default as.fts.zoo lead.fts
     as.data.frame.fts as.matrix.fts diff.fts
    See section ‘Registering S3 methods’ in the ‘Writing R Extensions’
    manual.
Flavors: r-devel-linux-x86_64-debian-clang, r-devel-linux-x86_64-debian-gcc, r-devel-linux-x86_64-fedora-clang, r-devel-linux-x86_64-fedora-gcc, r-devel-osx-x86_64-clang