CRAN Package Check Results for Package fts

Last updated on 2015-05-29 05:47:02.

Flavor Version Tinstall Tcheck Ttotal Status Flags
r-devel-linux-x86_64-debian-clang 0.9.9 12.83 12.19 25.02 NOTE
r-devel-linux-x86_64-debian-gcc 0.9.9 20.94 12.06 33.00 NOTE
r-devel-linux-x86_64-fedora-clang 0.9.9 52.66 NOTE
r-devel-linux-x86_64-fedora-gcc 0.9.9 55.69 NOTE
r-devel-osx-x86_64-clang 0.9.9 43.02 NOTE
r-devel-windows-ix86+x86_64 0.9.9 56.00 31.00 87.00 NOTE
r-patched-linux-x86_64 0.9.9 18.51 11.96 30.47 NOTE
r-patched-solaris-sparc 0.9.9 483.70 NOTE
r-patched-solaris-x86 0.9.9 78.60 NOTE
r-release-linux-x86_64 0.9.9 17.74 11.92 29.66 NOTE
r-release-osx-x86_64-mavericks 0.9.9 NOTE
r-release-osx-x86_64-snowleopard 0.9.9 ERROR
r-release-windows-ix86+x86_64 0.9.9 53.00 30.00 83.00 NOTE
r-oldrel-windows-ix86+x86_64 0.9.9 50.00 39.00 89.00 OK

Memtest notes: UBSAN UBSAN-gcc

Check Details

Version: 0.9.9
Check: DESCRIPTION meta-information
Result: NOTE
    Malformed Description field: should contain one or more complete sentences.
Flavors: r-devel-linux-x86_64-debian-clang, r-devel-linux-x86_64-debian-gcc, r-devel-linux-x86_64-fedora-clang, r-devel-linux-x86_64-fedora-gcc, r-devel-osx-x86_64-clang, r-devel-windows-ix86+x86_64, r-patched-linux-x86_64, r-patched-solaris-sparc, r-patched-solaris-x86, r-release-linux-x86_64, r-release-osx-x86_64-mavericks, r-release-windows-ix86+x86_64

Version: 0.9.9
Check: S3 generic/method consistency
Result: NOTE
    Found the following apparent S3 methods exported but not registered:
     as.data.frame.fts as.fts.data.frame as.fts.default as.fts.zoo
     as.matrix.fts diff.fts lead.fts
    See section ‘Registering S3 methods’ in the ‘Writing R Extensions’
    manual.
Flavors: r-devel-linux-x86_64-debian-clang, r-devel-linux-x86_64-debian-gcc, r-devel-linux-x86_64-fedora-clang, r-devel-linux-x86_64-fedora-gcc, r-devel-osx-x86_64-clang, r-patched-linux-x86_64, r-patched-solaris-sparc, r-patched-solaris-x86, r-release-linux-x86_64

Version: 0.9.9
Check: package dependencies
Result: ERROR
    Package required but not available: ‘zoo’
    
    See section ‘The DESCRIPTION file’ in the ‘Writing R Extensions’
    manual.
Flavor: r-release-osx-x86_64-snowleopard