CRAN Package Check Results for Package fts

Last updated on 2015-07-06 11:48:04.

Flavor Version Tinstall Tcheck Ttotal Status Flags
r-devel-linux-x86_64-debian-clang 0.9.9 12.46 11.80 24.26 NOTE
r-devel-linux-x86_64-debian-gcc 0.9.9 17.80 11.59 29.39 NOTE
r-devel-linux-x86_64-fedora-clang 0.9.9 49.63 NOTE
r-devel-linux-x86_64-fedora-gcc 0.9.9 54.47 NOTE
r-devel-osx-x86_64-clang 0.9.9 41.04 NOTE
r-devel-windows-ix86+x86_64 0.9.9 75.00 29.00 104.00 NOTE
r-patched-linux-x86_64 0.9.9 17.97 12.01 29.98 NOTE
r-patched-solaris-sparc 0.9.9 483.70 NOTE
r-patched-solaris-x86 0.9.9 77.90 NOTE
r-release-linux-x86_64 0.9.9 17.78 11.95 29.73 NOTE
r-release-osx-x86_64-mavericks 0.9.9 NOTE
r-release-windows-ix86+x86_64 0.9.9 60.00 29.00 89.00 NOTE
r-oldrel-windows-ix86+x86_64 0.9.9 72.00 35.00 107.00 OK

Memtest notes: UBSAN UBSAN-gcc

Check Details

Version: 0.9.9
Check: DESCRIPTION meta-information
Result: NOTE
    Malformed Description field: should contain one or more complete sentences.
Flavors: r-devel-linux-x86_64-debian-clang, r-devel-linux-x86_64-debian-gcc, r-devel-linux-x86_64-fedora-clang, r-devel-linux-x86_64-fedora-gcc, r-devel-osx-x86_64-clang, r-devel-windows-ix86+x86_64, r-patched-linux-x86_64, r-patched-solaris-sparc, r-patched-solaris-x86, r-release-linux-x86_64, r-release-osx-x86_64-mavericks, r-release-windows-ix86+x86_64

Version: 0.9.9
Check: S3 generic/method consistency
Result: NOTE
    Found the following apparent S3 methods exported but not registered:
     as.data.frame.fts as.fts.data.frame as.fts.default as.fts.zoo
     as.matrix.fts diff.fts lead.fts
    See section ‘Registering S3 methods’ in the ‘Writing R Extensions’
    manual.
Flavors: r-devel-linux-x86_64-debian-clang, r-devel-linux-x86_64-debian-gcc, r-devel-linux-x86_64-fedora-clang, r-devel-linux-x86_64-fedora-gcc, r-devel-osx-x86_64-clang, r-patched-linux-x86_64, r-patched-solaris-sparc, r-patched-solaris-x86, r-release-linux-x86_64

Version: 0.9.9
Check: R code for possible problems
Result: NOTE
    cor.by.row: no visible global function definition for ‘cor’
    plot.fts: no visible global function definition for ‘plot’
    plot.fts: no visible global function definition for ‘xy.coords’
    plot.fts: no visible binding for global variable ‘plot.xy’
    read.csv.fts: no visible global function definition for ‘read.csv’
    write.csv.fts: no visible global function definition for ‘write.csv’
    Undefined global functions or variables:
     cor plot plot.xy read.csv write.csv xy.coords
Flavors: r-devel-linux-x86_64-debian-clang, r-devel-linux-x86_64-debian-gcc, r-devel-linux-x86_64-fedora-clang, r-devel-linux-x86_64-fedora-gcc, r-devel-windows-ix86+x86_64