CRAN Package Check Results for Package ftsa

Last updated on 2017-06-23 20:48:19.

Flavor Version Tinstall Tcheck Ttotal Status Flags
r-devel-linux-x86_64-debian-clang 4.8 5.69 108.24 113.92 OK
r-devel-linux-x86_64-debian-gcc 4.8 5.46 104.51 109.98 OK
r-devel-linux-x86_64-fedora-clang 4.8 224.42 OK
r-devel-linux-x86_64-fedora-gcc 4.8 218.31 OK
r-devel-windows-ix86+x86_64 4.8 26.00 242.00 268.00 OK
r-patched-linux-x86_64 4.8 5.20 103.18 108.38 OK
r-patched-solaris-sparc 4.8 1245.20 OK
r-patched-solaris-x86 4.8 275.10 OK
r-release-linux-x86_64 4.8 6.00 102.36 108.35 OK
r-release-windows-ix86+x86_64 4.8 17.00 183.00 200.00 OK
r-release-osx-x86_64 4.8 NOTE
r-oldrel-windows-ix86+x86_64 4.7 13.00 239.00 252.00 OK
r-oldrel-osx-x86_64 4.8 ERROR

Check Details

Version: 4.8
Check: re-building of vignette outputs
Result: NOTE
    Error in re-building vignettes:
     ...
    Iacus, Springer NY, (2008)
    To check the errata corrige of the book, type vignette("sde.errata")
    
    Attaching package: ‘ftsa’
    
    The following objects are masked from ‘package:stats’:
    
     sd, var
    
    Error in texi2dvi(file = file, pdf = TRUE, clean = clean, quiet = quiet, :
     Running 'texi2dvi' on 'ftsa.tex' failed.
    LaTeX errors:
    ! LaTeX Error: File `bbm.sty' not found.
    
    Type X to quit or <RETURN> to proceed,
    or enter new name. (Default extension: sty)
    
    ! Emergency stop.
    <read *>
    
    l.9 \usepackage
     [utf8]{inputenc}^^M
    ! ==> Fatal error occurred, no output PDF file produced!
    Calls: buildVignettes -> texi2pdf -> texi2dvi
    Execution halted
Flavor: r-release-osx-x86_64

Version: 4.8
Check: whether package can be installed
Result: ERROR
    Installation failed.
Flavor: r-oldrel-osx-x86_64