CRAN Package Check Results for Package ftsa

Last updated on 2015-01-25 09:51:27.

Flavor Version Tinstall Tcheck Ttotal Status Flags
r-devel-linux-x86_64-debian-clang 4.1 2.81 63.68 66.49 OK
r-devel-linux-x86_64-debian-gcc 4.1 2.54 62.69 65.23 OK
r-devel-linux-x86_64-fedora-clang 4.1 137.06 NOTE
r-devel-linux-x86_64-fedora-gcc 4.1 133.27 NOTE
r-devel-osx-x86_64-clang 4.1 128.93 NOTE
r-devel-windows-ix86+x86_64 4.1 10.00 106.00 116.00 OK
r-patched-linux-x86_64 4.1 2.74 65.94 68.68 OK
r-patched-solaris-sparc 4.1 795.40 OK
r-patched-solaris-x86 4.1 170.90 OK
r-release-linux-ix86 4.1 3.35 78.05 81.40 OK
r-release-linux-x86_64 4.1 2.77 67.92 70.70 OK
r-release-osx-x86_64-mavericks 4.1 OK
r-release-osx-x86_64-snowleopard 4.1 OK
r-release-windows-ix86+x86_64 4.1 12.00 105.00 117.00 OK
r-oldrel-windows-ix86+x86_64 4.1 12.00 104.00 116.00 OK

Check Details

Version: 4.1
Check: S3 generic/method consistency
Result: NOTE
    Found the following apparent S3 methods exported but not registered:
     sd.default var.default plot.ftsm
    See section ‘Registering S3 methods’ in the ‘Writing R Extensions’
    manual.
Flavors: r-devel-linux-x86_64-fedora-clang, r-devel-linux-x86_64-fedora-gcc, r-devel-osx-x86_64-clang