CRAN Package Check Results for Package ftsa

Last updated on 2015-09-01 16:49:24.

Flavor Version Tinstall Tcheck Ttotal Status Flags
r-devel-linux-x86_64-debian-clang 4.4 3.93 81.24 85.17 OK
r-devel-linux-x86_64-debian-gcc 4.4 4.01 81.99 86.00 OK
r-devel-linux-x86_64-fedora-clang 4.4 167.93 OK
r-devel-linux-x86_64-fedora-gcc 4.4 160.24 OK
r-devel-osx-x86_64-clang 4.4 145.35 OK
r-devel-windows-ix86+x86_64 4.4 20.00 195.00 215.00 OK
r-patched-linux-x86_64 4.4 4.42 81.20 85.63 OK
r-patched-solaris-sparc 4.4 988.70 OK
r-patched-solaris-x86 4.4 234.40 OK
r-release-linux-x86_64 4.4 4.32 81.40 85.72 OK
r-release-osx-x86_64-mavericks 4.4 ERROR
r-release-windows-ix86+x86_64 4.4 19.00 147.00 166.00 OK
r-oldrel-windows-ix86+x86_64 4.3 18.00 115.00 133.00 OK

Check Details

Version: 4.4
Check: whether package can be installed
Result: ERROR
    Installation failed.
Flavor: r-release-osx-x86_64-mavericks