CRAN Package Check Results for Package ftsa

Last updated on 2015-04-19 10:51:48.

Flavor Version Tinstall Tcheck Ttotal Status Flags
r-devel-linux-x86_64-debian-clang 4.3 2.14 54.96 57.10 OK
r-devel-linux-x86_64-debian-gcc 4.3 2.10 54.82 56.91 OK
r-devel-linux-x86_64-fedora-clang 4.3 113.46 OK
r-devel-linux-x86_64-fedora-gcc 4.3 107.12 OK
r-devel-osx-x86_64-clang 4.3 112.12 OK
r-devel-windows-ix86+x86_64 4.2 10.00 83.00 93.00 OK
r-patched-linux-x86_64 4.3 2.08 55.17 57.25 OK
r-patched-solaris-sparc 4.3 626.00 OK
r-patched-solaris-x86 4.3 140.40 OK
r-release-linux-x86_64 4.3 2.07 53.55 55.62 OK
r-release-osx-x86_64-mavericks 4.3 OK
r-release-osx-x86_64-snowleopard 4.3 ERROR
r-release-windows-ix86+x86_64 4.3 4.00 74.00 78.00 OK
r-oldrel-windows-ix86+x86_64 4.3 14.00 143.00 157.00 OK

Check Details

Version: 4.3
Check: package dependencies
Result: ERROR
    Package required but not available: ‘forecast’
    
    See section ‘The DESCRIPTION file’ in the ‘Writing R Extensions’
    manual.
Flavor: r-release-osx-x86_64-snowleopard