CRAN Package Check Results for Package ftsa

Last updated on 2017-10-20 04:47:09.

Flavor Version Tinstall Tcheck Ttotal Status Flags
r-devel-linux-x86_64-debian-clang 4.8 5.00 105.26 110.26 OK
r-devel-linux-x86_64-debian-gcc 4.8 5.22 111.65 116.88 OK
r-devel-linux-x86_64-fedora-clang 4.8 226.30 OK
r-devel-linux-x86_64-fedora-gcc 4.8 227.23 OK
r-devel-windows-ix86+x86_64 4.8 22.00 186.00 208.00 OK
r-patched-linux-x86_64 4.8 5.39 103.55 108.94 OK
r-patched-solaris-x86 4.8 286.70 OK
r-release-linux-x86_64 4.8 5.03 104.57 109.60 OK
r-release-windows-ix86+x86_64 4.8 21.00 255.00 276.00 OK
r-release-osx-x86_64 4.8 NOTE
r-oldrel-windows-ix86+x86_64 4.7 13.00 239.00 252.00 OK
r-oldrel-osx-x86_64 4.8 ERROR

Check Details

Version: 4.8
Check: re-building of vignette outputs
Result: NOTE
    Error in re-building vignettes:
     ...
    Iacus, Springer NY, (2008)
    To check the errata corrige of the book, type vignette("sde.errata")
    
    Attaching package: ‘ftsa’
    
    The following objects are masked from ‘package:stats’:
    
     sd, var
    
    Error in texi2dvi(file = file, pdf = TRUE, clean = clean, quiet = quiet, :
     Running 'texi2dvi' on 'ftsa.tex' failed.
    LaTeX errors:
    ! LaTeX Error: File `bbm.sty' not found.
    
    Type X to quit or <RETURN> to proceed,
    or enter new name. (Default extension: sty)
    
    ! Emergency stop.
    <read *>
    
    l.9 \usepackage
     [utf8]{inputenc}^^M
    ! ==> Fatal error occurred, no output PDF file produced!
    Calls: buildVignettes -> texi2pdf -> texi2dvi
    Execution halted
Flavor: r-release-osx-x86_64

Version: 4.8
Check: whether package can be installed
Result: ERROR
    Installation failed.
Flavor: r-oldrel-osx-x86_64