CRAN Package Check Results for Package ftsa

Last updated on 2015-07-29 23:47:08.

Flavor Version Tinstall Tcheck Ttotal Status Flags
r-devel-linux-x86_64-debian-clang 4.3 2.58 54.36 56.94 NOTE
r-devel-linux-x86_64-debian-gcc 4.3 2.26 53.66 55.93 NOTE
r-devel-linux-x86_64-fedora-clang 4.3 111.35 NOTE
r-devel-linux-x86_64-fedora-gcc 4.3 107.19 NOTE
r-devel-osx-x86_64-clang 4.3 86.65 OK
r-devel-windows-ix86+x86_64 4.3 9.00 88.00 97.00 NOTE
r-patched-linux-x86_64 4.3 2.04 55.43 57.47 OK
r-patched-solaris-sparc 4.3 701.20 OK
r-patched-solaris-x86 4.3 140.00 OK
r-release-linux-x86_64 4.3 2.57 53.70 56.27 OK
r-release-osx-x86_64-mavericks 4.3 OK
r-release-windows-ix86+x86_64 4.3 14.00 80.00 94.00 OK
r-oldrel-windows-ix86+x86_64 4.3 13.00 107.00 120.00 OK

Check Details

Version: 4.3
Check: R code for possible problems
Result: NOTE
    depth.FM: no visible global function definition for ‘text’
    depth.FM: no visible global function definition for ‘points’
    depth.FM: no visible global function definition for ‘lines’
    depth.FM: no visible global function definition for ‘legend’
    depth.RP: no visible global function definition for ‘text’
    depth.RP: no visible global function definition for ‘points’
    depth.RP: no visible global function definition for ‘lines’
    depth.RP: no visible global function definition for ‘legend’
    depth.RPD: no visible global function definition for ‘points’
    depth.RPD: no visible global function definition for ‘lines’
    depth.RPD: no visible global function definition for ‘legend’
    depth.mode: no visible global function definition for ‘text’
    depth.mode: no visible global function definition for ‘points’
    depth.mode: no visible global function definition for ‘lines’
    depth.mode: no visible global function definition for ‘legend’
    fbootstrap: no visible global function definition for ‘lines’
    fbootstrap: no visible global function definition for ‘legend’
    ftsm: no visible global function definition for ‘head’
    ftsm: no visible global function definition for ‘tail’
    plot.fm: no visible global function definition for ‘par’
    plot.fm: no visible global function definition for ‘title’
    plot.fm: no visible global function definition for ‘points’
    plot.fmres: no visible global function definition for ‘image’
    plot.fmres: no visible global function definition for ‘contour’
    plot.fmres: no visible global function definition for ‘filled.contour’
    plot.fmres: no visible global function definition for ‘persp’
    plot.ftsf: no visible global function definition for ‘abline’
    plot.ftsf: no visible global function definition for ‘lines’
    plot.ftsf: no visible global function definition for ‘par’
    plot.ftsf: no visible global function definition for ‘title’
    plot.ftsf: no visible global function definition for ‘points’
    plot.ftsm: no visible global function definition for ‘par’
    plot.ftsm: no visible global function definition for ‘title’
    plot.ftsm: no visible global function definition for ‘points’
    plotfplsr: no visible global function definition for ‘par’
    Undefined global functions or variables:
     abline contour filled.contour head image legend lines par persp
     points tail text title
    Consider adding
     importFrom("graphics", "abline", "contour", "filled.contour", "image",
     "legend", "lines", "par", "persp", "points", "text",
     "title")
     importFrom("utils", "head", "tail")
    to your NAMESPACE.
Flavors: r-devel-linux-x86_64-debian-clang, r-devel-linux-x86_64-debian-gcc, r-devel-linux-x86_64-fedora-clang, r-devel-linux-x86_64-fedora-gcc, r-devel-windows-ix86+x86_64