CRAN Package Check Results for Package ftsa

Last updated on 2016-06-29 17:48:36.

Flavor Version Tinstall Tcheck Ttotal Status Flags
r-devel-linux-x86_64-debian-gcc 4.7 4.77 89.74 94.50 OK
r-devel-linux-x86_64-fedora-clang 4.7 176.58 OK
r-devel-linux-x86_64-fedora-gcc 4.7 170.58 OK
r-devel-osx-x86_64-clang 4.7 141.13 OK
r-devel-windows-ix86+x86_64 4.7 14.00 144.00 158.00 OK
r-patched-linux-x86_64 4.7 4.40 89.96 94.36 OK
r-patched-solaris-sparc 4.7 1045.90 OK
r-patched-solaris-x86 4.7 219.00 OK
r-release-linux-x86_64 4.7 4.50 86.57 91.07 OK
r-release-osx-x86_64-mavericks 4.7 WARN
r-release-windows-ix86+x86_64 4.7 17.00 169.00 186.00 OK
r-oldrel-windows-ix86+x86_64 4.7 23.00 149.00 172.00 OK

Check Details

Version: 4.7
Check: whether package can be installed
Result: WARN
    Found the following significant warnings:
     Warning: 'rgl_init' failed, running with rgl.useNULL = TRUE
Flavor: r-release-osx-x86_64-mavericks

Version: 4.7
Check: dependencies in R code
Result: NOTE
    Invalid MIT-MAGIC-COOKIE-1 key
Flavor: r-release-osx-x86_64-mavericks

Version: 4.7
Check: S3 generic/method consistency
Result: WARN
    Invalid MIT-MAGIC-COOKIE-1 key
    See section ‘Generic functions and methods’ in the ‘Writing R
    Extensions’ manual.
Flavor: r-release-osx-x86_64-mavericks

Version: 4.7
Check: replacement functions
Result: WARN
    Invalid MIT-MAGIC-COOKIE-1 key
    The argument of a replacement function which corresponds to the right
    hand side must be named ‘value’.
Flavor: r-release-osx-x86_64-mavericks

Version: 4.7
Check: foreign function calls
Result: NOTE
    Invalid MIT-MAGIC-COOKIE-1 key
    See chapter ‘System and foreign language interfaces’ in the ‘Writing R
    Extensions’ manual.
Flavor: r-release-osx-x86_64-mavericks

Version: 4.7
Check: R code for possible problems
Result: NOTE
    Invalid MIT-MAGIC-COOKIE-1 key
Flavor: r-release-osx-x86_64-mavericks

Version: 4.7
Check: for missing documentation entries
Result: WARN
    Invalid MIT-MAGIC-COOKIE-1 key
    All user-level objects in a package should have documentation entries.
    See chapter ‘Writing R documentation files’ in the ‘Writing R
    Extensions’ manual.
Flavor: r-release-osx-x86_64-mavericks

Version: 4.7
Check: for code/documentation mismatches
Result: WARN
    Invalid MIT-MAGIC-COOKIE-1 key
    Invalid MIT-MAGIC-COOKIE-1 key
    Invalid MIT-MAGIC-COOKIE-1 key
Flavor: r-release-osx-x86_64-mavericks

Version: 4.7
Check: Rd \usage sections
Result: NOTE
    Invalid MIT-MAGIC-COOKIE-1 key
    The \usage entries for S3 methods should use the \method markup and not
    their full name.
    See chapter ‘Writing R documentation files’ in the ‘Writing R
    Extensions’ manual.
Flavor: r-release-osx-x86_64-mavericks