CRAN Package Check Results for Package ftsa

Last updated on 2016-12-11 06:57:22.

Flavor Version Tinstall Tcheck Ttotal Status Flags
r-devel-linux-x86_64-debian-clang 4.7 5.02 100.38 105.39 OK
r-devel-linux-x86_64-debian-gcc 4.7 4.84 96.66 101.50 OK
r-devel-linux-x86_64-fedora-clang 4.7 224.11 OK --no-stop-on-test-error
r-devel-linux-x86_64-fedora-gcc 4.7 220.40 OK --no-stop-on-test-error
r-devel-macos-x86_64-clang 4.7 161.54 OK --no-stop-on-test-error
r-devel-windows-ix86+x86_64 4.7 16.00 234.00 250.00 OK
r-patched-linux-x86_64 4.7 4.51 88.97 93.48 OK
r-patched-solaris-sparc 4.7 1107.00 OK
r-patched-solaris-x86 4.7 224.50 OK
r-release-linux-x86_64 4.7 4.48 88.36 92.84 OK
r-release-osx-x86_64-mavericks 4.7 WARN
r-release-windows-ix86+x86_64 4.7 20.00 162.00 182.00 OK
r-oldrel-windows-ix86+x86_64 4.7 23.00 235.00 258.00 OK

Check Details

Version: 4.7
Check: whether package can be installed
Result: WARN
    Found the following significant warnings:
     Warning: 'rgl_init' failed, running with rgl.useNULL = TRUE
Flavor: r-release-osx-x86_64-mavericks

Version: 4.7
Check: dependencies in R code
Result: NOTE
    Invalid MIT-MAGIC-COOKIE-1 key
Flavor: r-release-osx-x86_64-mavericks

Version: 4.7
Check: S3 generic/method consistency
Result: WARN
    Invalid MIT-MAGIC-COOKIE-1 key
    See section ‘Generic functions and methods’ in the ‘Writing R
    Extensions’ manual.
Flavor: r-release-osx-x86_64-mavericks

Version: 4.7
Check: replacement functions
Result: WARN
    Invalid MIT-MAGIC-COOKIE-1 key
    The argument of a replacement function which corresponds to the right
    hand side must be named ‘value’.
Flavor: r-release-osx-x86_64-mavericks

Version: 4.7
Check: foreign function calls
Result: NOTE
    Invalid MIT-MAGIC-COOKIE-1 key
    See chapter ‘System and foreign language interfaces’ in the ‘Writing R
    Extensions’ manual.
Flavor: r-release-osx-x86_64-mavericks

Version: 4.7
Check: R code for possible problems
Result: NOTE
    Invalid MIT-MAGIC-COOKIE-1 key
Flavor: r-release-osx-x86_64-mavericks

Version: 4.7
Check: for missing documentation entries
Result: WARN
    Invalid MIT-MAGIC-COOKIE-1 key
    All user-level objects in a package should have documentation entries.
    See chapter ‘Writing R documentation files’ in the ‘Writing R
    Extensions’ manual.
Flavor: r-release-osx-x86_64-mavericks

Version: 4.7
Check: for code/documentation mismatches
Result: WARN
    Invalid MIT-MAGIC-COOKIE-1 key
    Invalid MIT-MAGIC-COOKIE-1 key
    Invalid MIT-MAGIC-COOKIE-1 key
Flavor: r-release-osx-x86_64-mavericks

Version: 4.7
Check: Rd \usage sections
Result: NOTE
    Invalid MIT-MAGIC-COOKIE-1 key
    The \usage entries for S3 methods should use the \method markup and not
    their full name.
    See chapter ‘Writing R documentation files’ in the ‘Writing R
    Extensions’ manual.
Flavor: r-release-osx-x86_64-mavericks