CRAN Package Check Results for Package ftsa

Last updated on 2014-08-01 04:47:24.

Flavor Version Tinstall Tcheck Ttotal Status Flags
r-devel-linux-x86_64-debian-clang 4.0 2.79 55.96 58.75 OK
r-devel-linux-x86_64-debian-gcc 4.0 3.63 55.81 59.44 OK
r-devel-linux-x86_64-fedora-clang 4.0 127.35 OK
r-devel-linux-x86_64-fedora-gcc 4.0 120.87 OK
r-devel-osx-x86_64-clang 4.0 108.64 OK
r-devel-windows-ix86+x86_64 4.0 9.00 87.00 96.00 OK
r-patched-linux-x86_64 4.0 2.90 56.16 59.06 OK
r-patched-solaris-sparc 4.0 703.40 OK
r-patched-solaris-x86 4.0 159.60 OK
r-release-linux-ix86 4.0 3.48 71.12 74.60 OK
r-release-linux-x86_64 4.0 2.96 56.20 59.16 OK
r-release-osx-x86_64-mavericks 4.0 NOTE
r-release-osx-x86_64-snowleopard 4.0 OK
r-release-windows-ix86+x86_64 4.0 17.00 127.00 144.00 OK
r-oldrel-windows-ix86+x86_64 4.0 11.00 127.00 138.00 OK

Check Details

Version: 4.0
Check: re-building of vignette outputs
Result: NOTE
    Error in re-building vignettes:
     ...
    Loading required package: rainbow
    Loading required package: MASS
    Loading required package: pcaPP
    Loading required package: mvtnorm
    KernSmooth 2.23 loaded
    Copyright M. P. Wand 1997-2009
    
    Attaching package: ftsa
    
    The following objects are masked from package:stats :
    
     median, sd, var
    
    Error in texi2dvi(file = file, pdf = TRUE, clean = clean, quiet = quiet, :
     Running 'texi2dvi' on 'ftsa.tex' failed.
    LaTeX errors:
    ! LaTeX Error: File `bbm.sty' not found.
    
    Type X to quit or <RETURN> to proceed,
    or enter new name. (Default extension: sty)
    
    st/ftsa/vignettes/ftsa.tex:9: ==> Fatal error occurred, no output PDF file pro
    duced!
    Calls: buildVignettes -> texi2pdf -> texi2dvi
    Execution halted
Flavor: r-release-osx-x86_64-mavericks