CRAN Package Check Results for Package ftsa

Last updated on 2017-02-23 05:49:00.

Flavor Version Tinstall Tcheck Ttotal Status Flags
r-devel-linux-x86_64-debian-clang 4.7 4.71 98.22 102.93 OK
r-devel-linux-x86_64-debian-gcc 4.7 4.83 96.27 101.10 OK
r-devel-linux-x86_64-fedora-clang 4.7 222.44 OK --no-stop-on-test-error
r-devel-linux-x86_64-fedora-gcc 4.7 206.19 OK --no-stop-on-test-error
r-devel-macos-x86_64-clang 4.7 162.76 OK --no-stop-on-test-error
r-devel-windows-ix86+x86_64 4.7 29.00 389.00 418.00 OK
r-patched-linux-x86_64 4.7 4.46 88.86 93.32 OK
r-patched-solaris-sparc 4.7 1104.30 OK
r-patched-solaris-x86 4.7 233.00 OK
r-release-linux-x86_64 4.7 4.97 90.46 95.43 OK
r-release-osx-x86_64-mavericks 4.7 WARN
r-release-windows-ix86+x86_64 4.7 20.00 234.00 254.00 OK
r-oldrel-windows-ix86+x86_64 4.7 19.00 186.00 205.00 OK

Check Details

Version: 4.7
Check: whether package can be installed
Result: WARN
    Found the following significant warnings:
     Warning: 'rgl_init' failed, running with rgl.useNULL = TRUE
Flavor: r-release-osx-x86_64-mavericks

Version: 4.7
Check: dependencies in R code
Result: NOTE
    Invalid MIT-MAGIC-COOKIE-1 key
Flavor: r-release-osx-x86_64-mavericks

Version: 4.7
Check: S3 generic/method consistency
Result: WARN
    Invalid MIT-MAGIC-COOKIE-1 key
    See section ‘Generic functions and methods’ in the ‘Writing R
    Extensions’ manual.
Flavor: r-release-osx-x86_64-mavericks

Version: 4.7
Check: replacement functions
Result: WARN
    Invalid MIT-MAGIC-COOKIE-1 key
    The argument of a replacement function which corresponds to the right
    hand side must be named ‘value’.
Flavor: r-release-osx-x86_64-mavericks

Version: 4.7
Check: foreign function calls
Result: NOTE
    Invalid MIT-MAGIC-COOKIE-1 key
    See chapter ‘System and foreign language interfaces’ in the ‘Writing R
    Extensions’ manual.
Flavor: r-release-osx-x86_64-mavericks

Version: 4.7
Check: R code for possible problems
Result: NOTE
    Invalid MIT-MAGIC-COOKIE-1 key
Flavor: r-release-osx-x86_64-mavericks

Version: 4.7
Check: for missing documentation entries
Result: WARN
    Invalid MIT-MAGIC-COOKIE-1 key
    All user-level objects in a package should have documentation entries.
    See chapter ‘Writing R documentation files’ in the ‘Writing R
    Extensions’ manual.
Flavor: r-release-osx-x86_64-mavericks

Version: 4.7
Check: for code/documentation mismatches
Result: WARN
    Invalid MIT-MAGIC-COOKIE-1 key
    Invalid MIT-MAGIC-COOKIE-1 key
    Invalid MIT-MAGIC-COOKIE-1 key
Flavor: r-release-osx-x86_64-mavericks

Version: 4.7
Check: Rd \usage sections
Result: NOTE
    Invalid MIT-MAGIC-COOKIE-1 key
    The \usage entries for S3 methods should use the \method markup and not
    their full name.
    See chapter ‘Writing R documentation files’ in the ‘Writing R
    Extensions’ manual.
Flavor: r-release-osx-x86_64-mavericks