CRAN Package Check Results for Package ftsa

Last updated on 2018-04-22 23:50:09 CEST.

Flavor Version Tinstall Tcheck Ttotal Status Flags
r-devel-linux-x86_64-debian-clang 4.8 9.95 108.21 118.16 ERROR
r-devel-linux-x86_64-debian-gcc 4.8 10.56 94.44 105.00 ERROR
r-devel-linux-x86_64-fedora-clang 4.8 199.57 OK
r-devel-linux-x86_64-fedora-gcc 4.8 197.70 OK
r-devel-windows-ix86+x86_64 4.8 27.00 174.00 201.00 OK
r-devel-osx-x86_64 4.8 OK
r-patched-linux-x86_64 4.8 9.84 119.99 129.83 ERROR
r-patched-solaris-x86 4.8 268.50 OK
r-release-linux-x86_64 4.8 5.33 161.17 166.50 OK
r-release-windows-ix86+x86_64 4.8 14.00 273.00 287.00 OK
r-release-osx-x86_64 4.8 NOTE
r-oldrel-windows-ix86+x86_64 4.7 13.00 239.00 252.00 OK

Check Details

Version: 4.8
Check: examples
Result: ERROR
    Running examples in ‘ftsa-Ex.R’ failed
    The error most likely occurred in:
    
    > base::assign(".ptime", proc.time(), pos = "CheckExEnv")
    > ### Name: diff.fts
    > ### Title: Differences of a functional time series
    > ### Aliases: diff.fts
    > ### Keywords: ts
    >
    > ### ** Examples
    >
    > # ElNino is an object of sliced functional time series.
    > # Differencing is sometimes used to achieve stationarity.
    > diff(x = ElNino)
    Error in r[i1] - r[-length(r):-(length(r) - lag + 1L)] :
     non-numeric argument to binary operator
    Calls: diff -> diff -> diff.default
    Execution halted
Flavors: r-devel-linux-x86_64-debian-clang, r-devel-linux-x86_64-debian-gcc, r-patched-linux-x86_64

Version: 4.8
Check: re-building of vignette outputs
Result: NOTE
    Error in re-building vignettes:
     ...
    Iacus, Springer NY, (2008)
    To check the errata corrige of the book, type vignette("sde.errata")
    
    Attaching package: ‘ftsa’
    
    The following objects are masked from ‘package:stats’:
    
     sd, var
    
    Error in texi2dvi(file = file, pdf = TRUE, clean = clean, quiet = quiet, :
     Running 'texi2dvi' on 'ftsa.tex' failed.
    LaTeX errors:
    ! LaTeX Error: File `bbm.sty' not found.
    
    Type X to quit or <RETURN> to proceed,
    or enter new name. (Default extension: sty)
    
    ! Emergency stop.
    <read *>
    
    l.9 \usepackage
     [utf8]{inputenc}^^M
    ! ==> Fatal error occurred, no output PDF file produced!
    Calls: buildVignettes -> texi2pdf -> texi2dvi
    Execution halted
Flavor: r-release-osx-x86_64