CRAN Package Check Results for Package ftsa

Last updated on 2015-05-22 19:48:05.

Flavor Version Tinstall Tcheck Ttotal Status Flags
r-devel-linux-x86_64-debian-clang 4.3 2.12 55.14 57.26 OK
r-devel-linux-x86_64-debian-gcc 4.3 2.66 52.99 55.65 OK
r-devel-linux-x86_64-fedora-clang 4.3 112.22 OK
r-devel-linux-x86_64-fedora-gcc 4.3 107.38 OK
r-devel-osx-x86_64-clang 4.3 112.06 OK
r-devel-windows-ix86+x86_64 4.3 12.00 81.00 93.00 OK
r-patched-linux-x86_64 4.3 2.10 54.22 56.32 OK
r-patched-solaris-sparc 4.3 698.10 OK
r-patched-solaris-x86 4.3 140.40 OK
r-release-linux-x86_64 4.3 2.05 55.22 57.27 OK
r-release-osx-x86_64-mavericks 4.3 OK
r-release-osx-x86_64-snowleopard 4.3 ERROR
r-release-windows-ix86+x86_64 4.3 12.00 81.00 93.00 OK
r-oldrel-windows-ix86+x86_64 4.3 12.00 105.00 117.00 OK

Check Details

Version: 4.3
Check: package dependencies
Result: ERROR
    Package required but not available: ‘forecast’
    
    See section ‘The DESCRIPTION file’ in the ‘Writing R Extensions’
    manual.
Flavor: r-release-osx-x86_64-snowleopard