CRAN Package Check Results for Package ftsa

Last updated on 2014-04-23 12:48:18.

Flavor Version Tinstall Tcheck Ttotal Status Flags
r-devel-linux-x86_64-debian-clang 3.9 2.98 61.52 64.50 OK
r-devel-linux-x86_64-debian-gcc 3.9 3.02 61.71 64.72 OK
r-devel-linux-x86_64-fedora-clang 3.9 129.14 OK
r-devel-linux-x86_64-fedora-gcc 3.9 125.39 OK
r-devel-osx-x86_64-clang 3.9 108.22 OK
r-devel-osx-x86_64-gcc 3.9 ERROR
r-devel-windows-ix86+x86_64 3.9 10.00 91.00 101.00 OK
r-patched-linux-x86_64 3.9 2.92 60.80 63.72 OK
r-patched-solaris-sparc 3.9 667.90 OK
r-patched-solaris-x86 3.9 156.40 OK
r-release-linux-ix86 3.9 5.00 103.00 108.00 OK
r-release-linux-x86_64 3.9 2.93 61.38 64.30 OK
r-release-osx-x86_64-mavericks 3.9 ERROR
r-release-osx-x86_64-snowleopard 3.9 NOTE
r-release-windows-ix86+x86_64 3.9 10.00 92.00 102.00 OK
r-oldrel-windows-ix86+x86_64 3.9 12.00 97.00 109.00 OK

Check Details

Version: 3.9
Check: package dependencies
Result: ERROR
    Package required but not available: ‘forecast’
    
    See the information on DESCRIPTION files in the chapter ‘Creating R
    packages’ of the ‘Writing R Extensions’ manual.
Flavors: r-devel-osx-x86_64-gcc, r-release-osx-x86_64-mavericks

Version: 3.9
Check: re-building of vignette outputs
Result: NOTE
    Error in re-building vignettes:
     ...
    This is forecast 4.8
    
    Loading required package: rainbow
    Loading required package: MASS
    Loading required package: pcaPP
    Loading required package: mvtnorm
    
    Attaching package: 'ftsa'
    
    The following objects are masked from 'package:stats':
    
     median, sd, var
    
    Error in texi2dvi(file = file, pdf = TRUE, clean = clean, quiet = quiet, :
     Running 'texi2dvi' on 'ftsa.tex' failed.
    LaTeX errors:
    ! LaTeX Error: File `bbm.sty' not found.
    
    Type X to quit or <RETURN> to proceed,
    or enter new name. (Default extension: sty)
    
    ftsa.Rcheck/vign_test/ftsa/vignettes/ftsa.tex:9: ==> Fatal error occurred, no
    output PDF file produced!
    Calls: buildVignettes -> texi2pdf -> texi2dvi
    Execution halted
Flavor: r-release-osx-x86_64-snowleopard