CRAN Package Check Results for Package fugeR

Last updated on 2014-10-31 23:47:29.

Flavor Version Tinstall Tcheck Ttotal Status Flags
r-devel-linux-x86_64-debian-clang 0.1.2 9.62 16.93 26.55 NOTE
r-devel-linux-x86_64-debian-gcc 0.1.2 9.90 15.66 25.55 NOTE
r-devel-linux-x86_64-fedora-clang 0.1.2 53.52 NOTE
r-devel-linux-x86_64-fedora-gcc 0.1.2 48.51 NOTE
r-devel-osx-x86_64-clang 0.1.2 46.98 NOTE
r-devel-windows-ix86+x86_64 0.1.2 34.00 37.00 71.00 NOTE
r-patched-linux-x86_64 0.1.2 9.50 15.99 25.49 NOTE
r-patched-solaris-sparc 0.1.2 290.70 NOTE
r-patched-solaris-x86 0.1.2 65.40 NOTE
r-release-linux-ix86 0.1.2 11.96 25.21 37.17 NOTE
r-release-linux-x86_64 0.1.2 9.56 16.71 26.27 NOTE
r-release-osx-x86_64-mavericks 0.1.2 NOTE
r-release-osx-x86_64-snowleopard 0.1.2 NOTE
r-release-windows-ix86+x86_64 0.1.2 36.00 39.00 75.00 NOTE
r-oldrel-windows-ix86+x86_64 0.1.2 36.00 40.00 76.00 NOTE

Check Details

Version: 0.1.2
Check: dependencies in R code
Result: NOTE
    Packages in Depends field not imported from:
     ‘Rcpp’ ‘snowfall’
     These packages need to be imported from (in the NAMESPACE file)
     for when this namespace is loaded but not attached.
    See the information on DESCRIPTION files in the chapter ‘Creating R
    packages’ of the ‘Writing R Extensions’ manual.
Flavors: r-devel-linux-x86_64-debian-clang, r-devel-linux-x86_64-debian-gcc, r-devel-linux-x86_64-fedora-clang, r-devel-linux-x86_64-fedora-gcc, r-devel-osx-x86_64-clang, r-devel-windows-ix86+x86_64, r-patched-linux-x86_64, r-patched-solaris-sparc, r-patched-solaris-x86, r-release-linux-ix86, r-release-linux-x86_64, r-release-osx-x86_64-mavericks, r-release-osx-x86_64-snowleopard, r-release-windows-ix86+x86_64, r-oldrel-windows-ix86+x86_64

Version: 0.1.2
Check: R code for possible problems
Result: NOTE
    fugeR.sfRun: no visible global function definition for ‘sfInit’
    fugeR.sfRun: no visible global function definition for ‘sfLibrary’
    fugeR.sfRun: no visible global function definition for ‘sfExport’
    fugeR.sfRun: no visible global function definition for ‘sfLapply’
    fugeR.sfRun: no visible global function definition for ‘sfStop’
Flavors: r-devel-linux-x86_64-debian-clang, r-devel-linux-x86_64-debian-gcc, r-devel-linux-x86_64-fedora-clang, r-devel-linux-x86_64-fedora-gcc, r-devel-osx-x86_64-clang, r-devel-windows-ix86+x86_64, r-patched-linux-x86_64, r-patched-solaris-sparc, r-patched-solaris-x86, r-release-osx-x86_64-snowleopard