CRAN Package Check Results for Package fugeR

Last updated on 2017-06-25 06:47:28.

Flavor Version Tinstall Tcheck Ttotal Status Flags
r-devel-linux-x86_64-debian-clang 0.1.2 12.26 15.78 28.04 NOTE
r-devel-linux-x86_64-debian-gcc 0.1.2 11.79 15.68 27.48 NOTE
r-devel-linux-x86_64-fedora-clang 0.1.2 54.20 NOTE
r-devel-linux-x86_64-fedora-gcc 0.1.2 47.80 NOTE
r-devel-windows-ix86+x86_64 0.1.2 53.00 60.00 113.00 NOTE
r-patched-linux-x86_64 0.1.2 10.07 15.57 25.64 NOTE
r-patched-solaris-sparc 0.1.2 263.60 NOTE
r-patched-solaris-x86 0.1.2 57.20 NOTE
r-release-linux-x86_64 0.1.2 11.70 15.85 27.55 NOTE
r-release-windows-ix86+x86_64 0.1.2 68.00 65.00 133.00 NOTE
r-release-osx-x86_64 0.1.2 NOTE
r-oldrel-windows-ix86+x86_64 0.1.2 60.00 61.00 121.00 NOTE
r-oldrel-osx-x86_64 0.1.2 NOTE

Check Details

Version: 0.1.2
Check: DESCRIPTION meta-information
Result: NOTE
    Malformed Title field: should not end in a period.
Flavors: r-devel-linux-x86_64-debian-clang, r-devel-linux-x86_64-debian-gcc, r-devel-linux-x86_64-fedora-clang, r-devel-linux-x86_64-fedora-gcc, r-devel-windows-ix86+x86_64, r-patched-linux-x86_64, r-patched-solaris-sparc, r-patched-solaris-x86, r-release-linux-x86_64, r-release-windows-ix86+x86_64, r-release-osx-x86_64, r-oldrel-windows-ix86+x86_64, r-oldrel-osx-x86_64

Version: 0.1.2
Check: dependencies in R code
Result: NOTE
    Packages in Depends field not imported from:
     ‘Rcpp’ ‘snowfall’
     These packages need to be imported from (in the NAMESPACE file)
     for when this namespace is loaded but not attached.
Flavors: r-devel-linux-x86_64-debian-clang, r-devel-linux-x86_64-debian-gcc, r-devel-linux-x86_64-fedora-clang, r-devel-linux-x86_64-fedora-gcc, r-devel-windows-ix86+x86_64, r-patched-linux-x86_64, r-patched-solaris-sparc, r-patched-solaris-x86, r-release-linux-x86_64, r-release-windows-ix86+x86_64, r-release-osx-x86_64, r-oldrel-windows-ix86+x86_64, r-oldrel-osx-x86_64

Version: 0.1.2
Check: R code for possible problems
Result: NOTE
    fugeR.evo: no visible global function definition for ‘runif’
    fugeR.sfRun: no visible global function definition for ‘sfInit’
    fugeR.sfRun: no visible global function definition for ‘sfLibrary’
    fugeR.sfRun: no visible global function definition for ‘sfExport’
    fugeR.sfRun: no visible global function definition for ‘sfLapply’
    fugeR.sfRun: no visible global function definition for ‘sfStop’
    Undefined global functions or variables:
     runif sfExport sfInit sfLapply sfLibrary sfStop
    Consider adding
     importFrom("stats", "runif")
    to your NAMESPACE file.
Flavors: r-devel-linux-x86_64-debian-clang, r-devel-linux-x86_64-debian-gcc, r-devel-linux-x86_64-fedora-clang, r-devel-linux-x86_64-fedora-gcc, r-devel-windows-ix86+x86_64, r-patched-linux-x86_64, r-patched-solaris-sparc, r-patched-solaris-x86, r-release-linux-x86_64, r-release-windows-ix86+x86_64, r-release-osx-x86_64, r-oldrel-windows-ix86+x86_64, r-oldrel-osx-x86_64

Version: 0.1.2
Check: compiled code
Result: NOTE
    File ‘fugeR/libs/fugeR.so’:
     Found no calls to: ‘R_registerRoutines’, ‘R_useDynamicSymbols’
    
    It is good practice to register native routines and to disable symbol
    search.
    
    See ‘Writing portable packages’ in the ‘Writing R Extensions’ manual.
Flavors: r-devel-linux-x86_64-debian-clang, r-devel-linux-x86_64-debian-gcc, r-devel-linux-x86_64-fedora-clang, r-devel-linux-x86_64-fedora-gcc, r-patched-linux-x86_64, r-release-linux-x86_64