CRAN Package Check Results for Package fugeR

Last updated on 2014-08-22 13:46:51.

Flavor Version Tinstall Tcheck Ttotal Status Flags
r-devel-linux-x86_64-debian-clang 0.1.2 9.72 15.74 25.46 NOTE
r-devel-linux-x86_64-debian-gcc 0.1.2 9.40 15.33 24.73 NOTE
r-devel-linux-x86_64-fedora-clang 0.1.2 52.98 NOTE
r-devel-linux-x86_64-fedora-gcc 0.1.2 47.40 NOTE
r-devel-osx-x86_64-clang 0.1.2 47.75 NOTE
r-devel-windows-ix86+x86_64 0.1.2 32.00 37.00 69.00 NOTE
r-patched-linux-x86_64 0.1.2 9.41 15.51 24.92 NOTE
r-patched-solaris-sparc 0.1.2 286.80 NOTE
r-patched-solaris-x86 0.1.2 66.10 NOTE
r-release-linux-ix86 0.1.2 11.78 22.97 34.75 NOTE
r-release-linux-x86_64 0.1.2 9.48 16.97 26.45 NOTE
r-release-osx-x86_64-mavericks 0.1.2 NOTE
r-release-osx-x86_64-snowleopard 0.1.2 NOTE
r-release-windows-ix86+x86_64 0.1.2 45.00 59.00 104.00 NOTE
r-oldrel-windows-ix86+x86_64 0.1.2 33.00 44.00 77.00 NOTE

Check Details

Version: 0.1.2
Check: dependencies in R code
Result: NOTE
    Packages in Depends field not imported from:
     ‘Rcpp’ ‘snowfall’
     These packages need to be imported from (in the NAMESPACE file)
     for when this namespace is loaded but not attached.
    See the information on DESCRIPTION files in the chapter ‘Creating R
    packages’ of the ‘Writing R Extensions’ manual.
Flavors: r-devel-linux-x86_64-debian-clang, r-devel-linux-x86_64-debian-gcc, r-devel-linux-x86_64-fedora-clang, r-devel-linux-x86_64-fedora-gcc, r-devel-osx-x86_64-clang, r-devel-windows-ix86+x86_64, r-patched-linux-x86_64, r-patched-solaris-sparc, r-patched-solaris-x86, r-release-linux-ix86, r-release-linux-x86_64, r-release-osx-x86_64-mavericks, r-release-osx-x86_64-snowleopard, r-release-windows-ix86+x86_64, r-oldrel-windows-ix86+x86_64

Version: 0.1.2
Check: R code for possible problems
Result: NOTE
    fugeR.sfRun: no visible global function definition for ‘sfInit’
    fugeR.sfRun: no visible global function definition for ‘sfLibrary’
    fugeR.sfRun: no visible global function definition for ‘sfExport’
    fugeR.sfRun: no visible global function definition for ‘sfLapply’
    fugeR.sfRun: no visible global function definition for ‘sfStop’
Flavors: r-devel-linux-x86_64-fedora-clang, r-devel-linux-x86_64-fedora-gcc, r-devel-osx-x86_64-clang