CRAN Package Check Results for Package fugeR

Last updated on 2014-09-02 05:46:33.

Flavor Version Tinstall Tcheck Ttotal Status Flags
r-devel-linux-x86_64-debian-clang 0.1.2 8.45 15.38 23.83 NOTE
r-devel-linux-x86_64-debian-gcc 0.1.2 9.91 15.12 25.02 NOTE
r-devel-linux-x86_64-fedora-clang 0.1.2 53.96 NOTE
r-devel-linux-x86_64-fedora-gcc 0.1.2 48.55 NOTE
r-devel-osx-x86_64-clang 0.1.2 46.64 NOTE
r-devel-windows-ix86+x86_64 0.1.2 31.00 38.00 69.00 NOTE
r-patched-linux-x86_64 0.1.2 9.52 15.98 25.50 NOTE
r-patched-solaris-sparc 0.1.2 286.80 NOTE
r-patched-solaris-x86 0.1.2 65.10 NOTE
r-release-linux-ix86 0.1.2 11.90 23.08 34.98 NOTE
r-release-linux-x86_64 0.1.2 9.45 16.26 25.72 NOTE
r-release-osx-x86_64-mavericks 0.1.2 NOTE
r-release-osx-x86_64-snowleopard 0.1.2 NOTE
r-release-windows-ix86+x86_64 0.1.2 45.00 59.00 104.00 NOTE
r-oldrel-windows-ix86+x86_64 0.1.2 33.00 44.00 77.00 NOTE

Check Details

Version: 0.1.2
Check: dependencies in R code
Result: NOTE
    Packages in Depends field not imported from:
     ‘Rcpp’ ‘snowfall’
     These packages need to be imported from (in the NAMESPACE file)
     for when this namespace is loaded but not attached.
    See the information on DESCRIPTION files in the chapter ‘Creating R
    packages’ of the ‘Writing R Extensions’ manual.
Flavors: r-devel-linux-x86_64-debian-clang, r-devel-linux-x86_64-debian-gcc, r-devel-linux-x86_64-fedora-clang, r-devel-linux-x86_64-fedora-gcc, r-devel-osx-x86_64-clang, r-devel-windows-ix86+x86_64, r-patched-linux-x86_64, r-patched-solaris-sparc, r-patched-solaris-x86, r-release-linux-ix86, r-release-linux-x86_64, r-release-osx-x86_64-mavericks, r-release-osx-x86_64-snowleopard, r-release-windows-ix86+x86_64, r-oldrel-windows-ix86+x86_64

Version: 0.1.2
Check: R code for possible problems
Result: NOTE
    fugeR.sfRun: no visible global function definition for ‘sfInit’
    fugeR.sfRun: no visible global function definition for ‘sfLibrary’
    fugeR.sfRun: no visible global function definition for ‘sfExport’
    fugeR.sfRun: no visible global function definition for ‘sfLapply’
    fugeR.sfRun: no visible global function definition for ‘sfStop’
Flavors: r-devel-linux-x86_64-debian-clang, r-devel-linux-x86_64-debian-gcc, r-devel-linux-x86_64-fedora-clang, r-devel-linux-x86_64-fedora-gcc, r-devel-osx-x86_64-clang, r-devel-windows-ix86+x86_64