CRAN Package Check Results for Package fugeR

Last updated on 2014-04-24 21:47:40.

Flavor Version Tinstall Tcheck Ttotal Status Flags
r-devel-linux-x86_64-debian-clang 0.1.2 8.74 17.63 26.37 NOTE
r-devel-linux-x86_64-debian-gcc 0.1.2 9.95 17.53 27.48 NOTE
r-devel-linux-x86_64-fedora-clang 0.1.2 52.90 NOTE
r-devel-linux-x86_64-fedora-gcc 0.1.2 51.09 NOTE
r-devel-osx-x86_64-clang 0.1.2 45.92 NOTE
r-devel-osx-x86_64-gcc 0.1.2 NOTE
r-devel-windows-ix86+x86_64 0.1.2 33.00 38.00 71.00 NOTE
r-patched-linux-x86_64 0.1.2 9.97 16.88 26.85 NOTE
r-patched-solaris-sparc 0.1.2 296.50 NOTE
r-patched-solaris-x86 0.1.2 67.70 NOTE
r-release-linux-ix86 0.1.2 16.00 33.00 49.00 NOTE
r-release-linux-x86_64 0.1.2 10.12 17.43 27.56 NOTE
r-release-osx-x86_64-mavericks 0.1.2 WARN
r-release-osx-x86_64-snowleopard 0.1.2 NOTE
r-release-windows-ix86+x86_64 0.1.2 49.00 53.00 102.00 NOTE
r-oldrel-windows-ix86+x86_64 0.1.2 35.00 40.00 75.00 NOTE

Check Details

Version: 0.1.2
Check: dependencies in R code
Result: NOTE
    Packages in Depends field not imported from:
     ‘Rcpp’ ‘snowfall’
     These packages need to be imported from (in the NAMESPACE file)
     for when this namespace is loaded but not attached.
    See the information on DESCRIPTION files in the chapter ‘Creating R
    packages’ of the ‘Writing R Extensions’ manual.
Flavors: r-devel-linux-x86_64-debian-clang, r-devel-linux-x86_64-debian-gcc, r-devel-linux-x86_64-fedora-clang, r-devel-linux-x86_64-fedora-gcc, r-devel-osx-x86_64-clang, r-devel-osx-x86_64-gcc, r-devel-windows-ix86+x86_64, r-patched-linux-x86_64, r-patched-solaris-sparc, r-patched-solaris-x86, r-release-linux-ix86, r-release-linux-x86_64, r-release-osx-x86_64-mavericks, r-release-osx-x86_64-snowleopard, r-release-windows-ix86+x86_64, r-oldrel-windows-ix86+x86_64

Version: 0.1.2
Check: PDF version of manual
Result: WARNING
    LaTeX errors when creating PDF version.
    This typically indicates Rd problems.
    LaTeX errors found:
    ! LaTeX Error: File `upquote.sty' not found.
    
    Type X to quit or <RETURN> to proceed,
    or enter new name. (Default extension: sty)
    
    ad932b4/Rd2.tex:8: ==> Fatal error occurred, no output PDF file produced!
Flavor: r-release-osx-x86_64-mavericks