CRAN Package Check Results for Package fugeR

Last updated on 2014-07-24 11:53:22.

Flavor Version Tinstall Tcheck Ttotal Status Flags
r-devel-linux-x86_64-debian-clang 0.1.2 8.70 15.92 24.62 NOTE
r-devel-linux-x86_64-debian-gcc 0.1.2 9.40 15.64 25.04 NOTE
r-devel-linux-x86_64-fedora-clang 0.1.2 54.65 NOTE
r-devel-linux-x86_64-fedora-gcc 0.1.2 50.15 NOTE
r-devel-osx-x86_64-clang 0.1.2 48.21 NOTE
r-devel-windows-ix86+x86_64 0.1.2 33.00 40.00 73.00 NOTE
r-patched-linux-x86_64 0.1.2 9.42 15.79 25.21 NOTE
r-patched-solaris-sparc 0.1.2 296.50 NOTE
r-patched-solaris-x86 0.1.2 65.10 NOTE
r-release-linux-ix86 0.1.2 13.17 23.18 36.35 NOTE
r-release-linux-x86_64 0.1.2 9.58 16.03 25.60 NOTE
r-release-osx-x86_64-mavericks 0.1.2 NOTE
r-release-osx-x86_64-snowleopard 0.1.2 NOTE
r-release-windows-ix86+x86_64 0.1.2 45.00 59.00 104.00 NOTE
r-oldrel-windows-ix86+x86_64 0.1.2 33.00 44.00 77.00 NOTE

Check Details

Version: 0.1.2
Check: dependencies in R code
Result: NOTE
    Packages in Depends field not imported from:
     ‘Rcpp’ ‘snowfall’
     These packages need to be imported from (in the NAMESPACE file)
     for when this namespace is loaded but not attached.
    See the information on DESCRIPTION files in the chapter ‘Creating R
    packages’ of the ‘Writing R Extensions’ manual.
Flavors: r-devel-linux-x86_64-debian-clang, r-devel-linux-x86_64-debian-gcc, r-devel-linux-x86_64-fedora-clang, r-devel-linux-x86_64-fedora-gcc, r-devel-osx-x86_64-clang, r-devel-windows-ix86+x86_64, r-patched-linux-x86_64, r-patched-solaris-sparc, r-patched-solaris-x86, r-release-linux-ix86, r-release-linux-x86_64, r-release-osx-x86_64-mavericks, r-release-osx-x86_64-snowleopard, r-release-windows-ix86+x86_64, r-oldrel-windows-ix86+x86_64