CRAN Package Check Results for Package fugeR

Last updated on 2015-07-31 15:47:27.

Flavor Version Tinstall Tcheck Ttotal Status Flags
r-devel-linux-x86_64-debian-clang 0.1.2 9.38 14.77 24.16 NOTE
r-devel-linux-x86_64-debian-gcc 0.1.2 13.60 13.34 26.95 NOTE
r-devel-linux-x86_64-fedora-clang 0.1.2 48.45 NOTE
r-devel-linux-x86_64-fedora-gcc 0.1.2 43.96 NOTE
r-devel-osx-x86_64-clang 0.1.2 40.29 NOTE
r-devel-windows-ix86+x86_64 0.1.2 50.00 52.00 102.00 NOTE
r-patched-linux-x86_64 0.1.2 9.61 14.07 23.68 NOTE
r-patched-solaris-sparc 0.1.2 271.30 NOTE
r-patched-solaris-x86 0.1.2 56.80 NOTE
r-release-linux-x86_64 0.1.2 9.49 14.20 23.70 NOTE
r-release-osx-x86_64-mavericks 0.1.2 NOTE
r-release-windows-ix86+x86_64 0.1.2 45.00 56.00 101.00 NOTE
r-oldrel-windows-ix86+x86_64 0.1.2 38.00 56.00 94.00 NOTE

Check Details

Version: 0.1.2
Check: DESCRIPTION meta-information
Result: NOTE
    Malformed Title field: should not end in a period.
Flavors: r-devel-linux-x86_64-debian-clang, r-devel-linux-x86_64-debian-gcc, r-devel-linux-x86_64-fedora-clang, r-devel-linux-x86_64-fedora-gcc, r-devel-osx-x86_64-clang, r-devel-windows-ix86+x86_64, r-patched-linux-x86_64, r-patched-solaris-sparc, r-patched-solaris-x86, r-release-linux-x86_64, r-release-osx-x86_64-mavericks, r-release-windows-ix86+x86_64

Version: 0.1.2
Check: dependencies in R code
Result: NOTE
    Packages in Depends field not imported from:
     ‘Rcpp’ ‘snowfall’
     These packages need to be imported from (in the NAMESPACE file)
     for when this namespace is loaded but not attached.
Flavors: r-devel-linux-x86_64-debian-clang, r-devel-linux-x86_64-debian-gcc, r-devel-linux-x86_64-fedora-clang, r-devel-linux-x86_64-fedora-gcc, r-devel-osx-x86_64-clang, r-devel-windows-ix86+x86_64, r-patched-linux-x86_64, r-patched-solaris-sparc, r-patched-solaris-x86, r-release-linux-x86_64, r-release-osx-x86_64-mavericks, r-release-windows-ix86+x86_64, r-oldrel-windows-ix86+x86_64

Version: 0.1.2
Check: R code for possible problems
Result: NOTE
    fugeR.evo: no visible global function definition for ‘runif’
    fugeR.sfRun: no visible global function definition for ‘sfInit’
    fugeR.sfRun: no visible global function definition for ‘sfLibrary’
    fugeR.sfRun: no visible global function definition for ‘sfExport’
    fugeR.sfRun: no visible global function definition for ‘sfLapply’
    fugeR.sfRun: no visible global function definition for ‘sfStop’
    Undefined global functions or variables:
     runif sfExport sfInit sfLapply sfLibrary sfStop
    Consider adding
     importFrom("stats", "runif")
    to your NAMESPACE.
Flavors: r-devel-linux-x86_64-debian-clang, r-devel-linux-x86_64-debian-gcc, r-devel-linux-x86_64-fedora-clang, r-devel-linux-x86_64-fedora-gcc, r-devel-windows-ix86+x86_64

Version: 0.1.2
Check: R code for possible problems
Result: NOTE
    fugeR.sfRun: no visible global function definition for ‘sfInit’
    fugeR.sfRun: no visible global function definition for ‘sfLibrary’
    fugeR.sfRun: no visible global function definition for ‘sfExport’
    fugeR.sfRun: no visible global function definition for ‘sfLapply’
    fugeR.sfRun: no visible global function definition for ‘sfStop’
    Undefined global functions or variables:
     sfExport sfInit sfLapply sfLibrary sfStop
Flavor: r-devel-osx-x86_64-clang

Version: 0.1.2
Check: R code for possible problems
Result: NOTE
    fugeR.sfRun: no visible global function definition for ‘sfInit’
    fugeR.sfRun: no visible global function definition for ‘sfLibrary’
    fugeR.sfRun: no visible global function definition for ‘sfExport’
    fugeR.sfRun: no visible global function definition for ‘sfLapply’
    fugeR.sfRun: no visible global function definition for ‘sfStop’
Flavors: r-patched-linux-x86_64, r-patched-solaris-sparc, r-patched-solaris-x86, r-release-linux-x86_64, r-release-osx-x86_64-mavericks, r-release-windows-ix86+x86_64, r-oldrel-windows-ix86+x86_64