CRAN Package Check Results for Package fugeR

Last updated on 2017-03-01 17:52:15.

Flavor Version Tinstall Tcheck Ttotal Status Flags
r-devel-linux-x86_64-debian-clang 0.1.2 11.02 16.03 27.05 NOTE
r-devel-linux-x86_64-debian-gcc 0.1.2 10.41 16.02 26.43 NOTE
r-devel-linux-x86_64-fedora-clang 0.1.2 51.08 NOTE --no-stop-on-test-error
r-devel-linux-x86_64-fedora-gcc 0.1.2 45.34 NOTE --no-stop-on-test-error
r-devel-macos-x86_64-clang 0.1.2 38.66 NOTE --no-stop-on-test-error
r-devel-windows-ix86+x86_64 0.1.2 39.00 71.00 110.00 NOTE
r-patched-linux-x86_64 0.1.2 8.82 13.69 22.51 NOTE
r-patched-solaris-sparc 0.1.2 253.70 NOTE
r-patched-solaris-x86 0.1.2 50.60 NOTE
r-release-linux-x86_64 0.1.2 9.13 13.79 22.92 NOTE
r-release-osx-x86_64-mavericks 0.1.2 NOTE
r-release-windows-ix86+x86_64 0.1.2 68.00 94.00 162.00 NOTE
r-oldrel-windows-ix86+x86_64 0.1.2 79.00 55.00 134.00 NOTE

Check Details

Version: 0.1.2
Check: DESCRIPTION meta-information
Result: NOTE
    Malformed Title field: should not end in a period.
Flavors: r-devel-linux-x86_64-debian-clang, r-devel-linux-x86_64-debian-gcc, r-devel-windows-ix86+x86_64, r-patched-linux-x86_64, r-patched-solaris-sparc, r-patched-solaris-x86, r-release-linux-x86_64, r-release-osx-x86_64-mavericks, r-release-windows-ix86+x86_64, r-oldrel-windows-ix86+x86_64

Version: 0.1.2
Check: dependencies in R code
Result: NOTE
    Packages in Depends field not imported from:
     ‘Rcpp’ ‘snowfall’
     These packages need to be imported from (in the NAMESPACE file)
     for when this namespace is loaded but not attached.
Flavors: r-devel-linux-x86_64-debian-clang, r-devel-linux-x86_64-debian-gcc, r-devel-windows-ix86+x86_64, r-patched-linux-x86_64, r-patched-solaris-sparc, r-patched-solaris-x86, r-release-linux-x86_64, r-release-osx-x86_64-mavericks, r-release-windows-ix86+x86_64, r-oldrel-windows-ix86+x86_64

Version: 0.1.2
Check: R code for possible problems
Result: NOTE
    fugeR.evo: no visible global function definition for ‘runif’
    fugeR.sfRun: no visible global function definition for ‘sfInit’
    fugeR.sfRun: no visible global function definition for ‘sfLibrary’
    fugeR.sfRun: no visible global function definition for ‘sfExport’
    fugeR.sfRun: no visible global function definition for ‘sfLapply’
    fugeR.sfRun: no visible global function definition for ‘sfStop’
    Undefined global functions or variables:
     runif sfExport sfInit sfLapply sfLibrary sfStop
    Consider adding
     importFrom("stats", "runif")
    to your NAMESPACE file.
Flavors: r-devel-linux-x86_64-debian-clang, r-devel-linux-x86_64-debian-gcc, r-devel-windows-ix86+x86_64, r-patched-linux-x86_64, r-patched-solaris-sparc, r-patched-solaris-x86, r-release-linux-x86_64, r-release-osx-x86_64-mavericks, r-release-windows-ix86+x86_64

Version: 0.1.2
Check: compiled code
Result: NOTE
    File ‘fugeR/libs/fugeR.so’:
     Found no calls to: ‘R_registerRoutines’, ‘R_useDynamicSymbols’
    
    It is good practice to register native routines and to disable symbol
    search.
    
    See ‘Writing portable packages’ in the ‘Writing R Extensions’ manual.
Flavors: r-devel-linux-x86_64-debian-clang, r-devel-linux-x86_64-debian-gcc

Version: 0.1.2
Flags: --no-stop-on-test-error
Check: DESCRIPTION meta-information
Result: NOTE
    Malformed Title field: should not end in a period.
Flavors: r-devel-linux-x86_64-fedora-clang, r-devel-linux-x86_64-fedora-gcc, r-devel-macos-x86_64-clang

Version: 0.1.2
Flags: --no-stop-on-test-error
Check: dependencies in R code
Result: NOTE
    Packages in Depends field not imported from:
     ‘Rcpp’ ‘snowfall’
     These packages need to be imported from (in the NAMESPACE file)
     for when this namespace is loaded but not attached.
Flavors: r-devel-linux-x86_64-fedora-clang, r-devel-linux-x86_64-fedora-gcc, r-devel-macos-x86_64-clang

Version: 0.1.2
Flags: --no-stop-on-test-error
Check: R code for possible problems
Result: NOTE
    fugeR.evo: no visible global function definition for ‘runif’
    fugeR.sfRun: no visible global function definition for ‘sfInit’
    fugeR.sfRun: no visible global function definition for ‘sfLibrary’
    fugeR.sfRun: no visible global function definition for ‘sfExport’
    fugeR.sfRun: no visible global function definition for ‘sfLapply’
    fugeR.sfRun: no visible global function definition for ‘sfStop’
    Undefined global functions or variables:
     runif sfExport sfInit sfLapply sfLibrary sfStop
    Consider adding
     importFrom("stats", "runif")
    to your NAMESPACE file.
Flavors: r-devel-linux-x86_64-fedora-clang, r-devel-linux-x86_64-fedora-gcc, r-devel-macos-x86_64-clang

Version: 0.1.2
Flags: --no-stop-on-test-error
Check: compiled code
Result: NOTE
    File ‘fugeR/libs/fugeR.so’:
     Found no calls to: ‘R_registerRoutines’, ‘R_useDynamicSymbols’
    
    It is good practice to register native routines and to disable symbol
    search.
    
    See ‘Writing portable packages’ in the ‘Writing R Extensions’ manual.
Flavors: r-devel-linux-x86_64-fedora-clang, r-devel-linux-x86_64-fedora-gcc, r-devel-macos-x86_64-clang

Version: 0.1.2
Check: R code for possible problems
Result: NOTE
    fugeR.sfRun: no visible global function definition for 'sfInit'
    fugeR.sfRun: no visible global function definition for 'sfLibrary'
    fugeR.sfRun: no visible global function definition for 'sfExport'
    fugeR.sfRun: no visible global function definition for 'sfLapply'
    fugeR.sfRun: no visible global function definition for 'sfStop'
Flavor: r-oldrel-windows-ix86+x86_64