CRAN Package Check Results for Package fugeR

Last updated on 2015-09-01 23:48:24.

Flavor Version Tinstall Tcheck Ttotal Status Flags
r-devel-linux-x86_64-debian-clang 0.1.2 9.21 13.51 22.72 NOTE
r-devel-linux-x86_64-debian-gcc 0.1.2 9.28 12.63 21.91 NOTE
r-devel-linux-x86_64-fedora-clang 0.1.2 45.67 NOTE
r-devel-linux-x86_64-fedora-gcc 0.1.2 41.10 NOTE
r-devel-osx-x86_64-clang 0.1.2 38.75 NOTE
r-devel-windows-ix86+x86_64 0.1.2 48.00 48.00 96.00 NOTE
r-patched-linux-x86_64 0.1.2 10.10 13.78 23.88 NOTE
r-patched-solaris-sparc 0.1.2 271.30 NOTE
r-patched-solaris-x86 0.1.2 58.60 NOTE
r-release-linux-x86_64 0.1.2 9.51 14.22 23.73 NOTE
r-release-osx-x86_64-mavericks 0.1.2 NOTE
r-release-windows-ix86+x86_64 0.1.2 50.00 40.00 90.00 NOTE
r-oldrel-windows-ix86+x86_64 0.1.2 51.00 48.00 99.00 NOTE

Check Details

Version: 0.1.2
Check: DESCRIPTION meta-information
Result: NOTE
    Malformed Title field: should not end in a period.
Flavors: r-devel-linux-x86_64-debian-clang, r-devel-linux-x86_64-debian-gcc, r-devel-linux-x86_64-fedora-clang, r-devel-linux-x86_64-fedora-gcc, r-devel-osx-x86_64-clang, r-devel-windows-ix86+x86_64, r-patched-linux-x86_64, r-patched-solaris-sparc, r-patched-solaris-x86, r-release-linux-x86_64, r-release-osx-x86_64-mavericks, r-release-windows-ix86+x86_64

Version: 0.1.2
Check: dependencies in R code
Result: NOTE
    Packages in Depends field not imported from:
     ‘Rcpp’ ‘snowfall’
     These packages need to be imported from (in the NAMESPACE file)
     for when this namespace is loaded but not attached.
Flavors: r-devel-linux-x86_64-debian-clang, r-devel-linux-x86_64-debian-gcc, r-devel-linux-x86_64-fedora-clang, r-devel-linux-x86_64-fedora-gcc, r-devel-osx-x86_64-clang, r-devel-windows-ix86+x86_64, r-patched-linux-x86_64, r-patched-solaris-sparc, r-patched-solaris-x86, r-release-linux-x86_64, r-release-osx-x86_64-mavericks, r-release-windows-ix86+x86_64, r-oldrel-windows-ix86+x86_64

Version: 0.1.2
Check: R code for possible problems
Result: NOTE
    fugeR.evo: no visible global function definition for ‘runif’
    fugeR.sfRun: no visible global function definition for ‘sfInit’
    fugeR.sfRun: no visible global function definition for ‘sfLibrary’
    fugeR.sfRun: no visible global function definition for ‘sfExport’
    fugeR.sfRun: no visible global function definition for ‘sfLapply’
    fugeR.sfRun: no visible global function definition for ‘sfStop’
    Undefined global functions or variables:
     runif sfExport sfInit sfLapply sfLibrary sfStop
    Consider adding
     importFrom("stats", "runif")
    to your NAMESPACE.
Flavors: r-devel-linux-x86_64-debian-clang, r-devel-linux-x86_64-debian-gcc, r-devel-linux-x86_64-fedora-clang, r-devel-linux-x86_64-fedora-gcc, r-devel-windows-ix86+x86_64

Version: 0.1.2
Check: R code for possible problems
Result: NOTE
    fugeR.sfRun: no visible global function definition for ‘sfInit’
    fugeR.sfRun: no visible global function definition for ‘sfLibrary’
    fugeR.sfRun: no visible global function definition for ‘sfExport’
    fugeR.sfRun: no visible global function definition for ‘sfLapply’
    fugeR.sfRun: no visible global function definition for ‘sfStop’
    Undefined global functions or variables:
     sfExport sfInit sfLapply sfLibrary sfStop
Flavor: r-devel-osx-x86_64-clang

Version: 0.1.2
Check: R code for possible problems
Result: NOTE
    fugeR.sfRun: no visible global function definition for ‘sfInit’
    fugeR.sfRun: no visible global function definition for ‘sfLibrary’
    fugeR.sfRun: no visible global function definition for ‘sfExport’
    fugeR.sfRun: no visible global function definition for ‘sfLapply’
    fugeR.sfRun: no visible global function definition for ‘sfStop’
Flavors: r-patched-linux-x86_64, r-patched-solaris-sparc, r-patched-solaris-x86, r-release-linux-x86_64, r-release-osx-x86_64-mavericks, r-release-windows-ix86+x86_64, r-oldrel-windows-ix86+x86_64