CRAN Package Check Results for Package fugeR

Last updated on 2016-09-30 09:48:05.

Flavor Version Tinstall Tcheck Ttotal Status Flags
r-devel-linux-x86_64-debian-clang 0.1.2 11.65 14.61 26.26 NOTE
r-devel-linux-x86_64-debian-gcc 0.1.2 10.63 14.71 25.34 NOTE
r-devel-linux-x86_64-fedora-clang 0.1.2 48.56 NOTE
r-devel-linux-x86_64-fedora-gcc 0.1.2 41.01 NOTE
r-devel-macos-x86_64-clang 0.1.2 34.97 NOTE
r-devel-windows-ix86+x86_64 0.1.2 30.00 48.00 78.00 NOTE
r-patched-linux-x86_64 0.1.2 9.23 13.73 22.96 NOTE
r-patched-solaris-sparc 0.1.2 253.10 NOTE
r-patched-solaris-x86 0.1.2 50.30 NOTE
r-release-linux-x86_64 0.1.2 9.29 13.75 23.03 NOTE
r-release-osx-x86_64-mavericks 0.1.2 NOTE
r-release-windows-ix86+x86_64 0.1.2 34.00 44.00 78.00 NOTE
r-oldrel-windows-ix86+x86_64 0.1.2 57.00 44.00 101.00 NOTE

Check Details

Version: 0.1.2
Check: DESCRIPTION meta-information
Result: NOTE
    Malformed Title field: should not end in a period.
Flavors: r-devel-linux-x86_64-debian-clang, r-devel-linux-x86_64-debian-gcc, r-devel-linux-x86_64-fedora-clang, r-devel-linux-x86_64-fedora-gcc, r-devel-macos-x86_64-clang, r-devel-windows-ix86+x86_64, r-patched-linux-x86_64, r-patched-solaris-sparc, r-patched-solaris-x86, r-release-linux-x86_64, r-release-osx-x86_64-mavericks, r-release-windows-ix86+x86_64, r-oldrel-windows-ix86+x86_64

Version: 0.1.2
Check: dependencies in R code
Result: NOTE
    Packages in Depends field not imported from:
     ‘Rcpp’ ‘snowfall’
     These packages need to be imported from (in the NAMESPACE file)
     for when this namespace is loaded but not attached.
Flavors: r-devel-linux-x86_64-debian-clang, r-devel-linux-x86_64-debian-gcc, r-devel-linux-x86_64-fedora-clang, r-devel-linux-x86_64-fedora-gcc, r-devel-macos-x86_64-clang, r-devel-windows-ix86+x86_64, r-patched-linux-x86_64, r-patched-solaris-sparc, r-patched-solaris-x86, r-release-linux-x86_64, r-release-osx-x86_64-mavericks, r-release-windows-ix86+x86_64, r-oldrel-windows-ix86+x86_64

Version: 0.1.2
Check: R code for possible problems
Result: NOTE
    fugeR.evo: no visible global function definition for ‘runif’
    fugeR.sfRun: no visible global function definition for ‘sfInit’
    fugeR.sfRun: no visible global function definition for ‘sfLibrary’
    fugeR.sfRun: no visible global function definition for ‘sfExport’
    fugeR.sfRun: no visible global function definition for ‘sfLapply’
    fugeR.sfRun: no visible global function definition for ‘sfStop’
    Undefined global functions or variables:
     runif sfExport sfInit sfLapply sfLibrary sfStop
    Consider adding
     importFrom("stats", "runif")
    to your NAMESPACE file.
Flavors: r-devel-linux-x86_64-debian-clang, r-devel-linux-x86_64-debian-gcc, r-devel-linux-x86_64-fedora-clang, r-devel-linux-x86_64-fedora-gcc, r-devel-macos-x86_64-clang, r-devel-windows-ix86+x86_64, r-patched-linux-x86_64, r-patched-solaris-sparc, r-patched-solaris-x86, r-release-linux-x86_64, r-release-osx-x86_64-mavericks, r-release-windows-ix86+x86_64

Version: 0.1.2
Check: R code for possible problems
Result: NOTE
    fugeR.sfRun: no visible global function definition for 'sfInit'
    fugeR.sfRun: no visible global function definition for 'sfLibrary'
    fugeR.sfRun: no visible global function definition for 'sfExport'
    fugeR.sfRun: no visible global function definition for 'sfLapply'
    fugeR.sfRun: no visible global function definition for 'sfStop'
Flavor: r-oldrel-windows-ix86+x86_64