CRAN Package Check Results for Package fullfact

Last updated on 2019-11-14 04:50:37 CET.

Flavor Version Tinstall Tcheck Ttotal Status Flags
r-devel-linux-x86_64-debian-clang 1.3 19.01 133.91 152.92 OK
r-devel-linux-x86_64-debian-gcc 1.3 15.09 103.42 118.51 OK
r-devel-linux-x86_64-fedora-clang 1.3 180.49 OK
r-devel-linux-x86_64-fedora-gcc 1.3 180.72 OK
r-devel-windows-ix86+x86_64 1.3 56.00 142.00 198.00 OK
r-patched-linux-x86_64 1.3 17.41 129.27 146.68 OK
r-patched-solaris-x86 1.3 253.00 OK
r-release-linux-x86_64 1.3 20.12 129.56 149.68 OK
r-release-windows-ix86+x86_64 1.3 32.00 217.00 249.00 OK
r-release-osx-x86_64 1.3 OK
r-oldrel-windows-ix86+x86_64 1.2 21.00 132.00 153.00 OK
r-oldrel-osx-x86_64 1.3 ERROR

Check Details

Version: 1.3
Check: whether package can be installed
Result: ERROR
    Installation failed.
Flavor: r-oldrel-osx-x86_64