CRAN Package Check Results for Package fume

Last updated on 2014-09-21 19:47:53.

Flavor Version Tinstall Tcheck Ttotal Status Flags
r-devel-linux-x86_64-debian-clang 1.0 0.65 19.50 20.16 NOTE
r-devel-linux-x86_64-debian-gcc 1.0 0.58 19.48 20.06 NOTE
r-devel-linux-x86_64-fedora-clang 1.0 44.22 NOTE
r-devel-linux-x86_64-fedora-gcc 1.0 40.74 NOTE
r-devel-osx-x86_64-clang 1.0 42.66 OK
r-devel-windows-ix86+x86_64 1.0 2.00 37.00 39.00 OK
r-patched-linux-x86_64 1.0 0.65 19.90 20.56 NOTE
r-patched-solaris-sparc 1.0 258.30 OK
r-patched-solaris-x86 1.0 88.60 OK
r-release-linux-ix86 1.0 0.98 33.78 34.76 OK
r-release-linux-x86_64 1.0 0.64 22.45 23.09 NOTE
r-release-osx-x86_64-mavericks 1.0 OK
r-release-windows-ix86+x86_64 1.0 2.00 35.00 37.00 OK
r-oldrel-windows-ix86+x86_64 1.0 3.00 30.00 33.00 OK

Check Details

Version: 1.0
Check: Rd line widths
Result: NOTE
    Rd file 'calibrateProj.Rd':
     \examples lines wider than 100 characters:
     legend('topleft', c('Observed','Predicted','Simulated','Corrected'), lty=1, col=c('red','green','blue','grey20'))
    
    These lines will be truncated in the PDF manual.
Flavors: r-devel-linux-x86_64-debian-clang, r-devel-linux-x86_64-debian-gcc, r-devel-linux-x86_64-fedora-clang, r-devel-linux-x86_64-fedora-gcc, r-patched-linux-x86_64, r-release-linux-x86_64