CRAN Package Check Results for Package fume

Last updated on 2014-04-24 21:47:40.

Flavor Version Tinstall Tcheck Ttotal Status Flags
r-devel-linux-x86_64-debian-clang 1.0 0.66 20.64 21.30 OK
r-devel-linux-x86_64-debian-gcc 1.0 2.74 20.10 22.84 OK
r-devel-linux-x86_64-fedora-clang 1.0 41.41 NOTE
r-devel-linux-x86_64-fedora-gcc 1.0 39.36 NOTE
r-devel-osx-x86_64-clang 1.0 38.08 OK
r-devel-osx-x86_64-gcc 1.0 OK
r-devel-windows-ix86+x86_64 1.0 2.00 32.00 34.00 OK
r-patched-linux-x86_64 1.0 2.66 20.15 22.80 OK
r-patched-solaris-sparc 1.0 240.60 OK
r-patched-solaris-x86 1.0 89.30 OK
r-release-linux-ix86 1.0 1.00 54.00 55.00 OK
r-release-linux-x86_64 1.0 0.65 20.23 20.88 OK
r-release-osx-x86_64-mavericks 1.0 WARN
r-release-windows-ix86+x86_64 1.0 2.00 40.00 42.00 OK
r-oldrel-windows-ix86+x86_64 1.0 3.00 32.00 35.00 OK

Check Details

Version: 1.0
Check: Rd line widths
Result: NOTE
    Rd file 'calibrateProj.Rd':
     \examples lines wider than 100 characters:
     legend('topleft', c('Observed','Predicted','Simulated','Corrected'), lty=1, col=c('red','green','blue','grey20'))
    
    These lines will be truncated in the PDF manual.
Flavors: r-devel-linux-x86_64-fedora-clang, r-devel-linux-x86_64-fedora-gcc

Version: 1.0
Check: PDF version of manual
Result: WARNING
    LaTeX errors when creating PDF version.
    This typically indicates Rd problems.
    LaTeX errors found:
    ! LaTeX Error: File `upquote.sty' not found.
    
    Type X to quit or <RETURN> to proceed,
    or enter new name. (Default extension: sty)
    
    ed6f736/Rd2.tex:8: ==> Fatal error occurred, no output PDF file produced!
Flavor: r-release-osx-x86_64-mavericks