CRAN Package Check Results for Package fume

Last updated on 2014-10-01 03:48:10.

Flavor Version Tinstall Tcheck Ttotal Status Flags
r-devel-linux-x86_64-debian-clang 1.0 0.80 19.60 20.41 NOTE
r-devel-linux-x86_64-debian-gcc 1.0 0.65 19.50 20.15 NOTE
r-devel-linux-x86_64-fedora-clang 1.0 46.16 NOTE
r-devel-linux-x86_64-fedora-gcc 1.0 43.24 NOTE
r-devel-osx-x86_64-clang 1.0 42.77 OK
r-devel-windows-ix86+x86_64 1.0 3.00 32.00 35.00 OK
r-patched-linux-x86_64 1.0 0.68 20.18 20.86 NOTE
r-patched-solaris-sparc 1.0 258.30 OK
r-patched-solaris-x86 1.0 91.10 OK
r-release-linux-ix86 1.0 0.98 33.77 34.75 OK
r-release-linux-x86_64 1.0 0.64 20.36 21.00 NOTE
r-release-osx-x86_64-mavericks 1.0 OK
r-release-windows-ix86+x86_64 1.0 3.00 33.00 36.00 OK
r-oldrel-windows-ix86+x86_64 1.0 3.00 28.00 31.00 OK

Check Details

Version: 1.0
Check: Rd line widths
Result: NOTE
    Rd file 'calibrateProj.Rd':
     \examples lines wider than 100 characters:
     legend('topleft', c('Observed','Predicted','Simulated','Corrected'), lty=1, col=c('red','green','blue','grey20'))
    
    These lines will be truncated in the PDF manual.
Flavors: r-devel-linux-x86_64-debian-clang, r-devel-linux-x86_64-debian-gcc, r-devel-linux-x86_64-fedora-clang, r-devel-linux-x86_64-fedora-gcc, r-patched-linux-x86_64, r-release-linux-x86_64