CRAN Package Check Results for Package fume

Last updated on 2014-07-31 11:51:09.

Flavor Version Tinstall Tcheck Ttotal Status Flags
r-devel-linux-x86_64-debian-clang 1.0 0.64 20.29 20.94 OK
r-devel-linux-x86_64-debian-gcc 1.0 0.63 19.72 20.35 OK
r-devel-linux-x86_64-fedora-clang 1.0 45.62 NOTE
r-devel-linux-x86_64-fedora-gcc 1.0 41.25 NOTE
r-devel-osx-x86_64-clang 1.0 41.41 OK
r-devel-windows-ix86+x86_64 1.0 2.00 35.00 37.00 OK
r-patched-linux-x86_64 1.0 0.62 19.72 20.34 OK
r-patched-solaris-sparc 1.0 258.30 OK
r-patched-solaris-x86 1.0 83.60 OK
r-release-linux-ix86 1.0 0.96 33.08 34.05 OK
r-release-linux-x86_64 1.0 0.64 19.74 20.38 OK
r-release-osx-x86_64-mavericks 1.0 OK
r-release-windows-ix86+x86_64 1.0 4.00 45.00 49.00 OK
r-oldrel-windows-ix86+x86_64 1.0 4.00 41.00 45.00 OK

Check Details

Version: 1.0
Check: Rd line widths
Result: NOTE
    Rd file 'calibrateProj.Rd':
     \examples lines wider than 100 characters:
     legend('topleft', c('Observed','Predicted','Simulated','Corrected'), lty=1, col=c('red','green','blue','grey20'))
    
    These lines will be truncated in the PDF manual.
Flavors: r-devel-linux-x86_64-fedora-clang, r-devel-linux-x86_64-fedora-gcc