CRAN Package Check Results for Package fun

Last updated on 2015-07-02 19:47:09.

Flavor Version Tinstall Tcheck Ttotal Status Flags
r-devel-linux-x86_64-debian-clang 0.1-0 0.81 10.17 10.98 NOTE
r-devel-linux-x86_64-debian-gcc 0.1-0 0.58 9.66 10.25 NOTE
r-devel-linux-x86_64-fedora-clang 0.1-0 19.42 NOTE
r-devel-linux-x86_64-fedora-gcc 0.1-0 17.69 NOTE
r-devel-osx-x86_64-clang 0.1-0 21.72 OK
r-devel-windows-ix86+x86_64 0.1-0 5.00 22.00 27.00 OK
r-patched-linux-x86_64 0.1-0 0.60 10.49 11.09 OK
r-patched-solaris-sparc 0.1-0 134.00 OK
r-patched-solaris-x86 0.1-0 29.70 OK
r-release-linux-x86_64 0.1-0 0.60 10.64 11.24 OK
r-release-osx-x86_64-mavericks 0.1-0 OK
r-release-windows-ix86+x86_64 0.1-0 2.00 19.00 21.00 OK
r-oldrel-windows-ix86+x86_64 0.1-0 4.00 19.00 23.00 OK

Check Details

Version: 0.1-0
Check: R code for possible problems
Result: NOTE
    alzheimer_test: no visible global function definition for ‘formatUL’
    alzheimer_test: no visible global function definition for ‘menu’
    alzheimer_test: no visible global function definition for
     ‘flush.console’
    gomoku: no visible global function definition for ‘par’
    gomoku: no visible global function definition for ‘plot’
    gomoku: no visible global function definition for ‘segments’
    gomoku: no visible global function definition for ‘points’
    gomoku: no visible global function definition for ‘box’
    gomoku: no visible global function definition for ‘locator’
    lights_out : replot: no visible global function definition for
     ‘symbols’
    lights_out: no visible global function definition for ‘par’
    lights_out: no visible global function definition for ‘plot’
    lights_out : mousedown: no visible global function definition for
     ‘grconvertX’
    lights_out : mousedown: no visible global function definition for
     ‘grconvertY’
    lights_out: no visible global function definition for
     ‘getGraphicsEvent’
    mine_sweeper: no visible global function definition for ‘par’
    mine_sweeper: no visible global function definition for ‘plot’
    mine_sweeper: no visible global function definition for ‘symbols’
    mine_sweeper : plot.mine: no visible global function definition for
     ‘symbols’
    mine_sweeper : plot.mine: no visible global function definition for
     ‘segments’
    mine_sweeper : plot.flag: no visible global function definition for
     ‘symbols’
    mine_sweeper : plot.flag: no visible global function definition for
     ‘segments’
    mine_sweeper : mousedown: no visible global function definition for
     ‘grconvertX’
    mine_sweeper : mousedown: no visible global function definition for
     ‘grconvertY’
    mine_sweeper : mousedown: no visible global function definition for
     ‘text’
    mine_sweeper : mousedown: no visible global function definition for
     ‘symbols’
    mine_sweeper: no visible global function definition for
     ‘getGraphicsEvent’
    sliding_puzzle : replot: no visible global function definition for
     ‘par’
    sliding_puzzle : replot: no visible global function definition for
     ‘plot’
    sliding_puzzle : replot: no visible global function definition for
     ‘segments’
    sliding_puzzle : replot: no visible global function definition for
     ‘symbols’
    sliding_puzzle : replot: no visible global function definition for
     ‘text’
    sliding_puzzle : mousedown: no visible global function definition for
     ‘grconvertX’
    sliding_puzzle : mousedown: no visible global function definition for
     ‘grconvertY’
    sliding_puzzle: no visible global function definition for
     ‘getGraphicsEvent’
    tag_cloud: no visible global function definition for ‘URLencode’
    tag_cloud: no visible global function definition for ‘download.file’
    tower_of_hanoi: no visible global function definition for ‘rainbow’
    tower_of_hanoi: no visible global function definition for ‘par’
    tower_of_hanoi : draw.hanoi: no visible global function definition for
     ‘plot’
    tower_of_hanoi : draw.hanoi: no visible global function definition for
     ‘rect’
    tower_of_hanoi : draw.hanoi: no visible global function definition for
     ‘barplot’
    Undefined global functions or variables:
     URLencode barplot box download.file flush.console formatUL
     getGraphicsEvent grconvertX grconvertY locator menu par plot points
     rainbow rect segments symbols text
Flavors: r-devel-linux-x86_64-debian-clang, r-devel-linux-x86_64-fedora-clang, r-devel-linux-x86_64-fedora-gcc

Version: 0.1-0
Check: R code for possible problems
Result: NOTE
    alzheimer_test: no visible global function definition for ‘formatUL’
    alzheimer_test: no visible global function definition for ‘menu’
    alzheimer_test: no visible global function definition for
     ‘flush.console’
    gomoku: no visible global function definition for ‘par’
    gomoku: no visible global function definition for ‘plot’
    gomoku: no visible global function definition for ‘segments’
    gomoku: no visible global function definition for ‘points’
    gomoku: no visible global function definition for ‘box’
    gomoku: no visible global function definition for ‘locator’
    lights_out : replot: no visible global function definition for
     ‘symbols’
    lights_out: no visible global function definition for ‘par’
    lights_out: no visible global function definition for ‘plot’
    lights_out : mousedown: no visible global function definition for
     ‘grconvertX’
    lights_out : mousedown: no visible global function definition for
     ‘grconvertY’
    lights_out: no visible global function definition for
     ‘getGraphicsEvent’
    mine_sweeper: no visible global function definition for ‘par’
    mine_sweeper: no visible global function definition for ‘plot’
    mine_sweeper: no visible global function definition for ‘symbols’
    mine_sweeper : plot.mine: no visible global function definition for
     ‘symbols’
    mine_sweeper : plot.mine: no visible global function definition for
     ‘segments’
    mine_sweeper : plot.flag: no visible global function definition for
     ‘symbols’
    mine_sweeper : plot.flag: no visible global function definition for
     ‘segments’
    mine_sweeper : mousedown: no visible global function definition for
     ‘grconvertX’
    mine_sweeper : mousedown: no visible global function definition for
     ‘grconvertY’
    mine_sweeper : mousedown: no visible global function definition for
     ‘text’
    mine_sweeper : mousedown: no visible global function definition for
     ‘symbols’
    mine_sweeper: no visible global function definition for
     ‘getGraphicsEvent’
    sliding_puzzle : replot: no visible global function definition for
     ‘par’
    sliding_puzzle : replot: no visible global function definition for
     ‘plot’
    sliding_puzzle : replot: no visible global function definition for
     ‘segments’
    sliding_puzzle : replot: no visible global function definition for
     ‘symbols’
    sliding_puzzle : replot: no visible global function definition for
     ‘text’
    sliding_puzzle : mousedown: no visible global function definition for
     ‘grconvertX’
    sliding_puzzle : mousedown: no visible global function definition for
     ‘grconvertY’
    sliding_puzzle: no visible global function definition for
     ‘getGraphicsEvent’
    tag_cloud: no visible global function definition for ‘URLencode’
    tag_cloud: no visible global function definition for ‘download.file’
    tower_of_hanoi: no visible global function definition for ‘rainbow’
    tower_of_hanoi: no visible global function definition for ‘par’
    tower_of_hanoi : draw.hanoi: no visible global function definition for
     ‘plot’
    tower_of_hanoi : draw.hanoi: no visible global function definition for
     ‘rect’
    tower_of_hanoi : draw.hanoi: no visible global function definition for
     ‘barplot’
Flavor: r-devel-linux-x86_64-debian-gcc