CRAN Package Check Results for Package fun

Last updated on 2017-03-30 19:47:44.

Flavor Version Tinstall Tcheck Ttotal Status Flags
r-devel-linux-x86_64-debian-clang 0.1-0 0.62 12.90 13.52 NOTE
r-devel-linux-x86_64-debian-gcc 0.1-0 0.66 13.14 13.80 NOTE
r-devel-linux-x86_64-fedora-clang 0.1-0 22.11 NOTE --no-stop-on-test-error
r-devel-linux-x86_64-fedora-gcc 0.1-0 20.48 NOTE --no-stop-on-test-error
r-devel-macos-x86_64-clang 0.1-0 19.49 NOTE --no-stop-on-test-error
r-devel-windows-ix86+x86_64 0.1-0 3.00 26.00 29.00 NOTE
r-patched-linux-x86_64 0.1-0 0.74 12.88 13.62 NOTE
r-patched-solaris-sparc 0.1-0 131.70 NOTE
r-release-linux-x86_64 0.1-0 0.65 10.81 11.45 NOTE
r-release-osx-x86_64-mavericks 0.1-0 NOTE
r-release-windows-ix86+x86_64 0.1-0 3.00 26.00 29.00 NOTE
r-oldrel-windows-ix86+x86_64 0.1-0 3.00 21.00 24.00 OK

Check Details

Version: 0.1-0
Check: R code for possible problems
Result: NOTE
    alzheimer_test: no visible global function definition for ‘formatUL’
    alzheimer_test: no visible global function definition for ‘menu’
    alzheimer_test: no visible global function definition for
     ‘flush.console’
    gomoku: no visible global function definition for ‘par’
    gomoku: no visible global function definition for ‘plot’
    gomoku: no visible global function definition for ‘segments’
    gomoku: no visible global function definition for ‘points’
    gomoku: no visible global function definition for ‘box’
    gomoku: no visible global function definition for ‘locator’
    lights_out : replot: no visible global function definition for
     ‘symbols’
    lights_out: no visible global function definition for ‘par’
    lights_out: no visible global function definition for ‘plot’
    lights_out : mousedown: no visible global function definition for
     ‘grconvertX’
    lights_out : mousedown: no visible global function definition for
     ‘grconvertY’
    lights_out: no visible global function definition for
     ‘getGraphicsEvent’
    mine_sweeper: no visible global function definition for ‘par’
    mine_sweeper: no visible global function definition for ‘plot’
    mine_sweeper: no visible global function definition for ‘symbols’
    mine_sweeper : plot.mine: no visible global function definition for
     ‘symbols’
    mine_sweeper : plot.mine: no visible global function definition for
     ‘segments’
    mine_sweeper : plot.flag: no visible global function definition for
     ‘symbols’
    mine_sweeper : plot.flag: no visible global function definition for
     ‘segments’
    mine_sweeper : mousedown: no visible global function definition for
     ‘grconvertX’
    mine_sweeper : mousedown: no visible global function definition for
     ‘grconvertY’
    mine_sweeper : mousedown: no visible global function definition for
     ‘text’
    mine_sweeper : mousedown: no visible global function definition for
     ‘symbols’
    mine_sweeper: no visible global function definition for
     ‘getGraphicsEvent’
    sliding_puzzle : replot: no visible global function definition for
     ‘par’
    sliding_puzzle : replot: no visible global function definition for
     ‘plot’
    sliding_puzzle : replot: no visible global function definition for
     ‘segments’
    sliding_puzzle : replot: no visible global function definition for
     ‘symbols’
    sliding_puzzle : replot: no visible global function definition for
     ‘text’
    sliding_puzzle : mousedown: no visible global function definition for
     ‘grconvertX’
    sliding_puzzle : mousedown: no visible global function definition for
     ‘grconvertY’
    sliding_puzzle: no visible global function definition for
     ‘getGraphicsEvent’
    tag_cloud: no visible global function definition for ‘URLencode’
    tag_cloud: no visible global function definition for ‘download.file’
    tower_of_hanoi: no visible global function definition for ‘rainbow’
    tower_of_hanoi: no visible global function definition for ‘par’
    tower_of_hanoi : draw.hanoi: no visible global function definition for
     ‘plot’
    tower_of_hanoi : draw.hanoi: no visible global function definition for
     ‘rect’
    tower_of_hanoi : draw.hanoi: no visible global function definition for
     ‘barplot’
    Undefined global functions or variables:
     URLencode barplot box download.file flush.console formatUL
     getGraphicsEvent grconvertX grconvertY locator menu par plot points
     rainbow rect segments symbols text
    Consider adding
     importFrom("grDevices", "getGraphicsEvent", "rainbow")
     importFrom("graphics", "barplot", "box", "grconvertX", "grconvertY",
     "locator", "par", "plot", "points", "rect", "segments",
     "symbols", "text")
     importFrom("utils", "URLencode", "download.file", "flush.console",
     "formatUL", "menu")
    to your NAMESPACE file.
Flavors: r-devel-linux-x86_64-debian-clang, r-devel-linux-x86_64-debian-gcc, r-devel-windows-ix86+x86_64, r-patched-linux-x86_64, r-patched-solaris-sparc, r-release-linux-x86_64, r-release-osx-x86_64-mavericks, r-release-windows-ix86+x86_64

Version: 0.1-0
Flags: --no-stop-on-test-error
Check: R code for possible problems
Result: NOTE
    alzheimer_test: no visible global function definition for ‘formatUL’
    alzheimer_test: no visible global function definition for ‘menu’
    alzheimer_test: no visible global function definition for
     ‘flush.console’
    gomoku: no visible global function definition for ‘par’
    gomoku: no visible global function definition for ‘plot’
    gomoku: no visible global function definition for ‘segments’
    gomoku: no visible global function definition for ‘points’
    gomoku: no visible global function definition for ‘box’
    gomoku: no visible global function definition for ‘locator’
    lights_out : replot: no visible global function definition for
     ‘symbols’
    lights_out: no visible global function definition for ‘par’
    lights_out: no visible global function definition for ‘plot’
    lights_out : mousedown: no visible global function definition for
     ‘grconvertX’
    lights_out : mousedown: no visible global function definition for
     ‘grconvertY’
    lights_out: no visible global function definition for
     ‘getGraphicsEvent’
    mine_sweeper: no visible global function definition for ‘par’
    mine_sweeper: no visible global function definition for ‘plot’
    mine_sweeper: no visible global function definition for ‘symbols’
    mine_sweeper : plot.mine: no visible global function definition for
     ‘symbols’
    mine_sweeper : plot.mine: no visible global function definition for
     ‘segments’
    mine_sweeper : plot.flag: no visible global function definition for
     ‘symbols’
    mine_sweeper : plot.flag: no visible global function definition for
     ‘segments’
    mine_sweeper : mousedown: no visible global function definition for
     ‘grconvertX’
    mine_sweeper : mousedown: no visible global function definition for
     ‘grconvertY’
    mine_sweeper : mousedown: no visible global function definition for
     ‘text’
    mine_sweeper : mousedown: no visible global function definition for
     ‘symbols’
    mine_sweeper: no visible global function definition for
     ‘getGraphicsEvent’
    sliding_puzzle : replot: no visible global function definition for
     ‘par’
    sliding_puzzle : replot: no visible global function definition for
     ‘plot’
    sliding_puzzle : replot: no visible global function definition for
     ‘segments’
    sliding_puzzle : replot: no visible global function definition for
     ‘symbols’
    sliding_puzzle : replot: no visible global function definition for
     ‘text’
    sliding_puzzle : mousedown: no visible global function definition for
     ‘grconvertX’
    sliding_puzzle : mousedown: no visible global function definition for
     ‘grconvertY’
    sliding_puzzle: no visible global function definition for
     ‘getGraphicsEvent’
    tag_cloud: no visible global function definition for ‘URLencode’
    tag_cloud: no visible global function definition for ‘download.file’
    tower_of_hanoi: no visible global function definition for ‘rainbow’
    tower_of_hanoi: no visible global function definition for ‘par’
    tower_of_hanoi : draw.hanoi: no visible global function definition for
     ‘plot’
    tower_of_hanoi : draw.hanoi: no visible global function definition for
     ‘rect’
    tower_of_hanoi : draw.hanoi: no visible global function definition for
     ‘barplot’
    Undefined global functions or variables:
     URLencode barplot box download.file flush.console formatUL
     getGraphicsEvent grconvertX grconvertY locator menu par plot points
     rainbow rect segments symbols text
    Consider adding
     importFrom("grDevices", "getGraphicsEvent", "rainbow")
     importFrom("graphics", "barplot", "box", "grconvertX", "grconvertY",
     "locator", "par", "plot", "points", "rect", "segments",
     "symbols", "text")
     importFrom("utils", "URLencode", "download.file", "flush.console",
     "formatUL", "menu")
    to your NAMESPACE file.
Flavors: r-devel-linux-x86_64-fedora-clang, r-devel-linux-x86_64-fedora-gcc, r-devel-macos-x86_64-clang