CRAN Package Check Results for Package functional

Last updated on 2018-01-16 23:48:47 CET.

Flavor Version Tinstall Tcheck Ttotal Status Flags
r-devel-linux-x86_64-debian-clang 0.6 0.57 16.02 16.59 NOTE
r-devel-linux-x86_64-debian-gcc 0.6 0.57 12.70 13.27 NOTE
r-devel-linux-x86_64-fedora-clang 0.6 19.12 NOTE
r-devel-linux-x86_64-fedora-gcc 0.6 18.47 NOTE
r-devel-windows-ix86+x86_64 0.6 2.00 28.00 30.00 NOTE
r-patched-linux-x86_64 0.6 0.68 14.56 15.24 NOTE
r-patched-solaris-x86 0.6 29.70 NOTE
r-release-linux-x86_64 0.6 0.63 14.46 15.09 NOTE
r-release-windows-ix86+x86_64 0.6 2.00 23.00 25.00 NOTE
r-release-osx-x86_64 0.6 NOTE
r-oldrel-windows-ix86+x86_64 0.6 2.00 22.00 24.00 NOTE
r-oldrel-osx-x86_64 0.6 NOTE

Check Details

Version: 0.6
Check: DESCRIPTION meta-information
Result: NOTE
    Malformed Description field: should contain one or more complete sentences.
Flavors: r-devel-linux-x86_64-debian-clang, r-devel-linux-x86_64-debian-gcc, r-devel-linux-x86_64-fedora-clang, r-devel-linux-x86_64-fedora-gcc, r-devel-windows-ix86+x86_64, r-patched-linux-x86_64, r-patched-solaris-x86, r-release-linux-x86_64, r-release-windows-ix86+x86_64, r-release-osx-x86_64, r-oldrel-windows-ix86+x86_64, r-oldrel-osx-x86_64