CRAN Package Check Results for Package functional

Last updated on 2016-07-23 16:46:50.

Flavor Version Tinstall Tcheck Ttotal Status Flags
r-devel-linux-x86_64-debian-clang 0.6 0.76 10.51 11.27 NOTE
r-devel-linux-x86_64-debian-gcc 0.6 0.54 10.15 10.69 NOTE
r-devel-linux-x86_64-fedora-clang 0.6 14.06 NOTE
r-devel-linux-x86_64-fedora-gcc 0.6 13.21 NOTE
r-devel-osx-x86_64-clang 0.6 13.74 NOTE
r-devel-windows-ix86+x86_64 0.6 2.00 31.00 33.00 NOTE
r-patched-linux-x86_64 0.6 1.01 10.47 11.48 NOTE
r-patched-solaris-sparc 0.6 94.50 NOTE
r-patched-solaris-x86 0.6 21.90 NOTE
r-release-linux-x86_64 0.6 0.64 10.32 10.96 NOTE
r-release-osx-x86_64-mavericks 0.6 NOTE
r-release-windows-ix86+x86_64 0.6 3.00 29.00 32.00 NOTE
r-oldrel-windows-ix86+x86_64 0.6 2.00 15.00 17.00 NOTE

Check Details

Version: 0.6
Check: DESCRIPTION meta-information
Result: NOTE
    Malformed Description field: should contain one or more complete sentences.
Flavors: r-devel-linux-x86_64-debian-clang, r-devel-linux-x86_64-debian-gcc, r-devel-linux-x86_64-fedora-clang, r-devel-linux-x86_64-fedora-gcc, r-devel-osx-x86_64-clang, r-devel-windows-ix86+x86_64, r-patched-linux-x86_64, r-patched-solaris-sparc, r-patched-solaris-x86, r-release-linux-x86_64, r-release-osx-x86_64-mavericks, r-release-windows-ix86+x86_64, r-oldrel-windows-ix86+x86_64