CRAN Package Check Results for Package functional

Last updated on 2015-07-03 13:46:31.

Flavor Version Tinstall Tcheck Ttotal Status Flags
r-devel-linux-x86_64-debian-clang 0.6 0.49 8.19 8.68 NOTE
r-devel-linux-x86_64-debian-gcc 0.6 0.49 7.67 8.16 NOTE
r-devel-linux-x86_64-fedora-clang 0.6 15.78 NOTE
r-devel-linux-x86_64-fedora-gcc 0.6 14.55 NOTE
r-devel-osx-x86_64-clang 0.6 18.73 NOTE
r-devel-windows-ix86+x86_64 0.6 4.00 17.00 21.00 NOTE
r-patched-linux-x86_64 0.6 0.52 9.02 9.54 NOTE
r-patched-solaris-sparc 0.6 113.90 NOTE
r-patched-solaris-x86 0.6 26.00 NOTE
r-release-linux-x86_64 0.6 0.52 8.62 9.14 NOTE
r-release-osx-x86_64-mavericks 0.6 NOTE
r-release-windows-ix86+x86_64 0.6 3.00 15.00 18.00 NOTE
r-oldrel-windows-ix86+x86_64 0.6 4.00 17.00 21.00 OK

Check Details

Version: 0.6
Check: DESCRIPTION meta-information
Result: NOTE
    Malformed Description field: should contain one or more complete sentences.
Flavors: r-devel-linux-x86_64-debian-clang, r-devel-linux-x86_64-debian-gcc, r-devel-linux-x86_64-fedora-clang, r-devel-linux-x86_64-fedora-gcc, r-devel-osx-x86_64-clang, r-devel-windows-ix86+x86_64, r-patched-linux-x86_64, r-patched-solaris-sparc, r-patched-solaris-x86, r-release-linux-x86_64, r-release-osx-x86_64-mavericks, r-release-windows-ix86+x86_64