CRAN Package Check Results for Package functional

Last updated on 2017-01-20 23:50:25.

Flavor Version Tinstall Tcheck Ttotal Status Flags
r-devel-linux-x86_64-debian-clang 0.6 0.64 10.14 10.78 NOTE
r-devel-linux-x86_64-debian-gcc 0.6 0.56 9.99 10.55 NOTE
r-devel-linux-x86_64-fedora-clang 0.6 16.99 NOTE --no-stop-on-test-error
r-devel-linux-x86_64-fedora-gcc 0.6 16.20 NOTE --no-stop-on-test-error
r-devel-macos-x86_64-clang 0.6 16.06 NOTE --no-stop-on-test-error
r-devel-windows-ix86+x86_64 0.6 2.00 26.00 28.00 NOTE
r-patched-linux-x86_64 0.6 0.50 8.31 8.80 NOTE
r-patched-solaris-sparc 0.6 97.80 NOTE
r-patched-solaris-x86 0.6 21.70 NOTE
r-release-linux-x86_64 0.6 0.54 8.35 8.89 NOTE
r-release-osx-x86_64-mavericks 0.6 NOTE
r-release-windows-ix86+x86_64 0.6 2.00 22.00 24.00 NOTE
r-oldrel-windows-ix86+x86_64 0.6 2.00 20.00 22.00 NOTE

Check Details

Version: 0.6
Check: DESCRIPTION meta-information
Result: NOTE
    Malformed Description field: should contain one or more complete sentences.
Flavors: r-devel-linux-x86_64-debian-clang, r-devel-linux-x86_64-debian-gcc, r-devel-windows-ix86+x86_64, r-patched-linux-x86_64, r-patched-solaris-sparc, r-patched-solaris-x86, r-release-linux-x86_64, r-release-osx-x86_64-mavericks, r-release-windows-ix86+x86_64, r-oldrel-windows-ix86+x86_64

Version: 0.6
Flags: --no-stop-on-test-error
Check: DESCRIPTION meta-information
Result: NOTE
    Malformed Description field: should contain one or more complete sentences.
Flavors: r-devel-linux-x86_64-fedora-clang, r-devel-linux-x86_64-fedora-gcc, r-devel-macos-x86_64-clang