CRAN Package Check Results for Package functional

Last updated on 2023-09-30 15:54:12 CEST.

Flavor Version Tinstall Tcheck Ttotal Status Flags
r-devel-linux-x86_64-debian-clang 0.6 1.60 20.57 22.17 NOTE
r-devel-linux-x86_64-debian-gcc 0.6 1.26 16.18 17.44 NOTE
r-devel-linux-x86_64-fedora-clang 0.6 28.16 NOTE
r-devel-linux-x86_64-fedora-gcc 0.6 27.13 NOTE
r-devel-windows-x86_64 0.6 2.00 37.00 39.00 NOTE
r-patched-linux-x86_64 0.6 1.96 20.44 22.40 NOTE
r-release-linux-x86_64 0.6 1.76 20.18 21.94 NOTE
r-release-macos-arm64 0.6 14.00 NOTE
r-release-macos-x86_64 0.6 19.00 NOTE
r-release-windows-x86_64 0.6 2.00 40.00 42.00 NOTE
r-oldrel-macos-arm64 0.6 13.00 NOTE
r-oldrel-macos-x86_64 0.6 22.00 NOTE
r-oldrel-windows-x86_64 0.6 6.00 42.00 48.00 NOTE

Check Details

Version: 0.6
Check: DESCRIPTION meta-information
Result: NOTE
    Malformed Description field: should contain one or more complete sentences.
Flavors: r-devel-linux-x86_64-debian-clang, r-devel-linux-x86_64-debian-gcc, r-devel-linux-x86_64-fedora-clang, r-devel-linux-x86_64-fedora-gcc, r-devel-windows-x86_64, r-patched-linux-x86_64, r-release-linux-x86_64, r-release-macos-arm64, r-release-macos-x86_64, r-release-windows-x86_64, r-oldrel-macos-arm64, r-oldrel-macos-x86_64, r-oldrel-windows-x86_64