CRAN Package Check Results for Package functional

Last updated on 2017-10-22 22:48:46.

Flavor Version Tinstall Tcheck Ttotal Status Flags
r-devel-linux-x86_64-debian-clang 0.6 0.56 10.51 11.08 NOTE
r-devel-linux-x86_64-debian-gcc 0.6 0.65 10.78 11.43 NOTE
r-devel-linux-x86_64-fedora-clang 0.6 18.73 NOTE
r-devel-linux-x86_64-fedora-gcc 0.6 17.36 NOTE
r-devel-windows-ix86+x86_64 0.6 4.00 22.00 26.00 NOTE
r-patched-linux-x86_64 0.6 0.61 10.47 11.07 NOTE
r-patched-solaris-x86 0.6 26.30 NOTE
r-release-linux-x86_64 0.6 0.64 10.47 11.10 NOTE
r-release-windows-ix86+x86_64 0.6 2.00 23.00 25.00 NOTE
r-release-osx-x86_64 0.6 NOTE
r-oldrel-windows-ix86+x86_64 0.6 2.00 22.00 24.00 NOTE
r-oldrel-osx-x86_64 0.6 NOTE

Check Details

Version: 0.6
Check: DESCRIPTION meta-information
Result: NOTE
    Malformed Description field: should contain one or more complete sentences.
Flavors: r-devel-linux-x86_64-debian-clang, r-devel-linux-x86_64-debian-gcc, r-devel-linux-x86_64-fedora-clang, r-devel-linux-x86_64-fedora-gcc, r-devel-windows-ix86+x86_64, r-patched-linux-x86_64, r-patched-solaris-x86, r-release-linux-x86_64, r-release-windows-ix86+x86_64, r-release-osx-x86_64, r-oldrel-windows-ix86+x86_64, r-oldrel-osx-x86_64