CRAN Package Check Results for Package functional

Last updated on 2017-04-26 21:47:13.

Flavor Version Tinstall Tcheck Ttotal Status Flags
r-devel-linux-x86_64-debian-clang 0.6 0.62 10.21 10.83 NOTE
r-devel-linux-x86_64-debian-gcc 0.6 0.58 10.35 10.93 NOTE
r-devel-linux-x86_64-fedora-clang 0.6 17.94 NOTE --no-stop-on-test-error
r-devel-linux-x86_64-fedora-gcc 0.6 16.85 NOTE --no-stop-on-test-error
r-devel-windows-ix86+x86_64 0.6 3.00 31.00 34.00 NOTE
r-patched-linux-x86_64 0.6 0.59 10.31 10.90 NOTE
r-patched-solaris-sparc 0.6 103.90 NOTE
r-patched-solaris-x86 0.6 25.20 NOTE
r-release-linux-x86_64 0.6 0.58 10.39 10.97 NOTE
r-release-windows-ix86+x86_64 0.6 2.00 24.00 26.00 NOTE
r-release-osx-x86_64 0.6 NOTE
r-oldrel-windows-ix86+x86_64 0.6 2.00 22.00 24.00 NOTE
r-oldrel-osx-x86_64 0.6 NOTE

Check Details

Version: 0.6
Check: DESCRIPTION meta-information
Result: NOTE
    Malformed Description field: should contain one or more complete sentences.
Flavors: r-devel-linux-x86_64-debian-clang, r-devel-linux-x86_64-debian-gcc, r-devel-windows-ix86+x86_64, r-patched-linux-x86_64, r-patched-solaris-sparc, r-patched-solaris-x86, r-release-linux-x86_64, r-release-windows-ix86+x86_64, r-release-osx-x86_64, r-oldrel-windows-ix86+x86_64, r-oldrel-osx-x86_64

Version: 0.6
Flags: --no-stop-on-test-error
Check: DESCRIPTION meta-information
Result: NOTE
    Malformed Description field: should contain one or more complete sentences.
Flavors: r-devel-linux-x86_64-fedora-clang, r-devel-linux-x86_64-fedora-gcc