CRAN Package Check Results for Package functional

Last updated on 2016-05-30 23:47:34.

Flavor Version Tinstall Tcheck Ttotal Status Flags
r-devel-linux-x86_64-debian-gcc 0.6 0.53 8.37 8.90 NOTE
r-devel-linux-x86_64-fedora-clang 0.6 16.18 NOTE
r-devel-linux-x86_64-fedora-gcc 0.6 13.54 NOTE
r-devel-osx-x86_64-clang 0.6 18.11 NOTE
r-devel-windows-ix86+x86_64 0.6 2.00 23.00 25.00 NOTE
r-patched-linux-x86_64 0.6 0.56 8.43 8.99 NOTE
r-patched-solaris-sparc 0.6 94.90 NOTE
r-patched-solaris-x86 0.6 23.00 NOTE
r-release-linux-x86_64 0.6 0.52 8.31 8.83 NOTE
r-release-osx-x86_64-mavericks 0.6 NOTE
r-release-windows-ix86+x86_64 0.6 3.00 29.00 32.00 NOTE
r-oldrel-windows-ix86+x86_64 0.6 2.00 15.00 17.00 NOTE

Check Details

Version: 0.6
Check: DESCRIPTION meta-information
Result: NOTE
    Malformed Description field: should contain one or more complete sentences.
Flavors: r-devel-linux-x86_64-debian-gcc, r-devel-linux-x86_64-fedora-clang, r-devel-linux-x86_64-fedora-gcc, r-devel-osx-x86_64-clang, r-devel-windows-ix86+x86_64, r-patched-linux-x86_64, r-patched-solaris-sparc, r-patched-solaris-x86, r-release-linux-x86_64, r-release-osx-x86_64-mavericks, r-release-windows-ix86+x86_64, r-oldrel-windows-ix86+x86_64