CRAN Package Check Results for Package functional

Last updated on 2015-08-27 23:46:54.

Flavor Version Tinstall Tcheck Ttotal Status Flags
r-devel-linux-x86_64-debian-clang 0.6 0.50 8.15 8.65 NOTE
r-devel-linux-x86_64-debian-gcc 0.6 0.50 7.84 8.34 NOTE
r-devel-linux-x86_64-fedora-clang 0.6 15.44 NOTE
r-devel-linux-x86_64-fedora-gcc 0.6 14.40 NOTE
r-devel-osx-x86_64-clang 0.6 18.00 NOTE
r-devel-windows-ix86+x86_64 0.6 4.00 23.00 27.00 NOTE
r-patched-linux-x86_64 0.6 0.52 8.38 8.90 NOTE
r-patched-solaris-sparc 0.6 113.30 NOTE
r-patched-solaris-x86 0.6 26.20 NOTE
r-release-linux-x86_64 0.6 0.53 8.34 8.88 NOTE
r-release-osx-x86_64-mavericks 0.6 NOTE
r-release-windows-ix86+x86_64 0.6 3.00 16.00 19.00 NOTE
r-oldrel-windows-ix86+x86_64 0.6 4.00 17.00 21.00 OK

Check Details

Version: 0.6
Check: DESCRIPTION meta-information
Result: NOTE
    Malformed Description field: should contain one or more complete sentences.
Flavors: r-devel-linux-x86_64-debian-clang, r-devel-linux-x86_64-debian-gcc, r-devel-linux-x86_64-fedora-clang, r-devel-linux-x86_64-fedora-gcc, r-devel-osx-x86_64-clang, r-devel-windows-ix86+x86_64, r-patched-linux-x86_64, r-patched-solaris-sparc, r-patched-solaris-x86, r-release-linux-x86_64, r-release-osx-x86_64-mavericks, r-release-windows-ix86+x86_64