CRAN Package Check Results for Package functional

Last updated on 2016-06-25 19:48:21.

Flavor Version Tinstall Tcheck Ttotal Status Flags
r-devel-linux-x86_64-debian-gcc 0.6 0.54 9.03 9.57 NOTE
r-devel-linux-x86_64-fedora-clang 0.6 14.07 NOTE
r-devel-linux-x86_64-fedora-gcc 0.6 13.01 NOTE
r-devel-osx-x86_64-clang 0.6 13.72 NOTE
r-devel-windows-ix86+x86_64 0.6 3.00 23.00 26.00 NOTE
r-patched-linux-x86_64 0.6 0.66 8.83 9.49 NOTE
r-patched-solaris-sparc 0.6 94.50 NOTE
r-patched-solaris-x86 0.6 22.90 NOTE
r-release-linux-x86_64 0.6 0.61 8.90 9.51 NOTE
r-release-osx-x86_64-mavericks 0.6 NOTE
r-release-windows-ix86+x86_64 0.6 3.00 29.00 32.00 NOTE
r-oldrel-windows-ix86+x86_64 0.6 2.00 15.00 17.00 NOTE

Check Details

Version: 0.6
Check: DESCRIPTION meta-information
Result: NOTE
    Malformed Description field: should contain one or more complete sentences.
Flavors: r-devel-linux-x86_64-debian-gcc, r-devel-linux-x86_64-fedora-clang, r-devel-linux-x86_64-fedora-gcc, r-devel-osx-x86_64-clang, r-devel-windows-ix86+x86_64, r-patched-linux-x86_64, r-patched-solaris-sparc, r-patched-solaris-x86, r-release-linux-x86_64, r-release-osx-x86_64-mavericks, r-release-windows-ix86+x86_64, r-oldrel-windows-ix86+x86_64