CRAN Package Check Results for Package functional

Last updated on 2015-04-02 08:49:30.

Flavor Version Tinstall Tcheck Ttotal Status Flags
r-devel-linux-x86_64-debian-clang 0.6 0.54 8.94 9.48 NOTE
r-devel-linux-x86_64-debian-gcc 0.6 0.63 8.46 9.09 NOTE
r-devel-linux-x86_64-fedora-clang 0.6 16.82 NOTE
r-devel-linux-x86_64-fedora-gcc 0.6 16.30 NOTE
r-devel-osx-x86_64-clang 0.6 24.47 NOTE
r-prerel-windows-ix86+x86_64 0.6 3.00 15.00 18.00 NOTE
r-prerel-linux-x86_64 0.6 0.52 8.35 8.87 NOTE
r-prerel-solaris-sparc 0.6 117.70 NOTE
r-prerel-solaris-x86 0.6 24.80 NOTE
r-release-linux-x86_64 0.6 0.54 8.98 9.52 OK
r-release-osx-x86_64-mavericks 0.6 OK
r-release-osx-x86_64-snowleopard 0.6 OK
r-release-windows-ix86+x86_64 0.6 4.00 17.00 21.00 OK
r-oldrel-windows-ix86+x86_64 0.6 3.00 17.00 20.00 OK

Check Details

Version: 0.6
Check: DESCRIPTION meta-information
Result: NOTE
    Malformed Description field: should contain one or more complete sentences.
Flavors: r-devel-linux-x86_64-debian-clang, r-devel-linux-x86_64-debian-gcc, r-devel-linux-x86_64-fedora-clang, r-devel-linux-x86_64-fedora-gcc, r-devel-osx-x86_64-clang, r-prerel-windows-ix86+x86_64, r-prerel-linux-x86_64, r-prerel-solaris-sparc, r-prerel-solaris-x86