CRAN Package Check Results for Package functional

Last updated on 2016-08-29 04:50:11.

Flavor Version Tinstall Tcheck Ttotal Status Flags
r-devel-linux-x86_64-debian-clang 0.6 0.62 8.56 9.18 NOTE
r-devel-linux-x86_64-debian-gcc 0.6 0.56 8.32 8.87 NOTE
r-devel-linux-x86_64-fedora-clang 0.6 14.72 NOTE
r-devel-linux-x86_64-fedora-gcc 0.6 13.62 NOTE
r-devel-osx-x86_64-clang 0.6 13.72 NOTE
r-devel-windows-ix86+x86_64 0.6 3.00 27.00 30.00 NOTE
r-patched-linux-x86_64 0.6 0.52 8.53 9.04 NOTE
r-patched-solaris-sparc 0.6 94.50 NOTE
r-patched-solaris-x86 0.6 22.50 NOTE
r-release-linux-x86_64 0.6 0.54 8.29 8.84 NOTE
r-release-osx-x86_64-mavericks 0.6 NOTE
r-release-windows-ix86+x86_64 0.6 3.00 29.00 32.00 NOTE
r-oldrel-windows-ix86+x86_64 0.6 2.00 15.00 17.00 NOTE

Check Details

Version: 0.6
Check: DESCRIPTION meta-information
Result: NOTE
    Malformed Description field: should contain one or more complete sentences.
Flavors: r-devel-linux-x86_64-debian-clang, r-devel-linux-x86_64-debian-gcc, r-devel-linux-x86_64-fedora-clang, r-devel-linux-x86_64-fedora-gcc, r-devel-osx-x86_64-clang, r-devel-windows-ix86+x86_64, r-patched-linux-x86_64, r-patched-solaris-sparc, r-patched-solaris-x86, r-release-linux-x86_64, r-release-osx-x86_64-mavericks, r-release-windows-ix86+x86_64, r-oldrel-windows-ix86+x86_64