CRAN Package Check Results for Package functional

Last updated on 2018-05-21 02:46:42 CEST.

Flavor Version Tinstall Tcheck Ttotal Status Flags
r-devel-linux-x86_64-debian-clang 0.6 0.85 14.95 15.80 NOTE
r-devel-linux-x86_64-debian-gcc 0.6 0.66 13.05 13.71 NOTE
r-devel-linux-x86_64-fedora-clang 0.6 20.28 NOTE
r-devel-linux-x86_64-fedora-gcc 0.6 20.54 NOTE
r-devel-windows-ix86+x86_64 0.6 4.00 24.00 28.00 NOTE
r-patched-linux-x86_64 0.6 0.64 15.33 15.97 NOTE
r-patched-solaris-x86 0.6 32.90 NOTE
r-release-linux-x86_64 0.6 0.78 15.13 15.91 NOTE
r-release-windows-ix86+x86_64 0.6 4.00 26.00 30.00 NOTE
r-release-osx-x86_64 0.6 NOTE
r-oldrel-windows-ix86+x86_64 0.6 2.00 23.00 25.00 NOTE
r-oldrel-osx-x86_64 0.6 NOTE

Check Details

Version: 0.6
Check: DESCRIPTION meta-information
Result: NOTE
    Malformed Description field: should contain one or more complete sentences.
Flavors: r-devel-linux-x86_64-debian-clang, r-devel-linux-x86_64-debian-gcc, r-devel-linux-x86_64-fedora-clang, r-devel-linux-x86_64-fedora-gcc, r-devel-windows-ix86+x86_64, r-patched-linux-x86_64, r-patched-solaris-x86, r-release-linux-x86_64, r-release-windows-ix86+x86_64, r-release-osx-x86_64, r-oldrel-windows-ix86+x86_64, r-oldrel-osx-x86_64