CRAN Package Check Results for Package functional

Last updated on 2016-12-10 16:47:08.

Flavor Version Tinstall Tcheck Ttotal Status Flags
r-devel-linux-x86_64-debian-clang 0.6 0.62 9.97 10.59 NOTE
r-devel-linux-x86_64-debian-gcc 0.6 0.62 9.87 10.49 NOTE
r-devel-linux-x86_64-fedora-clang 0.6 19.07 NOTE --no-stop-on-test-error
r-devel-linux-x86_64-fedora-gcc 0.6 17.02 NOTE --no-stop-on-test-error
r-devel-macos-x86_64-clang 0.6 16.18 NOTE --no-stop-on-test-error
r-devel-windows-ix86+x86_64 0.6 4.00 31.00 35.00 NOTE
r-patched-linux-x86_64 0.6 0.58 8.43 9.01 NOTE
r-patched-solaris-sparc 0.6 94.50 NOTE
r-patched-solaris-x86 0.6 22.60 NOTE
r-release-linux-x86_64 0.6 0.56 8.50 9.06 NOTE
r-release-osx-x86_64-mavericks 0.6 NOTE
r-release-windows-ix86+x86_64 0.6 2.00 22.00 24.00 NOTE
r-oldrel-windows-ix86+x86_64 0.6 2.00 20.00 22.00 NOTE

Check Details

Version: 0.6
Check: DESCRIPTION meta-information
Result: NOTE
    Malformed Description field: should contain one or more complete sentences.
Flavors: r-devel-linux-x86_64-debian-clang, r-devel-linux-x86_64-debian-gcc, r-devel-windows-ix86+x86_64, r-patched-linux-x86_64, r-patched-solaris-sparc, r-patched-solaris-x86, r-release-linux-x86_64, r-release-osx-x86_64-mavericks, r-release-windows-ix86+x86_64, r-oldrel-windows-ix86+x86_64

Version: 0.6
Flags: --no-stop-on-test-error
Check: DESCRIPTION meta-information
Result: NOTE
    Malformed Description field: should contain one or more complete sentences.
Flavors: r-devel-linux-x86_64-fedora-clang, r-devel-linux-x86_64-fedora-gcc, r-devel-macos-x86_64-clang