CRAN Package Check Results for Package functional

Last updated on 2017-08-17 12:53:52.

Flavor Version Tinstall Tcheck Ttotal Status Flags
r-devel-linux-x86_64-debian-clang 0.6 0.58 10.87 11.46 NOTE
r-devel-linux-x86_64-debian-gcc 0.6 0.59 10.71 11.31 NOTE
r-devel-linux-x86_64-fedora-clang 0.6 18.08 NOTE
r-devel-linux-x86_64-fedora-gcc 0.6 16.67 NOTE
r-devel-windows-ix86+x86_64 0.6 3.00 31.00 34.00 NOTE
r-patched-linux-x86_64 0.6 0.60 10.71 11.31 NOTE
r-patched-solaris-x86 0.6 25.70 NOTE
r-release-linux-x86_64 0.6 0.71 10.63 11.34 NOTE
r-release-windows-ix86+x86_64 0.6 2.00 23.00 25.00 NOTE
r-release-osx-x86_64 0.6 NOTE
r-oldrel-windows-ix86+x86_64 0.6 2.00 22.00 24.00 NOTE
r-oldrel-osx-x86_64 0.6 NOTE

Check Details

Version: 0.6
Check: DESCRIPTION meta-information
Result: NOTE
    Malformed Description field: should contain one or more complete sentences.
Flavors: r-devel-linux-x86_64-debian-clang, r-devel-linux-x86_64-debian-gcc, r-devel-linux-x86_64-fedora-clang, r-devel-linux-x86_64-fedora-gcc, r-devel-windows-ix86+x86_64, r-patched-linux-x86_64, r-patched-solaris-x86, r-release-linux-x86_64, r-release-windows-ix86+x86_64, r-release-osx-x86_64, r-oldrel-windows-ix86+x86_64, r-oldrel-osx-x86_64