CRAN Package Check Results for Package functional

Last updated on 2017-02-27 23:48:03.

Flavor Version Tinstall Tcheck Ttotal Status Flags
r-devel-linux-x86_64-debian-clang 0.6 0.62 10.73 11.34 NOTE
r-devel-linux-x86_64-debian-gcc 0.6 0.54 10.61 11.16 NOTE
r-devel-linux-x86_64-fedora-clang 0.6 17.49 NOTE --no-stop-on-test-error
r-devel-linux-x86_64-fedora-gcc 0.6 16.46 NOTE --no-stop-on-test-error
r-devel-macos-x86_64-clang 0.6 16.80 NOTE --no-stop-on-test-error
r-devel-windows-ix86+x86_64 0.6 3.00 52.00 55.00 NOTE
r-patched-linux-x86_64 0.6 0.53 8.84 9.37 NOTE
r-patched-solaris-sparc 0.6 97.80 NOTE
r-patched-solaris-x86 0.6 22.10 NOTE
r-release-linux-x86_64 0.6 0.54 8.79 9.33 NOTE
r-release-osx-x86_64-mavericks 0.6 NOTE
r-release-windows-ix86+x86_64 0.6 2.00 22.00 24.00 NOTE
r-oldrel-windows-ix86+x86_64 0.6 2.00 20.00 22.00 NOTE

Check Details

Version: 0.6
Check: DESCRIPTION meta-information
Result: NOTE
    Malformed Description field: should contain one or more complete sentences.
Flavors: r-devel-linux-x86_64-debian-clang, r-devel-linux-x86_64-debian-gcc, r-devel-windows-ix86+x86_64, r-patched-linux-x86_64, r-patched-solaris-sparc, r-patched-solaris-x86, r-release-linux-x86_64, r-release-osx-x86_64-mavericks, r-release-windows-ix86+x86_64, r-oldrel-windows-ix86+x86_64

Version: 0.6
Flags: --no-stop-on-test-error
Check: DESCRIPTION meta-information
Result: NOTE
    Malformed Description field: should contain one or more complete sentences.
Flavors: r-devel-linux-x86_64-fedora-clang, r-devel-linux-x86_64-fedora-gcc, r-devel-macos-x86_64-clang