CRAN Package Check Results for Package functional

Last updated on 2016-02-05 21:47:40.

Flavor Version Tinstall Tcheck Ttotal Status Flags
r-devel-linux-x86_64-debian-gcc 0.6 0.52 7.60 8.12 NOTE
r-devel-linux-x86_64-fedora-clang 0.6 14.20 NOTE
r-devel-linux-x86_64-fedora-gcc 0.6 13.03 NOTE
r-devel-osx-x86_64-clang 0.6 17.65 NOTE
r-devel-windows-ix86+x86_64 0.6 4.00 18.00 22.00 NOTE
r-patched-linux-x86_64 0.6 0.62 8.23 8.85 NOTE
r-patched-solaris-sparc 0.6 94.70 NOTE
r-patched-solaris-x86 0.6 21.50 NOTE
r-release-linux-x86_64 0.6 0.62 7.88 8.51 NOTE
r-release-osx-x86_64-mavericks 0.6 NOTE
r-release-windows-ix86+x86_64 0.6 2.00 15.00 17.00 NOTE
r-oldrel-windows-ix86+x86_64 0.6 4.00 17.00 21.00 OK

Check Details

Version: 0.6
Check: DESCRIPTION meta-information
Result: NOTE
    Malformed Description field: should contain one or more complete sentences.
Flavors: r-devel-linux-x86_64-debian-gcc, r-devel-linux-x86_64-fedora-clang, r-devel-linux-x86_64-fedora-gcc, r-devel-osx-x86_64-clang, r-devel-windows-ix86+x86_64, r-patched-linux-x86_64, r-patched-solaris-sparc, r-patched-solaris-x86, r-release-linux-x86_64, r-release-osx-x86_64-mavericks, r-release-windows-ix86+x86_64