CRAN Package Check Results for Package functional

Last updated on 2016-09-26 06:47:13.

Flavor Version Tinstall Tcheck Ttotal Status Flags
r-devel-linux-x86_64-debian-clang 0.6 0.50 8.54 9.03 NOTE
r-devel-linux-x86_64-debian-gcc 0.6 0.54 8.41 8.95 NOTE
r-devel-linux-x86_64-fedora-clang 0.6 14.52 NOTE
r-devel-linux-x86_64-fedora-gcc 0.6 13.65 NOTE
r-devel-macos-x86_64-clang 0.6 13.84 NOTE
r-devel-windows-ix86+x86_64 0.6 3.00 27.00 30.00 NOTE
r-patched-linux-x86_64 0.6 0.52 8.56 9.08 NOTE
r-patched-solaris-sparc 0.6 94.50 NOTE
r-patched-solaris-x86 0.6 22.00 NOTE
r-release-linux-x86_64 0.6 0.62 8.71 9.33 NOTE
r-release-osx-x86_64-mavericks 0.6 NOTE
r-release-windows-ix86+x86_64 0.6 2.00 21.00 23.00 NOTE
r-oldrel-windows-ix86+x86_64 0.6 2.00 15.00 17.00 NOTE

Check Details

Version: 0.6
Check: DESCRIPTION meta-information
Result: NOTE
    Malformed Description field: should contain one or more complete sentences.
Flavors: r-devel-linux-x86_64-debian-clang, r-devel-linux-x86_64-debian-gcc, r-devel-linux-x86_64-fedora-clang, r-devel-linux-x86_64-fedora-gcc, r-devel-macos-x86_64-clang, r-devel-windows-ix86+x86_64, r-patched-linux-x86_64, r-patched-solaris-sparc, r-patched-solaris-x86, r-release-linux-x86_64, r-release-osx-x86_64-mavericks, r-release-windows-ix86+x86_64, r-oldrel-windows-ix86+x86_64