CRAN Package Check Results for Package functional

Last updated on 2015-03-05 22:47:25.

Flavor Version Tinstall Tcheck Ttotal Status Flags
r-devel-linux-x86_64-debian-clang 0.6 0.52 8.30 8.82 NOTE
r-devel-linux-x86_64-debian-gcc 0.6 0.51 8.13 8.64 NOTE
r-devel-linux-x86_64-fedora-clang 0.6 17.14 NOTE
r-devel-linux-x86_64-fedora-gcc 0.6 15.81 NOTE
r-devel-osx-x86_64-clang 0.6 21.50 NOTE
r-devel-windows-ix86+x86_64 0.6 5.00 15.00 20.00 NOTE
r-patched-linux-x86_64 0.6 0.55 8.87 9.42 OK
r-patched-solaris-sparc 0.6 119.90 OK
r-patched-solaris-x86 0.6 29.30 OK
r-release-linux-ix86 0.6 0.84 15.08 15.91 OK
r-release-linux-x86_64 0.6 0.54 8.94 9.48 OK
r-release-osx-x86_64-mavericks 0.6 OK
r-release-osx-x86_64-snowleopard 0.6 OK
r-release-windows-ix86+x86_64 0.6 2.00 24.00 26.00 OK
r-oldrel-windows-ix86+x86_64 0.6 3.00 17.00 20.00 OK

Check Details

Version: 0.6
Check: DESCRIPTION meta-information
Result: NOTE
    Malformed Description field: should contain one or more complete sentences.
Flavors: r-devel-linux-x86_64-debian-clang, r-devel-linux-x86_64-debian-gcc, r-devel-linux-x86_64-fedora-clang, r-devel-linux-x86_64-fedora-gcc, r-devel-osx-x86_64-clang, r-devel-windows-ix86+x86_64