CRAN Package Check Results for Package fungible

Last updated on 2021-10-22 03:55:23 CEST.

Flavor Version Tinstall Tcheck Ttotal Status Flags
r-devel-linux-x86_64-debian-clang 1.99 17.95 151.57 169.52 OK
r-devel-linux-x86_64-debian-gcc 1.99 12.34 110.34 122.68 OK
r-devel-linux-x86_64-fedora-clang 1.99 208.89 NOTE
r-devel-linux-x86_64-fedora-gcc 1.99 201.74 NOTE
r-devel-windows-x86_64 1.99 25.00 186.00 211.00 OK
r-devel-windows-x86_64-gcc10-UCRT 1.99 NOTE
r-patched-linux-x86_64 1.99 21.93 145.82 167.75 OK
r-patched-solaris-x86 1.99 249.60 NOTE
r-release-linux-x86_64 1.99 14.18 143.83 158.01 OK
r-release-macos-arm64 1.99 NOTE
r-release-macos-x86_64 1.99 NOTE
r-release-windows-ix86+x86_64 1.99 18.00 186.00 204.00 OK
r-oldrel-macos-x86_64 1.99 NOTE
r-oldrel-windows-ix86+x86_64 1.99 27.00 190.00 217.00 OK

Check Details

Version: 1.99
Check: data for non-ASCII characters
Result: NOTE
     Note: found 1 marked UTF-8 string
Flavors: r-devel-linux-x86_64-fedora-clang, r-devel-linux-x86_64-fedora-gcc, r-devel-windows-x86_64-gcc10-UCRT, r-patched-solaris-x86, r-release-macos-arm64, r-release-macos-x86_64, r-oldrel-macos-x86_64