CRAN Package Check Results for Package funprog

Last updated on 2024-03-04 04:51:30 CET.

Flavor Version Tinstall Tcheck Ttotal Status Flags
r-devel-linux-x86_64-debian-clang 0.3.0 1.80 25.05 26.85 NOTE
r-devel-linux-x86_64-debian-gcc 0.3.0 1.72 19.42 21.14 NOTE
r-devel-linux-x86_64-fedora-clang 0.3.0 35.22 NOTE
r-devel-linux-x86_64-fedora-gcc 0.3.0 32.15 NOTE
r-devel-windows-x86_64 0.3.0 3.00 43.00 46.00 NOTE
r-patched-linux-x86_64 0.3.0 2.35 24.70 27.05 NOTE
r-release-linux-x86_64 0.3.0 1.66 24.76 26.42 NOTE
r-release-macos-arm64 0.3.0 16.00 NOTE
r-release-macos-x86_64 0.3.0 21.00 NOTE
r-release-windows-x86_64 0.3.0 3.00 80.00 83.00 NOTE
r-oldrel-macos-arm64 0.3.0 19.00 NOTE
r-oldrel-windows-x86_64 0.3.0 4.00 43.00 47.00 NOTE

Check Details

Version: 0.3.0
Check: LazyData
Result: NOTE 'LazyData' is specified without a 'data' directory Flavors: r-devel-linux-x86_64-debian-clang, r-devel-linux-x86_64-debian-gcc, r-devel-linux-x86_64-fedora-clang, r-devel-linux-x86_64-fedora-gcc, r-devel-windows-x86_64, r-patched-linux-x86_64, r-release-linux-x86_64, r-release-macos-arm64, r-release-macos-x86_64, r-release-windows-x86_64, r-oldrel-macos-arm64, r-oldrel-windows-x86_64