CRAN Package Check Results for Package fusen

Last updated on 2022-01-19 02:54:28 CET.

Flavor Version Tinstall Tcheck Ttotal Status Flags
r-devel-linux-x86_64-debian-clang 0.3.0 5.21 226.50 231.71 OK
r-devel-linux-x86_64-debian-gcc 0.3.0 4.85 173.77 178.62 OK
r-devel-linux-x86_64-fedora-clang 0.3.0 293.48 OK
r-devel-linux-x86_64-fedora-gcc 0.3.0 320.23 OK
r-devel-windows-x86_64-new-UL 0.3.0 40.00 147.00 187.00 OK
r-devel-windows-x86_64-new-TK 0.3.0 ERROR
r-patched-linux-x86_64 0.3.0 4.94 217.57 222.51 OK
r-release-linux-x86_64 0.3.0 OK
r-release-macos-arm64 0.3.0 OK
r-release-macos-x86_64 0.3.0 OK
r-release-windows-ix86+x86_64 0.3.0 14.00 116.00 130.00 OK
r-oldrel-macos-x86_64 0.3.0 OK
r-oldrel-windows-ix86+x86_64 0.3.0 13.00 114.00 127.00 OK

Check Details

Version: 0.3.0
Check: tests
Result: ERROR
     Running 'spelling.R'
     Running 'testthat.R'
    Running the tests in 'tests/testthat.R' failed.
    Complete output:
     > library(testthat)
     > library(fusen)
     >
     > test_check("fusen")
     Created file .here in C:\r_packages\pkgcheck\CRAN\fusen\tmp\RtmpqcZLrI\add.flat.template1b0406b814062 . Please start a new R session in the new project directory.
     '0-dev_history.Rmd' already exists. It was not overwritten. Set `add_flat_template(overwrite = TRUE)` if you want to do so.
     File .here already exists in C:\r_packages\pkgcheck\CRAN\fusen\tmp\RtmpqcZLrI\add.flat.template1b0406b814062
     Created file .here in C:\r_packages\pkgcheck\CRAN\fusen\tmp\RtmpqcZLrI\dev.history.template1b0405a4025f5 . Please start a new R session in the new project directory.
     v Setting active project to 'C:/r_packages/pkgcheck/CRAN/fusen/tmp/RtmpqcZLrI/dev.history.template1b0405a4025f5'
     v Setting License field in DESCRIPTION to 'MIT + file LICENSE'
     v Writing 'LICENSE'
     v Writing 'LICENSE.md'
     v Adding '^LICENSE\\.md$' to '.Rbuildignore'
     v Setting active project to '<no active project>'
     Created file .here in C:\r_packages\pkgcheck\CRAN\fusen\tmp\RtmpqcZLrI\dev.history.template.uu1b0402a041905 . Please start a new R session in the new project directory.
     v Setting active project to 'C:/r_packages/pkgcheck/CRAN/fusen/tmp/RtmpqcZLrI/dev.history.template.uu1b0402a041905'
     v Writing 'LICENSE.md'
     v Adding '^LICENSE\\.md$' to '.Rbuildignore'
     v Setting active project to '<no active project>'
     Created file .here in C:\r_packages\pkgcheck\CRAN\fusen\tmp\RtmpqcZLrI\all.templates.knit1b0406dbb49fb . Please start a new R session in the new project directory.
     ✔ Setting active project to 'C:/r_packages/pkgcheck/CRAN/fusen/tmp/RtmpqcZLrI/all.templates.knit1b0406dbb49fb'
     Created file .here in C:\r_packages\pkgcheck\CRAN\fusen\tmp\RtmpqcZLrI\all.templates.knit1b0401a9b7b20 . Please start a new R session in the new project directory.
     ✔ Setting active project to 'C:/r_packages/pkgcheck/CRAN/fusen/tmp/RtmpqcZLrI/all.templates.knit1b0401a9b7b20'
     Created file .here in C:\r_packages\pkgcheck\CRAN\fusen\tmp\RtmpqcZLrI\all.templates.knit1b04059c72098 . Please start a new R session in the new project directory.
     ✔ Setting active project to 'C:/r_packages/pkgcheck/CRAN/fusen/tmp/RtmpqcZLrI/all.templates.knit1b04059c72098'
     Created file .here in C:\r_packages\pkgcheck\CRAN\fusen\tmp\RtmpqcZLrI\all.templates.knit1b040146e7138 . Please start a new R session in the new project directory.
     ✔ Setting active project to 'C:/r_packages/pkgcheck/CRAN/fusen/tmp/RtmpqcZLrI/all.templates.knit1b040146e7138'
     Created file .here in C:\r_packages\pkgcheck\CRAN\fusen\tmp\RtmpqcZLrI\other.names1b04063143965 . Please start a new R session in the new project directory.
     File .here already exists in C:\r_packages\pkgcheck\CRAN\fusen\tmp\RtmpqcZLrI\other.names1b04063143965
     v Setting active project to 'C:/r_packages/pkgcheck/CRAN/fusen/tmp/RtmpqcZLrI/other.names1b04063143965'
     Loading required namespace: rstudioapi
     First time using roxygen2. Upgrading automatically...
     i Loading other.names1b04063143965
     Writing NAMESPACE
     v Adding 'knitr' to Suggests field in DESCRIPTION
     v Setting VignetteBuilder field in DESCRIPTION to 'knitr'
     v Adding 'inst/doc' to '.gitignore'
     Updating other.names1b04063143965 documentation
     i Loading other.names1b04063143965
     Writing NAMESPACE
     Writing hello.Rd
     [+] 2 package(s) added: rmarkdown, testthat.
     v Setting active project to 'C:/r_packages/pkgcheck/CRAN/fusen/tmp/RtmpqcZLrI/all.templates.knit1b040146e7138'
     -- Creating new directory: C:\r_packages\pkgcheck\CRAN\fusen\tmp\RtmpqcZLrI\chun
     v Creating 'C:/r_packages/pkgcheck/CRAN/fusen/tmp/RtmpqcZLrI/chunk.export.1b04027501289/foosen/'
     v Setting active project to 'C:/r_packages/pkgcheck/CRAN/fusen/tmp/RtmpqcZLrI/chunk.export.1b04027501289/foosen'
     v Creating 'R/'
     v Writing a sentinel file '.here'
     * Build robust paths within your project via `here::here()`
     * Learn more at <https://here.r-lib.org>
     v Setting active project to 'C:/r_packages/pkgcheck/CRAN/fusen/tmp/RtmpqcZLrI/all.templates.knit1b040146e7138'
     v New directory created: C:\r_packages\pkgcheck\CRAN\fusen\tmp\RtmpqcZLrI\chunk.export.1b04027501289\foosen
     -- Adding dev/flat_minimal.Rmd -------------------------------------------------
     File .here already exists in C:\r_packages\pkgcheck\CRAN\fusen\tmp\RtmpqcZLrI\chunk.export.1b04027501289\foosen
     v Added C:\r_packages\pkgcheck\CRAN\fusen\tmp\RtmpqcZLrI\chunk.export.1b04027501289\foosen/dev/flat_minimal.Rmd, C:\r_packages\pkgcheck\CRAN\fusen\tmp\RtmpqcZLrI\chunk.export.1b04027501289\foosen/dev/0-dev_history.Rmd
     [1] "test without interactive"
     -- Creating new directory: C:\r_packages\pkgcheck\CRAN\fusen\tmp\RtmpqcZLrI\chun
     v Creating 'C:/r_packages/pkgcheck/CRAN/fusen/tmp/RtmpqcZLrI/chunk.noRd.1b04069806e92/foosen/'
     v Setting active project to 'C:/r_packages/pkgcheck/CRAN/fusen/tmp/RtmpqcZLrI/chunk.noRd.1b04069806e92/foosen'
     v Creating 'R/'
     v Writing a sentinel file '.here'
     * Build robust paths within your project via `here::here()`
     * Learn more at <https://here.r-lib.org>
     v Setting active project to 'C:/r_packages/pkgcheck/CRAN/fusen/tmp/RtmpqcZLrI/all.templates.knit1b040146e7138'
     v New directory created: C:\r_packages\pkgcheck\CRAN\fusen\tmp\RtmpqcZLrI\chunk.noRd.1b04069806e92\foosen
     -- Adding dev/flat_minimal.Rmd -------------------------------------------------
     File .here already exists in C:\r_packages\pkgcheck\CRAN\fusen\tmp\RtmpqcZLrI\chunk.noRd.1b04069806e92\foosen
     v Added C:\r_packages\pkgcheck\CRAN\fusen\tmp\RtmpqcZLrI\chunk.noRd.1b04069806e92\foosen/dev/flat_minimal.Rmd, C:\r_packages\pkgcheck\CRAN\fusen\tmp\RtmpqcZLrI\chunk.noRd.1b04069806e92\foosen/dev/0-dev_history.Rmd
     [1] "test without interactive"
     -- Creating new directory: C:\r_packages\pkgcheck\CRAN\fusen\tmp\RtmpqcZLrI\dumm
     -- Adding dev/flat_full.Rmd ----------------------------------------------------
     ! The path: C:\r_packages\pkgcheck\CRAN\fusen\tmp\RtmpqcZLrI\dummy1b0407ba443e5\foosen already exists.
     x Aborting fusen project creation. Set `create_fusen(overwrite = TRUE)` to avoid a stop.
     ! The path: C:\r_packages\pkgcheck\CRAN\fusen\tmp\RtmpqcZLrI\dummy1b0407ba443e5\foosen already exists.
     -- Adding dev/flat_full.Rmd ----------------------------------------------------
     File .here already exists in C:\r_packages\pkgcheck\CRAN\fusen\tmp\RtmpqcZLrI\dummy1b0407ba443e5\foosen
     v Added C:\r_packages\pkgcheck\CRAN\fusen\tmp\RtmpqcZLrI\dummy1b0407ba443e5\foosen/dev/flat_full.Rmd, C:\r_packages\pkgcheck\CRAN\fusen\tmp\RtmpqcZLrI\dummy1b0407ba443e5\foosen/dev/0-dev_history.Rmd
     -- Creating new directory: C:\r_packages\pkgcheck\CRAN\fusen\tmp\RtmpqcZLrI\subd
     -- Adding dev/flat_full.Rmd ----------------------------------------------------
     -- Creating new directory: C:\r_packages\pkgcheck\CRAN\fusen\tmp\RtmpqcZLrI\dumm
     -- Adding dev/flat_teaching.Rmd ------------------------------------------------
     -- Creating new directory: C:\r_packages\pkgcheck\CRAN\fusen\tmp\RtmpqcZLrI\dumm
     -- Initializing git repository -------------------------------------------------
     -- Adding dev/flat_full.Rmd ----------------------------------------------------
     -- Creating new directory: C:\r_packages\pkgcheck\CRAN\fusen\tmp\RtmpqcZLrI\dumm
     -- Initializing git repository -------------------------------------------------
     -- Adding dev/flat_teaching.Rmd ------------------------------------------------
     ! Title was modified to 'Title Case'.
     ✔ Setting active project to 'C:/r_packages/pkgcheck/CRAN/fusen/tmp/RtmpqcZLrI/inflate.tests1b04069ca636e'
     Writing NAMESPACE
     Writing NAMESPACE
     Writing my.sixth.median_function.Rd
     Writing my_fifth_median.Rd
     Writing my_fourth_median.Rd
     Writing my_median.Rd
     Writing my_other_median.Rd
     Writing sub_median.Rd
     Writing my_space.Rd
     Writing my_third_median.Rd
     ✔ Setting active project to 'C:/r_packages/pkgcheck/CRAN/fusen/tmp/RtmpqcZLrI/all.templates.knit1b040146e7138'
     ✔ Setting active project to 'C:/r_packages/pkgcheck/CRAN/fusen/tmp/RtmpqcZLrI/inflate.tests1b04069ca636e'
     ✔ Setting active project to 'C:/r_packages/pkgcheck/CRAN/fusen/tmp/RtmpqcZLrI/all.templates.knit1b040146e7138'
     File .here already exists in C:\r_packages\pkgcheck\CRAN\fusen\tmp\RtmpqcZLrI\inflate.tests1b04069ca636e
     ✔ Setting active project to 'C:/r_packages/pkgcheck/CRAN/fusen/tmp/RtmpqcZLrI/inflate.tests1b04069ca636e'
     ✔ Setting active project to 'C:/r_packages/pkgcheck/CRAN/fusen/tmp/RtmpqcZLrI/all.templates.knit1b040146e7138'
     ✔ Setting active project to 'C:/r_packages/pkgcheck/CRAN/fusen/tmp/RtmpqcZLrI/inflate.tests1b04069ca636e'
     Writing NAMESPACE
     Writing my_median.Rd
     ✔ Setting active project to 'C:/r_packages/pkgcheck/CRAN/fusen/tmp/RtmpqcZLrI/all.templates.knit1b040146e7138'
     ✔ Setting active project to 'C:/r_packages/pkgcheck/CRAN/fusen/tmp/RtmpqcZLrI/inflate.tests1b04069ca636e'
     ✔ Setting active project to 'C:/r_packages/pkgcheck/CRAN/fusen/tmp/RtmpqcZLrI/all.templates.knit1b040146e7138'
     ✔ Setting active project to 'C:/r_packages/pkgcheck/CRAN/fusen/tmp/RtmpqcZLrI/inflate.tests1b04069ca636e'
     ✔ Setting active project to 'C:/r_packages/pkgcheck/CRAN/fusen/tmp/RtmpqcZLrI/all.templates.knit1b040146e7138'
     ✔ Setting active project to 'C:/r_packages/pkgcheck/CRAN/fusen/tmp/RtmpqcZLrI/inflate.tests1b04069ca636e'
     ✔ Setting active project to 'C:/r_packages/pkgcheck/CRAN/fusen/tmp/RtmpqcZLrI/all.templates.knit1b040146e7138'
     ✔ Setting active project to 'C:/r_packages/pkgcheck/CRAN/fusen/tmp/RtmpqcZLrI/inflate.tests1b04069ca636e'
     Writing NAMESPACE
     Writing my_median.Rd
     Writing my_other_median.Rd
     Writing sub_median.Rd
     ── RStudio restart needed ──────────────────────────────────────────────────────
     ✔ Setting active project to 'C:/r_packages/pkgcheck/CRAN/fusen/tmp/RtmpqcZLrI/all.templates.knit1b040146e7138'
     ✔ Setting active project to 'C:/r_packages/pkgcheck/CRAN/fusen/tmp/RtmpqcZLrI/clean.vignette1b040c0c1a2c'
     Writing NAMESPACE
     Writing NAMESPACE
     Writing my_median.Rd
     Writing my_other_median.Rd
     Writing sub_median.Rd
     ✔ Setting active project to 'C:/r_packages/pkgcheck/CRAN/fusen/tmp/RtmpqcZLrI/all.templates.knit1b040146e7138'
     Created file .here in C:\r_packages\pkgcheck\CRAN\fusen\tmp\RtmpqcZLrI\descpackage1b0404ece177f . Please start a new R session in the new project directory.
     ✔ Setting active project to 'C:/r_packages/pkgcheck/CRAN/fusen/tmp/RtmpqcZLrI/descpackage1b0404ece177f'
     ✔ Setting active project to 'C:/r_packages/pkgcheck/CRAN/fusen/tmp/RtmpqcZLrI/all.templates.knit1b040146e7138'
     Created file .here in C:\r_packages\pkgcheck\CRAN\fusen\tmp\RtmpqcZLrI\nordpackage1b0402b1a373b . Please start a new R session in the new project directory.
     ✔ Setting active project to 'C:/r_packages/pkgcheck/CRAN/fusen/tmp/RtmpqcZLrI/nordpackage1b0402b1a373b'
     Writing NAMESPACE
     ✔ Setting active project to 'C:/r_packages/pkgcheck/CRAN/fusen/tmp/RtmpqcZLrI/all.templates.knit1b040146e7138'
     ── Creating new directory: C:\r_packages\pkgcheck\CRAN\fusen\tmp\RtmpqcZLrI\all.
     ✔ Creating 'C:/r_packages/pkgcheck/CRAN/fusen/tmp/RtmpqcZLrI/all.templates.inflate1b04029e95d7e/full/'
     ✔ Setting active project to 'C:/r_packages/pkgcheck/CRAN/fusen/tmp/RtmpqcZLrI/all.templates.inflate1b04029e95d7e/full'
     ✔ Creating 'R/'
     ✔ Writing a sentinel file '.here'
     • Build robust paths within your project via `here::here()`
     • Learn more at <https://here.r-lib.org>
     ✔ Setting active project to 'C:/r_packages/pkgcheck/CRAN/fusen/tmp/RtmpqcZLrI/all.templates.knit1b040146e7138'
     ✔ New directory created: C:\r_packages\pkgcheck\CRAN\fusen\tmp\RtmpqcZLrI\all.templates.inflate1b04029e95d7e\full
     ── Adding dev/flat_full.Rmd ────────────────────────────────────────────────────
     File .here already exists in C:\r_packages\pkgcheck\CRAN\fusen\tmp\RtmpqcZLrI\all.templates.inflate1b04029e95d7e\full
     ✔ Added C:\r_packages\pkgcheck\CRAN\fusen\tmp\RtmpqcZLrI\all.templates.inflate1b04029e95d7e\full/dev/flat_full.Rmd, C:\r_packages\pkgcheck\CRAN\fusen\tmp\RtmpqcZLrI\all.templates.inflate1b04029e95d7e\full/dev/0-dev_history.Rmd
     ✔ Setting active project to 'C:/r_packages/pkgcheck/CRAN/fusen/tmp/RtmpqcZLrI/all.templates.inflate1b04029e95d7e/full'
     ✔ Setting active project to 'C:/r_packages/pkgcheck/CRAN/fusen/tmp/RtmpqcZLrI/all.templates.knit1b040146e7138'
     ✔ Setting active project to 'C:/r_packages/pkgcheck/CRAN/fusen/tmp/RtmpqcZLrI/isrproj.pkg1b040313a4508'
     ✔ Adding '^isrproj\\.pkg1b040313a4508\\.Rproj$' to '.Rbuildignore'
     ✔ Adding '^\\.Rproj\\.user$' to '.Rbuildignore'
     First time using roxygen2. Upgrading automatically...
     ℹ Loading isrproj.pkg1b040313a4508
     Writing NAMESPACE
     ✔ Adding 'knitr' to Suggests field in DESCRIPTION
     ✔ Setting VignetteBuilder field in DESCRIPTION to 'knitr'
     ✔ Adding 'inst/doc' to '.gitignore'
     Updating isrproj.pkg1b040313a4508 documentation
     ℹ Loading isrproj.pkg1b040313a4508
     Writing NAMESPACE
     Writing my_median.Rd
     Writing my_other_median.Rd
     Writing sub_median.Rd
     [+] 3 package(s) added: stats, rmarkdown, testthat.
     ── RStudio restart needed ──────────────────────────────────────────────────────
     ✔ Setting active project to 'C:/r_packages/pkgcheck/CRAN/fusen/tmp/RtmpqcZLrI/all.templates.knit1b040146e7138'
     ══ Skipped tests ═══════════════════════════════════════════════════════════════
     • On CRAN (1)
     • On Windows (2)
    
     ══ Failed tests ════════════════════════════════════════════════════════════════
     ── Failure (test-create_fusen_rsproject.R:106:5): Create a fusen project with git at the cli ──
     dir.exists(file.path(path_gigit, ".git")) is not TRUE
    
     `actual`: FALSE
     `expected`: TRUE
     ── Failure (test-create_fusen_rsproject.R:124:5): Create a fusen project with git using Rstudio GUI ──
     dir.exists(file.path(dummygui$path, ".git/")) is not TRUE
    
     `actual`: FALSE
     `expected`: TRUE
    
     [ FAIL 2 | WARN 0 | SKIP 3 | PASS 207 ]
     Error: Test failures
     Execution halted
Flavor: r-devel-windows-x86_64-new-TK