Last updated on 2023-02-07 11:52:08 CET.
Flavor | Version | Tinstall | Tcheck | Ttotal | Status | Flags |
---|---|---|---|---|---|---|
r-devel-linux-x86_64-debian-clang | 1.0.0 | 11.86 | 93.99 | 105.85 | NOTE | |
r-devel-linux-x86_64-debian-gcc | 1.0.0 | 8.24 | 71.82 | 80.06 | NOTE | |
r-devel-linux-x86_64-fedora-clang | 1.0.0 | 127.61 | NOTE | |||
r-devel-linux-x86_64-fedora-gcc | 1.0.0 | 138.12 | NOTE | |||
r-devel-windows-x86_64 | 1.0.0 | 17.00 | 113.00 | 130.00 | NOTE | |
r-patched-linux-x86_64 | 1.0.0 | 8.53 | 91.69 | 100.22 | NOTE | |
r-release-linux-x86_64 | 1.0.0 | 7.95 | 90.50 | 98.45 | NOTE | |
r-release-macos-arm64 | 1.0.0 | 37.00 | NOTE | |||
r-release-macos-x86_64 | 1.0.0 | 56.00 | NOTE | |||
r-release-windows-x86_64 | 1.0.0 | 18.00 | 125.00 | 143.00 | NOTE | |
r-oldrel-macos-arm64 | 1.0.0 | 44.00 | NOTE | |||
r-oldrel-macos-x86_64 | 1.0.0 | 77.00 | NOTE | |||
r-oldrel-windows-ix86+x86_64 | 1.0.0 | 20.00 | 113.00 | 133.00 | NOTE |
Version: 1.0.0
Check: LazyData
Result: NOTE
'LazyData' is specified without a 'data' directory
Flavors: r-devel-linux-x86_64-debian-clang, r-devel-linux-x86_64-debian-gcc, r-devel-linux-x86_64-fedora-clang, r-devel-linux-x86_64-fedora-gcc, r-devel-windows-x86_64, r-patched-linux-x86_64, r-release-linux-x86_64, r-release-macos-arm64, r-release-macos-x86_64, r-release-windows-x86_64, r-oldrel-macos-arm64, r-oldrel-macos-x86_64, r-oldrel-windows-ix86+x86_64