CRAN Package Check Results for Package futile.any

Last updated on 2015-01-26 19:48:21.

Flavor Version Tinstall Tcheck Ttotal Status Flags
r-devel-linux-x86_64-debian-clang 1.3.0 0.80 9.30 10.10 NOTE
r-devel-linux-x86_64-debian-gcc 1.3.0 0.78 9.83 10.61 NOTE
r-devel-linux-x86_64-fedora-clang 1.3.0 22.52 NOTE
r-devel-linux-x86_64-fedora-gcc 1.3.0 21.45 NOTE
r-devel-osx-x86_64-clang 1.3.0 28.12 NOTE
r-devel-windows-ix86+x86_64 1.3.0 5.00 28.00 33.00 NOTE
r-patched-linux-x86_64 1.3.0 0.87 10.40 11.27 NOTE
r-patched-solaris-sparc 1.3.0 130.70 NOTE
r-patched-solaris-x86 1.3.0 32.60 NOTE
r-release-linux-ix86 1.3.0 1.14 15.84 16.98 NOTE
r-release-linux-x86_64 1.3.0 0.86 10.05 10.90 NOTE
r-release-osx-x86_64-mavericks 1.3.0 NOTE
r-release-osx-x86_64-snowleopard 1.3.0 OK
r-release-windows-ix86+x86_64 1.3.0 4.00 18.00 22.00 NOTE
r-oldrel-windows-ix86+x86_64 1.3.0 6.00 22.00 28.00 NOTE

Check Details

Version: 1.3.0
Check: dependencies in R code
Result: NOTE
    Package in Depends field not imported from: ‘lambda.r’
     These packages need to be imported from (in the NAMESPACE file)
     for when this namespace is loaded but not attached.
Flavors: r-devel-linux-x86_64-debian-clang, r-devel-linux-x86_64-debian-gcc, r-devel-linux-x86_64-fedora-clang, r-devel-linux-x86_64-fedora-gcc, r-devel-osx-x86_64-clang, r-devel-windows-ix86+x86_64

Version: 1.3.0
Check: R code for possible problems
Result: NOTE
    anylength: no visible global function definition for ‘UseFunction’
    anynames: no visible global function definition for ‘UseFunction’
    anytypes: no visible global function definition for ‘UseFunction’
    is.bad: no visible global function definition for ‘UseFunction’
    is.empty: no visible global function definition for ‘UseFunction’
Flavors: r-devel-linux-x86_64-debian-clang, r-devel-linux-x86_64-debian-gcc, r-devel-linux-x86_64-fedora-clang, r-devel-linux-x86_64-fedora-gcc, r-devel-osx-x86_64-clang, r-devel-windows-ix86+x86_64, r-patched-linux-x86_64, r-patched-solaris-sparc, r-patched-solaris-x86, r-release-linux-ix86, r-release-linux-x86_64, r-release-osx-x86_64-mavericks, r-release-windows-ix86+x86_64

Version: 1.3.0
Check: dependencies in R code
Result: NOTE
    Package in Depends field not imported from: ‘lambda.r’
     These packages need to be imported from (in the NAMESPACE file)
     for when this namespace is loaded but not attached.
    See the information on DESCRIPTION files in the chapter ‘Creating R
    packages’ of the ‘Writing R Extensions’ manual.
Flavors: r-patched-linux-x86_64, r-patched-solaris-sparc, r-patched-solaris-x86, r-release-linux-ix86, r-release-linux-x86_64, r-release-osx-x86_64-mavericks, r-release-windows-ix86+x86_64, r-oldrel-windows-ix86+x86_64