CRAN Package Check Results for Package futile.any

Last updated on 2015-03-04 03:46:47.

Flavor Version Tinstall Tcheck Ttotal Status Flags
r-devel-linux-x86_64-debian-clang 1.3.0 1.21 9.14 10.35 NOTE
r-devel-linux-x86_64-debian-gcc 1.3.0 0.76 9.50 10.26 NOTE
r-devel-linux-x86_64-fedora-clang 1.3.0 19.35 NOTE
r-devel-linux-x86_64-fedora-gcc 1.3.0 17.83 NOTE
r-devel-osx-x86_64-clang 1.3.0 24.95 NOTE
r-devel-windows-ix86+x86_64 1.3.0 3.00 17.00 20.00 NOTE
r-patched-linux-x86_64 1.3.0 1.02 11.30 12.32 NOTE
r-patched-solaris-sparc 1.3.0 145.80 NOTE
r-patched-solaris-x86 1.3.0 32.70 NOTE
r-release-linux-ix86 1.3.0 1.14 16.51 17.65 NOTE
r-release-linux-x86_64 1.3.0 0.86 10.91 11.77 NOTE
r-release-osx-x86_64-mavericks 1.3.0 NOTE
r-release-osx-x86_64-snowleopard 1.3.0 OK
r-release-windows-ix86+x86_64 1.3.0 6.00 21.00 27.00 NOTE
r-oldrel-windows-ix86+x86_64 1.3.0 4.00 23.00 27.00 NOTE

Check Details

Version: 1.3.0
Check: DESCRIPTION meta-information
Result: NOTE
    Malformed Description field: should contain one or more complete sentences.
Flavors: r-devel-linux-x86_64-debian-clang, r-devel-linux-x86_64-debian-gcc, r-devel-linux-x86_64-fedora-clang, r-devel-linux-x86_64-fedora-gcc, r-devel-osx-x86_64-clang, r-devel-windows-ix86+x86_64

Version: 1.3.0
Check: dependencies in R code
Result: NOTE
    Package in Depends field not imported from: ‘lambda.r’
     These packages need to be imported from (in the NAMESPACE file)
     for when this namespace is loaded but not attached.
Flavors: r-devel-linux-x86_64-debian-clang, r-devel-linux-x86_64-debian-gcc, r-devel-linux-x86_64-fedora-clang, r-devel-linux-x86_64-fedora-gcc, r-devel-osx-x86_64-clang, r-devel-windows-ix86+x86_64, r-patched-linux-x86_64, r-patched-solaris-sparc, r-patched-solaris-x86

Version: 1.3.0
Check: R code for possible problems
Result: NOTE
    anylength: no visible global function definition for ‘UseFunction’
    anynames: no visible global function definition for ‘UseFunction’
    anytypes: no visible global function definition for ‘UseFunction’
    is.bad: no visible global function definition for ‘UseFunction’
    is.empty: no visible global function definition for ‘UseFunction’
Flavors: r-devel-linux-x86_64-debian-clang, r-devel-linux-x86_64-debian-gcc, r-devel-linux-x86_64-fedora-clang, r-devel-linux-x86_64-fedora-gcc, r-devel-osx-x86_64-clang, r-devel-windows-ix86+x86_64, r-patched-linux-x86_64, r-patched-solaris-sparc, r-patched-solaris-x86, r-release-linux-ix86, r-release-linux-x86_64, r-release-osx-x86_64-mavericks, r-release-windows-ix86+x86_64

Version: 1.3.0
Check: dependencies in R code
Result: NOTE
    Package in Depends field not imported from: ‘lambda.r’
     These packages need to be imported from (in the NAMESPACE file)
     for when this namespace is loaded but not attached.
    See the information on DESCRIPTION files in the chapter ‘Creating R
    packages’ of the ‘Writing R Extensions’ manual.
Flavors: r-release-linux-ix86, r-release-linux-x86_64, r-release-osx-x86_64-mavericks, r-release-windows-ix86+x86_64, r-oldrel-windows-ix86+x86_64