CRAN Package Check Results for Package futile.any

Last updated on 2014-11-27 05:47:40.

Flavor Version Tinstall Tcheck Ttotal Status Flags
r-devel-linux-x86_64-debian-clang 1.3.0 0.82 10.14 10.95 NOTE
r-devel-linux-x86_64-debian-gcc 1.3.0 0.80 9.93 10.73 NOTE
r-devel-linux-x86_64-fedora-clang 1.3.0 23.28 NOTE
r-devel-linux-x86_64-fedora-gcc 1.3.0 24.84 NOTE
r-devel-osx-x86_64-clang 1.3.0 27.22 NOTE
r-devel-windows-ix86+x86_64 1.3.0 3.00 17.00 20.00 NOTE
r-patched-linux-x86_64 1.3.0 0.91 9.98 10.88 NOTE
r-patched-solaris-sparc 1.3.0 124.80 NOTE
r-patched-solaris-x86 1.3.0 32.40 NOTE
r-release-linux-ix86 1.3.0 1.13 15.92 17.06 NOTE
r-release-linux-x86_64 1.3.0 0.85 10.55 11.40 NOTE
r-release-osx-x86_64-mavericks 1.3.0 NOTE
r-release-osx-x86_64-snowleopard 1.3.0 OK
r-release-windows-ix86+x86_64 1.3.0 3.00 17.00 20.00 NOTE
r-oldrel-windows-ix86+x86_64 1.3.0 3.00 18.00 21.00 NOTE

Check Details

Version: 1.3.0
Check: dependencies in R code
Result: NOTE
    Package in Depends field not imported from: ‘lambda.r’
     These packages need to be imported from (in the NAMESPACE file)
     for when this namespace is loaded but not attached.
    See the information on DESCRIPTION files in the chapter ‘Creating R
    packages’ of the ‘Writing R Extensions’ manual.
Flavors: r-devel-linux-x86_64-debian-clang, r-devel-linux-x86_64-debian-gcc, r-devel-linux-x86_64-fedora-clang, r-devel-linux-x86_64-fedora-gcc, r-devel-osx-x86_64-clang, r-devel-windows-ix86+x86_64, r-patched-linux-x86_64, r-patched-solaris-sparc, r-patched-solaris-x86, r-release-linux-ix86, r-release-linux-x86_64, r-release-osx-x86_64-mavericks, r-release-windows-ix86+x86_64, r-oldrel-windows-ix86+x86_64

Version: 1.3.0
Check: R code for possible problems
Result: NOTE
    anylength: no visible global function definition for ‘UseFunction’
    anynames: no visible global function definition for ‘UseFunction’
    anytypes: no visible global function definition for ‘UseFunction’
    is.bad: no visible global function definition for ‘UseFunction’
    is.empty: no visible global function definition for ‘UseFunction’
Flavors: r-devel-linux-x86_64-debian-clang, r-devel-linux-x86_64-debian-gcc, r-devel-linux-x86_64-fedora-clang, r-devel-linux-x86_64-fedora-gcc, r-devel-osx-x86_64-clang, r-devel-windows-ix86+x86_64, r-patched-linux-x86_64, r-patched-solaris-sparc, r-patched-solaris-x86, r-release-linux-ix86, r-release-linux-x86_64, r-release-windows-ix86+x86_64