CRAN Package Check Results for Package futile.any

Last updated on 2014-07-24 01:47:54.

Flavor Version Tinstall Tcheck Ttotal Status Flags
r-devel-linux-x86_64-debian-clang 1.3.0 0.93 9.94 10.87 NOTE
r-devel-linux-x86_64-debian-gcc 1.3.0 0.83 9.57 10.40 NOTE
r-devel-linux-x86_64-fedora-clang 1.3.0 22.16 NOTE
r-devel-linux-x86_64-fedora-gcc 1.3.0 20.94 NOTE
r-devel-osx-x86_64-clang 1.3.0 25.40 NOTE
r-devel-windows-ix86+x86_64 1.3.0 3.00 19.00 22.00 NOTE
r-patched-linux-x86_64 1.3.0 0.82 9.41 10.23 NOTE
r-patched-solaris-sparc 1.3.0 120.80 NOTE
r-patched-solaris-x86 1.3.0 31.90 NOTE
r-release-linux-ix86 1.3.0 1.14 16.09 17.23 NOTE
r-release-linux-x86_64 1.3.0 0.86 9.72 10.58 NOTE
r-release-osx-x86_64-mavericks 1.3.0 NOTE
r-release-osx-x86_64-snowleopard 1.3.0 OK
r-release-windows-ix86+x86_64 1.3.0 4.00 28.00 32.00 NOTE
r-oldrel-windows-ix86+x86_64 1.3.0 2.00 19.00 21.00 NOTE

Check Details

Version: 1.3.0
Check: dependencies in R code
Result: NOTE
    Package in Depends field not imported from: ‘lambda.r’
     These packages need to be imported from (in the NAMESPACE file)
     for when this namespace is loaded but not attached.
    See the information on DESCRIPTION files in the chapter ‘Creating R
    packages’ of the ‘Writing R Extensions’ manual.
Flavors: r-devel-linux-x86_64-debian-clang, r-devel-linux-x86_64-debian-gcc, r-devel-linux-x86_64-fedora-clang, r-devel-linux-x86_64-fedora-gcc, r-devel-osx-x86_64-clang, r-devel-windows-ix86+x86_64, r-patched-linux-x86_64, r-patched-solaris-sparc, r-patched-solaris-x86, r-release-linux-ix86, r-release-linux-x86_64, r-release-osx-x86_64-mavericks, r-release-windows-ix86+x86_64, r-oldrel-windows-ix86+x86_64