CRAN Package Check Results for Package futile.any

Last updated on 2014-04-25 05:47:15.

Flavor Version Tinstall Tcheck Ttotal Status Flags
r-devel-linux-x86_64-debian-clang 1.3.0 0.89 9.98 10.87 NOTE
r-devel-linux-x86_64-debian-gcc 1.3.0 0.89 10.18 11.08 NOTE
r-devel-linux-x86_64-fedora-clang 1.3.0 21.61 NOTE
r-devel-linux-x86_64-fedora-gcc 1.3.0 21.01 NOTE
r-devel-osx-x86_64-clang 1.3.0 24.54 NOTE
r-devel-osx-x86_64-gcc 1.3.0 NOTE
r-devel-windows-ix86+x86_64 1.3.0 3.00 18.00 21.00 NOTE
r-patched-linux-x86_64 1.3.0 1.02 9.76 10.78 NOTE
r-patched-solaris-sparc 1.3.0 120.80 NOTE
r-patched-solaris-x86 1.3.0 32.70 NOTE
r-release-linux-ix86 1.3.0 2.00 23.00 25.00 NOTE
r-release-linux-x86_64 1.3.0 0.91 10.12 11.02 NOTE
r-release-osx-x86_64-mavericks 1.3.0 WARN
r-release-osx-x86_64-snowleopard 1.3.0 OK
r-release-windows-ix86+x86_64 1.3.0 6.00 24.00 30.00 NOTE
r-oldrel-windows-ix86+x86_64 1.3.0 2.00 19.00 21.00 NOTE

Check Details

Version: 1.3.0
Check: dependencies in R code
Result: NOTE
    Package in Depends field not imported from: ‘lambda.r’
     These packages need to be imported from (in the NAMESPACE file)
     for when this namespace is loaded but not attached.
    See the information on DESCRIPTION files in the chapter ‘Creating R
    packages’ of the ‘Writing R Extensions’ manual.
Flavors: r-devel-linux-x86_64-debian-clang, r-devel-linux-x86_64-debian-gcc, r-devel-linux-x86_64-fedora-clang, r-devel-linux-x86_64-fedora-gcc, r-devel-osx-x86_64-clang, r-devel-osx-x86_64-gcc, r-devel-windows-ix86+x86_64, r-patched-linux-x86_64, r-patched-solaris-sparc, r-patched-solaris-x86, r-release-linux-ix86, r-release-linux-x86_64, r-release-osx-x86_64-mavericks, r-release-windows-ix86+x86_64, r-oldrel-windows-ix86+x86_64

Version: 1.3.0
Check: PDF version of manual
Result: WARNING
    LaTeX errors when creating PDF version.
    This typically indicates Rd problems.
    LaTeX errors found:
    ! LaTeX Error: File `upquote.sty' not found.
    
    Type X to quit or <RETURN> to proceed,
    or enter new name. (Default extension: sty)
    
    1364aa4b/Rd2.tex:8: ==> Fatal error occurred, no output PDF file produced!
Flavor: r-release-osx-x86_64-mavericks