CRAN Package Check Results for Package futile.any

Last updated on 2015-05-30 06:46:42.

Flavor Version Tinstall Tcheck Ttotal Status Flags
r-devel-linux-x86_64-debian-clang 1.3.0 0.78 8.83 9.61 ERROR
r-devel-linux-x86_64-debian-gcc 1.3.0 0.75 9.32 10.08 ERROR
r-devel-linux-x86_64-fedora-clang 1.3.0 19.77 ERROR
r-devel-linux-x86_64-fedora-gcc 1.3.0 17.61 ERROR
r-devel-osx-x86_64-clang 1.3.0 24.70 ERROR
r-devel-windows-ix86+x86_64 1.3.0 3.00 19.00 22.00 ERROR
r-patched-linux-x86_64 1.3.0 0.86 9.04 9.89 ERROR
r-patched-solaris-sparc 1.3.0 124.70 NOTE
r-patched-solaris-x86 1.3.0 27.70 ERROR
r-release-linux-x86_64 1.3.0 0.76 9.28 10.04 ERROR
r-release-osx-x86_64-mavericks 1.3.0 NOTE
r-release-osx-x86_64-snowleopard 1.3.0 NOTE
r-release-windows-ix86+x86_64 1.3.0 3.00 17.00 20.00 ERROR
r-oldrel-windows-ix86+x86_64 1.3.0 4.00 19.00 23.00 NOTE

Check Details

Version: 1.3.0
Check: DESCRIPTION meta-information
Result: NOTE
    Malformed Description field: should contain one or more complete sentences.
Flavors: r-devel-linux-x86_64-debian-clang, r-devel-linux-x86_64-debian-gcc, r-devel-linux-x86_64-fedora-clang, r-devel-linux-x86_64-fedora-gcc, r-devel-osx-x86_64-clang, r-devel-windows-ix86+x86_64, r-patched-linux-x86_64, r-patched-solaris-sparc, r-patched-solaris-x86, r-release-linux-x86_64, r-release-osx-x86_64-mavericks, r-release-osx-x86_64-snowleopard, r-release-windows-ix86+x86_64

Version: 1.3.0
Check: dependencies in R code
Result: NOTE
    Package in Depends field not imported from: ‘lambda.r’
     These packages need to be imported from (in the NAMESPACE file)
     for when this namespace is loaded but not attached.
Flavors: r-devel-linux-x86_64-debian-clang, r-devel-linux-x86_64-debian-gcc, r-devel-linux-x86_64-fedora-clang, r-devel-linux-x86_64-fedora-gcc, r-devel-osx-x86_64-clang, r-devel-windows-ix86+x86_64, r-patched-linux-x86_64, r-patched-solaris-sparc, r-patched-solaris-x86, r-release-linux-x86_64, r-release-osx-x86_64-mavericks, r-release-osx-x86_64-snowleopard, r-release-windows-ix86+x86_64, r-oldrel-windows-ix86+x86_64

Version: 1.3.0
Check: R code for possible problems
Result: NOTE
    anylength: no visible global function definition for ‘UseFunction’
    anynames: no visible global function definition for ‘UseFunction’
    anytypes: no visible global function definition for ‘UseFunction’
    is.bad: no visible global function definition for ‘UseFunction’
    is.empty: no visible global function definition for ‘UseFunction’
Flavors: r-devel-linux-x86_64-debian-clang, r-devel-linux-x86_64-debian-gcc, r-devel-linux-x86_64-fedora-clang, r-devel-linux-x86_64-fedora-gcc, r-devel-osx-x86_64-clang, r-devel-windows-ix86+x86_64, r-patched-linux-x86_64, r-patched-solaris-sparc, r-patched-solaris-x86, r-release-linux-x86_64, r-release-osx-x86_64-mavericks, r-release-osx-x86_64-snowleopard, r-release-windows-ix86+x86_64, r-oldrel-windows-ix86+x86_64

Version: 1.3.0
Check: tests
Result: ERROR
    Running the tests in ‘tests/run_tests.R’ failed.
    Last 13 lines of output:
    
     R is a collaborative project with many contributors.
     Type 'contributors()' for more information and
     'citation()' on how to cite R or R packages in publications.
    
     Type 'demo()' for some demos, 'help()' for on-line help, or
     'help.start()' for an HTML browser interface to help.
     Type 'q()' to quit R.
    
     > library(testthat)
     > library_if_available(futile.any)
     Error: could not find function "library_if_available"
     Execution halted
Flavors: r-devel-linux-x86_64-debian-clang, r-devel-linux-x86_64-debian-gcc, r-devel-linux-x86_64-fedora-clang, r-devel-linux-x86_64-fedora-gcc, r-devel-osx-x86_64-clang, r-devel-windows-ix86+x86_64, r-patched-linux-x86_64, r-patched-solaris-x86, r-release-linux-x86_64, r-release-windows-ix86+x86_64