CRAN Package Check Results for Package futile.any

Last updated on 2015-04-25 12:46:15.

Flavor Version Tinstall Tcheck Ttotal Status Flags
r-devel-linux-x86_64-debian-clang 1.3.0 0.78 9.30 10.09 NOTE
r-devel-linux-x86_64-debian-gcc 1.3.0 0.78 9.13 9.91 NOTE
r-devel-linux-x86_64-fedora-clang 1.3.0 19.70 NOTE
r-devel-linux-x86_64-fedora-gcc 1.3.0 17.63 NOTE
r-devel-osx-x86_64-clang 1.3.0 24.85 NOTE
r-devel-windows-ix86+x86_64 1.3.0 3.00 18.00 21.00 NOTE
r-patched-linux-x86_64 1.3.0 0.83 9.84 10.67 NOTE
r-patched-solaris-sparc 1.3.0 124.90 NOTE
r-patched-solaris-x86 1.3.0 27.20 NOTE
r-release-linux-x86_64 1.3.0 0.77 9.14 9.91 NOTE
r-release-osx-x86_64-mavericks 1.3.0 NOTE
r-release-osx-x86_64-snowleopard 1.3.0 NOTE
r-release-windows-ix86+x86_64 1.3.0 3.00 17.00 20.00 NOTE
r-oldrel-windows-ix86+x86_64 1.3.0 3.00 18.00 21.00 NOTE

Check Details

Version: 1.3.0
Check: DESCRIPTION meta-information
Result: NOTE
    Malformed Description field: should contain one or more complete sentences.
Flavors: r-devel-windows-ix86+x86_64, r-release-windows-ix86+x86_64

Version: 1.3.0
Check: dependencies in R code
Result: NOTE
    Package in Depends field not imported from: 'lambda.r'
     These packages need to be imported from (in the NAMESPACE file)
     for when this namespace is loaded but not attached.
Flavors: r-devel-windows-ix86+x86_64, r-release-windows-ix86+x86_64, r-oldrel-windows-ix86+x86_64

Version: 1.3.0
Check: R code for possible problems
Result: NOTE
    anylength: no visible global function definition for 'UseFunction'
    anynames: no visible global function definition for 'UseFunction'
    anytypes: no visible global function definition for 'UseFunction'
    is.bad: no visible global function definition for 'UseFunction'
    is.empty: no visible global function definition for 'UseFunction'
Flavors: r-devel-windows-ix86+x86_64, r-release-windows-ix86+x86_64, r-oldrel-windows-ix86+x86_64