CRAN Package Check Results for Package futile.logger

Last updated on 2016-02-06 15:51:36.

Flavor Version Tinstall Tcheck Ttotal Status Flags
r-devel-linux-x86_64-debian-gcc 1.4.1 1.07 8.95 10.03 NOTE
r-devel-linux-x86_64-fedora-clang 1.4.1 17.87 NOTE
r-devel-linux-x86_64-fedora-gcc 1.4.1 16.83 NOTE
r-devel-osx-x86_64-clang 1.4.1 22.09 NOTE
r-devel-windows-ix86+x86_64 1.4.1 5.00 23.00 28.00 NOTE
r-patched-linux-x86_64 1.4.1 1.16 9.69 10.85 OK
r-patched-solaris-sparc 1.4.1 118.60 OK
r-patched-solaris-x86 1.4.1 25.80 OK
r-release-linux-x86_64 1.4.1 1.06 9.76 10.82 OK
r-release-osx-x86_64-mavericks 1.4.1 OK
r-release-windows-ix86+x86_64 1.4.1 3.00 17.00 20.00 OK
r-oldrel-windows-ix86+x86_64 1.4.1 6.00 23.00 29.00 OK

Check Details

Version: 1.4.1
Check: R code for possible problems
Result: NOTE
    .log_level: no visible global function definition for ‘capture.output’
    flog.namespace: no visible global function definition for
     ‘capture.output’
    flog.namespace: no visible global function definition for ‘str’
    Undefined global functions or variables:
     capture.output str
    Consider adding
     importFrom("utils", "capture.output", "str")
    to your NAMESPACE.
Flavors: r-devel-linux-x86_64-debian-gcc, r-devel-linux-x86_64-fedora-clang, r-devel-linux-x86_64-fedora-gcc, r-devel-windows-ix86+x86_64

Version: 1.4.1
Check: R code for possible problems
Result: NOTE
    .log_level: no visible global function definition for ‘capture.output’
    flog.namespace: no visible global function definition for
     ‘capture.output’
    flog.namespace: no visible global function definition for ‘str’
    Undefined global functions or variables:
     capture.output str
    Consider adding
     importFrom("utils", "capture.output", "str")
    to your NAMESPACE file.
Flavor: r-devel-osx-x86_64-clang