CRAN Package Check Results for Package futile.logger

Last updated on 2016-07-02 06:47:16.

Flavor Version Tinstall Tcheck Ttotal Status Flags
r-devel-linux-x86_64-debian-gcc 1.4.1 1.54 11.72 13.26 ERROR
r-devel-linux-x86_64-fedora-clang 1.4.1 17.81 ERROR
r-devel-linux-x86_64-fedora-gcc 1.4.1 16.71 ERROR
r-devel-osx-x86_64-clang 1.4.1 17.05 ERROR
r-devel-windows-ix86+x86_64 1.4.1 4.00 41.00 45.00 ERROR
r-patched-linux-x86_64 1.4.1 1.32 11.53 12.85 ERROR
r-patched-solaris-sparc 1.4.1 118.80 ERROR
r-patched-solaris-x86 1.4.1 27.40 ERROR
r-release-linux-x86_64 1.4.1 1.12 9.77 10.89 ERROR
r-release-osx-x86_64-mavericks 1.4.1 ERROR
r-release-windows-ix86+x86_64 1.4.1 5.00 36.00 41.00 ERROR
r-oldrel-windows-ix86+x86_64 1.4.1 4.00 33.00 37.00 ERROR

Check Details

Version: 1.4.1
Check: R code for possible problems
Result: NOTE
    .log_level: no visible global function definition for ‘capture.output’
    flog.namespace: no visible global function definition for
     ‘capture.output’
    flog.namespace: no visible global function definition for ‘str’
    Undefined global functions or variables:
     capture.output str
    Consider adding
     importFrom("utils", "capture.output", "str")
    to your NAMESPACE file.
Flavors: r-devel-linux-x86_64-debian-gcc, r-devel-linux-x86_64-fedora-clang, r-devel-linux-x86_64-fedora-gcc, r-devel-osx-x86_64-clang, r-devel-windows-ix86+x86_64, r-patched-linux-x86_64, r-patched-solaris-sparc, r-patched-solaris-x86, r-release-linux-x86_64, r-release-osx-x86_64-mavericks, r-release-windows-ix86+x86_64

Version: 1.4.1
Check: tests
Result: ERROR
    Running the tests in ‘tests/testthat.R’ failed.
    Last 13 lines of output:
     Type 'q()' to quit R.
    
     > library(testthat)
     > test_check("futile.logger")
     Loading required package: futile.logger
     1. Failure: lower levels are not logged (@test_debug.R#19) ---------------------
     flog.trace("testlog") produced no output
    
    
     testthat results ================================================================
     OK: 68 SKIPPED: 0 FAILED: 1
     1. Failure: lower levels are not logged (@test_debug.R#19)
    
     Error: testthat unit tests failed
     Execution halted
Flavors: r-devel-linux-x86_64-debian-gcc, r-devel-linux-x86_64-fedora-clang, r-devel-linux-x86_64-fedora-gcc, r-devel-osx-x86_64-clang, r-devel-windows-ix86+x86_64

Version: 1.4.1
Check: tests
Result: ERROR
    Running the tests in ‘tests/testthat.R’ failed.
    Last 13 lines of output:
     > library(testthat)
     > test_check("futile.logger")
     Loading required package: futile.logger
     1. Failure: lower levels are not logged (@test_debug.R#19) ---------------------
     flog.trace("testlog") produced no output
    
    
     testthat results ================================================================
     OK: 68 SKIPPED: 0 FAILED: 1
     1. Failure: lower levels are not logged (@test_debug.R#19)
    
     Error: testthat unit tests failed
     Execution halted
Flavors: r-patched-linux-x86_64, r-patched-solaris-sparc, r-patched-solaris-x86, r-release-linux-x86_64, r-release-osx-x86_64-mavericks, r-release-windows-ix86+x86_64, r-oldrel-windows-ix86+x86_64