CRAN Package Check Results for Package futile.logger

Last updated on 2016-04-28 21:47:29.

Flavor Version Tinstall Tcheck Ttotal Status Flags
r-devel-linux-x86_64-debian-gcc 1.4.1 1.11 9.92 11.03 ERROR
r-devel-linux-x86_64-fedora-clang 1.4.1 18.00 ERROR
r-devel-linux-x86_64-fedora-gcc 1.4.1 16.71 ERROR
r-devel-osx-x86_64-clang 1.4.1 22.30 ERROR
r-devel-windows-ix86+x86_64 1.4.1 3.00 32.00 35.00 ERROR
r-patched-linux-x86_64 1.4.1 1.15 10.02 11.17 ERROR
r-patched-solaris-sparc 1.4.1 119.30 ERROR
r-patched-solaris-x86 1.4.1 27.50 ERROR
r-release-linux-x86_64 1.4.1 1.07 10.65 11.72 ERROR
r-release-osx-x86_64-mavericks 1.4.1 OK
r-release-windows-ix86+x86_64 1.4.1 3.00 25.00 28.00 ERROR
r-oldrel-windows-ix86+x86_64 1.4.1 6.00 23.00 29.00 ERROR

Check Details

Version: 1.4.1
Check: R code for possible problems
Result: NOTE
    .log_level: no visible global function definition for ‘capture.output’
    flog.namespace: no visible global function definition for
     ‘capture.output’
    flog.namespace: no visible global function definition for ‘str’
    Undefined global functions or variables:
     capture.output str
    Consider adding
     importFrom("utils", "capture.output", "str")
    to your NAMESPACE file.
Flavors: r-devel-linux-x86_64-debian-gcc, r-devel-linux-x86_64-fedora-clang, r-devel-linux-x86_64-fedora-gcc, r-devel-osx-x86_64-clang, r-devel-windows-ix86+x86_64, r-patched-linux-x86_64, r-patched-solaris-sparc, r-patched-solaris-x86

Version: 1.4.1
Check: tests
Result: ERROR
    Running the tests in ‘tests/testthat.R’ failed.
    Last 13 lines of output:
     > library(testthat)
     > test_check("futile.logger")
     Loading required package: futile.logger
     1. Failure: lower levels are not logged (@test_debug.R#19) ---------------------
     flog.trace("testlog") produced no output
    
    
     testthat results ================================================================
     OK: 68 SKIPPED: 0 FAILED: 1
     1. Failure: lower levels are not logged (@test_debug.R#19)
    
     Error: testthat unit tests failed
     Execution halted
Flavors: r-devel-linux-x86_64-debian-gcc, r-devel-linux-x86_64-fedora-clang, r-devel-linux-x86_64-fedora-gcc, r-devel-osx-x86_64-clang, r-devel-windows-ix86+x86_64, r-patched-linux-x86_64, r-patched-solaris-sparc, r-patched-solaris-x86, r-release-linux-x86_64, r-release-windows-ix86+x86_64, r-oldrel-windows-ix86+x86_64