CRAN Package Check Results for Package futile.logger

Last updated on 2015-04-18 17:50:47.

Flavor Version Tinstall Tcheck Ttotal Status Flags
r-devel-linux-x86_64-debian-clang 1.4 1.08 10.01 11.08 OK
r-devel-linux-x86_64-debian-gcc 1.4 1.04 9.92 10.95 OK
r-devel-linux-x86_64-fedora-clang 1.4 20.86 OK
r-devel-linux-x86_64-fedora-gcc 1.4 19.58 OK
r-devel-osx-x86_64-clang 1.4 24.48 OK
r-patched-linux-x86_64 1.3.7 1.20 9.79 10.99 OK
r-patched-solaris-sparc 1.4 108.90 ERROR
r-patched-solaris-x86 1.4 29.40 OK
r-release-linux-x86_64 1.4 1.05 9.89 10.94 OK
r-release-osx-x86_64-mavericks 1.4 OK
r-release-osx-x86_64-snowleopard 1.4 OK
r-release-windows-ix86+x86_64 1.4 3.00 19.00 22.00 OK
r-oldrel-windows-ix86+x86_64 1.4 4.00 20.00 24.00 ERROR

Check Details

Version: 1.4
Check: tests
Result: ERROR
    Running the tests in ‘tests/testthat.R’ failed.
    Last 13 lines of output:
     root logger : ...
     capture output : ....
     new logger : ...
     logger hierarchy : .........
     carp : ..
     String configuration : ..................
    
    
     1. Failure(@test_json.R#11): simple string -------------------------------------
     Sys.time() - strptime(aslist$timestamp, "%Y-%m-%d %H:%M:%S %z") < 1 isn't true
    
     Error: Test failures
     Execution halted
Flavors: r-patched-solaris-sparc, r-oldrel-windows-ix86+x86_64