CRAN Package Check Results for Package futile.logger

Last updated on 2015-08-28 17:49:20.

Flavor Version Tinstall Tcheck Ttotal Status Flags
r-devel-linux-x86_64-debian-clang 1.4.1 1.04 10.02 11.06 NOTE
r-devel-linux-x86_64-debian-gcc 1.4.1 1.03 9.34 10.37 NOTE
r-devel-linux-x86_64-fedora-clang 1.4.1 19.60 NOTE
r-devel-linux-x86_64-fedora-gcc 1.4.1 19.32 NOTE
r-devel-osx-x86_64-clang 1.4.1 20.19 OK
r-devel-windows-ix86+x86_64 1.4.1 5.00 28.00 33.00 NOTE
r-patched-linux-x86_64 1.4.1 1.76 10.18 11.94 OK
r-patched-solaris-sparc 1.4.1 136.70 OK
r-patched-solaris-x86 1.4.1 30.90 OK
r-release-linux-x86_64 1.4.1 1.04 10.10 11.14 OK
r-release-osx-x86_64-mavericks 1.4.1 OK
r-release-windows-ix86+x86_64 1.4.1 5.00 25.00 30.00 OK
r-oldrel-windows-ix86+x86_64 1.4.1 6.00 22.00 28.00 OK

Check Details

Version: 1.4.1
Check: R code for possible problems
Result: NOTE
    .log_level: no visible global function definition for ‘capture.output’
    flog.namespace: no visible global function definition for
     ‘capture.output’
    flog.namespace: no visible global function definition for ‘str’
    Undefined global functions or variables:
     capture.output str
    Consider adding
     importFrom("utils", "capture.output", "str")
    to your NAMESPACE.
Flavors: r-devel-linux-x86_64-debian-clang, r-devel-linux-x86_64-debian-gcc, r-devel-linux-x86_64-fedora-clang, r-devel-linux-x86_64-fedora-gcc, r-devel-windows-ix86+x86_64