CRAN Package Check Results for Package futile.logger

Last updated on 2015-07-01 13:47:14.

Flavor Version Tinstall Tcheck Ttotal Status Flags
r-devel-linux-x86_64-debian-clang 1.4.1 1.02 9.70 10.72 NOTE
r-devel-linux-x86_64-debian-gcc 1.4.1 1.02 9.82 10.84 NOTE
r-devel-linux-x86_64-fedora-clang 1.4.1 19.27 NOTE
r-devel-linux-x86_64-fedora-gcc 1.4.1 18.18 NOTE
r-devel-osx-x86_64-clang 1.4.1 21.73 OK
r-devel-windows-ix86+x86_64 1.4.1 5.00 17.00 22.00 NOTE
r-patched-linux-x86_64 1.4.1 1.04 9.77 10.81 OK
r-patched-solaris-sparc 1.4.1 132.60 OK
r-patched-solaris-x86 1.4.1 30.30 OK
r-release-linux-x86_64 1.4.1 1.04 10.62 11.66 OK
r-release-osx-x86_64-mavericks 1.4.1 OK
r-release-windows-ix86+x86_64 1.4.1 3.00 18.00 21.00 OK
r-oldrel-windows-ix86+x86_64 1.4.1 6.00 21.00 27.00 OK

Check Details

Version: 1.4.1
Check: R code for possible problems
Result: NOTE
    .log_level: no visible global function definition for ‘capture.output’
    flog.namespace: no visible global function definition for
     ‘capture.output’
    flog.namespace: no visible global function definition for ‘str’
Flavors: r-devel-linux-x86_64-debian-clang, r-devel-linux-x86_64-debian-gcc, r-devel-linux-x86_64-fedora-clang, r-devel-linux-x86_64-fedora-gcc, r-devel-windows-ix86+x86_64