CRAN Package Check Results for Package futile.matrix

Last updated on 2015-03-30 23:47:46.

Flavor Version Tinstall Tcheck Ttotal Status Flags
r-devel-linux-x86_64-debian-clang 1.2.2 1.45 10.76 12.21 NOTE
r-devel-linux-x86_64-debian-gcc 1.2.2 2.30 10.46 12.76 NOTE
r-devel-linux-x86_64-fedora-clang 1.2.2 23.28 NOTE
r-devel-linux-x86_64-fedora-gcc 1.2.2 21.62 NOTE
r-devel-osx-x86_64-clang 1.2.2 29.73 NOTE
r-prerel-windows-ix86+x86_64 1.2.2 4.00 19.00 23.00 NOTE
r-prerel-linux-x86_64 1.2.2 1.34 10.52 11.86 NOTE
r-prerel-solaris-sparc 1.2.2 140.90 NOTE
r-prerel-solaris-x86 1.2.2 31.40 NOTE
r-release-linux-x86_64 1.2.2 1.68 13.24 14.92 OK
r-release-osx-x86_64-mavericks 1.2.2 OK
r-release-osx-x86_64-snowleopard 1.2.2 OK
r-release-windows-ix86+x86_64 1.2.2 6.00 23.00 29.00 OK
r-oldrel-windows-ix86+x86_64 1.2.2 6.00 24.00 30.00 OK

Check Details

Version: 1.2.2
Check: DESCRIPTION meta-information
Result: NOTE
    Malformed Description field: should contain one or more complete sentences.
Flavors: r-devel-linux-x86_64-debian-clang, r-devel-linux-x86_64-debian-gcc, r-devel-linux-x86_64-fedora-clang, r-devel-linux-x86_64-fedora-gcc, r-devel-osx-x86_64-clang, r-prerel-windows-ix86+x86_64, r-prerel-linux-x86_64, r-prerel-solaris-sparc, r-prerel-solaris-x86

Version: 1.2.2
Check: S3 generic/method consistency
Result: NOTE
    Found the following apparent S3 methods exported but not registered:
     print.Ensemble
    See section ‘Registering S3 methods’ in the ‘Writing R Extensions’
    manual.
Flavors: r-devel-linux-x86_64-debian-clang, r-devel-linux-x86_64-debian-gcc, r-devel-linux-x86_64-fedora-clang, r-devel-linux-x86_64-fedora-gcc, r-devel-osx-x86_64-clang, r-prerel-linux-x86_64