CRAN Package Check Results for Package futile.matrix

Last updated on 2016-05-06 23:46:56.

Flavor Version Tinstall Tcheck Ttotal Status Flags
r-devel-linux-x86_64-debian-gcc 1.2.2 1.46 10.54 12.00 ERROR
r-devel-linux-x86_64-fedora-clang 1.2.2 19.77 ERROR
r-devel-linux-x86_64-fedora-gcc 1.2.2 18.25 ERROR
r-devel-osx-x86_64-clang 1.2.2 24.14 ERROR
r-devel-windows-ix86+x86_64 1.2.2 6.00 29.00 35.00 NOTE
r-patched-linux-x86_64 1.2.2 1.50 10.53 12.03 NOTE
r-patched-solaris-sparc 1.2.2 132.90 NOTE
r-patched-solaris-x86 1.2.2 29.60 NOTE
r-release-linux-x86_64 1.2.2 1.38 10.70 12.09 NOTE
r-release-osx-x86_64-mavericks 1.2.2 NOTE
r-release-windows-ix86+x86_64 1.2.2 6.00 29.00 35.00 NOTE
r-oldrel-windows-ix86+x86_64 1.2.2 5.00 25.00 30.00 NOTE

Check Details

Version: 1.2.2
Check: DESCRIPTION meta-information
Result: NOTE
    Malformed Description field: should contain one or more complete sentences.
Flavors: r-devel-linux-x86_64-debian-gcc, r-devel-linux-x86_64-fedora-clang, r-devel-linux-x86_64-fedora-gcc, r-devel-osx-x86_64-clang, r-devel-windows-ix86+x86_64, r-patched-linux-x86_64, r-patched-solaris-sparc, r-patched-solaris-x86, r-release-linux-x86_64, r-release-osx-x86_64-mavericks, r-release-windows-ix86+x86_64, r-oldrel-windows-ix86+x86_64

Version: 1.2.2
Check: S3 generic/method consistency
Result: NOTE
    Found the following apparent S3 methods exported but not registered:
     print.Ensemble
    See section ‘Registering S3 methods’ in the ‘Writing R Extensions’
    manual.
Flavors: r-devel-linux-x86_64-debian-gcc, r-devel-linux-x86_64-fedora-clang, r-devel-linux-x86_64-fedora-gcc, r-devel-osx-x86_64-clang, r-patched-linux-x86_64, r-patched-solaris-sparc, r-patched-solaris-x86, r-release-linux-x86_64

Version: 1.2.2
Check: R code for possible problems
Result: NOTE
    read.matrix: no visible global function definition for ‘read.csv’
    Undefined global functions or variables:
     read.csv
    Consider adding
     importFrom("utils", "read.csv")
    to your NAMESPACE file.
Flavors: r-devel-linux-x86_64-debian-gcc, r-devel-linux-x86_64-fedora-clang, r-devel-linux-x86_64-fedora-gcc, r-devel-osx-x86_64-clang, r-devel-windows-ix86+x86_64, r-patched-linux-x86_64, r-patched-solaris-sparc, r-patched-solaris-x86, r-release-linux-x86_64, r-release-osx-x86_64-mavericks, r-release-windows-ix86+x86_64

Version: 1.2.2
Check: examples
Result: ERROR
    Running examples in ‘futile.matrix-Ex.R’ failed
    The error most likely occurred in:
    
    > ### Name: dmatrix
    > ### Title: Analyze the eigenvalue spectrum of random matrices
    > ### Aliases: dmatrix domain cutoff fit.density RandomMatrixFilter
    > ### MaximumLikelihoodFit
    > ### Keywords: array
    >
    > ### ** Examples
    >
    > model <- WishartModel(20,50, sd=1)
    > bounds <- domain(model)
    > x <- seq(bounds[1], bounds[2], length.out=50)
    > plot(x,dmatrix(x, model))
    >
    > cutoff(rmatrix(model))
    Error in UseFunction(cutoff, "cutoff", ...) :
     No valid function for 'cutoff(matrix,eigen,RandomMatrixFilter)'
    Calls: cutoff ... UseFunction -> do.call -> <Anonymous> -> cutoff -> UseFunction
    Execution halted
Flavors: r-devel-linux-x86_64-debian-gcc, r-devel-linux-x86_64-fedora-clang, r-devel-linux-x86_64-fedora-gcc, r-devel-osx-x86_64-clang

Version: 1.2.2
Check: tests
Result: ERROR
    Running the tests in ‘tests/doRUnit.R’ failed.
    Last 13 lines of output:
     ERROR in test.cutoff_kernel_1: Error in UseFunction(cutoff, "cutoff", ...) :
     No valid function for 'cutoff(matrix,eigen,RandomMatrixFilter)'
     ERROR in test.cutoff_kernel_2: Error in UseFunction(cutoff, "cutoff", ...) :
     No valid function for 'cutoff(matrix,eigen,RandomMatrixFilter)'
     ERROR in test.fit.density_1: Error in UseFunction(fit.density, "fit.density", ...) :
     No valid function for 'fit.density(eigen,MaximumLikelihoodFit)'
     ERROR in test.fit.density_2: Error in UseFunction(fit.density, "fit.density", ...) :
     No valid function for 'fit.density(eigen,MaximumLikelihoodFit)'
     Error:
    
     unit testing failed (#test failures: 0, #R errors: 4)
    
     Execution halted
Flavors: r-devel-linux-x86_64-debian-gcc, r-devel-linux-x86_64-fedora-clang, r-devel-linux-x86_64-fedora-gcc, r-devel-osx-x86_64-clang