CRAN Package Check Results for Package futile.matrix

Last updated on 2018-01-21 14:47:24 CET.

Flavor Version Tinstall Tcheck Ttotal Status Flags
r-devel-linux-x86_64-debian-clang 1.2.6 2.81 21.33 24.14 ERROR
r-devel-linux-x86_64-debian-gcc 1.2.6 1.63 16.78 18.41 ERROR
r-devel-linux-x86_64-fedora-clang 1.2.6 29.27 OK
r-devel-linux-x86_64-fedora-gcc 1.2.6 26.89 OK
r-devel-windows-ix86+x86_64 1.2.6 5.00 35.00 40.00 OK
r-patched-linux-x86_64 1.2.6 2.42 19.73 22.15 ERROR
r-patched-solaris-x86 1.2.6 40.00 OK
r-release-linux-x86_64 1.2.6 3.15 19.78 22.93 ERROR
r-release-windows-ix86+x86_64 1.2.6 6.00 45.00 51.00 OK
r-release-osx-x86_64 1.2.6 OK
r-oldrel-windows-ix86+x86_64 1.2.6 5.00 45.00 50.00 OK
r-oldrel-osx-x86_64 1.2.6 OK

Check Details

Version: 1.2.6
Check: tests
Result: ERROR
     Running ‘doRUnit.R’ [2s/3s]
    Running the tests in ‘tests/doRUnit.R’ failed.
    Complete output:
     > # From http://rwiki.sciviews.org/doku.php?id=developers:runit
     > ## unit tests will not be done if RUnit is not available
     >
     > # Unit tests are currently failing due to scoping issues
     > if(require("RUnit", quietly=TRUE)) {
     +
     + ## --- Setup ---
     +
     + pkg <- "futile.matrix" # <-- Change to name!
     + if(Sys.getenv("RCMDCHECK") == "FALSE") {
     + ## Path to unit tests for standalone running under Makefile (not R CMD check)
     + ## PKG/tests/../inst/unitTests
     + path <- file.path(getwd(), "..", "inst", "unitTests")
     + } else {
     + ## Path to unit tests for R CMD check
     + ## PKG.Rcheck/tests/../PKG/unitTests
     + path <- system.file(package=pkg, "unitTests")
     + }
     + cat("\nRunning unit tests\n")
     + print(list(pkg=pkg, getwd=getwd(), pathToUnitTests=path))
     +
     + library(package=pkg, character.only=TRUE)
     +
     + ## If desired, load the name space to allow testing of private functions
     + ## if (is.element(pkg, loadedNamespaces()))
     + ## attach(loadNamespace(pkg), name=paste("namespace", pkg, sep=":"), pos=3)
     + ##
     + ## or simply call PKG:::myPrivateFunction() in tests
     +
     + ## --- Testing ---
     +
     + ## Define tests
     + testSuite <- defineTestSuite(name=paste(pkg, "unit testing"),
     + dirs=path)
     + ## Run
     + tests <- runTestSuite(testSuite)
     +
     + ## Default report name
     + pathReport <- file.path(path, "report")
     +
     + ## Report to stdout and text files
     + cat("------------------- UNIT TEST SUMMARY ---------------------\n\n")
     + printTextProtocol(tests, showDetails=FALSE)
     + printTextProtocol(tests, showDetails=FALSE,
     + fileName=paste(pathReport, "Summary.txt", sep=""))
     + printTextProtocol(tests, showDetails=TRUE,
     + fileName=paste(pathReport, ".txt", sep=""))
     +
     + ## Report to HTML file
     + printHTMLProtocol(tests, fileName=paste(pathReport, ".html", sep=""))
     +
     + ## Return stop() to cause R CMD check stop in case of
     + ## - failures i.e. FALSE to unit tests or
     + ## - errors i.e. R errors
     + tmp <- getErrors(tests)
     + if(tmp$nFail > 0 | tmp$nErr > 0) {
     + stop(paste("\n\nunit testing failed (#test failures: ", tmp$nFail,
     + ", #R errors: ", tmp$nErr, ")\n\n", sep=""))
     + }
     + } else {
     + warning("cannot run unit tests -- package RUnit is not available")
     + }
    
     Running unit tests
     $pkg
     [1] "futile.matrix"
    
     $getwd
     [1] "/home/hornik/tmp/R.check/r-devel-clang/Work/PKGS/futile.matrix.Rcheck/tests"
    
     $pathToUnitTests
     [1] "/tmp/RtmpuURB2E/RLIBS_143a5bb8d335/futile.matrix/unitTests"
    
    
    
     Executing test function test.cutoff_kernel_1 ... done successfully.
    
    
    
     Executing test function test.cutoff_kernel_2 ... done successfully.
    
    
    
     Executing test function test.fit.density_1 ... done successfully.
    
    
    
     Executing test function test.fit.density_2 ... done successfully.
    
    
    
     Executing test function test.max_eigen ... done successfully.
    
     ------------------- UNIT TEST SUMMARY ---------------------
    
     RUNIT TEST PROTOCOL -- Fri Jan 19 07:41:38 2018
     ***********************************************
     Number of test functions: 5
     Number of errors: 0
     Number of failures: 0
    
    
     1 Test Suite :
     futile.matrix unit testing - 5 test functions, 0 errors, 0 failures
     Error in file(file, ifelse(append, "a", "w")) :
     cannot open the connection
     Calls: printTextProtocol -> cat -> file
     In addition: Warning message:
     In file(file, ifelse(append, "a", "w")) :
     cannot open file '/tmp/RtmpuURB2E/RLIBS_143a5bb8d335/futile.matrix/unitTests/reportSummary.txt': Read-only file system
     Execution halted
Flavor: r-devel-linux-x86_64-debian-clang

Version: 1.2.6
Check: tests
Result: ERROR
     Running ‘doRUnit.R’ [2s/3s]
    Running the tests in ‘tests/doRUnit.R’ failed.
    Complete output:
     > # From http://rwiki.sciviews.org/doku.php?id=developers:runit
     > ## unit tests will not be done if RUnit is not available
     >
     > # Unit tests are currently failing due to scoping issues
     > if(require("RUnit", quietly=TRUE)) {
     +
     + ## --- Setup ---
     +
     + pkg <- "futile.matrix" # <-- Change to name!
     + if(Sys.getenv("RCMDCHECK") == "FALSE") {
     + ## Path to unit tests for standalone running under Makefile (not R CMD check)
     + ## PKG/tests/../inst/unitTests
     + path <- file.path(getwd(), "..", "inst", "unitTests")
     + } else {
     + ## Path to unit tests for R CMD check
     + ## PKG.Rcheck/tests/../PKG/unitTests
     + path <- system.file(package=pkg, "unitTests")
     + }
     + cat("\nRunning unit tests\n")
     + print(list(pkg=pkg, getwd=getwd(), pathToUnitTests=path))
     +
     + library(package=pkg, character.only=TRUE)
     +
     + ## If desired, load the name space to allow testing of private functions
     + ## if (is.element(pkg, loadedNamespaces()))
     + ## attach(loadNamespace(pkg), name=paste("namespace", pkg, sep=":"), pos=3)
     + ##
     + ## or simply call PKG:::myPrivateFunction() in tests
     +
     + ## --- Testing ---
     +
     + ## Define tests
     + testSuite <- defineTestSuite(name=paste(pkg, "unit testing"),
     + dirs=path)
     + ## Run
     + tests <- runTestSuite(testSuite)
     +
     + ## Default report name
     + pathReport <- file.path(path, "report")
     +
     + ## Report to stdout and text files
     + cat("------------------- UNIT TEST SUMMARY ---------------------\n\n")
     + printTextProtocol(tests, showDetails=FALSE)
     + printTextProtocol(tests, showDetails=FALSE,
     + fileName=paste(pathReport, "Summary.txt", sep=""))
     + printTextProtocol(tests, showDetails=TRUE,
     + fileName=paste(pathReport, ".txt", sep=""))
     +
     + ## Report to HTML file
     + printHTMLProtocol(tests, fileName=paste(pathReport, ".html", sep=""))
     +
     + ## Return stop() to cause R CMD check stop in case of
     + ## - failures i.e. FALSE to unit tests or
     + ## - errors i.e. R errors
     + tmp <- getErrors(tests)
     + if(tmp$nFail > 0 | tmp$nErr > 0) {
     + stop(paste("\n\nunit testing failed (#test failures: ", tmp$nFail,
     + ", #R errors: ", tmp$nErr, ")\n\n", sep=""))
     + }
     + } else {
     + warning("cannot run unit tests -- package RUnit is not available")
     + }
    
     Running unit tests
     $pkg
     [1] "futile.matrix"
    
     $getwd
     [1] "/home/hornik/tmp/R.check/r-devel-gcc/Work/PKGS/futile.matrix.Rcheck/tests"
    
     $pathToUnitTests
     [1] "/tmp/Rtmp7a2CX5/RLIBS_6619487730f1/futile.matrix/unitTests"
    
    
    
     Executing test function test.cutoff_kernel_1 ... done successfully.
    
    
    
     Executing test function test.cutoff_kernel_2 ... done successfully.
    
    
    
     Executing test function test.fit.density_1 ... done successfully.
    
    
    
     Executing test function test.fit.density_2 ... done successfully.
    
    
    
     Executing test function test.max_eigen ... done successfully.
    
     ------------------- UNIT TEST SUMMARY ---------------------
    
     RUNIT TEST PROTOCOL -- Sun Jan 21 06:25:47 2018
     ***********************************************
     Number of test functions: 5
     Number of errors: 0
     Number of failures: 0
    
    
     1 Test Suite :
     futile.matrix unit testing - 5 test functions, 0 errors, 0 failures
     Error in file(file, ifelse(append, "a", "w")) :
     cannot open the connection
     Calls: printTextProtocol -> cat -> file
     In addition: Warning message:
     In file(file, ifelse(append, "a", "w")) :
     cannot open file '/tmp/Rtmp7a2CX5/RLIBS_6619487730f1/futile.matrix/unitTests/reportSummary.txt': Read-only file system
     Execution halted
Flavor: r-devel-linux-x86_64-debian-gcc

Version: 1.2.6
Check: tests
Result: ERROR
     Running ‘doRUnit.R’ [2s/3s]
    Running the tests in ‘tests/doRUnit.R’ failed.
    Complete output:
     > # From http://rwiki.sciviews.org/doku.php?id=developers:runit
     > ## unit tests will not be done if RUnit is not available
     >
     > # Unit tests are currently failing due to scoping issues
     > if(require("RUnit", quietly=TRUE)) {
     +
     + ## --- Setup ---
     +
     + pkg <- "futile.matrix" # <-- Change to name!
     + if(Sys.getenv("RCMDCHECK") == "FALSE") {
     + ## Path to unit tests for standalone running under Makefile (not R CMD check)
     + ## PKG/tests/../inst/unitTests
     + path <- file.path(getwd(), "..", "inst", "unitTests")
     + } else {
     + ## Path to unit tests for R CMD check
     + ## PKG.Rcheck/tests/../PKG/unitTests
     + path <- system.file(package=pkg, "unitTests")
     + }
     + cat("\nRunning unit tests\n")
     + print(list(pkg=pkg, getwd=getwd(), pathToUnitTests=path))
     +
     + library(package=pkg, character.only=TRUE)
     +
     + ## If desired, load the name space to allow testing of private functions
     + ## if (is.element(pkg, loadedNamespaces()))
     + ## attach(loadNamespace(pkg), name=paste("namespace", pkg, sep=":"), pos=3)
     + ##
     + ## or simply call PKG:::myPrivateFunction() in tests
     +
     + ## --- Testing ---
     +
     + ## Define tests
     + testSuite <- defineTestSuite(name=paste(pkg, "unit testing"),
     + dirs=path)
     + ## Run
     + tests <- runTestSuite(testSuite)
     +
     + ## Default report name
     + pathReport <- file.path(path, "report")
     +
     + ## Report to stdout and text files
     + cat("------------------- UNIT TEST SUMMARY ---------------------\n\n")
     + printTextProtocol(tests, showDetails=FALSE)
     + printTextProtocol(tests, showDetails=FALSE,
     + fileName=paste(pathReport, "Summary.txt", sep=""))
     + printTextProtocol(tests, showDetails=TRUE,
     + fileName=paste(pathReport, ".txt", sep=""))
     +
     + ## Report to HTML file
     + printHTMLProtocol(tests, fileName=paste(pathReport, ".html", sep=""))
     +
     + ## Return stop() to cause R CMD check stop in case of
     + ## - failures i.e. FALSE to unit tests or
     + ## - errors i.e. R errors
     + tmp <- getErrors(tests)
     + if(tmp$nFail > 0 | tmp$nErr > 0) {
     + stop(paste("\n\nunit testing failed (#test failures: ", tmp$nFail,
     + ", #R errors: ", tmp$nErr, ")\n\n", sep=""))
     + }
     + } else {
     + warning("cannot run unit tests -- package RUnit is not available")
     + }
    
     Running unit tests
     $pkg
     [1] "futile.matrix"
    
     $getwd
     [1] "/home/hornik/tmp/R.check/r-patched-gcc/Work/PKGS/futile.matrix.Rcheck/tests"
    
     $pathToUnitTests
     [1] "/tmp/RtmptsBtER/RLIBS_5e0e81612b/futile.matrix/unitTests"
    
    
    
     Executing test function test.cutoff_kernel_1 ... done successfully.
    
    
    
     Executing test function test.cutoff_kernel_2 ... done successfully.
    
    
    
     Executing test function test.fit.density_1 ... done successfully.
    
    
    
     Executing test function test.fit.density_2 ... done successfully.
    
    
    
     Executing test function test.max_eigen ... done successfully.
    
     ------------------- UNIT TEST SUMMARY ---------------------
    
     RUNIT TEST PROTOCOL -- Fri Jan 19 19:43:41 2018
     ***********************************************
     Number of test functions: 5
     Number of errors: 0
     Number of failures: 0
    
    
     1 Test Suite :
     futile.matrix unit testing - 5 test functions, 0 errors, 0 failures
     Error in file(file, ifelse(append, "a", "w")) :
     cannot open the connection
     Calls: printTextProtocol -> cat -> file
     In addition: Warning message:
     In file(file, ifelse(append, "a", "w")) :
     cannot open file '/tmp/RtmptsBtER/RLIBS_5e0e81612b/futile.matrix/unitTests/reportSummary.txt': Read-only file system
     Execution halted
Flavor: r-patched-linux-x86_64

Version: 1.2.6
Check: tests
Result: ERROR
     Running ‘doRUnit.R’ [2s/3s]
    Running the tests in ‘tests/doRUnit.R’ failed.
    Complete output:
     > # From http://rwiki.sciviews.org/doku.php?id=developers:runit
     > ## unit tests will not be done if RUnit is not available
     >
     > # Unit tests are currently failing due to scoping issues
     > if(require("RUnit", quietly=TRUE)) {
     +
     + ## --- Setup ---
     +
     + pkg <- "futile.matrix" # <-- Change to name!
     + if(Sys.getenv("RCMDCHECK") == "FALSE") {
     + ## Path to unit tests for standalone running under Makefile (not R CMD check)
     + ## PKG/tests/../inst/unitTests
     + path <- file.path(getwd(), "..", "inst", "unitTests")
     + } else {
     + ## Path to unit tests for R CMD check
     + ## PKG.Rcheck/tests/../PKG/unitTests
     + path <- system.file(package=pkg, "unitTests")
     + }
     + cat("\nRunning unit tests\n")
     + print(list(pkg=pkg, getwd=getwd(), pathToUnitTests=path))
     +
     + library(package=pkg, character.only=TRUE)
     +
     + ## If desired, load the name space to allow testing of private functions
     + ## if (is.element(pkg, loadedNamespaces()))
     + ## attach(loadNamespace(pkg), name=paste("namespace", pkg, sep=":"), pos=3)
     + ##
     + ## or simply call PKG:::myPrivateFunction() in tests
     +
     + ## --- Testing ---
     +
     + ## Define tests
     + testSuite <- defineTestSuite(name=paste(pkg, "unit testing"),
     + dirs=path)
     + ## Run
     + tests <- runTestSuite(testSuite)
     +
     + ## Default report name
     + pathReport <- file.path(path, "report")
     +
     + ## Report to stdout and text files
     + cat("------------------- UNIT TEST SUMMARY ---------------------\n\n")
     + printTextProtocol(tests, showDetails=FALSE)
     + printTextProtocol(tests, showDetails=FALSE,
     + fileName=paste(pathReport, "Summary.txt", sep=""))
     + printTextProtocol(tests, showDetails=TRUE,
     + fileName=paste(pathReport, ".txt", sep=""))
     +
     + ## Report to HTML file
     + printHTMLProtocol(tests, fileName=paste(pathReport, ".html", sep=""))
     +
     + ## Return stop() to cause R CMD check stop in case of
     + ## - failures i.e. FALSE to unit tests or
     + ## - errors i.e. R errors
     + tmp <- getErrors(tests)
     + if(tmp$nFail > 0 | tmp$nErr > 0) {
     + stop(paste("\n\nunit testing failed (#test failures: ", tmp$nFail,
     + ", #R errors: ", tmp$nErr, ")\n\n", sep=""))
     + }
     + } else {
     + warning("cannot run unit tests -- package RUnit is not available")
     + }
    
     Running unit tests
     $pkg
     [1] "futile.matrix"
    
     $getwd
     [1] "/home/hornik/tmp/R.check/r-release-gcc/Work/PKGS/futile.matrix.Rcheck/tests"
    
     $pathToUnitTests
     [1] "/tmp/Rtmp9w4XG2/RLIBS_39a86f5b9d6e/futile.matrix/unitTests"
    
    
    
     Executing test function test.cutoff_kernel_1 ... done successfully.
    
    
    
     Executing test function test.cutoff_kernel_2 ... done successfully.
    
    
    
     Executing test function test.fit.density_1 ... done successfully.
    
    
    
     Executing test function test.fit.density_2 ... done successfully.
    
    
    
     Executing test function test.max_eigen ... done successfully.
    
     ------------------- UNIT TEST SUMMARY ---------------------
    
     RUNIT TEST PROTOCOL -- Sat Jan 20 07:43:10 2018
     ***********************************************
     Number of test functions: 5
     Number of errors: 0
     Number of failures: 0
    
    
     1 Test Suite :
     futile.matrix unit testing - 5 test functions, 0 errors, 0 failures
     Error in file(file, ifelse(append, "a", "w")) :
     cannot open the connection
     Calls: printTextProtocol -> cat -> file
     In addition: Warning message:
     In file(file, ifelse(append, "a", "w")) :
     cannot open file '/tmp/Rtmp9w4XG2/RLIBS_39a86f5b9d6e/futile.matrix/unitTests/reportSummary.txt': Read-only file system
     Execution halted
Flavor: r-release-linux-x86_64