CRAN Package Check Results for Package futile.matrix

Last updated on 2014-04-23 07:54:59.

Flavor Version Tinstall Tcheck Ttotal Status Flags
r-devel-linux-x86_64-debian-clang 1.2.0 1.85 13.32 15.17 NOTE
r-devel-linux-x86_64-debian-gcc 1.2.0 1.84 13.24 15.08 NOTE
r-devel-linux-x86_64-fedora-clang 1.2.0 30.14 NOTE
r-devel-linux-x86_64-fedora-gcc 1.2.0 28.79 NOTE
r-devel-osx-x86_64-clang 1.2.0 30.66 NOTE
r-devel-osx-x86_64-gcc 1.2.0 NOTE
r-devel-windows-ix86+x86_64 1.2.0 5.00 23.00 28.00 NOTE
r-patched-linux-x86_64 1.2.0 1.83 13.05 14.88 NOTE
r-patched-solaris-sparc 1.2.0 167.80 NOTE
r-patched-solaris-x86 1.2.0 42.10 NOTE
r-release-linux-ix86 1.2.0 2.00 28.00 30.00 NOTE
r-release-linux-x86_64 1.2.0 1.87 13.18 15.06 NOTE
r-release-osx-x86_64-mavericks 1.2.0 WARN
r-release-osx-x86_64-snowleopard 1.2.0 OK
r-release-windows-ix86+x86_64 1.2.0 9.00 34.00 43.00 NOTE
r-oldrel-windows-ix86+x86_64 1.2.0 5.00 26.00 31.00 NOTE

Check Details

Version: 1.2.0
Check: dependencies in R code
Result: NOTE
    Packages in Depends field not imported from:
     ‘RMTstat’ ‘futile.any’ ‘futile.logger’
     These packages need to be imported from (in the NAMESPACE file)
     for when this namespace is loaded but not attached.
    See the information on DESCRIPTION files in the chapter ‘Creating R
    packages’ of the ‘Writing R Extensions’ manual.
Flavors: r-devel-linux-x86_64-debian-clang, r-devel-linux-x86_64-debian-gcc, r-devel-linux-x86_64-fedora-clang, r-devel-linux-x86_64-fedora-gcc, r-devel-osx-x86_64-clang, r-devel-osx-x86_64-gcc, r-devel-windows-ix86+x86_64, r-patched-linux-x86_64, r-patched-solaris-sparc, r-patched-solaris-x86, r-release-linux-ix86, r-release-linux-x86_64, r-release-osx-x86_64-mavericks, r-release-windows-ix86+x86_64, r-oldrel-windows-ix86+x86_64

Version: 1.2.0
Check: PDF version of manual
Result: WARNING
    LaTeX errors when creating PDF version.
    This typically indicates Rd problems.
    LaTeX errors found:
    ! LaTeX Error: File `upquote.sty' not found.
    
    Type X to quit or <RETURN> to proceed,
    or enter new name. (Default extension: sty)
    
    590d334/Rd2.tex:8: ==> Fatal error occurred, no output PDF file produced!
Flavor: r-release-osx-x86_64-mavericks