CRAN Package Check Results for Package futile.matrix

Last updated on 2015-05-30 03:48:38.

Flavor Version Tinstall Tcheck Ttotal Status Flags
r-devel-linux-x86_64-debian-clang 1.2.2 2.14 10.48 12.63 NOTE
r-devel-linux-x86_64-debian-gcc 1.2.2 1.33 10.47 11.80 NOTE
r-devel-linux-x86_64-fedora-clang 1.2.2 23.83 NOTE
r-devel-linux-x86_64-fedora-gcc 1.2.2 21.34 NOTE
r-devel-osx-x86_64-clang 1.2.2 26.43 NOTE
r-devel-windows-ix86+x86_64 1.2.2 4.00 19.00 23.00 NOTE
r-patched-linux-x86_64 1.2.2 1.33 10.66 11.99 NOTE
r-patched-solaris-sparc 1.2.2 139.30 NOTE
r-patched-solaris-x86 1.2.2 32.50 NOTE
r-release-linux-x86_64 1.2.2 1.49 10.84 12.34 NOTE
r-release-osx-x86_64-mavericks 1.2.2 NOTE
r-release-osx-x86_64-snowleopard 1.2.2 NOTE
r-release-windows-ix86+x86_64 1.2.2 5.00 21.00 26.00 NOTE
r-oldrel-windows-ix86+x86_64 1.2.2 5.00 25.00 30.00 OK

Check Details

Version: 1.2.2
Check: DESCRIPTION meta-information
Result: NOTE
    Malformed Description field: should contain one or more complete sentences.
Flavors: r-devel-linux-x86_64-debian-clang, r-devel-linux-x86_64-debian-gcc, r-devel-linux-x86_64-fedora-clang, r-devel-linux-x86_64-fedora-gcc, r-devel-osx-x86_64-clang, r-devel-windows-ix86+x86_64, r-patched-linux-x86_64, r-patched-solaris-sparc, r-patched-solaris-x86, r-release-linux-x86_64, r-release-osx-x86_64-mavericks, r-release-osx-x86_64-snowleopard, r-release-windows-ix86+x86_64

Version: 1.2.2
Check: S3 generic/method consistency
Result: NOTE
    Found the following apparent S3 methods exported but not registered:
     print.Ensemble
    See section ‘Registering S3 methods’ in the ‘Writing R Extensions’
    manual.
Flavors: r-devel-linux-x86_64-debian-clang, r-devel-linux-x86_64-debian-gcc, r-devel-linux-x86_64-fedora-clang, r-devel-linux-x86_64-fedora-gcc, r-devel-osx-x86_64-clang, r-patched-linux-x86_64, r-patched-solaris-sparc, r-patched-solaris-x86, r-release-linux-x86_64