CRAN Package Check Results for Package futile.matrix

Last updated on 2015-04-26 19:47:18.

Flavor Version Tinstall Tcheck Ttotal Status Flags
r-devel-linux-x86_64-debian-clang 1.2.2 2.20 10.93 13.13 NOTE
r-devel-linux-x86_64-debian-gcc 1.2.2 1.39 10.47 11.86 NOTE
r-devel-linux-x86_64-fedora-clang 1.2.2 23.57 NOTE
r-devel-linux-x86_64-fedora-gcc 1.2.2 21.49 NOTE
r-devel-osx-x86_64-clang 1.2.2 26.82 NOTE
r-devel-windows-ix86+x86_64 1.2.2 4.00 21.00 25.00 NOTE
r-patched-linux-x86_64 1.2.2 1.43 10.68 12.11 NOTE
r-patched-solaris-sparc 1.2.2 140.90 NOTE
r-patched-solaris-x86 1.2.2 32.10 NOTE
r-release-linux-x86_64 1.2.2 1.35 11.12 12.48 NOTE
r-release-osx-x86_64-mavericks 1.2.2 NOTE
r-release-osx-x86_64-snowleopard 1.2.2 NOTE
r-release-windows-ix86+x86_64 1.2.2 4.00 19.00 23.00 NOTE
r-oldrel-windows-ix86+x86_64 1.2.2 4.00 23.00 27.00 OK

Check Details

Version: 1.2.2
Check: DESCRIPTION meta-information
Result: NOTE
    Malformed Description field: should contain one or more complete sentences.
Flavors: r-devel-linux-x86_64-debian-clang, r-devel-linux-x86_64-fedora-clang, r-devel-linux-x86_64-fedora-gcc, r-devel-osx-x86_64-clang, r-devel-windows-ix86+x86_64, r-patched-solaris-sparc, r-patched-solaris-x86, r-release-osx-x86_64-mavericks, r-release-osx-x86_64-snowleopard, r-release-windows-ix86+x86_64

Version: 1.2.2
Check: S3 generic/method consistency
Result: NOTE
    Found the following apparent S3 methods exported but not registered:
     print.Ensemble
    See section ‘Registering S3 methods’ in the ‘Writing R Extensions’
    manual.
Flavors: r-devel-linux-x86_64-debian-clang, r-devel-linux-x86_64-fedora-clang, r-devel-linux-x86_64-fedora-gcc, r-devel-osx-x86_64-clang, r-patched-solaris-x86