CRAN Package Check Results for Package futile.options

Last updated on 2017-01-21 16:48:34.

Flavor Version Tinstall Tcheck Ttotal Status Flags
r-devel-linux-x86_64-debian-clang 1.0.0 0.60 9.83 10.42 NOTE
r-devel-linux-x86_64-debian-gcc 1.0.0 0.58 9.50 10.08 NOTE
r-devel-linux-x86_64-fedora-clang 1.0.0 16.28 NOTE --no-stop-on-test-error
r-devel-linux-x86_64-fedora-gcc 1.0.0 15.50 NOTE --no-stop-on-test-error
r-devel-macos-x86_64-clang 1.0.0 15.07 NOTE --no-stop-on-test-error
r-devel-windows-ix86+x86_64 1.0.0 3.00 23.00 26.00 NOTE
r-patched-linux-x86_64 1.0.0 0.56 8.14 8.70 NOTE
r-patched-solaris-sparc 1.0.0 82.60 NOTE
r-patched-solaris-x86 1.0.0 20.30 NOTE
r-release-linux-x86_64 1.0.0 0.57 8.16 8.73 NOTE
r-release-osx-x86_64-mavericks 1.0.0 NOTE
r-release-windows-ix86+x86_64 1.0.0 2.00 21.00 23.00 NOTE
r-oldrel-windows-ix86+x86_64 1.0.0 2.00 19.00 21.00 NOTE

Check Details

Version: 1.0.0
Check: DESCRIPTION meta-information
Result: NOTE
    Malformed Description field: should contain one or more complete sentences.
Flavors: r-devel-linux-x86_64-debian-clang, r-devel-linux-x86_64-debian-gcc, r-devel-windows-ix86+x86_64, r-patched-linux-x86_64, r-patched-solaris-sparc, r-patched-solaris-x86, r-release-linux-x86_64, r-release-osx-x86_64-mavericks, r-release-windows-ix86+x86_64, r-oldrel-windows-ix86+x86_64

Version: 1.0.0
Check: S3 generic/method consistency
Result: NOTE
    Found the following apparent S3 methods exported but not registered:
     resetOptions.character resetOptions.default updateOptions.character
     updateOptions.default
    See section ‘Registering S3 methods’ in the ‘Writing R Extensions’
    manual.
Flavors: r-devel-linux-x86_64-debian-clang, r-devel-linux-x86_64-debian-gcc, r-patched-linux-x86_64, r-patched-solaris-sparc, r-patched-solaris-x86, r-release-linux-x86_64

Version: 1.0.0
Flags: --no-stop-on-test-error
Check: DESCRIPTION meta-information
Result: NOTE
    Malformed Description field: should contain one or more complete sentences.
Flavors: r-devel-linux-x86_64-fedora-clang, r-devel-linux-x86_64-fedora-gcc, r-devel-macos-x86_64-clang

Version: 1.0.0
Flags: --no-stop-on-test-error
Check: S3 generic/method consistency
Result: NOTE
    Found the following apparent S3 methods exported but not registered:
     resetOptions.character resetOptions.default updateOptions.character
     updateOptions.default
    See section ‘Registering S3 methods’ in the ‘Writing R Extensions’
    manual.
Flavors: r-devel-linux-x86_64-fedora-clang, r-devel-linux-x86_64-fedora-gcc, r-devel-macos-x86_64-clang