CRAN Package Check Results for Package futile.options

Last updated on 2017-10-20 06:48:47.

Flavor Version Tinstall Tcheck Ttotal Status Flags
r-devel-linux-x86_64-debian-clang 1.0.0 0.54 9.84 10.38 NOTE
r-devel-linux-x86_64-debian-gcc 1.0.0 0.65 11.01 11.66 NOTE
r-devel-linux-x86_64-fedora-clang 1.0.0 17.82 NOTE
r-devel-linux-x86_64-fedora-gcc 1.0.0 16.75 NOTE
r-devel-windows-ix86+x86_64 1.0.0 4.00 23.00 27.00 NOTE
r-patched-linux-x86_64 1.0.0 0.57 9.90 10.47 NOTE
r-patched-solaris-x86 1.0.0 24.70 NOTE
r-release-linux-x86_64 1.0.0 0.60 9.97 10.57 NOTE
r-release-windows-ix86+x86_64 1.0.0 2.00 22.00 24.00 NOTE
r-release-osx-x86_64 1.0.0 NOTE
r-oldrel-windows-ix86+x86_64 1.0.0 2.00 21.00 23.00 NOTE
r-oldrel-osx-x86_64 1.0.0 NOTE

Check Details

Version: 1.0.0
Check: DESCRIPTION meta-information
Result: NOTE
    Malformed Description field: should contain one or more complete sentences.
Flavors: r-devel-linux-x86_64-debian-clang, r-devel-linux-x86_64-debian-gcc, r-devel-linux-x86_64-fedora-clang, r-devel-linux-x86_64-fedora-gcc, r-devel-windows-ix86+x86_64, r-patched-linux-x86_64, r-patched-solaris-x86, r-release-linux-x86_64, r-release-windows-ix86+x86_64, r-release-osx-x86_64, r-oldrel-windows-ix86+x86_64, r-oldrel-osx-x86_64

Version: 1.0.0
Check: S3 generic/method consistency
Result: NOTE
    Found the following apparent S3 methods exported but not registered:
     resetOptions.character resetOptions.default updateOptions.character
     updateOptions.default
    See section ‘Registering S3 methods’ in the ‘Writing R Extensions’
    manual.
Flavors: r-devel-linux-x86_64-debian-clang, r-devel-linux-x86_64-debian-gcc, r-devel-linux-x86_64-fedora-clang, r-devel-linux-x86_64-fedora-gcc, r-patched-linux-x86_64, r-patched-solaris-x86, r-release-linux-x86_64