CRAN Package Check Results for Package futile.options

Last updated on 2015-03-01 11:47:27.

Flavor Version Tinstall Tcheck Ttotal Status Flags
r-devel-linux-x86_64-debian-clang 1.0.0 0.50 7.84 8.34 NOTE
r-devel-linux-x86_64-debian-gcc 1.0.0 0.48 8.14 8.62 NOTE
r-devel-linux-x86_64-fedora-clang 1.0.0 16.51 NOTE
r-devel-linux-x86_64-fedora-gcc 1.0.0 15.19 NOTE
r-devel-osx-x86_64-clang 1.0.0 19.94 NOTE
r-devel-windows-ix86+x86_64 1.0.0 2.00 15.00 17.00 NOTE
r-patched-linux-x86_64 1.0.0 0.53 8.92 9.44 OK
r-patched-solaris-sparc 1.0.0 109.20 OK
r-patched-solaris-x86 1.0.0 27.10 OK
r-release-linux-ix86 1.0.0 0.84 14.28 15.12 OK
r-release-linux-x86_64 1.0.0 0.52 8.50 9.02 OK
r-release-osx-x86_64-mavericks 1.0.0 OK
r-release-windows-ix86+x86_64 1.0.0 2.00 24.00 26.00 OK
r-oldrel-windows-ix86+x86_64 1.0.0 2.00 15.00 17.00 OK

Check Details

Version: 1.0.0
Check: DESCRIPTION meta-information
Result: NOTE
    Malformed Description field: should contain one or more complete sentences.
Flavors: r-devel-linux-x86_64-debian-clang, r-devel-linux-x86_64-debian-gcc, r-devel-linux-x86_64-fedora-clang, r-devel-linux-x86_64-fedora-gcc, r-devel-osx-x86_64-clang, r-devel-windows-ix86+x86_64

Version: 1.0.0
Check: S3 generic/method consistency
Result: NOTE
    Found the following apparent S3 methods exported but not registered:
     resetOptions.character resetOptions.default updateOptions.character
     updateOptions.default
    See section ‘Registering S3 methods’ in the ‘Writing R Extensions’
    manual.
Flavors: r-devel-linux-x86_64-debian-clang, r-devel-linux-x86_64-debian-gcc, r-devel-linux-x86_64-fedora-clang, r-devel-linux-x86_64-fedora-gcc, r-devel-osx-x86_64-clang