CRAN Package Check Results for Package futile.options

Last updated on 2015-04-02 03:48:53.

Flavor Version Tinstall Tcheck Ttotal Status Flags
r-devel-linux-x86_64-debian-clang 1.0.0 0.49 8.07 8.56 NOTE
r-devel-linux-x86_64-debian-gcc 1.0.0 0.49 7.90 8.39 NOTE
r-devel-linux-x86_64-fedora-clang 1.0.0 16.22 NOTE
r-devel-linux-x86_64-fedora-gcc 1.0.0 15.10 NOTE
r-devel-osx-x86_64-clang 1.0.0 23.24 NOTE
r-prerel-windows-ix86+x86_64 1.0.0 3.00 14.00 17.00 NOTE
r-prerel-linux-x86_64 1.0.0 0.49 8.00 8.49 NOTE
r-prerel-solaris-sparc 1.0.0 100.00 NOTE
r-prerel-solaris-x86 1.0.0 23.20 NOTE
r-release-linux-x86_64 1.0.0 0.62 9.26 9.87 OK
r-release-osx-x86_64-mavericks 1.0.0 OK
r-release-windows-ix86+x86_64 1.0.0 3.00 16.00 19.00 OK
r-oldrel-windows-ix86+x86_64 1.0.0 2.00 15.00 17.00 OK

Check Details

Version: 1.0.0
Check: DESCRIPTION meta-information
Result: NOTE
    Malformed Description field: should contain one or more complete sentences.
Flavors: r-devel-linux-x86_64-debian-clang, r-devel-linux-x86_64-debian-gcc, r-devel-linux-x86_64-fedora-clang, r-devel-linux-x86_64-fedora-gcc, r-devel-osx-x86_64-clang, r-prerel-windows-ix86+x86_64, r-prerel-linux-x86_64, r-prerel-solaris-sparc, r-prerel-solaris-x86

Version: 1.0.0
Check: S3 generic/method consistency
Result: NOTE
    Found the following apparent S3 methods exported but not registered:
     resetOptions.character resetOptions.default updateOptions.character
     updateOptions.default
    See section ‘Registering S3 methods’ in the ‘Writing R Extensions’
    manual.
Flavors: r-devel-linux-x86_64-debian-clang, r-devel-linux-x86_64-debian-gcc, r-devel-linux-x86_64-fedora-clang, r-devel-linux-x86_64-fedora-gcc, r-devel-osx-x86_64-clang, r-prerel-linux-x86_64