CRAN Package Check Results for Package futile.options

Last updated on 2015-01-25 09:51:27.

Flavor Version Tinstall Tcheck Ttotal Status Flags
r-devel-linux-x86_64-debian-clang 1.0.0 0.53 8.57 9.10 OK
r-devel-linux-x86_64-debian-gcc 1.0.0 0.51 8.36 8.87 OK
r-devel-linux-x86_64-fedora-clang 1.0.0 18.26 NOTE
r-devel-linux-x86_64-fedora-gcc 1.0.0 18.19 NOTE
r-devel-osx-x86_64-clang 1.0.0 24.47 NOTE
r-devel-windows-ix86+x86_64 1.0.0 2.00 16.00 18.00 OK
r-patched-linux-x86_64 1.0.0 0.56 8.73 9.28 OK
r-patched-solaris-sparc 1.0.0 109.20 OK
r-patched-solaris-x86 1.0.0 26.80 OK
r-release-linux-ix86 1.0.0 0.79 13.56 14.35 OK
r-release-linux-x86_64 1.0.0 0.54 8.46 8.99 OK
r-release-osx-x86_64-mavericks 1.0.0 OK
r-release-windows-ix86+x86_64 1.0.0 2.00 24.00 26.00 OK
r-oldrel-windows-ix86+x86_64 1.0.0 2.00 15.00 17.00 OK

Check Details

Version: 1.0.0
Check: S3 generic/method consistency
Result: NOTE
    Found the following apparent S3 methods exported but not registered:
     resetOptions.character resetOptions.default updateOptions.character
     updateOptions.default
    See section ‘Registering S3 methods’ in the ‘Writing R Extensions’
    manual.
Flavors: r-devel-linux-x86_64-fedora-clang, r-devel-linux-x86_64-fedora-gcc, r-devel-osx-x86_64-clang