CRAN Package Check Results for Package futile.options

Last updated on 2015-05-22 12:46:26.

Flavor Version Tinstall Tcheck Ttotal Status Flags
r-devel-linux-x86_64-debian-clang 1.0.0 0.55 8.20 8.75 NOTE
r-devel-linux-x86_64-debian-gcc 1.0.0 0.46 7.87 8.34 NOTE
r-devel-linux-x86_64-fedora-gcc 1.0.0 15.38 NOTE
r-devel-osx-x86_64-clang 1.0.0 21.10 NOTE
r-devel-windows-ix86+x86_64 1.0.0 3.00 15.00 18.00 NOTE
r-patched-linux-x86_64 1.0.0 0.52 8.15 8.67 NOTE
r-patched-solaris-sparc 1.0.0 100.00 NOTE
r-patched-solaris-x86 1.0.0 24.40 NOTE
r-release-linux-x86_64 1.0.0 0.49 8.60 9.09 NOTE
r-release-osx-x86_64-mavericks 1.0.0 NOTE
r-release-osx-x86_64-snowleopard 1.0.0 NOTE
r-release-windows-ix86+x86_64 1.0.0 2.00 14.00 16.00 NOTE
r-oldrel-windows-ix86+x86_64 1.0.0 3.00 16.00 19.00 OK

Check Details

Version: 1.0.0
Check: DESCRIPTION meta-information
Result: NOTE
    Malformed Description field: should contain one or more complete sentences.
Flavors: r-devel-linux-x86_64-debian-clang, r-devel-linux-x86_64-debian-gcc, r-devel-linux-x86_64-fedora-gcc, r-devel-osx-x86_64-clang, r-devel-windows-ix86+x86_64, r-patched-linux-x86_64, r-patched-solaris-sparc, r-patched-solaris-x86, r-release-linux-x86_64, r-release-osx-x86_64-mavericks, r-release-osx-x86_64-snowleopard, r-release-windows-ix86+x86_64

Version: 1.0.0
Check: S3 generic/method consistency
Result: NOTE
    Found the following apparent S3 methods exported but not registered:
     resetOptions.character resetOptions.default updateOptions.character
     updateOptions.default
    See section ‘Registering S3 methods’ in the ‘Writing R Extensions’
    manual.
Flavors: r-devel-linux-x86_64-debian-clang, r-devel-linux-x86_64-debian-gcc, r-devel-linux-x86_64-fedora-gcc, r-devel-osx-x86_64-clang, r-patched-linux-x86_64, r-patched-solaris-x86, r-release-linux-x86_64