CRAN Package Check Results for Package futile.options

Last updated on 2015-09-02 06:47:57.

Flavor Version Tinstall Tcheck Ttotal Status Flags
r-devel-linux-x86_64-debian-clang 1.0.0 0.46 7.42 7.88 NOTE
r-devel-linux-x86_64-debian-gcc 1.0.0 0.42 7.62 8.04 NOTE
r-devel-linux-x86_64-fedora-clang 1.0.0 14.88 NOTE
r-devel-linux-x86_64-fedora-gcc 1.0.0 14.05 NOTE
r-devel-osx-x86_64-clang 1.0.0 15.88 NOTE
r-devel-windows-ix86+x86_64 1.0.0 2.00 28.00 30.00 NOTE
r-patched-linux-x86_64 1.0.0 0.50 8.22 8.72 NOTE
r-patched-solaris-sparc 1.0.0 108.00 NOTE
r-patched-solaris-x86 1.0.0 24.60 NOTE
r-release-linux-x86_64 1.0.0 0.47 8.05 8.52 NOTE
r-release-osx-x86_64-mavericks 1.0.0 NOTE
r-release-windows-ix86+x86_64 1.0.0 2.00 16.00 18.00 NOTE
r-oldrel-windows-ix86+x86_64 1.0.0 3.00 16.00 19.00 OK

Check Details

Version: 1.0.0
Check: DESCRIPTION meta-information
Result: NOTE
    Malformed Description field: should contain one or more complete sentences.
Flavors: r-devel-linux-x86_64-debian-clang, r-devel-linux-x86_64-debian-gcc, r-devel-linux-x86_64-fedora-clang, r-devel-linux-x86_64-fedora-gcc, r-devel-osx-x86_64-clang, r-devel-windows-ix86+x86_64, r-patched-linux-x86_64, r-patched-solaris-sparc, r-patched-solaris-x86, r-release-linux-x86_64, r-release-osx-x86_64-mavericks, r-release-windows-ix86+x86_64

Version: 1.0.0
Check: S3 generic/method consistency
Result: NOTE
    Found the following apparent S3 methods exported but not registered:
     resetOptions.character resetOptions.default updateOptions.character
     updateOptions.default
    See section ‘Registering S3 methods’ in the ‘Writing R Extensions’
    manual.
Flavors: r-devel-linux-x86_64-debian-clang, r-devel-linux-x86_64-debian-gcc, r-devel-linux-x86_64-fedora-clang, r-devel-linux-x86_64-fedora-gcc, r-devel-osx-x86_64-clang, r-patched-linux-x86_64, r-patched-solaris-sparc, r-patched-solaris-x86, r-release-linux-x86_64