CRAN Package Check Results for Package futile.options

Last updated on 2016-06-30 15:47:55.

Flavor Version Tinstall Tcheck Ttotal Status Flags
r-devel-linux-x86_64-debian-gcc 1.0.0 0.62 8.89 9.50 NOTE
r-devel-linux-x86_64-fedora-clang 1.0.0 13.27 NOTE
r-devel-linux-x86_64-fedora-gcc 1.0.0 12.50 NOTE
r-devel-osx-x86_64-clang 1.0.0 12.99 NOTE
r-devel-windows-ix86+x86_64 1.0.0 2.00 22.00 24.00 NOTE
r-patched-linux-x86_64 1.0.0 0.70 9.89 10.59 NOTE
r-patched-solaris-sparc 1.0.0 81.10 NOTE
r-patched-solaris-x86 1.0.0 19.30 NOTE
r-release-linux-x86_64 1.0.0 0.60 8.63 9.23 NOTE
r-release-osx-x86_64-mavericks 1.0.0 NOTE
r-release-windows-ix86+x86_64 1.0.0 2.00 27.00 29.00 NOTE
r-oldrel-windows-ix86+x86_64 1.0.0 2.00 14.00 16.00 NOTE

Check Details

Version: 1.0.0
Check: DESCRIPTION meta-information
Result: NOTE
    Malformed Description field: should contain one or more complete sentences.
Flavors: r-devel-linux-x86_64-debian-gcc, r-devel-linux-x86_64-fedora-clang, r-devel-linux-x86_64-fedora-gcc, r-devel-osx-x86_64-clang, r-devel-windows-ix86+x86_64, r-patched-linux-x86_64, r-patched-solaris-sparc, r-patched-solaris-x86, r-release-linux-x86_64, r-release-osx-x86_64-mavericks, r-release-windows-ix86+x86_64, r-oldrel-windows-ix86+x86_64

Version: 1.0.0
Check: S3 generic/method consistency
Result: NOTE
    Found the following apparent S3 methods exported but not registered:
     resetOptions.character resetOptions.default updateOptions.character
     updateOptions.default
    See section ‘Registering S3 methods’ in the ‘Writing R Extensions’
    manual.
Flavors: r-devel-linux-x86_64-debian-gcc, r-devel-linux-x86_64-fedora-clang, r-devel-linux-x86_64-fedora-gcc, r-devel-osx-x86_64-clang, r-patched-linux-x86_64, r-patched-solaris-sparc, r-patched-solaris-x86, r-release-linux-x86_64