CRAN Package Check Results for Package futile.paradigm

Last updated on 2015-03-04 21:46:44.

Flavor Version Tinstall Tcheck Ttotal Status Flags
r-devel-linux-x86_64-debian-clang 2.0.4 0.61 11.18 11.78 NOTE
r-devel-linux-x86_64-debian-gcc 2.0.4 0.61 11.04 11.65 NOTE
r-devel-linux-x86_64-fedora-clang 2.0.4 22.84 NOTE
r-devel-linux-x86_64-fedora-gcc 2.0.4 21.37 NOTE
r-devel-osx-x86_64-clang 2.0.4 27.76 NOTE
r-devel-windows-ix86+x86_64 2.0.4 3.00 21.00 24.00 NOTE
r-patched-linux-x86_64 2.0.4 0.66 12.85 13.51 NOTE
r-patched-solaris-sparc 2.0.4 162.90 NOTE
r-patched-solaris-x86 2.0.4 37.70 NOTE
r-release-linux-ix86 2.0.4 0.93 19.38 20.31 NOTE
r-release-linux-x86_64 2.0.4 0.68 12.68 13.36 NOTE
r-release-osx-x86_64-mavericks 2.0.4 NOTE
r-release-windows-ix86+x86_64 2.0.4 3.00 23.00 26.00 NOTE
r-oldrel-windows-ix86+x86_64 2.0.4 4.00 23.00 27.00 NOTE

Check Details

Version: 2.0.4
Check: dependencies in R code
Result: NOTE
    Packages in Depends field not imported from:
     ‘RUnit’ ‘futile.options’
     These packages need to be imported from (in the NAMESPACE file)
     for when this namespace is loaded but not attached.
Flavors: r-devel-linux-x86_64-debian-clang, r-devel-linux-x86_64-debian-gcc, r-devel-linux-x86_64-fedora-clang, r-devel-linux-x86_64-fedora-gcc, r-devel-osx-x86_64-clang, r-devel-windows-ix86+x86_64, r-patched-linux-x86_64, r-patched-solaris-sparc, r-patched-solaris-x86

Version: 2.0.4
Check: dependencies in R code
Result: NOTE
    Packages in Depends field not imported from:
     ‘RUnit’ ‘futile.options’
     These packages need to be imported from (in the NAMESPACE file)
     for when this namespace is loaded but not attached.
    See the information on DESCRIPTION files in the chapter ‘Creating R
    packages’ of the ‘Writing R Extensions’ manual.
Flavors: r-release-linux-ix86, r-release-linux-x86_64, r-release-osx-x86_64-mavericks, r-release-windows-ix86+x86_64, r-oldrel-windows-ix86+x86_64