CRAN Package Check Results for Package futile.paradigm

Last updated on 2016-07-30 23:47:28.

Flavor Version Tinstall Tcheck Ttotal Status Flags
r-devel-linux-x86_64-debian-clang 2.0.4 0.56 11.02 11.59 NOTE
r-devel-linux-x86_64-debian-gcc 2.0.4 0.64 11.42 12.06 NOTE
r-devel-linux-x86_64-fedora-clang 2.0.4 19.44 NOTE
r-devel-linux-x86_64-fedora-gcc 2.0.4 18.27 NOTE
r-devel-osx-x86_64-clang 2.0.4 18.76 NOTE
r-devel-windows-ix86+x86_64 2.0.4 2.00 29.00 31.00 NOTE
r-patched-linux-x86_64 2.0.4 0.58 11.39 11.97 NOTE
r-patched-solaris-sparc 2.0.4 131.80 NOTE
r-patched-solaris-x86 2.0.4 29.20 NOTE
r-release-linux-x86_64 2.0.4 0.78 13.36 14.14 NOTE
r-release-osx-x86_64-mavericks 2.0.4 NOTE
r-release-windows-ix86+x86_64 2.0.4 3.00 38.00 41.00 NOTE
r-oldrel-windows-ix86+x86_64 2.0.4 3.00 25.00 28.00 NOTE

Check Details

Version: 2.0.4
Check: dependencies in R code
Result: NOTE
    Packages in Depends field not imported from:
     ‘RUnit’ ‘futile.options’
     These packages need to be imported from (in the NAMESPACE file)
     for when this namespace is loaded but not attached.
Flavors: r-devel-linux-x86_64-debian-clang, r-devel-linux-x86_64-debian-gcc, r-devel-linux-x86_64-fedora-clang, r-devel-linux-x86_64-fedora-gcc, r-devel-osx-x86_64-clang, r-devel-windows-ix86+x86_64, r-patched-linux-x86_64, r-patched-solaris-sparc, r-patched-solaris-x86, r-release-linux-x86_64, r-release-osx-x86_64-mavericks, r-release-windows-ix86+x86_64, r-oldrel-windows-ix86+x86_64

Version: 2.0.4
Check: R code for possible problems
Result: NOTE
    .validateGuardExpression: no visible global function definition for
     ‘runif’
    Undefined global functions or variables:
     runif
    Consider adding
     importFrom("stats", "runif")
    to your NAMESPACE file.
Flavors: r-devel-linux-x86_64-debian-clang, r-devel-linux-x86_64-debian-gcc, r-devel-linux-x86_64-fedora-clang, r-devel-linux-x86_64-fedora-gcc, r-devel-osx-x86_64-clang, r-devel-windows-ix86+x86_64, r-patched-linux-x86_64, r-patched-solaris-sparc, r-patched-solaris-x86, r-release-linux-x86_64, r-release-osx-x86_64-mavericks, r-release-windows-ix86+x86_64