CRAN Package Check Results for Package futile.paradigm

Last updated on 2015-01-30 23:48:45.

Flavor Version Tinstall Tcheck Ttotal Status Flags
r-devel-linux-x86_64-debian-clang 2.0.4 0.65 11.20 11.85 NOTE
r-devel-linux-x86_64-debian-gcc 2.0.4 0.74 11.20 11.94 NOTE
r-devel-linux-x86_64-fedora-clang 2.0.4 25.21 NOTE
r-devel-linux-x86_64-fedora-gcc 2.0.4 24.71 NOTE
r-devel-osx-x86_64-clang 2.0.4 34.80 NOTE
r-devel-windows-ix86+x86_64 2.0.4 4.00 23.00 27.00 NOTE
r-patched-linux-x86_64 2.0.4 0.70 12.43 13.13 NOTE
r-patched-solaris-sparc 2.0.4 150.40 NOTE
r-patched-solaris-x86 2.0.4 38.30 NOTE
r-release-linux-ix86 2.0.4 0.96 18.70 19.67 NOTE
r-release-linux-x86_64 2.0.4 0.69 13.22 13.92 NOTE
r-release-osx-x86_64-mavericks 2.0.4 NOTE
r-release-windows-ix86+x86_64 2.0.4 3.00 23.00 26.00 NOTE
r-oldrel-windows-ix86+x86_64 2.0.4 4.00 23.00 27.00 NOTE

Check Details

Version: 2.0.4
Check: dependencies in R code
Result: NOTE
    Packages in Depends field not imported from:
     ‘RUnit’ ‘futile.options’
     These packages need to be imported from (in the NAMESPACE file)
     for when this namespace is loaded but not attached.
Flavors: r-devel-linux-x86_64-debian-clang, r-devel-linux-x86_64-debian-gcc, r-devel-linux-x86_64-fedora-clang, r-devel-linux-x86_64-fedora-gcc, r-devel-osx-x86_64-clang, r-devel-windows-ix86+x86_64

Version: 2.0.4
Check: dependencies in R code
Result: NOTE
    Packages in Depends field not imported from:
     ‘RUnit’ ‘futile.options’
     These packages need to be imported from (in the NAMESPACE file)
     for when this namespace is loaded but not attached.
    See the information on DESCRIPTION files in the chapter ‘Creating R
    packages’ of the ‘Writing R Extensions’ manual.
Flavors: r-patched-linux-x86_64, r-patched-solaris-sparc, r-patched-solaris-x86, r-release-linux-ix86, r-release-linux-x86_64, r-release-osx-x86_64-mavericks, r-release-windows-ix86+x86_64, r-oldrel-windows-ix86+x86_64