CRAN Package Check Results for Package futile.paradigm

Last updated on 2017-03-29 22:47:02.

Flavor Version Tinstall Tcheck Ttotal Status Flags
r-devel-linux-x86_64-debian-clang 2.0.4 0.62 13.57 14.19 NOTE
r-devel-linux-x86_64-debian-gcc 2.0.4 0.72 13.30 14.01 NOTE
r-devel-linux-x86_64-fedora-clang 2.0.4 25.75 NOTE --no-stop-on-test-error
r-devel-linux-x86_64-fedora-gcc 2.0.4 22.94 NOTE --no-stop-on-test-error
r-devel-macos-x86_64-clang 2.0.4 21.24 NOTE --no-stop-on-test-error
r-devel-windows-ix86+x86_64 2.0.4 2.00 31.00 33.00 NOTE
r-patched-linux-x86_64 2.0.4 0.62 13.31 13.92 NOTE
r-patched-solaris-sparc 2.0.4 141.80 NOTE
r-patched-solaris-x86 2.0.4 33.30 NOTE
r-release-linux-x86_64 2.0.4 0.63 11.07 11.71 NOTE
r-release-osx-x86_64-mavericks 2.0.4 NOTE
r-release-windows-ix86+x86_64 2.0.4 7.00 39.00 46.00 NOTE
r-oldrel-windows-ix86+x86_64 2.0.4 9.00 33.00 42.00 NOTE

Check Details

Version: 2.0.4
Check: dependencies in R code
Result: NOTE
    Packages in Depends field not imported from:
     ‘RUnit’ ‘futile.options’
     These packages need to be imported from (in the NAMESPACE file)
     for when this namespace is loaded but not attached.
Flavors: r-devel-linux-x86_64-debian-clang, r-devel-linux-x86_64-debian-gcc, r-devel-windows-ix86+x86_64, r-patched-linux-x86_64, r-patched-solaris-sparc, r-patched-solaris-x86, r-release-linux-x86_64, r-release-osx-x86_64-mavericks, r-release-windows-ix86+x86_64, r-oldrel-windows-ix86+x86_64

Version: 2.0.4
Check: R code for possible problems
Result: NOTE
    .validateGuardExpression: no visible global function definition for
     ‘runif’
    Undefined global functions or variables:
     runif
    Consider adding
     importFrom("stats", "runif")
    to your NAMESPACE file.
Flavors: r-devel-linux-x86_64-debian-clang, r-devel-linux-x86_64-debian-gcc, r-devel-windows-ix86+x86_64, r-patched-linux-x86_64, r-patched-solaris-sparc, r-patched-solaris-x86, r-release-linux-x86_64, r-release-osx-x86_64-mavericks, r-release-windows-ix86+x86_64

Version: 2.0.4
Flags: --no-stop-on-test-error
Check: dependencies in R code
Result: NOTE
    Packages in Depends field not imported from:
     ‘RUnit’ ‘futile.options’
     These packages need to be imported from (in the NAMESPACE file)
     for when this namespace is loaded but not attached.
Flavors: r-devel-linux-x86_64-fedora-clang, r-devel-linux-x86_64-fedora-gcc, r-devel-macos-x86_64-clang

Version: 2.0.4
Flags: --no-stop-on-test-error
Check: R code for possible problems
Result: NOTE
    .validateGuardExpression: no visible global function definition for
     ‘runif’
    Undefined global functions or variables:
     runif
    Consider adding
     importFrom("stats", "runif")
    to your NAMESPACE file.
Flavors: r-devel-linux-x86_64-fedora-clang, r-devel-linux-x86_64-fedora-gcc, r-devel-macos-x86_64-clang