CRAN Package Check Results for Package futile.paradigm

Last updated on 2015-07-05 03:47:25.

Flavor Version Tinstall Tcheck Ttotal Status Flags
r-devel-linux-x86_64-debian-clang 2.0.4 0.58 11.47 12.05 NOTE
r-devel-linux-x86_64-debian-gcc 2.0.4 0.57 10.96 11.53 NOTE
r-devel-linux-x86_64-fedora-clang 2.0.4 21.27 NOTE
r-devel-linux-x86_64-fedora-gcc 2.0.4 20.11 NOTE
r-devel-osx-x86_64-clang 2.0.4 22.83 NOTE
r-devel-windows-ix86+x86_64 2.0.4 3.00 22.00 25.00 NOTE
r-patched-linux-x86_64 2.0.4 0.59 10.94 11.52 NOTE
r-patched-solaris-sparc 2.0.4 140.50 NOTE
r-patched-solaris-x86 2.0.4 33.20 NOTE
r-release-linux-x86_64 2.0.4 0.60 11.45 12.06 NOTE
r-release-osx-x86_64-mavericks 2.0.4 NOTE
r-release-windows-ix86+x86_64 2.0.4 3.00 22.00 25.00 NOTE
r-oldrel-windows-ix86+x86_64 2.0.4 5.00 24.00 29.00 NOTE

Check Details

Version: 2.0.4
Check: dependencies in R code
Result: NOTE
    Packages in Depends field not imported from:
     ‘RUnit’ ‘futile.options’
     These packages need to be imported from (in the NAMESPACE file)
     for when this namespace is loaded but not attached.
Flavors: r-devel-linux-x86_64-debian-clang, r-devel-linux-x86_64-debian-gcc, r-devel-linux-x86_64-fedora-clang, r-devel-linux-x86_64-fedora-gcc, r-devel-osx-x86_64-clang, r-devel-windows-ix86+x86_64, r-patched-linux-x86_64, r-patched-solaris-sparc, r-patched-solaris-x86, r-release-linux-x86_64, r-release-osx-x86_64-mavericks, r-release-windows-ix86+x86_64, r-oldrel-windows-ix86+x86_64

Version: 2.0.4
Check: R code for possible problems
Result: NOTE
    .validateGuardExpression: no visible global function definition for
     ‘runif’
    Undefined global functions or variables:
     runif
Flavors: r-devel-linux-x86_64-debian-clang, r-devel-linux-x86_64-debian-gcc, r-devel-linux-x86_64-fedora-clang, r-devel-linux-x86_64-fedora-gcc, r-devel-windows-ix86+x86_64