CRAN Package Check Results for Package futile.paradigm

Last updated on 2014-11-24 00:47:43.

Flavor Version Tinstall Tcheck Ttotal Status Flags
r-devel-linux-x86_64-debian-clang 2.0.4 0.69 12.82 13.51 NOTE
r-devel-linux-x86_64-debian-gcc 2.0.4 0.66 12.28 12.94 NOTE
r-devel-linux-x86_64-fedora-clang 2.0.4 26.91 NOTE
r-devel-linux-x86_64-fedora-gcc 2.0.4 24.55 NOTE
r-devel-osx-x86_64-clang 2.0.4 31.54 NOTE
r-devel-windows-ix86+x86_64 2.0.4 3.00 23.00 26.00 NOTE
r-patched-linux-x86_64 2.0.4 0.67 12.47 13.14 NOTE
r-patched-solaris-sparc 2.0.4 150.30 NOTE
r-patched-solaris-x86 2.0.4 37.80 NOTE
r-release-linux-ix86 2.0.4 0.94 18.40 19.34 NOTE
r-release-linux-x86_64 2.0.4 0.73 12.39 13.12 NOTE
r-release-osx-x86_64-mavericks 2.0.4 NOTE
r-release-windows-ix86+x86_64 2.0.4 3.00 36.00 39.00 NOTE
r-oldrel-windows-ix86+x86_64 2.0.4 3.00 23.00 26.00 NOTE

Check Details

Version: 2.0.4
Check: dependencies in R code
Result: NOTE
    Packages in Depends field not imported from:
     ‘RUnit’ ‘futile.options’
     These packages need to be imported from (in the NAMESPACE file)
     for when this namespace is loaded but not attached.
    See the information on DESCRIPTION files in the chapter ‘Creating R
    packages’ of the ‘Writing R Extensions’ manual.
Flavors: r-devel-linux-x86_64-debian-clang, r-devel-linux-x86_64-debian-gcc, r-devel-linux-x86_64-fedora-clang, r-devel-linux-x86_64-fedora-gcc, r-devel-osx-x86_64-clang, r-devel-windows-ix86+x86_64, r-patched-linux-x86_64, r-patched-solaris-sparc, r-patched-solaris-x86, r-release-linux-ix86, r-release-linux-x86_64, r-release-osx-x86_64-mavericks, r-release-windows-ix86+x86_64, r-oldrel-windows-ix86+x86_64