CRAN Package Check Results for Package futile.paradigm

Last updated on 2015-08-30 15:46:44.

Flavor Version Tinstall Tcheck Ttotal Status Flags
r-devel-linux-x86_64-debian-clang 2.0.4 0.55 10.54 11.08 NOTE
r-devel-linux-x86_64-debian-gcc 2.0.4 0.53 10.94 11.47 NOTE
r-devel-linux-x86_64-fedora-clang 2.0.4 20.97 NOTE
r-devel-linux-x86_64-fedora-gcc 2.0.4 19.81 NOTE
r-devel-osx-x86_64-clang 2.0.4 21.97 NOTE
r-devel-windows-ix86+x86_64 2.0.4 5.00 32.00 37.00 NOTE
r-patched-linux-x86_64 2.0.4 0.60 11.56 12.16 NOTE
r-patched-solaris-sparc 2.0.4 145.00 NOTE
r-patched-solaris-x86 2.0.4 34.20 NOTE
r-release-linux-x86_64 2.0.4 0.60 11.38 11.98 NOTE
r-release-osx-x86_64-mavericks 2.0.4 NOTE
r-release-windows-ix86+x86_64 2.0.4 3.00 24.00 27.00 NOTE
r-oldrel-windows-ix86+x86_64 2.0.4 6.00 26.00 32.00 NOTE

Check Details

Version: 2.0.4
Check: dependencies in R code
Result: NOTE
    Packages in Depends field not imported from:
     ‘RUnit’ ‘futile.options’
     These packages need to be imported from (in the NAMESPACE file)
     for when this namespace is loaded but not attached.
Flavors: r-devel-linux-x86_64-debian-clang, r-devel-linux-x86_64-debian-gcc, r-devel-linux-x86_64-fedora-clang, r-devel-linux-x86_64-fedora-gcc, r-devel-osx-x86_64-clang, r-devel-windows-ix86+x86_64, r-patched-linux-x86_64, r-patched-solaris-sparc, r-patched-solaris-x86, r-release-linux-x86_64, r-release-osx-x86_64-mavericks, r-release-windows-ix86+x86_64, r-oldrel-windows-ix86+x86_64

Version: 2.0.4
Check: R code for possible problems
Result: NOTE
    .validateGuardExpression: no visible global function definition for
     ‘runif’
    Undefined global functions or variables:
     runif
    Consider adding
     importFrom("stats", "runif")
    to your NAMESPACE.
Flavors: r-devel-linux-x86_64-debian-clang, r-devel-linux-x86_64-debian-gcc, r-devel-linux-x86_64-fedora-clang, r-devel-linux-x86_64-fedora-gcc, r-devel-windows-ix86+x86_64