CRAN Package Check Results for Package futile.paradigm

Last updated on 2021-01-17 14:48:49 CET.

Flavor Version Tinstall Tcheck Ttotal Status Flags
r-devel-linux-x86_64-debian-clang 2.0.4 2.54 26.43 28.97 NOTE
r-devel-linux-x86_64-debian-gcc 2.0.4 2.02 21.25 23.27 NOTE
r-devel-linux-x86_64-fedora-clang 2.0.4 43.70 NOTE
r-devel-linux-x86_64-fedora-gcc 2.0.4 35.70 NOTE
r-devel-windows-ix86+x86_64 2.0.4 4.00 36.00 40.00 NOTE
r-patched-linux-x86_64 2.0.4 2.40 25.26 27.66 NOTE
r-patched-solaris-x86 2.0.4 50.10 NOTE
r-release-linux-x86_64 2.0.4 2.20 25.70 27.90 NOTE
r-release-macos-x86_64 2.0.4 NOTE
r-release-windows-ix86+x86_64 2.0.4 5.00 34.00 39.00 NOTE
r-oldrel-macos-x86_64 2.0.4 NOTE
r-oldrel-windows-ix86+x86_64 2.0.4 3.00 31.00 34.00 NOTE

Check Details

Version: 2.0.4
Check: dependencies in R code
Result: NOTE
    Packages in Depends field not imported from:
     'RUnit' 'futile.options'
     These packages need to be imported from (in the NAMESPACE file)
     for when this namespace is loaded but not attached.
Flavors: r-devel-linux-x86_64-debian-clang, r-devel-linux-x86_64-debian-gcc, r-devel-linux-x86_64-fedora-clang, r-devel-linux-x86_64-fedora-gcc, r-devel-windows-ix86+x86_64, r-patched-linux-x86_64, r-patched-solaris-x86, r-release-linux-x86_64, r-release-macos-x86_64, r-release-windows-ix86+x86_64, r-oldrel-macos-x86_64, r-oldrel-windows-ix86+x86_64

Version: 2.0.4
Check: R code for possible problems
Result: NOTE
    .validateGuardExpression: no visible global function definition for
     'runif'
    Undefined global functions or variables:
     runif
    Consider adding
     importFrom("stats", "runif")
    to your NAMESPACE file.
Flavors: r-devel-linux-x86_64-debian-clang, r-devel-linux-x86_64-debian-gcc, r-devel-linux-x86_64-fedora-clang, r-devel-linux-x86_64-fedora-gcc, r-devel-windows-ix86+x86_64, r-patched-linux-x86_64, r-patched-solaris-x86, r-release-linux-x86_64, r-release-macos-x86_64, r-release-windows-ix86+x86_64, r-oldrel-macos-x86_64, r-oldrel-windows-ix86+x86_64