CRAN Package Check Results for Package futile.paradigm

Last updated on 2017-10-17 19:47:53.

Flavor Version Tinstall Tcheck Ttotal Status Flags
r-devel-linux-x86_64-debian-clang 2.0.4 0.69 14.01 14.71 NOTE
r-devel-linux-x86_64-debian-gcc 2.0.4 1.23 14.71 15.94 NOTE
r-devel-linux-x86_64-fedora-clang 2.0.4 25.04 NOTE
r-devel-linux-x86_64-fedora-gcc 2.0.4 23.93 NOTE
r-devel-windows-ix86+x86_64 2.0.4 3.00 32.00 35.00 NOTE
r-patched-linux-x86_64 2.0.4 0.77 13.63 14.40 NOTE
r-patched-solaris-x86 2.0.4 33.70 NOTE
r-release-linux-x86_64 2.0.4 0.61 13.60 14.21 NOTE
r-release-windows-ix86+x86_64 2.0.4 3.00 32.00 35.00 NOTE
r-release-osx-x86_64 2.0.4 NOTE
r-oldrel-windows-ix86+x86_64 2.0.4 3.00 37.00 40.00 NOTE
r-oldrel-osx-x86_64 2.0.4 NOTE

Check Details

Version: 2.0.4
Check: dependencies in R code
Result: NOTE
    Packages in Depends field not imported from:
     ‘RUnit’ ‘futile.options’
     These packages need to be imported from (in the NAMESPACE file)
     for when this namespace is loaded but not attached.
Flavors: r-devel-linux-x86_64-debian-clang, r-devel-linux-x86_64-debian-gcc, r-devel-linux-x86_64-fedora-clang, r-devel-linux-x86_64-fedora-gcc, r-devel-windows-ix86+x86_64, r-patched-linux-x86_64, r-patched-solaris-x86, r-release-linux-x86_64, r-release-windows-ix86+x86_64, r-release-osx-x86_64, r-oldrel-windows-ix86+x86_64, r-oldrel-osx-x86_64

Version: 2.0.4
Check: R code for possible problems
Result: NOTE
    .validateGuardExpression: no visible global function definition for
     ‘runif’
    Undefined global functions or variables:
     runif
    Consider adding
     importFrom("stats", "runif")
    to your NAMESPACE file.
Flavors: r-devel-linux-x86_64-debian-clang, r-devel-linux-x86_64-debian-gcc, r-devel-linux-x86_64-fedora-clang, r-devel-linux-x86_64-fedora-gcc, r-devel-windows-ix86+x86_64, r-patched-linux-x86_64, r-patched-solaris-x86, r-release-linux-x86_64, r-release-windows-ix86+x86_64, r-release-osx-x86_64, r-oldrel-windows-ix86+x86_64, r-oldrel-osx-x86_64