CRAN Package Check Results for Package futile.paradigm

Last updated on 2016-08-24 12:49:38.

Flavor Version Tinstall Tcheck Ttotal Status Flags
r-devel-linux-x86_64-debian-clang 2.0.4 0.65 11.25 11.90 NOTE
r-devel-linux-x86_64-debian-gcc 2.0.4 0.58 11.15 11.72 NOTE
r-devel-linux-x86_64-fedora-clang 2.0.4 20.13 NOTE
r-devel-linux-x86_64-fedora-gcc 2.0.4 18.82 NOTE
r-devel-osx-x86_64-clang 2.0.4 18.76 NOTE
r-devel-windows-ix86+x86_64 2.0.4 4.00 33.00 37.00 NOTE
r-patched-linux-x86_64 2.0.4 0.68 11.24 11.92 NOTE
r-patched-solaris-sparc 2.0.4 131.80 NOTE
r-patched-solaris-x86 2.0.4 29.50 NOTE
r-release-linux-x86_64 2.0.4 0.60 11.29 11.89 NOTE
r-release-osx-x86_64-mavericks 2.0.4 NOTE
r-release-windows-ix86+x86_64 2.0.4 3.00 38.00 41.00 NOTE
r-oldrel-windows-ix86+x86_64 2.0.4 3.00 25.00 28.00 NOTE

Check Details

Version: 2.0.4
Check: dependencies in R code
Result: NOTE
    Packages in Depends field not imported from:
     ‘RUnit’ ‘futile.options’
     These packages need to be imported from (in the NAMESPACE file)
     for when this namespace is loaded but not attached.
Flavors: r-devel-linux-x86_64-debian-clang, r-devel-linux-x86_64-debian-gcc, r-devel-linux-x86_64-fedora-clang, r-devel-linux-x86_64-fedora-gcc, r-devel-osx-x86_64-clang, r-devel-windows-ix86+x86_64, r-patched-linux-x86_64, r-patched-solaris-sparc, r-patched-solaris-x86, r-release-linux-x86_64, r-release-osx-x86_64-mavericks, r-release-windows-ix86+x86_64, r-oldrel-windows-ix86+x86_64

Version: 2.0.4
Check: R code for possible problems
Result: NOTE
    .validateGuardExpression: no visible global function definition for
     ‘runif’
    Undefined global functions or variables:
     runif
    Consider adding
     importFrom("stats", "runif")
    to your NAMESPACE file.
Flavors: r-devel-linux-x86_64-debian-clang, r-devel-linux-x86_64-debian-gcc, r-devel-linux-x86_64-fedora-clang, r-devel-linux-x86_64-fedora-gcc, r-devel-osx-x86_64-clang, r-devel-windows-ix86+x86_64, r-patched-linux-x86_64, r-patched-solaris-sparc, r-patched-solaris-x86, r-release-linux-x86_64, r-release-osx-x86_64-mavericks, r-release-windows-ix86+x86_64