CRAN Package Check Results for Package futile.paradigm

Last updated on 2014-04-21 12:31:32.

Flavor Version Tinstall Tcheck Ttotal Status Flags
r-devel-linux-x86_64-debian-clang 2.0.4 0.70 12.34 13.03 NOTE
r-devel-linux-x86_64-debian-gcc 2.0.4 0.70 12.09 12.80 NOTE
r-devel-linux-x86_64-fedora-clang 2.0.4 25.50 NOTE
r-devel-linux-x86_64-fedora-gcc 2.0.4 24.09 NOTE
r-devel-osx-x86_64-clang 2.0.4 25.44 NOTE
r-devel-osx-x86_64-gcc 2.0.4 NOTE
r-devel-windows-ix86+x86_64 2.0.4 3.00 21.00 24.00 NOTE
r-patched-linux-x86_64 2.0.4 0.74 12.10 12.84 NOTE
r-patched-solaris-sparc 2.0.4 142.70 NOTE
r-patched-solaris-x86 2.0.4 38.80 NOTE
r-release-linux-x86_64 2.0.4 0.70 12.18 12.88 NOTE
r-release-osx-x86_64-mavericks 2.0.4 WARN
r-release-windows-ix86+x86_64 2.0.4 6.00 30.00 36.00 NOTE
r-oldrel-windows-ix86+x86_64 2.0.4 2.00 23.00 25.00 NOTE

Check Details

Version: 2.0.4
Check: dependencies in R code
Result: NOTE
    Packages in Depends field not imported from:
     ‘RUnit’ ‘futile.options’
     These packages need to be imported from (in the NAMESPACE file)
     for when this namespace is loaded but not attached.
    See the information on DESCRIPTION files in the chapter ‘Creating R
    packages’ of the ‘Writing R Extensions’ manual.
Flavors: r-devel-linux-x86_64-debian-clang, r-devel-linux-x86_64-debian-gcc, r-devel-linux-x86_64-fedora-clang, r-devel-linux-x86_64-fedora-gcc, r-devel-osx-x86_64-clang, r-devel-osx-x86_64-gcc, r-devel-windows-ix86+x86_64, r-patched-linux-x86_64, r-patched-solaris-sparc, r-patched-solaris-x86, r-release-linux-x86_64, r-release-osx-x86_64-mavericks, r-release-windows-ix86+x86_64, r-oldrel-windows-ix86+x86_64

Version: 2.0.4
Check: PDF version of manual
Result: WARNING
    LaTeX errors when creating PDF version.
    This typically indicates Rd problems.
    LaTeX errors found:
    ! LaTeX Error: File `upquote.sty' not found.
    
    Type X to quit or <RETURN> to proceed,
    or enter new name. (Default extension: sty)
    
    eda3792/Rd2.tex:8: ==> Fatal error occurred, no output PDF file produced!
Flavor: r-release-osx-x86_64-mavericks