CRAN Package Check Results for Package futile.paradigm

Last updated on 2014-12-21 03:48:15.

Flavor Version Tinstall Tcheck Ttotal Status Flags
r-devel-linux-x86_64-debian-clang 2.0.4 0.66 12.54 13.20 NOTE
r-devel-linux-x86_64-debian-gcc 2.0.4 0.71 12.32 13.03 NOTE
r-devel-linux-x86_64-fedora-clang 2.0.4 27.66 NOTE
r-devel-linux-x86_64-fedora-gcc 2.0.4 25.28 NOTE
r-devel-osx-x86_64-clang 2.0.4 30.81 NOTE
r-devel-windows-ix86+x86_64 2.0.4 3.00 29.00 32.00 NOTE
r-patched-linux-x86_64 2.0.4 0.73 12.38 13.11 NOTE
r-patched-solaris-sparc 2.0.4 150.30 NOTE
r-patched-solaris-x86 2.0.4 37.40 NOTE
r-release-linux-ix86 2.0.4 0.95 18.47 19.42 NOTE
r-release-linux-x86_64 2.0.4 0.67 12.39 13.06 NOTE
r-release-osx-x86_64-mavericks 2.0.4 NOTE
r-release-windows-ix86+x86_64 2.0.4 3.00 36.00 39.00 NOTE
r-oldrel-windows-ix86+x86_64 2.0.4 3.00 23.00 26.00 NOTE

Check Details

Version: 2.0.4
Check: dependencies in R code
Result: NOTE
    Packages in Depends field not imported from:
     ‘RUnit’ ‘futile.options’
     These packages need to be imported from (in the NAMESPACE file)
     for when this namespace is loaded but not attached.
    See the information on DESCRIPTION files in the chapter ‘Creating R
    packages’ of the ‘Writing R Extensions’ manual.
Flavors: r-devel-linux-x86_64-debian-clang, r-devel-linux-x86_64-debian-gcc, r-devel-linux-x86_64-fedora-clang, r-devel-linux-x86_64-fedora-gcc, r-devel-osx-x86_64-clang, r-devel-windows-ix86+x86_64, r-patched-linux-x86_64, r-patched-solaris-sparc, r-patched-solaris-x86, r-release-linux-ix86, r-release-linux-x86_64, r-release-osx-x86_64-mavericks, r-release-windows-ix86+x86_64, r-oldrel-windows-ix86+x86_64