CRAN Package Check Results for Package futile.paradigm

Last updated on 2014-09-02 05:46:33.

Flavor Version Tinstall Tcheck Ttotal Status Flags
r-devel-linux-x86_64-debian-clang 2.0.4 0.62 11.44 12.07 NOTE
r-devel-linux-x86_64-debian-gcc 2.0.4 0.62 11.12 11.74 NOTE
r-devel-linux-x86_64-fedora-clang 2.0.4 25.16 NOTE
r-devel-linux-x86_64-fedora-gcc 2.0.4 23.06 NOTE
r-devel-osx-x86_64-clang 2.0.4 26.28 NOTE
r-devel-windows-ix86+x86_64 2.0.4 3.00 20.00 23.00 NOTE
r-patched-linux-x86_64 2.0.4 0.74 11.60 12.34 NOTE
r-patched-solaris-sparc 2.0.4 164.70 NOTE
r-patched-solaris-x86 2.0.4 36.70 NOTE
r-release-linux-ix86 2.0.4 0.99 18.36 19.35 NOTE
r-release-linux-x86_64 2.0.4 0.69 11.80 12.49 NOTE
r-release-osx-x86_64-mavericks 2.0.4 NOTE
r-release-windows-ix86+x86_64 2.0.4 4.00 32.00 36.00 NOTE
r-oldrel-windows-ix86+x86_64 2.0.4 2.00 23.00 25.00 NOTE

Check Details

Version: 2.0.4
Check: dependencies in R code
Result: NOTE
    Packages in Depends field not imported from:
     ‘RUnit’ ‘futile.options’
     These packages need to be imported from (in the NAMESPACE file)
     for when this namespace is loaded but not attached.
    See the information on DESCRIPTION files in the chapter ‘Creating R
    packages’ of the ‘Writing R Extensions’ manual.
Flavors: r-devel-linux-x86_64-debian-clang, r-devel-linux-x86_64-debian-gcc, r-devel-linux-x86_64-fedora-clang, r-devel-linux-x86_64-fedora-gcc, r-devel-osx-x86_64-clang, r-devel-windows-ix86+x86_64, r-patched-linux-x86_64, r-patched-solaris-sparc, r-patched-solaris-x86, r-release-linux-ix86, r-release-linux-x86_64, r-release-osx-x86_64-mavericks, r-release-windows-ix86+x86_64, r-oldrel-windows-ix86+x86_64