CRAN Package Check Results for Package fuzzyjoin

Last updated on 2019-05-19 18:50:19 CEST.

Flavor Version Tinstall Tcheck Ttotal Status Flags
r-devel-linux-x86_64-debian-clang 0.1.4 3.98 103.62 107.60 OK
r-devel-linux-x86_64-debian-gcc 0.1.4 3.26 73.82 77.08 OK
r-devel-linux-x86_64-fedora-clang 0.1.4 122.61 OK
r-devel-linux-x86_64-fedora-gcc 0.1.4 111.14 OK
r-devel-windows-ix86+x86_64 0.1.4 14.00 131.00 145.00 ERROR
r-patched-linux-x86_64 0.1.4 3.78 93.04 96.82 OK
r-patched-solaris-x86 0.1.4 199.00 OK
r-release-linux-x86_64 0.1.4 4.00 91.27 95.27 OK
r-release-windows-ix86+x86_64 0.1.4 14.00 141.00 155.00 OK
r-release-osx-x86_64 0.1.4 NOTE
r-oldrel-windows-ix86+x86_64 0.1.4 8.00 129.00 137.00 OK
r-oldrel-osx-x86_64 0.1.4 OK

Check Details

Version: 0.1.4
Check: examples
Result: ERROR
    Running examples in 'fuzzyjoin-Ex.R' failed
    The error most likely occurred in:
    
    > ### Name: misspellings
    > ### Title: A corpus of common misspellings, for examples and practice
    > ### Aliases: misspellings
    > ### Keywords: datasets
    >
    > ### ** Examples
    >
    >
    > library(rvest)
    Loading required package: xml2
    > library(readr)
    
    Attaching package: 'readr'
    
    The following object is masked from 'package:rvest':
    
     guess_encoding
    
    > library(dplyr)
    
    Attaching package: 'dplyr'
    
    The following objects are masked from 'package:stats':
    
     filter, lag
    
    The following objects are masked from 'package:base':
    
     intersect, setdiff, setequal, union
    
    > library(stringr)
    > library(tidyr)
    >
    > u <- "https://en.wikipedia.org/wiki/Wikipedia:Lists_of_common_misspellings/For_machines"
    > h <- read_html(u)
    Error in open.connection(x, "rb") :
     Timeout was reached: Operation timed out after 10015 milliseconds with 0 out of 0 bytes received
    Calls: read_html -> read_html.default
    Execution halted
Flavor: r-devel-windows-ix86+x86_64

Version: 0.1.4
Check: package dependencies
Result: NOTE
    Package suggested but not available for checking: ‘IRanges’
Flavor: r-release-osx-x86_64

Version: 0.1.4
Check: Rd cross-references
Result: NOTE
    Package unavailable to check Rd xrefs: ‘IRanges’
Flavor: r-release-osx-x86_64