CRAN Package Check Results for Package fuzzyjoin

Last updated on 2019-07-20 11:47:21 CEST.

Flavor Version Tinstall Tcheck Ttotal Status Flags
r-devel-linux-x86_64-debian-clang 0.1.4 3.99 103.91 107.90 OK
r-devel-linux-x86_64-debian-gcc 0.1.4 3.49 74.73 78.22 OK
r-devel-linux-x86_64-fedora-clang 0.1.4 122.82 OK
r-devel-linux-x86_64-fedora-gcc 0.1.4 117.28 OK
r-devel-windows-ix86+x86_64 0.1.4 15.00 140.00 155.00 OK
r-patched-linux-x86_64 0.1.4 3.88 91.71 95.59 OK
r-patched-solaris-x86 0.1.4 196.20 OK
r-release-linux-x86_64 0.1.4 4.28 92.85 97.13 OK
r-release-windows-ix86+x86_64 0.1.4 10.00 92.00 102.00 OK
r-release-osx-x86_64 0.1.4 NOTE
r-oldrel-windows-ix86+x86_64 0.1.4 6.00 125.00 131.00 OK
r-oldrel-osx-x86_64 0.1.4 OK

Check Details

Version: 0.1.4
Check: package dependencies
Result: NOTE
    Package suggested but not available for checking: ‘IRanges’
Flavor: r-release-osx-x86_64

Version: 0.1.4
Check: Rd cross-references
Result: NOTE
    Package unavailable to check Rd xrefs: ‘IRanges’
Flavor: r-release-osx-x86_64