CRAN Package Check Results for Package fuzzyjoin

Last updated on 2019-10-23 17:49:58 CEST.

Flavor Version Tinstall Tcheck Ttotal Status Flags
r-devel-linux-x86_64-debian-clang 0.1.5 3.82 328.79 332.61 OK
r-devel-linux-x86_64-debian-gcc 0.1.5 3.57 244.14 247.71 OK
r-devel-linux-x86_64-fedora-clang 0.1.5 378.81 OK
r-devel-linux-x86_64-fedora-gcc 0.1.5 382.89 OK
r-devel-windows-ix86+x86_64 0.1.5 12.00 400.00 412.00 OK
r-patched-linux-x86_64 0.1.5 4.15 315.45 319.60 OK
r-patched-solaris-x86 0.1.5 1019.70 OK
r-release-linux-x86_64 0.1.5 3.93 304.95 308.88 OK
r-release-windows-ix86+x86_64 0.1.5 12.00 408.00 420.00 OK
r-release-osx-x86_64 0.1.5 OK
r-oldrel-windows-ix86+x86_64 0.1.5 8.00 0.00 8.00 FAIL
r-oldrel-osx-x86_64 0.1.5 OK

Check Details

Version: 0.1.5
Check: re-building of vignette outputs
Result: FAIL
    Check process probably crashed or hung up for 20 minutes ... killed
    Most likely this happened in the example checks (?),
    if not, ignore the following last lines of example output:
     5 0.290 Prem~ I VS2 62.4 58 334 4.2 4.23 2.63
     6 0.24 Very~ J VVS2 62.8 57 336 3.94 3.96 2.48
     7 0.24 Very~ J VVS2 62.8 57 336 3.94 3.96 2.48
     8 0.24 Very~ I VVS1 62.3 57 336 3.95 3.98 2.47
     9 0.24 Very~ I VVS1 62.3 57 336 3.95 3.98 2.47
    10 0.26 Very~ H SI1 61.9 55 337 4.07 4.11 2.53
    # ... with 74,897 more rows, and 2 more variables: approximate_name <chr>,
    # type <int>
    >
    >
    >
    >
    > ### * <FOOTER>
    > ###
    > cleanEx()
    
    detaching 'package:ggplot2', 'package:dplyr'
    
    > options(digits = 7L)
    > base::cat("Time elapsed: ", proc.time() - base::get("ptime", pos = 'CheckExEnv'),"\n")
    Time elapsed: 17.07 0.61 20.22 NA NA
    > grDevices::dev.off()
    null device
     1
    > ###
    > ### Local variables: ***
    > ### mode: outline-minor ***
    > ### outline-regexp: "\\(> \\)?### [*]+" ***
    > ### End: ***
    > quit('no')
    ======== End of example output (where/before crash/hang up occured ?) ========
Flavor: r-oldrel-windows-ix86+x86_64