CRAN Package Check Results for Package fwdmsa

Last updated on 2014-11-01 03:48:45.

Flavor Version Tinstall Tcheck Ttotal Status Flags
r-devel-linux-x86_64-debian-clang 0.2 0.64 32.34 32.98 NOTE
r-devel-linux-x86_64-debian-gcc 0.2 0.61 31.72 32.33 NOTE
r-devel-linux-x86_64-fedora-clang 0.2 65.32 NOTE
r-devel-linux-x86_64-fedora-gcc 0.2 62.22 NOTE
r-devel-osx-x86_64-clang 0.2 60.85 OK
r-devel-windows-ix86+x86_64 0.2 2.00 48.00 50.00 OK
r-patched-linux-x86_64 0.2 0.65 34.16 34.81 NOTE
r-patched-solaris-sparc 0.2 442.30 OK
r-patched-solaris-x86 0.2 79.90 OK
r-release-linux-ix86 0.2 0.91 46.94 47.85 OK
r-release-linux-x86_64 0.2 0.61 32.84 33.44 NOTE
r-release-osx-x86_64-mavericks 0.2 OK
r-release-windows-ix86+x86_64 0.2 3.00 70.00 73.00 OK
r-oldrel-windows-ix86+x86_64 0.2 2.00 52.00 54.00 OK

Check Details

Version: 0.2
Check: Rd line widths
Result: NOTE
    Rd file 'fwdmsa-package.Rd':
     \examples lines wider than 100 characters:
     plot(fs1.1, type="objective", observations=1:618, col="gray70", n0=TRUE, n1=fs.res.cont.n1$n1, xlim=c(0,650))
    
    These lines will be truncated in the PDF manual.
Flavors: r-devel-linux-x86_64-debian-clang, r-devel-linux-x86_64-debian-gcc, r-devel-linux-x86_64-fedora-clang, r-devel-linux-x86_64-fedora-gcc, r-patched-linux-x86_64, r-release-linux-x86_64