CRAN Package Check Results for Package fwdmsa

Last updated on 2015-04-27 23:47:24.

Flavor Version Tinstall Tcheck Ttotal Status Flags
r-devel-linux-x86_64-debian-clang 0.2 0.60 32.19 32.79 NOTE
r-devel-linux-x86_64-debian-gcc 0.2 0.62 32.31 32.93 NOTE
r-devel-linux-x86_64-fedora-clang 0.2 63.42 NOTE
r-devel-linux-x86_64-fedora-gcc 0.2 60.62 NOTE
r-devel-osx-x86_64-clang 0.2 60.47 OK
r-devel-windows-ix86+x86_64 0.2 3.00 48.00 51.00 OK
r-patched-linux-x86_64 0.2 0.58 31.10 31.69 NOTE
r-patched-solaris-sparc 0.2 402.90 OK
r-patched-solaris-x86 0.2 76.10 OK
r-release-linux-x86_64 0.2 0.61 31.31 31.92 NOTE
r-release-osx-x86_64-mavericks 0.2 OK
r-release-osx-x86_64-snowleopard 0.2 OK
r-release-windows-ix86+x86_64 0.2 2.00 58.00 60.00 OK
r-oldrel-windows-ix86+x86_64 0.2 4.00 57.00 61.00 OK

Check Details

Version: 0.2
Check: Rd line widths
Result: NOTE
    Rd file 'fwdmsa-package.Rd':
     \examples lines wider than 100 characters:
     plot(fs1.1, type="objective", observations=1:618, col="gray70", n0=TRUE, n1=fs.res.cont.n1$n1, xlim=c(0,650))
    
    These lines will be truncated in the PDF manual.
Flavors: r-devel-linux-x86_64-debian-clang, r-devel-linux-x86_64-debian-gcc, r-devel-linux-x86_64-fedora-clang, r-devel-linux-x86_64-fedora-gcc, r-release-linux-x86_64