CRAN Package Check Results for Package fwdmsa

Last updated on 2014-04-18 20:47:59.

Flavor Version Tinstall Tcheck Ttotal Status Flags
r-devel-linux-x86_64-debian-clang 0.2 0.64 35.42 36.06 OK
r-devel-linux-x86_64-debian-gcc OK
r-devel-linux-x86_64-fedora-clang 0.2 68.04 NOTE
r-devel-linux-x86_64-fedora-gcc 0.2 63.80 NOTE
r-devel-macosx-x86_64-clang 0.2 57.87 OK
r-devel-macosx-x86_64-gcc 0.2 OK
r-devel-windows-ix86+x86_64 0.2 2.00 65.00 67.00 OK
r-patched-linux-x86_64 0.2 0.63 33.00 33.63 OK
r-patched-solaris-sparc 0.2 396.70 OK
r-patched-solaris-x86 0.2 82.00 OK
r-release-linux-ix86 0.2 2.00 54.00 56.00 OK
r-release-linux-x86_64 0.2 0.62 32.96 33.58 OK
r-release-windows-ix86+x86_64 0.2 4.00 66.00 70.00 OK
r-oldrel-windows-ix86+x86_64 0.2 2.00 52.00 54.00 OK

Check Details

Version: 0.2
Check: Rd line widths
Result: NOTE
    Rd file 'fwdmsa-package.Rd':
     \examples lines wider than 100 characters:
     plot(fs1.1, type="objective", observations=1:618, col="gray70", n0=TRUE, n1=fs.res.cont.n1$n1, xlim=c(0,650))
    
    These lines will be truncated in the PDF manual.
Flavors: r-devel-linux-x86_64-fedora-clang, r-devel-linux-x86_64-fedora-gcc