CRAN Package Check Results for Package fwdmsa

Last updated on 2015-03-30 23:47:46.

Flavor Version Tinstall Tcheck Ttotal Status Flags
r-devel-linux-x86_64-debian-clang 0.2 0.59 31.90 32.49 NOTE
r-devel-linux-x86_64-debian-gcc 0.2 0.59 30.96 31.55 NOTE
r-devel-linux-x86_64-fedora-clang 0.2 63.49 NOTE
r-devel-linux-x86_64-fedora-gcc 0.2 62.24 NOTE
r-devel-osx-x86_64-clang 0.2 64.12 OK
r-prerel-windows-ix86+x86_64 0.2 4.00 48.00 52.00 OK
r-prerel-linux-x86_64 0.2 0.70 31.88 32.57 NOTE
r-prerel-solaris-sparc 0.2 402.90 OK
r-prerel-solaris-x86 0.2 74.60 OK
r-release-linux-x86_64 0.2 0.69 33.00 33.69 NOTE
r-release-osx-x86_64-mavericks 0.2 OK
r-release-windows-ix86+x86_64 0.2 4.00 57.00 61.00 OK
r-oldrel-windows-ix86+x86_64 0.2 2.00 52.00 54.00 OK

Check Details

Version: 0.2
Check: Rd line widths
Result: NOTE
    Rd file 'fwdmsa-package.Rd':
     \examples lines wider than 100 characters:
     plot(fs1.1, type="objective", observations=1:618, col="gray70", n0=TRUE, n1=fs.res.cont.n1$n1, xlim=c(0,650))
    
    These lines will be truncated in the PDF manual.
Flavors: r-devel-linux-x86_64-debian-clang, r-devel-linux-x86_64-debian-gcc, r-devel-linux-x86_64-fedora-clang, r-devel-linux-x86_64-fedora-gcc, r-prerel-linux-x86_64, r-release-linux-x86_64