CRAN Package Check Results for Package fwdmsa

Last updated on 2015-07-04 19:47:37.

Flavor Version Tinstall Tcheck Ttotal Status Flags
r-devel-linux-x86_64-debian-clang 0.2 0.77 30.46 31.23 NOTE
r-devel-linux-x86_64-debian-gcc 0.2 0.56 30.15 30.70 NOTE
r-devel-linux-x86_64-fedora-clang 0.2 58.42 NOTE
r-devel-linux-x86_64-fedora-gcc 0.2 56.81 NOTE
r-devel-osx-x86_64-clang 0.2 51.29 OK
r-devel-windows-ix86+x86_64 0.2 5.00 52.00 57.00 OK
r-patched-linux-x86_64 0.2 0.58 30.61 31.20 NOTE
r-patched-solaris-sparc 0.2 394.40 OK
r-patched-solaris-x86 0.2 74.20 OK
r-release-linux-x86_64 0.2 0.71 30.09 30.80 NOTE
r-release-osx-x86_64-mavericks 0.2 OK
r-release-windows-ix86+x86_64 0.2 3.00 51.00 54.00 OK
r-oldrel-windows-ix86+x86_64 0.2 4.00 57.00 61.00 OK

Check Details

Version: 0.2
Check: R code for possible problems
Result: NOTE
    alpha: no visible global function definition for ‘var’
    coefH: no visible global function definition for ‘var’
    coefZ: no visible global function definition for ‘var’
    coefZ: no visible binding for global variable ‘var’
    fs.MSA: no visible global function definition for ‘runif’
    fs.MSA: no visible global function definition for ‘boxplot’
    plot.fs.class: no visible global function definition for ‘lines’
    plot.fs.class: no visible global function definition for ‘text’
    plot.fs.class: no visible global function definition for ‘axis’
    plot.fs.class: no visible global function definition for ‘segments’
    plot.fs.class: no visible global function definition for ‘title’
    plot.fs.class: no visible global function definition for
     ‘devAskNewPage’
    plot.fs.class : <anonymous>: no visible global function definition for
     ‘quantile’
    plot.fs.n1.class: no visible global function definition for ‘segments’
    plot.fs.n1.class: no visible global function definition for ‘axis’
    plot.fs.n1.class: no visible global function definition for ‘lines’
    plot.fs.n1.class: no visible global function definition for ‘legend’
    search.normal: no visible global function definition for ‘var’
    search.normal: no visible binding for global variable ‘var’
    search.normal: no visible global function definition for ‘qnorm’
    Undefined global functions or variables:
     axis boxplot devAskNewPage legend lines qnorm quantile runif segments
     text title var
Flavors: r-devel-linux-x86_64-debian-clang, r-devel-linux-x86_64-debian-gcc, r-devel-linux-x86_64-fedora-clang, r-devel-linux-x86_64-fedora-gcc

Version: 0.2
Check: Rd line widths
Result: NOTE
    Rd file 'fwdmsa-package.Rd':
     \examples lines wider than 100 characters:
     plot(fs1.1, type="objective", observations=1:618, col="gray70", n0=TRUE, n1=fs.res.cont.n1$n1, xlim=c(0,650))
    
    These lines will be truncated in the PDF manual.
Flavors: r-devel-linux-x86_64-debian-clang, r-devel-linux-x86_64-debian-gcc, r-devel-linux-x86_64-fedora-clang, r-devel-linux-x86_64-fedora-gcc, r-patched-linux-x86_64, r-release-linux-x86_64