CRAN Package Check Results for Package fwdmsa

Last updated on 2015-05-26 06:46:54.

Flavor Version Tinstall Tcheck Ttotal Status Flags
r-devel-linux-x86_64-debian-clang 0.2 0.60 31.59 32.19 NOTE
r-devel-linux-x86_64-debian-gcc 0.2 0.58 32.08 32.67 NOTE
r-devel-linux-x86_64-fedora-clang 0.2 61.68 NOTE
r-devel-linux-x86_64-fedora-gcc 0.2 59.43 NOTE
r-devel-osx-x86_64-clang 0.2 56.24 OK
r-devel-windows-ix86+x86_64 0.2 3.00 45.00 48.00 OK
r-patched-linux-x86_64 0.2 0.68 30.60 31.27 NOTE
r-patched-solaris-sparc 0.2 394.40 OK
r-patched-solaris-x86 0.2 73.70 OK
r-release-linux-x86_64 0.2 0.58 31.85 32.43 NOTE
r-release-osx-x86_64-mavericks 0.2 OK
r-release-osx-x86_64-snowleopard 0.2 OK
r-release-windows-ix86+x86_64 0.2 2.00 58.00 60.00 OK
r-oldrel-windows-ix86+x86_64 0.2 4.00 57.00 61.00 OK

Check Details

Version: 0.2
Check: Rd line widths
Result: NOTE
    Rd file 'fwdmsa-package.Rd':
     \examples lines wider than 100 characters:
     plot(fs1.1, type="objective", observations=1:618, col="gray70", n0=TRUE, n1=fs.res.cont.n1$n1, xlim=c(0,650))
    
    These lines will be truncated in the PDF manual.
Flavors: r-devel-linux-x86_64-debian-clang, r-devel-linux-x86_64-debian-gcc, r-devel-linux-x86_64-fedora-clang, r-devel-linux-x86_64-fedora-gcc, r-patched-linux-x86_64, r-release-linux-x86_64