CRAN Package Check Results for Package fwdmsa

Last updated on 2014-08-29 21:47:39.

Flavor Version Tinstall Tcheck Ttotal Status Flags
r-devel-linux-x86_64-debian-clang 0.2 0.59 31.52 32.11 OK
r-devel-linux-x86_64-debian-gcc 0.2 0.59 30.60 31.19 OK
r-devel-linux-x86_64-fedora-clang 0.2 68.63 NOTE
r-devel-linux-x86_64-fedora-gcc 0.2 64.18 NOTE
r-devel-osx-x86_64-clang 0.2 58.58 OK
r-devel-windows-ix86+x86_64 0.2 2.00 50.00 52.00 OK
r-patched-linux-x86_64 0.2 0.60 32.12 32.72 OK
r-patched-solaris-sparc 0.2 442.30 OK
r-patched-solaris-x86 0.2 80.10 OK
r-release-linux-ix86 0.2 0.89 46.77 47.66 OK
r-release-linux-x86_64 0.2 0.64 34.05 34.69 OK
r-release-osx-x86_64-mavericks 0.2 OK
r-release-windows-ix86+x86_64 0.2 3.00 70.00 73.00 OK
r-oldrel-windows-ix86+x86_64 0.2 2.00 52.00 54.00 OK

Check Details

Version: 0.2
Check: Rd line widths
Result: NOTE
    Rd file 'fwdmsa-package.Rd':
     \examples lines wider than 100 characters:
     plot(fs1.1, type="objective", observations=1:618, col="gray70", n0=TRUE, n1=fs.res.cont.n1$n1, xlim=c(0,650))
    
    These lines will be truncated in the PDF manual.
Flavors: r-devel-linux-x86_64-fedora-clang, r-devel-linux-x86_64-fedora-gcc