CRAN Package Check Results for Package fwdmsa

Last updated on 2014-07-30 03:48:19.

Flavor Version Tinstall Tcheck Ttotal Status Flags
r-devel-linux-x86_64-debian-clang 0.2 0.61 32.36 32.97 OK
r-devel-linux-x86_64-debian-gcc 0.2 0.71 31.88 32.59 OK
r-devel-linux-x86_64-fedora-clang 0.2 69.49 NOTE
r-devel-linux-x86_64-fedora-gcc 0.2 63.46 NOTE
r-devel-osx-x86_64-clang 0.2 57.43 OK
r-devel-windows-ix86+x86_64 0.2 2.00 46.00 48.00 OK
r-patched-linux-x86_64 0.2 0.64 33.26 33.90 OK
r-patched-solaris-sparc 0.2 396.70 OK
r-patched-solaris-x86 0.2 79.40 OK
r-release-linux-ix86 0.2 0.90 46.16 47.06 OK
r-release-linux-x86_64 0.2 0.62 32.14 32.76 OK
r-release-osx-x86_64-mavericks 0.2 OK
r-release-windows-ix86+x86_64 0.2 3.00 70.00 73.00 OK
r-oldrel-windows-ix86+x86_64 0.2 2.00 52.00 54.00 OK

Check Details

Version: 0.2
Check: Rd line widths
Result: NOTE
    Rd file 'fwdmsa-package.Rd':
     \examples lines wider than 100 characters:
     plot(fs1.1, type="objective", observations=1:618, col="gray70", n0=TRUE, n1=fs.res.cont.n1$n1, xlim=c(0,650))
    
    These lines will be truncated in the PDF manual.
Flavors: r-devel-linux-x86_64-fedora-clang, r-devel-linux-x86_64-fedora-gcc