CRAN Package Check Results for Package fwdmsa

Last updated on 2015-02-27 22:49:17.

Flavor Version Tinstall Tcheck Ttotal Status Flags
r-devel-linux-x86_64-debian-clang 0.2 0.59 31.24 31.82 NOTE
r-devel-linux-x86_64-debian-gcc 0.2 0.59 34.75 35.34 NOTE
r-devel-linux-x86_64-fedora-clang 0.2 62.66 NOTE
r-devel-linux-x86_64-fedora-gcc 0.2 59.49 NOTE
r-devel-osx-x86_64-clang 0.2 59.70 OK
r-devel-windows-ix86+x86_64 0.2 3.00 50.00 53.00 OK
r-patched-linux-x86_64 0.2 0.64 33.61 34.24 NOTE
r-patched-solaris-sparc 0.2 413.30 OK
r-release-linux-ix86 0.2 0.90 46.69 47.60 NOTE
r-release-linux-x86_64 0.2 0.63 33.28 33.91 NOTE
r-release-osx-x86_64-mavericks 0.2 OK
r-release-windows-ix86+x86_64 0.2 2.00 72.00 74.00 OK
r-oldrel-windows-ix86+x86_64 0.2 2.00 52.00 54.00 OK

Check Details

Version: 0.2
Check: Rd line widths
Result: NOTE
    Rd file 'fwdmsa-package.Rd':
     \examples lines wider than 100 characters:
     plot(fs1.1, type="objective", observations=1:618, col="gray70", n0=TRUE, n1=fs.res.cont.n1$n1, xlim=c(0,650))
    
    These lines will be truncated in the PDF manual.
Flavors: r-devel-linux-x86_64-debian-clang, r-devel-linux-x86_64-debian-gcc, r-devel-linux-x86_64-fedora-clang, r-devel-linux-x86_64-fedora-gcc, r-patched-linux-x86_64, r-release-linux-ix86, r-release-linux-x86_64