CRAN Package Check Results for Package fxregime

Last updated on 2014-07-28 20:46:57.

Flavor Version Tinstall Tcheck Ttotal Status Flags
r-devel-linux-x86_64-debian-clang 1.0-3 1.54 22.96 24.49 OK --no-vignettes
r-devel-linux-x86_64-debian-gcc 1.0-3 1.40 23.26 24.66 OK --no-vignettes
r-devel-linux-x86_64-fedora-clang 1.0-3 887.94 OK
r-devel-linux-x86_64-fedora-gcc 1.0-3 845.40 OK
r-devel-osx-x86_64-clang 1.0-3 646.64 OK
r-devel-windows-ix86+x86_64 1.0-3 5.00 598.00 603.00 OK
r-patched-linux-x86_64 1.0-3 1.49 22.85 24.34 OK --no-vignettes
r-patched-solaris-sparc 1.0-3 6267.70 OK
r-patched-solaris-x86 1.0-3 844.50 OK
r-release-linux-ix86 1.0-3 2.03 31.68 33.70 OK --no-vignettes
r-release-linux-x86_64 1.0-3 1.48 24.00 25.48 OK --no-vignettes
r-release-osx-x86_64-mavericks 1.0-3 NOTE
r-release-osx-x86_64-snowleopard 1.0-3 NOTE
r-release-windows-ix86+x86_64 1.0-3 5.00 575.00 580.00 OK
r-oldrel-windows-ix86+x86_64 1.0-3 5.00 660.00 665.00 OK

Check Details

Version: 1.0-3
Check: re-building of vignette outputs
Result: NOTE
    Error in re-building vignettes:
     ...
    Loading required package: zoo
    
    Attaching package: zoo
    
    The following objects are masked from package:base :
    
     as.Date, as.Date.numeric
    
    Loading required package: strucchange
    Loading required package: sandwich
    Warning in sub(object$syntax$docexpr, val, chunk[pos[1L]]) :
     argument 'replacement' has length > 1 and only the first element will be used
    Error in texi2dvi(file = file, pdf = TRUE, clean = clean, quiet = quiet, :
     Running 'texi2dvi' on 'CNY.tex' failed.
    LaTeX errors:
    ! LaTeX Error: File `a4wide.sty' not found.
    
    Type X to quit or <RETURN> to proceed,
    or enter new name. (Default extension: sty)
    
    n_test/fxregime/vignettes/CNY.tex:5: ==> Fatal error occurred, no output PDF f
    ile produced!
    Calls: buildVignettes -> texi2pdf -> texi2dvi
    Execution halted
Flavor: r-release-osx-x86_64-mavericks

Version: 1.0-3
Check: re-building of vignette outputs
Result: NOTE
    Error in re-building vignettes:
     ...
    Loading required package: zoo
    
    Attaching package: 'zoo'
    
    The following objects are masked from 'package:base':
    
     as.Date, as.Date.numeric
    
    Loading required package: strucchange
    Loading required package: sandwich
    Warning in sub(object$syntax$docexpr, val, chunk[pos[1L]]) :
     argument 'replacement' has length > 1 and only the first element will be used
    Error in texi2dvi(file = file, pdf = TRUE, clean = clean, quiet = quiet, :
     Running 'texi2dvi' on 'CNY.tex' failed.
    Messages:
    sh: gs: command not found
    !!! Error: Closing Ghostscript (exit status: 127)!
    /usr/bin/texi2dvi: thumbpdf exited with bad status, quitting.
    Calls: buildVignettes -> texi2pdf -> texi2dvi
    Execution halted
Flavor: r-release-osx-x86_64-snowleopard