CRAN Package Check Results for Package fxregime

Last updated on 2019-07-17 18:48:01 CEST.

Flavor Version Tinstall Tcheck Ttotal Status Flags
r-devel-linux-x86_64-debian-clang 1.0-3 5.39 52.68 58.07 NOTE --no-vignettes
r-devel-linux-x86_64-debian-gcc 1.0-3 4.75 41.20 45.95 NOTE --no-vignettes
r-devel-linux-x86_64-fedora-clang 1.0-3 703.07 NOTE
r-devel-linux-x86_64-fedora-gcc 1.0-3 611.35 NOTE
r-devel-windows-ix86+x86_64 1.0-3 25.00 65.00 90.00 NOTE --no-vignettes
r-patched-linux-x86_64 1.0-3 4.63 51.89 56.52 NOTE --no-vignettes
r-patched-solaris-x86 1.0-3 1145.60 NOTE
r-release-linux-x86_64 1.0-3 5.99 51.89 57.88 NOTE --no-vignettes
r-release-windows-ix86+x86_64 1.0-3 14.00 86.00 100.00 NOTE --no-vignettes
r-release-osx-x86_64 1.0-3 FAIL
r-oldrel-windows-ix86+x86_64 1.0-3 9.00 88.00 97.00 NOTE --no-vignettes
r-oldrel-osx-x86_64 1.0-3 NOTE

Check Details

Version: 1.0-3
Flags: --no-vignettes
Check: dependencies in R code
Result: NOTE
    'library' or 'require' call to 'foreach' in package code.
     Please use :: or requireNamespace() instead.
     See section 'Suggested packages' in the 'Writing R Extensions' manual.
Flavors: r-devel-linux-x86_64-debian-clang, r-devel-linux-x86_64-debian-gcc, r-devel-windows-ix86+x86_64, r-patched-linux-x86_64, r-release-linux-x86_64, r-release-windows-ix86+x86_64, r-oldrel-windows-ix86+x86_64

Version: 1.0-3
Flags: --no-vignettes
Check: R code for possible problems
Result: NOTE
    fxreturns: no visible binding for global variable 'FXRatesCHF'
    fxreturns : <anonymous>: no visible global function definition for
     'tail'
    gbreakpoints: no visible global function definition for '%dopar%'
    gbreakpoints: no visible global function definition for 'foreach'
    Undefined global functions or variables:
     %dopar% FXRatesCHF foreach tail
    Consider adding
     importFrom("utils", "tail")
    to your NAMESPACE file.
Flavors: r-devel-linux-x86_64-debian-clang, r-devel-linux-x86_64-debian-gcc, r-devel-windows-ix86+x86_64, r-patched-linux-x86_64, r-release-linux-x86_64, r-release-windows-ix86+x86_64, r-oldrel-windows-ix86+x86_64

Version: 1.0-3
Check: dependencies in R code
Result: NOTE
    'library' or 'require' call to ‘foreach’ in package code.
     Please use :: or requireNamespace() instead.
     See section 'Suggested packages' in the 'Writing R Extensions' manual.
Flavors: r-devel-linux-x86_64-fedora-clang, r-devel-linux-x86_64-fedora-gcc, r-patched-solaris-x86, r-release-osx-x86_64, r-oldrel-osx-x86_64

Version: 1.0-3
Check: R code for possible problems
Result: NOTE
    fxreturns: no visible binding for global variable ‘FXRatesCHF’
    fxreturns : <anonymous>: no visible global function definition for
     ‘tail’
    gbreakpoints: no visible global function definition for ‘%dopar%’
    gbreakpoints: no visible global function definition for ‘foreach’
    Undefined global functions or variables:
     %dopar% FXRatesCHF foreach tail
    Consider adding
     importFrom("utils", "tail")
    to your NAMESPACE file.
Flavors: r-devel-linux-x86_64-fedora-clang, r-devel-linux-x86_64-fedora-gcc, r-patched-solaris-x86, r-release-osx-x86_64, r-oldrel-osx-x86_64

Version: 1.0-3
Check: re-building of vignette outputs
Result: FAIL
    
Flavor: r-release-osx-x86_64