CRAN Package Check Results for Package fxregime

Last updated on 2014-04-24 07:52:27.

Flavor Version Tinstall Tcheck Ttotal Status Flags
r-devel-linux-x86_64-debian-clang 1.0-3 1.64 24.35 25.99 OK --no-vignettes
r-devel-linux-x86_64-debian-gcc 1.0-3 1.50 24.13 25.63 OK --no-vignettes
r-devel-linux-x86_64-fedora-clang 1.0-3 839.39 OK
r-devel-linux-x86_64-fedora-gcc 1.0-3 829.13 OK
r-devel-osx-x86_64-clang 1.0-3 586.15 OK
r-devel-osx-x86_64-gcc 1.0-3 ERROR
r-devel-windows-ix86+x86_64 1.0-3 4.00 582.00 586.00 OK
r-patched-linux-x86_64 1.0-3 1.52 23.70 25.21 OK --no-vignettes
r-patched-solaris-sparc 1.0-3 6267.70 OK
r-patched-solaris-x86 1.0-3 835.60 OK
r-release-linux-ix86 1.0-3 2.00 44.00 46.00 OK --no-vignettes
r-release-linux-x86_64 1.0-3 1.52 24.05 25.57 OK --no-vignettes
r-release-osx-x86_64-mavericks 1.0-3 WARN
r-release-osx-x86_64-snowleopard 1.0-3 NOTE
r-release-windows-ix86+x86_64 1.0-3 5.00 600.00 605.00 OK
r-oldrel-windows-ix86+x86_64 1.0-3 6.00 652.00 658.00 OK

Check Details

Version: 1.0-3
Check: package dependencies
Result: ERROR
    Packages required but not available: ‘zoo’ ‘strucchange’ ‘car’ ‘sandwich’
    
    Package suggested but not available for checking: ‘lmtest’
    
    See the information on DESCRIPTION files in the chapter ‘Creating R
    packages’ of the ‘Writing R Extensions’ manual.
Flavor: r-devel-osx-x86_64-gcc

Version: 1.0-3
Check: package dependencies
Result: NOTE
    Package suggested but not available for checking: ‘foreach’
Flavor: r-release-osx-x86_64-mavericks

Version: 1.0-3
Check: R code for possible problems
Result: NOTE
    gbreakpoints: no visible global function definition for ‘%dopar%’
    gbreakpoints: no visible global function definition for ‘foreach’
Flavor: r-release-osx-x86_64-mavericks

Version: 1.0-3
Check: Rd cross-references
Result: NOTE
    Package unavailable to check Rd xrefs: ‘foreach’
Flavor: r-release-osx-x86_64-mavericks

Version: 1.0-3
Check: re-building of vignette outputs
Result: NOTE
    Error in re-building vignettes:
     ...
    Loading required package: zoo
    
    Attaching package: ‘zoo’
    
    The following objects are masked from ‘package:base’:
    
     as.Date, as.Date.numeric
    
    Loading required package: strucchange
    Loading required package: sandwich
    Warning in sub(object$syntax$docexpr, val, chunk[pos[1L]]) :
     argument 'replacement' has length > 1 and only the first element will be used
    Error in texi2dvi(file = file, pdf = TRUE, clean = clean, quiet = quiet, :
     Running 'texi2dvi' on 'CNY.tex' failed.
    LaTeX errors:
    ! LaTeX Error: File `a4wide.sty' not found.
    
    Type X to quit or <RETURN> to proceed,
    or enter new name. (Default extension: sty)
    
    n_test/fxregime/vignettes/CNY.tex:5: ==> Fatal error occurred, no output PDF f
    ile produced!
    Calls: buildVignettes -> texi2pdf -> texi2dvi
    Execution halted
Flavor: r-release-osx-x86_64-mavericks

Version: 1.0-3
Check: PDF version of manual
Result: WARNING
    LaTeX errors when creating PDF version.
    This typically indicates Rd problems.
    LaTeX errors found:
    ! LaTeX Error: File `upquote.sty' not found.
    
    Type X to quit or <RETURN> to proceed,
    or enter new name. (Default extension: sty)
    
    60e2a6/Rd2.tex:8: ==> Fatal error occurred, no output PDF file produced!
Flavor: r-release-osx-x86_64-mavericks

Version: 1.0-3
Check: re-building of vignette outputs
Result: NOTE
    Error in re-building vignettes:
     ...
    Loading required package: zoo
    
    Attaching package: 'zoo'
    
    The following objects are masked from 'package:base':
    
     as.Date, as.Date.numeric
    
    Loading required package: strucchange
    Loading required package: sandwich
    Warning in sub(object$syntax$docexpr, val, chunk[pos[1L]]) :
     argument 'replacement' has length > 1 and only the first element will be used
    Error in texi2dvi(file = file, pdf = TRUE, clean = clean, quiet = quiet, :
     Running 'texi2dvi' on 'CNY.tex' failed.
    Messages:
    sh: gs: command not found
    !!! Error: Closing Ghostscript (exit status: 127)!
    /usr/bin/texi2dvi: thumbpdf exited with bad status, quitting.
    Calls: buildVignettes -> texi2pdf -> texi2dvi
    Execution halted
Flavor: r-release-osx-x86_64-snowleopard