CRAN Package Check Results for Package fxregime

Last updated on 2015-01-30 17:51:52.

Flavor Version Tinstall Tcheck Ttotal Status Flags
r-devel-linux-x86_64-debian-clang 1.0-3 1.27 22.92 24.20 NOTE --no-vignettes
r-devel-linux-x86_64-debian-gcc 1.0-3 1.27 21.20 22.47 NOTE --no-vignettes
r-devel-linux-x86_64-fedora-clang 1.0-3 855.21 NOTE
r-devel-linux-x86_64-fedora-gcc 1.0-3 781.55 NOTE
r-devel-osx-x86_64-clang 1.0-3 652.97 NOTE
r-devel-windows-ix86+x86_64 1.0-3 6.00 584.00 590.00 NOTE
r-patched-linux-x86_64 1.0-3 1.47 24.33 25.80 NOTE --no-vignettes
r-patched-solaris-sparc 1.0-3 6281.10 NOTE
r-patched-solaris-x86 1.0-3 821.30 NOTE
r-release-linux-ix86 1.0-3 2.04 31.17 33.22 NOTE --no-vignettes
r-release-linux-x86_64 1.0-3 1.56 24.59 26.15 NOTE --no-vignettes
r-release-osx-x86_64-mavericks 1.0-3 NOTE
r-release-osx-x86_64-snowleopard 1.0-3 NOTE
r-release-windows-ix86+x86_64 1.0-3 5.00 623.00 628.00 NOTE
r-oldrel-windows-ix86+x86_64 1.0-3 6.00 660.00 666.00 OK

Check Details

Version: 1.0-3
Flags: --no-vignettes
Check: dependencies in R code
Result: NOTE
    'library' or 'require' call to ‘foreach’ in package code.
     Please use :: or requireNamespace() instead.
     See section 'Suggested packages' in the 'Writing R Extensions' manual.
Flavors: r-devel-linux-x86_64-debian-clang, r-devel-linux-x86_64-debian-gcc

Version: 1.0-3
Flags: --no-vignettes
Check: R code for possible problems
Result: NOTE
    fxreturns: no visible binding for global variable ‘FXRatesCHF’
    gbreakpoints: no visible global function definition for ‘%dopar%’
    gbreakpoints: no visible global function definition for ‘foreach’
Flavors: r-devel-linux-x86_64-debian-clang, r-devel-linux-x86_64-debian-gcc, r-patched-linux-x86_64, r-release-linux-ix86, r-release-linux-x86_64

Version: 1.0-3
Check: dependencies in R code
Result: NOTE
    'library' or 'require' call to ‘foreach’ in package code.
     Please use :: or requireNamespace() instead.
     See section 'Suggested packages' in the 'Writing R Extensions' manual.
Flavors: r-devel-linux-x86_64-fedora-clang, r-devel-linux-x86_64-fedora-gcc, r-devel-osx-x86_64-clang, r-devel-windows-ix86+x86_64

Version: 1.0-3
Check: R code for possible problems
Result: NOTE
    fxreturns: no visible binding for global variable ‘FXRatesCHF’
    gbreakpoints: no visible global function definition for ‘%dopar%’
    gbreakpoints: no visible global function definition for ‘foreach’
Flavors: r-devel-linux-x86_64-fedora-clang, r-devel-linux-x86_64-fedora-gcc, r-devel-osx-x86_64-clang, r-devel-windows-ix86+x86_64, r-patched-solaris-sparc, r-patched-solaris-x86, r-release-osx-x86_64-mavericks, r-release-windows-ix86+x86_64

Version: 1.0-3
Check: re-building of vignette outputs
Result: NOTE
    Error in re-building vignettes:
     ...
    
    Loading required package: strucchange
    Loading required package: sandwich
    Warning in sub(object$syntax$docexpr, val, chunk[pos[1L]]) :
     argument 'replacement' has length > 1 and only the first element will be used
    Error in texi2dvi(file = file, pdf = TRUE, clean = clean, quiet = quiet, :
     Running 'texi2dvi' on 'CNY.tex' failed.
    LaTeX errors:
    ! Undefined control sequence.
    l.31 ...<f9><f3><a7>\.;q*<e0><88><ed><ed><ed><d0> <ac>~<d0><e6>+W<88><ca><e5>2J<fb>Μ^^@σ<83><83>0<89><f1>x\T
     <c3>^^Q^^Y<e2>~^^H<ed><de>^^U`<8c><f5><f7><f7><e3><93>s<ce>...
    The control sequence at the end of the top line
    of your error message was never \def'ed. If you have
    ! Undefined control sequence.
    l.34 ΘeY<b9>\N
     <84>x<a2>B^^DX^^@E?T<ed>^^P<91>E<a3>ю<8e><8e>|>/<8a>GD<94><cb>尙<c3><dd>z^^E<f6>^^P+x<^^^I<92>$I<d2>4M<92>$UU^...
    The control sequence at the end of the top line
    of your error message was never \def'ed. If you have
    ! Undefined control sequence.
    l.36 <8c>C@^^OP^^D\<b2>
     <c0><fd><0b>\<a6>A<bb>X<ee><a0><cd>7x<8d><a1><f2><d9>ù<87> <99><9e><9e>~<f4><e8>^^QB<8d><ab>W<af>^^B^^Tt^<f2><a2>]^^Nq<d2>^^@<d4>#O<ab>^...
    The control sequence at the end of the top line
    of your error message was never \def'ed. If you h
    Calls: buildVignettes -> texi2pdf -> texi2dvi
    Execution halted
Flavor: r-release-osx-x86_64-mavericks

Version: 1.0-3
Check: re-building of vignette outputs
Result: NOTE
    Error in re-building vignettes:
     ...
    Loading required package: zoo
    
    Attaching package: 'zoo'
    
    The following objects are masked from 'package:base':
    
     as.Date, as.Date.numeric
    
    Loading required package: strucchange
    Loading required package: sandwich
    Warning in sub(object$syntax$docexpr, val, chunk[pos[1L]]) :
     argument 'replacement' has length > 1 and only the first element will be used
    Error in texi2dvi(file = file, pdf = TRUE, clean = clean, quiet = quiet, :
     Running 'texi2dvi' on 'CNY.tex' failed.
    Messages:
    sh: gs: command not found
    !!! Error: Closing Ghostscript (exit status: 127)!
    /usr/bin/texi2dvi: thumbpdf exited with bad status, quitting.
    Calls: buildVignettes -> texi2pdf -> texi2dvi
    Execution halted
Flavor: r-release-osx-x86_64-snowleopard