Last updated on 2023-04-01 05:50:40 CEST.
Flavor | Version | Tinstall | Tcheck | Ttotal | Status | Flags |
---|---|---|---|---|---|---|
r-devel-linux-x86_64-debian-clang | 1.1.5 | 1.50 | 2.25 | 3.75 | ERROR | |
r-devel-linux-x86_64-debian-gcc | 1.1.5 | 50.33 | 455.07 | 505.40 | OK | |
r-devel-linux-x86_64-fedora-clang | 1.1.5 | 838.24 | NOTE | |||
r-devel-linux-x86_64-fedora-gcc | 1.1.5 | 855.05 | OK | |||
r-devel-windows-x86_64 | 1.1.5 | 79.00 | 596.00 | 675.00 | NOTE | |
r-patched-linux-x86_64 | 1.1.5 | 59.73 | 565.06 | 624.79 | OK | |
r-release-linux-x86_64 | 1.1.5 | 49.48 | 543.12 | 592.60 | OK | |
r-release-macos-arm64 | 1.1.5 | 7.00 | ERROR | |||
r-release-macos-x86_64 | 1.1.5 | 9.00 | ERROR | |||
r-release-windows-x86_64 | 1.1.5 | 81.00 | 598.00 | 679.00 | NOTE | |
r-oldrel-macos-arm64 | 1.1.5 | 9.00 | ERROR | |||
r-oldrel-macos-x86_64 | 1.1.5 | 12.00 | ERROR | |||
r-oldrel-windows-ix86+x86_64 | 1.1.5 | 122.00 | 517.00 | 639.00 | WARN |
Version: 1.1.5
Check: package dependencies
Result: ERROR
Package required but not available: ‘cBioPortalData’
See section ‘The DESCRIPTION file’ in the ‘Writing R Extensions’
manual.
Flavors: r-devel-linux-x86_64-debian-clang, r-release-macos-arm64, r-release-macos-x86_64, r-oldrel-macos-arm64, r-oldrel-macos-x86_64
Version: 1.1.5
Check: installed package size
Result: NOTE
installed size is 10.7Mb
sub-directories of 1Mb or more:
doc 9.3Mb
Flavors: r-devel-linux-x86_64-fedora-clang, r-devel-windows-x86_64, r-release-windows-x86_64, r-oldrel-windows-ix86+x86_64
Version: 1.1.5
Check: R code for possible problems
Result: NOTE
Initiating curl with CURL_SSL_BACKEND: openssl
Flavor: r-oldrel-windows-ix86+x86_64
Version: 1.1.5
Check: re-building of vignette outputs
Result: WARN
Error(s) in re-building vignettes:
--- re-building 'chart_themes.Rmd' using rmarkdown
Initiating curl with CURL_SSL_BACKEND: openssl
--- finished re-building 'chart_themes.Rmd'
--- re-building 'introduction.Rmd' using rmarkdown
Initiating curl with CURL_SSL_BACKEND: openssl
Quitting from lines 240-253 (introduction.Rmd)
Error: processing vignette 'introduction.Rmd' failed with diagnostics:
cannot open URL 'https://www.cbioportal.org/api/api-docs'
--- failed re-building 'introduction.Rmd'
SUMMARY: processing the following file failed:
'introduction.Rmd'
Error: Vignette re-building failed.
Execution halted
Flavor: r-oldrel-windows-ix86+x86_64