Last updated on 2022-07-03 21:53:03 CEST.
Flavor | Version | Tinstall | Tcheck | Ttotal | Status | Flags |
---|---|---|---|---|---|---|
r-devel-linux-x86_64-debian-clang | 0.2.0 | 9.96 | 99.57 | 109.53 | OK | |
r-devel-linux-x86_64-debian-gcc | 0.2.0 | 8.40 | 73.54 | 81.94 | OK | |
r-devel-linux-x86_64-fedora-clang | 0.2.0 | 139.96 | NOTE | |||
r-devel-linux-x86_64-fedora-gcc | 0.2.0 | 138.97 | NOTE | |||
r-devel-windows-x86_64 | 0.2.0 | 17.00 | 118.00 | 135.00 | OK | |
r-patched-linux-x86_64 | 0.2.0 | 10.42 | 93.68 | 104.10 | OK | |
r-release-linux-x86_64 | 0.2.0 | 9.07 | 93.38 | 102.45 | OK | |
r-release-macos-arm64 | 0.2.0 | 58.00 | NOTE | |||
r-release-macos-x86_64 | 0.2.0 | 65.00 | NOTE | |||
r-release-windows-x86_64 | 0.2.0 | 26.00 | 120.00 | 146.00 | OK | |
r-oldrel-macos-arm64 | 0.2.0 | 43.00 | NOTE | |||
r-oldrel-macos-x86_64 | 0.2.0 | 55.00 | NOTE | |||
r-oldrel-windows-ix86+x86_64 | 0.2.0 | 23.00 | 110.00 | 133.00 | OK |
Version: 0.2.0
Check: dependencies in R code
Result: NOTE
Namespaces in Imports field not imported from:
‘MASS’ ‘MCMCpack’ ‘ggplot2’ ‘moments’
All declared Imports should be used.
Flavors: r-devel-linux-x86_64-fedora-clang, r-devel-linux-x86_64-fedora-gcc, r-release-macos-arm64, r-release-macos-x86_64, r-oldrel-macos-arm64, r-oldrel-macos-x86_64