CRAN Package Check Results for Package gMCP

Last updated on 2016-08-26 12:49:05.

Flavor Version Tinstall Tcheck Ttotal Status Flags
r-devel-linux-x86_64-debian-clang 0.8-10 5.28 114.52 119.80 OK
r-devel-linux-x86_64-debian-gcc 0.8-10 6.82 145.15 151.97 OK
r-devel-linux-x86_64-fedora-clang 0.8-10 237.66 NOTE
r-devel-linux-x86_64-fedora-gcc 0.8-10 224.05 NOTE
r-devel-osx-x86_64-clang 0.8-10 173.04 OK
r-devel-windows-ix86+x86_64 0.8-10 21.00 227.00 248.00 OK
r-patched-linux-x86_64 0.8-10 5.56 114.45 120.00 OK
r-patched-solaris-sparc 0.8-10 1334.70 NOTE
r-patched-solaris-x86 0.8-10 254.50 NOTE
r-release-linux-x86_64 0.8-10 5.62 118.24 123.86 OK
r-release-osx-x86_64-mavericks 0.8-10 OK
r-release-windows-ix86+x86_64 0.8-10 14.00 218.00 232.00 OK
r-oldrel-windows-ix86+x86_64 0.8-10 19.00 260.00 279.00 OK

Check Details

Version: 0.8-10
Check: whether the namespace can be loaded with stated dependencies
Result: NOTE
    Warning in fun(libname, pkgname) :
     JRI.jar seems to be missing from the classpath.The graphical user interface will most likely not be available.Compile R with shared library enabled (--enable-R-shlib option)and reinstall rJava to use JRI functionality.
    
    A namespace must be able to be loaded with just the base namespace
    loaded: otherwise if the namespace gets loaded by a saved object, the
    session will be unable to start.
    
    Probably some imports need to be declared in the NAMESPACE file.
Flavors: r-devel-linux-x86_64-fedora-clang, r-devel-linux-x86_64-fedora-gcc, r-patched-solaris-sparc, r-patched-solaris-x86