CRAN Package Check Results for Package gMCP

Last updated on 2015-05-29 17:47:16.

Flavor Version Tinstall Tcheck Ttotal Status Flags
r-devel-linux-x86_64-debian-clang 0.8-8 4.92 97.71 102.62 NOTE
r-devel-linux-x86_64-debian-gcc 0.8-8 4.77 100.48 105.24 NOTE
r-devel-linux-x86_64-fedora-clang 0.8-8 223.15 NOTE
r-devel-linux-x86_64-fedora-gcc 0.8-8 198.09 NOTE
r-devel-osx-x86_64-clang 0.8-8 189.30 NOTE
r-devel-windows-ix86+x86_64 0.8-8 17.00 195.00 212.00 NOTE
r-patched-linux-x86_64 0.8-8 4.85 96.33 101.18 NOTE
r-patched-solaris-sparc 0.8-8 1237.20 NOTE
r-patched-solaris-x86 0.8-8 269.40 NOTE
r-release-linux-x86_64 0.8-8 5.13 96.97 102.10 NOTE
r-release-osx-x86_64-mavericks 0.8-8 NOTE
r-release-osx-x86_64-snowleopard 0.8-8 ERROR
r-release-windows-ix86+x86_64 0.8-8 19.00 193.00 212.00 NOTE
r-oldrel-windows-ix86+x86_64 0.8-8 23.00 230.00 253.00 NOTE

Check Details

Version: 0.8-8
Check: dependencies in R code
Result: NOTE
    'library' or 'require' call to ‘RUnit’ in package code.
     Please use :: or requireNamespace() instead.
     See section 'Suggested packages' in the 'Writing R Extensions' manual.
Flavors: r-devel-linux-x86_64-debian-clang, r-devel-linux-x86_64-debian-gcc, r-devel-linux-x86_64-fedora-clang, r-devel-linux-x86_64-fedora-gcc, r-devel-osx-x86_64-clang, r-devel-windows-ix86+x86_64, r-patched-linux-x86_64, r-patched-solaris-sparc, r-patched-solaris-x86, r-release-linux-x86_64, r-release-osx-x86_64-mavericks, r-release-windows-ix86+x86_64, r-oldrel-windows-ix86+x86_64

Version: 0.8-8
Check: package dependencies
Result: ERROR
    Package required but not available: ‘multcomp’
    
    Packages suggested but not available for checking:
     ‘Deducer’ ‘knitr’ ‘graph’ ‘mutoss’
    
    VignetteBuilder package required for checking but not installed: ‘knitr’
    
    Files named as vignettes but with no recognized vignette engine:
     ‘inst/doc/AQuickStart.Rnw’
     ‘inst/doc/gMCP.Rnw’
     ‘inst/doc/parametric.Rnw’
    (Is a VignetteBuilder field missing?)
    
    See section ‘The DESCRIPTION file’ in the ‘Writing R Extensions’
    manual.
Flavor: r-release-osx-x86_64-snowleopard