CRAN Package Check Results for Package gMCP

Last updated on 2014-04-23 20:47:13.

Flavor Version Tinstall Tcheck Ttotal Status Flags
r-devel-linux-x86_64-debian-clang 0.8-6 6.56 116.48 123.04 OK
r-devel-linux-x86_64-debian-gcc 0.8-6 6.43 118.48 124.91 OK
r-devel-linux-x86_64-fedora-clang 0.8-6 279.17 OK
r-devel-linux-x86_64-fedora-gcc 0.8-6 265.70 OK
r-devel-osx-x86_64-clang 0.8-6 210.39 OK
r-devel-osx-x86_64-gcc 0.8-6 ERROR
r-devel-windows-ix86+x86_64 0.8-6 20.00 244.00 264.00 OK
r-patched-linux-x86_64 0.8-6 6.45 115.91 122.36 OK
r-patched-solaris-sparc 0.8-6 1423.90 OK
r-patched-solaris-x86 0.8-6 338.10 OK
r-release-linux-ix86 0.8-6 10.00 185.00 195.00 OK
r-release-linux-x86_64 0.8-6 6.83 119.10 125.92 OK
r-release-osx-x86_64-mavericks 0.8-6 NOTE
r-release-osx-x86_64-snowleopard 0.8-6 ERROR
r-release-windows-ix86+x86_64 0.8-6 18.00 230.00 248.00 OK
r-oldrel-windows-ix86+x86_64 0.8-6 20.00 238.00 258.00 OK

Check Details

Version: 0.8-6
Check: package dependencies
Result: ERROR
    Package required but not available: ‘multcomp’
    
    Packages suggested but not available for checking:
     ‘Deducer’ ‘knitr’ ‘graph’ ‘mutoss’
    
    See the information on DESCRIPTION files in the chapter ‘Creating R
    packages’ of the ‘Writing R Extensions’ manual.
Flavor: r-devel-osx-x86_64-gcc

Version: 0.8-6
Check: package dependencies
Result: NOTE
    Packages suggested but not available for checking: ‘graph’ ‘mutoss’
Flavor: r-release-osx-x86_64-mavericks

Version: 0.8-6
Check: package dependencies
Result: ERROR
    Package required but not available: ‘multcomp’
    
    Packages suggested but not available for checking:
     ‘Deducer’ ‘graph’ ‘mutoss’
    
    See the information on DESCRIPTION files in the chapter ‘Creating R
    packages’ of the ‘Writing R Extensions’ manual.
Flavor: r-release-osx-x86_64-snowleopard