CRAN Package Check Results for Package gMCP

Last updated on 2017-04-28 17:47:36.

Flavor Version Tinstall Tcheck Ttotal Status Flags
r-devel-linux-x86_64-debian-clang 0.8-10 5.34 122.23 127.57 NOTE
r-devel-linux-x86_64-debian-gcc 0.8-10 5.38 123.95 129.33 NOTE
r-devel-linux-x86_64-fedora-clang 0.8-10 262.32 NOTE --no-stop-on-test-error
r-devel-linux-x86_64-fedora-gcc 0.8-10 257.85 NOTE --no-stop-on-test-error
r-devel-windows-ix86+x86_64 0.8-10 33.00 335.00 368.00 OK
r-patched-linux-x86_64 0.8-10 4.86 122.54 127.40 NOTE
r-patched-solaris-sparc 0.8-10 1524.90 NOTE
r-patched-solaris-x86 0.8-10 298.90 NOTE
r-release-linux-x86_64 0.8-10 4.97 120.11 125.09 NOTE
r-release-windows-ix86+x86_64 0.8-10 21.00 338.00 359.00 OK
r-release-osx-x86_64 0.8-10 WARN
r-oldrel-windows-ix86+x86_64 0.8-10 21.00 283.00 304.00 OK
r-oldrel-osx-x86_64 0.8-10 OK

Check Details

Version: 0.8-10
Check: compiled code
Result: NOTE
    File ‘gMCP/libs/gMCP.so’:
     Found no calls to: ‘R_registerRoutines’, ‘R_useDynamicSymbols’
    
    It is good practice to register native routines and to disable symbol
    search.
    
    See ‘Writing portable packages’ in the ‘Writing R Extensions’ manual.
Flavors: r-devel-linux-x86_64-debian-clang, r-devel-linux-x86_64-debian-gcc, r-patched-linux-x86_64, r-release-linux-x86_64

Version: 0.8-10
Flags: --no-stop-on-test-error
Check: whether the namespace can be loaded with stated dependencies
Result: NOTE
    Warning in fun(libname, pkgname) :
     JRI.jar seems to be missing from the classpath.The graphical user interface will most likely not be available.Compile R with shared library enabled (--enable-R-shlib option)and reinstall rJava to use JRI functionality.
    
    A namespace must be able to be loaded with just the base namespace
    loaded: otherwise if the namespace gets loaded by a saved object, the
    session will be unable to start.
    
    Probably some imports need to be declared in the NAMESPACE file.
Flavors: r-devel-linux-x86_64-fedora-clang, r-devel-linux-x86_64-fedora-gcc

Version: 0.8-10
Flags: --no-stop-on-test-error
Check: compiled code
Result: NOTE
    File ‘gMCP/libs/gMCP.so’:
     Found no calls to: ‘R_registerRoutines’, ‘R_useDynamicSymbols’
    
    It is good practice to register native routines and to disable symbol
    search.
    
    See ‘Writing portable packages’ in the ‘Writing R Extensions’ manual.
Flavors: r-devel-linux-x86_64-fedora-clang, r-devel-linux-x86_64-fedora-gcc

Version: 0.8-10
Check: whether the namespace can be loaded with stated dependencies
Result: NOTE
    Warning in fun(libname, pkgname) :
     JRI.jar seems to be missing from the classpath.The graphical user interface will most likely not be available.Compile R with shared library enabled (--enable-R-shlib option)and reinstall rJava to use JRI functionality.
    
    A namespace must be able to be loaded with just the base namespace
    loaded: otherwise if the namespace gets loaded by a saved object, the
    session will be unable to start.
    
    Probably some imports need to be declared in the NAMESPACE file.
Flavors: r-patched-solaris-sparc, r-patched-solaris-x86

Version: 0.8-10
Check: package dependencies
Result: NOTE
    Packages suggested but not available for checking: ‘graph’ ‘mutoss’
Flavor: r-release-osx-x86_64

Version: 0.8-10
Check: re-building of vignette outputs
Result: WARN
    Error in re-building vignettes:
     ...
    LaTeX errors:
    ! LaTeX Error: File `algorithmic.sty' not found.
    
    Type X to quit or <RETURN> to proceed,
    or enter new name. (Default extension: sty)
    
    ! Emergency stop.
    <read *>
    
    l.71 \usepackage
     {algorithm}^^M
    ! ==> Fatal error occurred, no output PDF file produced!
    Calls: buildVignettes -> texi2pdf -> texi2dvi
    In addition: Warning messages:
    1: In wilcox.test.default(x, y, alternative = "less", correct = TRUE) :
     cannot compute exact p-value with ties
    2: In wilcox.test.default(x, y, alternative = "less", correct = TRUE) :
     cannot compute exact p-value with ties
    3: In wilcox.test.default(x, y, alternative = "less", correct = TRUE) :
     cannot compute exact p-value with ties
    4: In wilcox.test.default(x, y, alternative = "less", correct = TRUE) :
     cannot compute exact p-value with ties
    5: In wilcox.test.default(x, y, alternative = "less", correct = TRUE) :
     cannot compute exact p-value with ties
    Execution halted
Flavor: r-release-osx-x86_64