CRAN Package Check Results for Package gMCP

Last updated on 2016-02-06 18:50:27.

Flavor Version Tinstall Tcheck Ttotal Status Flags
r-devel-linux-x86_64-debian-gcc 0.8-10 5.29 104.47 109.76 OK
r-devel-linux-x86_64-fedora-clang 0.8-10 214.80 NOTE
r-devel-linux-x86_64-fedora-gcc 0.8-10 209.97 NOTE
r-devel-osx-x86_64-clang 0.8-10 217.28 OK
r-devel-windows-ix86+x86_64 0.8-10 22.00 249.00 271.00 OK
r-patched-linux-x86_64 0.8-10 5.17 108.12 113.28 OK
r-patched-solaris-sparc 0.8-10 1315.00 OK
r-patched-solaris-x86 0.8-10 273.70 OK
r-release-linux-x86_64 0.8-10 5.38 110.91 116.29 OK
r-release-osx-x86_64-mavericks 0.8-10 OK
r-release-windows-ix86+x86_64 0.8-10 17.00 213.00 230.00 OK
r-oldrel-windows-ix86+x86_64 0.8-10 33.00 260.00 293.00 OK

Check Details

Version: 0.8-10
Check: whether the namespace can be loaded with stated dependencies
Result: NOTE
    Warning in fun(libname, pkgname) :
     JRI.jar seems to be missing from the classpath.The graphical user interface will most likely not be available.Compile R with shared library enabled (--enable-R-shlib option)and reinstall rJava to use JRI functionality.
    
    A namespace must be able to be loaded with just the base namespace
    loaded: otherwise if the namespace gets loaded by a saved object, the
    session will be unable to start.
    
    Probably some imports need to be declared in the NAMESPACE file.
Flavors: r-devel-linux-x86_64-fedora-clang, r-devel-linux-x86_64-fedora-gcc