CRAN Package Check Results for Package gMCP

Last updated on 2016-04-29 19:49:48.

Flavor Version Tinstall Tcheck Ttotal Status Flags
r-devel-linux-x86_64-debian-gcc 0.8-10 5.12 113.46 118.58 OK
r-devel-linux-x86_64-fedora-clang 0.8-10 215.37 NOTE
r-devel-linux-x86_64-fedora-gcc 0.8-10 208.14 NOTE
r-devel-osx-x86_64-clang 0.8-10 226.89 OK
r-devel-windows-ix86+x86_64 0.8-10 15.00 258.00 273.00 OK
r-patched-linux-x86_64 0.8-10 5.02 114.13 119.15 OK
r-patched-solaris-sparc 0.8-10 1335.70 NOTE
r-patched-solaris-x86 0.8-10 282.10 NOTE
r-release-linux-x86_64 0.8-10 5.62 124.17 129.79 OK
r-release-osx-x86_64-mavericks 0.8-10 OK
r-release-windows-ix86+x86_64 0.8-10 19.00 239.00 258.00 OK
r-oldrel-windows-ix86+x86_64 0.8-10 37.00 269.00 306.00 OK

Check Details

Version: 0.8-10
Check: whether the namespace can be loaded with stated dependencies
Result: NOTE
    Warning in fun(libname, pkgname) :
     JRI.jar seems to be missing from the classpath.The graphical user interface will most likely not be available.Compile R with shared library enabled (--enable-R-shlib option)and reinstall rJava to use JRI functionality.
    
    A namespace must be able to be loaded with just the base namespace
    loaded: otherwise if the namespace gets loaded by a saved object, the
    session will be unable to start.
    
    Probably some imports need to be declared in the NAMESPACE file.
Flavors: r-devel-linux-x86_64-fedora-clang, r-devel-linux-x86_64-fedora-gcc, r-patched-solaris-sparc, r-patched-solaris-x86