CRAN Package Check Results for Package gMCP

Last updated on 2014-08-22 13:46:52.

Flavor Version Tinstall Tcheck Ttotal Status Flags
r-devel-linux-x86_64-debian-clang 0.8-6 6.19 112.47 118.66 OK
r-devel-linux-x86_64-debian-gcc 0.8-6 5.92 107.66 113.58 OK
r-devel-linux-x86_64-fedora-clang 0.8-6 265.04 NOTE
r-devel-linux-x86_64-fedora-gcc 0.8-6 258.10 NOTE
r-devel-osx-x86_64-clang 0.8-6 213.49 NOTE
r-devel-windows-ix86+x86_64 0.8-6 22.00 209.00 231.00 OK
r-patched-linux-x86_64 0.8-6 6.23 114.57 120.80 OK
r-patched-solaris-sparc 0.8-6 1598.30 OK
r-patched-solaris-x86 0.8-6 362.80 OK
r-release-linux-ix86 0.8-6 7.60 141.32 148.93 OK
r-release-linux-x86_64 0.8-6 6.72 115.44 122.16 OK
r-release-osx-x86_64-mavericks 0.8-6 NOTE
r-release-osx-x86_64-snowleopard 0.8-6 OK
r-release-windows-ix86+x86_64 0.8-6 19.00 216.00 235.00 OK
r-oldrel-windows-ix86+x86_64 0.8-6 21.00 248.00 269.00 OK

Check Details

Version: 0.8-6
Check: R code for possible problems
Result: NOTE
    .onLoad: no visible binding for global variable ‘.deducer’
    .onLoad: no visible global function definition for
     ‘deducer.addMenuItem’
    .onLoad: no visible binding for global variable ‘.jgr’
    .onLoad: no visible global function definition for
     ‘jgr.addMenuSeparator’
    .onLoad: no visible global function definition for ‘jgr.addMenuItem’
    unitTestsGMCP: no visible global function definition for
     ‘defineTestSuite’
    unitTestsGMCP: no visible global function definition for ‘runTestSuite’
    unitTestsGMCP: no visible global function definition for
     ‘printTextProtocol’
Flavors: r-devel-linux-x86_64-fedora-clang, r-devel-linux-x86_64-fedora-gcc, r-devel-osx-x86_64-clang

Version: 0.8-6
Check: package dependencies
Result: NOTE
    Packages suggested but not available for checking: ‘graph’ ‘mutoss’
Flavor: r-release-osx-x86_64-mavericks