CRAN Package Check Results for Package gMCP

Last updated on 2019-05-25 06:48:09 CEST.

Flavor Version Tinstall Tcheck Ttotal Status Flags
r-devel-linux-x86_64-debian-clang 0.8-14 16.95 187.40 204.35 OK
r-devel-linux-x86_64-debian-gcc 0.8-14 14.14 148.55 162.69 OK
r-devel-linux-x86_64-fedora-clang 0.8-14 250.97 OK
r-devel-linux-x86_64-fedora-gcc 0.8-14 246.32 OK
r-devel-windows-ix86+x86_64 0.8-14 30.00 274.00 304.00 OK
r-patched-linux-x86_64 0.8-14 OK
r-patched-solaris-x86 0.8-14 331.70 OK
r-release-linux-x86_64 0.8-14 15.39 186.44 201.83 OK
r-release-windows-ix86+x86_64 0.8-14 49.00 345.00 394.00 OK
r-release-osx-x86_64 0.8-14 NOTE
r-oldrel-windows-ix86+x86_64 0.8-14 31.00 242.00 273.00 OK
r-oldrel-osx-x86_64 0.8-14 OK

Additional issues

LTO

Check Details

Version: 0.8-14
Check: package dependencies
Result: NOTE
    Packages suggested but not available for checking: 'graph', 'mutoss'
Flavor: r-release-osx-x86_64