CRAN Package Check Results for Package gMCP

Last updated on 2017-01-22 17:47:16.

Flavor Version Tinstall Tcheck Ttotal Status Flags
r-devel-linux-x86_64-debian-clang 0.8-10 4.95 123.78 128.73 OK
r-devel-linux-x86_64-debian-gcc 0.8-10 5.09 120.07 125.16 OK
r-devel-linux-x86_64-fedora-clang 0.8-10 245.71 NOTE --no-stop-on-test-error
r-devel-linux-x86_64-fedora-gcc 0.8-10 242.16 NOTE --no-stop-on-test-error
r-devel-macos-x86_64-clang 0.8-10 203.85 OK --no-stop-on-test-error
r-devel-windows-ix86+x86_64 0.8-10 17.00 267.00 284.00 OK
r-patched-linux-x86_64 0.8-10 5.18 111.82 117.01 OK
r-patched-solaris-sparc 0.8-10 1340.70 NOTE
r-patched-solaris-x86 0.8-10 265.70 NOTE
r-release-linux-x86_64 0.8-10 4.77 110.41 115.18 OK
r-release-osx-x86_64-mavericks 0.8-10 OK
r-release-windows-ix86+x86_64 0.8-10 38.00 299.00 337.00 OK
r-oldrel-windows-ix86+x86_64 0.8-10 44.00 310.00 354.00 OK

Check Details

Version: 0.8-10
Flags: --no-stop-on-test-error
Check: whether the namespace can be loaded with stated dependencies
Result: NOTE
    Warning in fun(libname, pkgname) :
     JRI.jar seems to be missing from the classpath.The graphical user interface will most likely not be available.Compile R with shared library enabled (--enable-R-shlib option)and reinstall rJava to use JRI functionality.
    
    A namespace must be able to be loaded with just the base namespace
    loaded: otherwise if the namespace gets loaded by a saved object, the
    session will be unable to start.
    
    Probably some imports need to be declared in the NAMESPACE file.
Flavors: r-devel-linux-x86_64-fedora-clang, r-devel-linux-x86_64-fedora-gcc

Version: 0.8-10
Check: whether the namespace can be loaded with stated dependencies
Result: NOTE
    Warning in fun(libname, pkgname) :
     JRI.jar seems to be missing from the classpath.The graphical user interface will most likely not be available.Compile R with shared library enabled (--enable-R-shlib option)and reinstall rJava to use JRI functionality.
    
    A namespace must be able to be loaded with just the base namespace
    loaded: otherwise if the namespace gets loaded by a saved object, the
    session will be unable to start.
    
    Probably some imports need to be declared in the NAMESPACE file.
Flavors: r-patched-solaris-sparc, r-patched-solaris-x86