CRAN Package Check Results for Package gMCP

Last updated on 2015-01-30 09:54:20.

Flavor Version Tinstall Tcheck Ttotal Status Flags
r-devel-linux-x86_64-debian-clang 0.8-8 5.88 111.69 117.56 NOTE
r-devel-linux-x86_64-debian-gcc 0.8-8 5.68 116.30 121.98 NOTE
r-devel-linux-x86_64-fedora-clang 0.8-8 263.90 NOTE
r-devel-linux-x86_64-fedora-gcc 0.8-8 254.30 NOTE
r-devel-osx-x86_64-clang 0.8-8 251.05 NOTE
r-devel-windows-ix86+x86_64 0.8-8 25.00 207.00 232.00 NOTE
r-patched-linux-x86_64 0.8-8 6.53 125.60 132.13 OK
r-patched-solaris-sparc 0.8-8 1616.60 OK
r-patched-solaris-x86 0.8-8 359.20 OK
r-release-linux-ix86 0.8-8 7.60 141.61 149.21 OK
r-release-linux-x86_64 0.8-8 6.40 125.50 131.91 OK
r-release-osx-x86_64-mavericks 0.8-8 OK
r-release-osx-x86_64-snowleopard 0.8-8 OK
r-release-windows-ix86+x86_64 0.8-8 19.00 244.00 263.00 OK
r-oldrel-windows-ix86+x86_64 0.8-8 21.00 258.00 279.00 OK

Check Details

Version: 0.8-8
Check: dependencies in R code
Result: NOTE
    'library' or 'require' call to ‘RUnit’ in package code.
     Please use :: or requireNamespace() instead.
     See section 'Suggested packages' in the 'Writing R Extensions' manual.
Flavors: r-devel-linux-x86_64-debian-clang, r-devel-linux-x86_64-debian-gcc, r-devel-linux-x86_64-fedora-clang, r-devel-linux-x86_64-fedora-gcc, r-devel-osx-x86_64-clang, r-devel-windows-ix86+x86_64