CRAN Package Check Results for Package gMCP

Last updated on 2015-08-29 00:48:12.

Flavor Version Tinstall Tcheck Ttotal Status Flags
r-devel-linux-x86_64-debian-clang 0.8-9 5.09 232.33 237.42 OK
r-devel-linux-x86_64-debian-gcc 0.8-9 4.59 228.24 232.83 OK
r-devel-linux-x86_64-fedora-clang 0.8-9 348.90 NOTE
r-devel-linux-x86_64-fedora-gcc 0.8-9 343.57 NOTE
r-devel-osx-x86_64-clang 0.8-9 483.97 OK
r-devel-windows-ix86+x86_64 0.8-9 26.00 422.00 448.00 NOTE
r-patched-linux-x86_64 0.8-9 4.86 231.06 235.92 OK
r-patched-solaris-sparc 0.8-9 1372.50 NOTE
r-patched-solaris-x86 0.8-9 1154.60 NOTE
r-release-linux-x86_64 0.8-9 4.84 230.32 235.16 OK
r-release-osx-x86_64-mavericks 0.8-9 OK
r-release-windows-ix86+x86_64 0.8-9 24.00 438.00 462.00 OK
r-oldrel-windows-ix86+x86_64 0.8-9 33.00 479.00 512.00 OK

Check Details

Version: 0.8-9
Check: whether the namespace can be loaded with stated dependencies
Result: NOTE
    Warning in fun(libname, pkgname) :
     JRI.jar seems to be missing from the classpath.The graphical user interface will most likely not be available.Compile R with shared library enabled (--enable-R-shlib option)and reinstall rJava to use JRI functionality.
    
    A namespace must be able to be loaded with just the base namespace
    loaded: otherwise if the namespace gets loaded by a saved object, the
    session will be unable to start.
    
    Probably some imports need to be declared in the NAMESPACE file.
Flavors: r-devel-linux-x86_64-fedora-clang, r-devel-linux-x86_64-fedora-gcc, r-devel-windows-ix86+x86_64, r-devel-windows-ix86+x86_64

Version: 0.8-9
Check: re-building of vignette outputs
Result: NOTE
    Error in re-building vignettes:
     ...
    processing file: ./childs/pvals.Rnw
Flavors: r-patched-solaris-sparc, r-patched-solaris-x86