CRAN Package Check Results for Package gMCP

Last updated on 2015-07-28 23:47:33.

Flavor Version Tinstall Tcheck Ttotal Status Flags
r-devel-linux-x86_64-debian-clang 0.8-8 4.64 99.92 104.56 NOTE
r-devel-linux-x86_64-debian-gcc 0.8-8 5.70 98.24 103.94 NOTE
r-devel-linux-x86_64-fedora-clang 0.8-8 205.08 NOTE
r-devel-linux-x86_64-fedora-gcc 0.8-8 196.85 NOTE
r-devel-osx-x86_64-clang 0.8-8 157.51 NOTE
r-devel-windows-ix86+x86_64 0.8-8 14.00 192.00 206.00 NOTE
r-patched-linux-x86_64 0.8-8 4.84 100.05 104.89 NOTE
r-patched-solaris-sparc 0.8-8 1251.70 NOTE
r-patched-solaris-x86 0.8-8 265.60 NOTE
r-release-linux-x86_64 0.8-8 4.70 95.58 100.27 NOTE
r-release-osx-x86_64-mavericks 0.8-8 NOTE
r-release-windows-ix86+x86_64 0.8-8 22.00 190.00 212.00 NOTE
r-oldrel-windows-ix86+x86_64 0.8-8 22.00 242.00 264.00 NOTE

Check Details

Version: 0.8-8
Check: dependencies in R code
Result: NOTE
    'library' or 'require' call to ‘RUnit’ in package code.
     Please use :: or requireNamespace() instead.
     See section 'Suggested packages' in the 'Writing R Extensions' manual.
Flavors: r-devel-linux-x86_64-debian-clang, r-devel-linux-x86_64-debian-gcc, r-devel-linux-x86_64-fedora-clang, r-devel-linux-x86_64-fedora-gcc, r-devel-osx-x86_64-clang, r-devel-windows-ix86+x86_64, r-patched-linux-x86_64, r-patched-solaris-sparc, r-patched-solaris-x86, r-release-linux-x86_64, r-release-osx-x86_64-mavericks, r-release-windows-ix86+x86_64, r-oldrel-windows-ix86+x86_64

Version: 0.8-8
Check: R code for possible problems
Result: NOTE
    calcPower: no visible global function definition for ‘pnorm’
    decideTest: no visible global function definition for ‘pnorm’
    forceCorrelation: no visible global function definition for ‘cov2cor’
    matchCE: no visible global function definition for ‘uniroot’
    p.dunnet : <anonymous> : <anonymous>: no visible global function
     definition for ‘qnorm’
    parseEpsPolynom: no visible global function definition for ‘coef’
    partialCE: no visible global function definition for ‘pnorm’
    partialCE: no visible global function definition for ‘qnorm’
    plotSimCI: no visible global function definition for ‘par’
    plotSimCI: no visible global function definition for ‘plot.new’
    plotSimCI: no visible global function definition for ‘strwidth’
    plotSimCI: no visible global function definition for ‘axis’
    plotSimCI: no visible global function definition for ‘box’
    plotSimCI: no visible global function definition for ‘abline’
    plotSimCI: no visible global function definition for ‘arrows’
    powerplot: no visible global function definition for ‘persp’
    rqmvnorm: no visible global function definition for ‘runif’
    rqmvnorm: no visible global function definition for ‘qnorm’
    rqmvnorm: no visible global function definition for ‘rnorm’
    w.dunnet : error : <anonymous>: no visible global function definition
     for ‘qnorm’
    w.dunnet: no visible global function definition for ‘uniroot’
    w.dunnet: no visible global function definition for ‘qnorm’
    simConfint,graphMCP : dist: no visible global function definition for
     ‘qt’
    simConfint,graphMCP: no visible binding for global variable ‘qnorm’
    Undefined global functions or variables:
     abline arrows axis box coef cov2cor par persp plot.new pnorm qnorm qt
     rnorm runif strwidth uniroot
    Consider adding
     importFrom("graphics", "abline", "arrows", "axis", "box", "par",
     "persp", "plot.new", "strwidth")
     importFrom("stats", "coef", "cov2cor", "pnorm", "qnorm", "qt", "rnorm",
     "runif", "uniroot")
    to your NAMESPACE.
Flavors: r-devel-linux-x86_64-debian-clang, r-devel-linux-x86_64-debian-gcc, r-devel-linux-x86_64-fedora-clang, r-devel-linux-x86_64-fedora-gcc, r-devel-windows-ix86+x86_64