CRAN Package Check Results for Package gMCP

Last updated on 2014-12-25 04:46:43.

Flavor Version Tinstall Tcheck Ttotal Status Flags
r-devel-linux-x86_64-debian-clang 0.8-8 6.24 117.67 123.90 OK
r-devel-linux-x86_64-debian-gcc 0.8-8 5.78 115.39 121.17 OK
r-devel-linux-x86_64-fedora-clang 0.8-8 277.98 OK
r-devel-linux-x86_64-fedora-gcc 0.8-8 270.39 OK
r-devel-osx-x86_64-clang 0.8-8 244.18 OK
r-devel-windows-ix86+x86_64 0.8-8 23.00 224.00 247.00 OK
r-patched-linux-x86_64 0.8-8 6.34 121.98 128.33 OK
r-patched-solaris-sparc 0.8-8 1616.70 OK
r-patched-solaris-x86 0.8-8 358.90 OK
r-release-linux-ix86 0.8-8 9.54 141.07 150.61 OK
r-release-linux-x86_64 0.8-8 6.33 124.65 130.98 OK
r-release-osx-x86_64-mavericks 0.8-8 NOTE
r-release-osx-x86_64-snowleopard 0.8-8 OK
r-release-windows-ix86+x86_64 0.8-8 20.00 246.00 266.00 OK
r-oldrel-windows-ix86+x86_64 0.8-8 21.00 257.00 278.00 OK

Check Details

Version: 0.8-8
Check: re-building of vignette outputs
Result: NOTE
    Error in re-building vignettes:
     ...
     unable to find LaTeX package 'framed'; will use a copy from knitr
    Loading required package: splines
    Error in texi2dvi(file = file, pdf = TRUE, clean = clean, quiet = quiet, :
     Running 'texi2dvi' on 'gMCP.tex' failed.
    LaTeX errors:
    ! LaTeX Error: File `algorithmic.sty' not found.
    
    Type X to quit or <RETURN> to proceed,
    or enter new name. (Default extension: sty)
    
    st/gMCP/vignettes/gMCP.tex:68: ==> Fatal error occurred, no output PDF file pr
    oduced!
    Calls: buildVignettes -> texi2pdf -> texi2dvi
    In addition: Warning messages:
    1: In wilcox.test.default(x, y, alternative = "less", correct = TRUE) :
     cannot compute exact p-value with ties
    2: In wilcox.test.default(x, y, alternative = "less", correct = TRUE) :
     cannot compute exact p-value with ties
    3: In wilcox.test.default(x, y, alternative = "less", correct = TRUE) :
     cannot compute exact p-value with ties
    4: In wilcox.test.default(x, y, alternative = "less", correct = TRUE) :
     cannot compute exact p-value with ties
    5: In wilcox.test.default(x, y, alternative = "less", correct = TRUE) :
     cannot compute exact p-value with ties
    Execution halted
Flavor: r-release-osx-x86_64-mavericks