CRAN Package Check Results for Package gMCP

Last updated on 2014-07-22 23:48:19.

Flavor Version Tinstall Tcheck Ttotal Status Flags
r-devel-linux-x86_64-debian-clang 0.8-6 6.38 111.18 117.56 OK
r-devel-linux-x86_64-debian-gcc 0.8-6 6.29 110.16 116.45 OK
r-devel-linux-x86_64-fedora-clang 0.8-6 277.93 OK
r-devel-linux-x86_64-fedora-gcc 0.8-6 276.29 OK
r-devel-osx-x86_64-clang 0.8-6 219.79 OK
r-devel-windows-ix86+x86_64 0.8-6 21.00 220.00 241.00 OK
r-patched-linux-x86_64 0.8-6 6.40 114.30 120.70 OK
r-patched-solaris-sparc 0.8-6 1423.90 OK
r-patched-solaris-x86 0.8-6 352.40 OK
r-release-linux-ix86 0.8-6 7.68 140.55 148.23 OK
r-release-linux-x86_64 0.8-6 6.60 113.87 120.47 OK
r-release-osx-x86_64-mavericks 0.8-6 NOTE
r-release-osx-x86_64-snowleopard 0.8-6 OK
r-release-windows-ix86+x86_64 0.8-6 20.00 231.00 251.00 OK
r-oldrel-windows-ix86+x86_64 0.8-6 19.00 243.00 262.00 OK

Check Details

Version: 0.8-6
Check: package dependencies
Result: NOTE
    Packages suggested but not available for checking: ‘graph’ ‘mutoss’
Flavor: r-release-osx-x86_64-mavericks