CRAN Package Check Results for Package gMCP

Last updated on 2016-10-01 22:47:22.

Flavor Version Tinstall Tcheck Ttotal Status Flags
r-devel-linux-x86_64-debian-clang 0.8-10 4.78 115.63 120.41 OK
r-devel-linux-x86_64-debian-gcc 0.8-10 4.46 112.79 117.24 OK
r-devel-linux-x86_64-fedora-clang 0.8-10 239.46 NOTE
r-devel-linux-x86_64-fedora-gcc 0.8-10 231.97 NOTE
r-devel-macos-x86_64-clang 0.8-10 162.10 OK
r-devel-windows-ix86+x86_64 0.8-10 27.00 295.00 322.00 OK
r-patched-linux-x86_64 0.8-10 4.92 112.53 117.45 OK
r-patched-solaris-sparc 0.8-10 1334.70 NOTE
r-patched-solaris-x86 0.8-10 251.10 NOTE
r-release-linux-x86_64 0.8-10 4.84 111.48 116.33 OK
r-release-osx-x86_64-mavericks 0.8-10 OK
r-release-windows-ix86+x86_64 0.8-10 17.00 217.00 234.00 OK
r-oldrel-windows-ix86+x86_64 0.8-10 17.00 227.00 244.00 OK

Check Details

Version: 0.8-10
Check: whether the namespace can be loaded with stated dependencies
Result: NOTE
    Warning in fun(libname, pkgname) :
     JRI.jar seems to be missing from the classpath.The graphical user interface will most likely not be available.Compile R with shared library enabled (--enable-R-shlib option)and reinstall rJava to use JRI functionality.
    
    A namespace must be able to be loaded with just the base namespace
    loaded: otherwise if the namespace gets loaded by a saved object, the
    session will be unable to start.
    
    Probably some imports need to be declared in the NAMESPACE file.
Flavors: r-devel-linux-x86_64-fedora-clang, r-devel-linux-x86_64-fedora-gcc, r-patched-solaris-sparc, r-patched-solaris-x86