CRAN Package Check Results for Package gMCP

Last updated on 2019-08-21 22:48:40 CEST.

Flavor Version Tinstall Tcheck Ttotal Status Flags
r-devel-linux-x86_64-debian-clang 0.8-14 16.62 193.57 210.19 OK
r-devel-linux-x86_64-debian-gcc 0.8-14 OK
r-devel-linux-x86_64-fedora-clang 0.8-14 254.03 OK
r-devel-linux-x86_64-fedora-gcc 0.8-14 257.79 OK
r-devel-windows-ix86+x86_64 0.8-14 54.00 351.00 405.00 OK
r-patched-linux-x86_64 0.8-14 16.75 191.64 208.39 OK
r-patched-solaris-x86 0.8-14 339.50 OK
r-release-linux-x86_64 0.8-14 15.17 192.67 207.84 OK
r-release-windows-ix86+x86_64 0.8-14 31.00 233.00 264.00 OK
r-release-osx-x86_64 0.8-14 NOTE
r-oldrel-windows-ix86+x86_64 0.8-14 33.00 297.00 330.00 OK
r-oldrel-osx-x86_64 0.8-14 OK

Additional issues

LTO

Check Details

Version: 0.8-14
Check: package dependencies
Result: NOTE
    Packages suggested but not available for checking: 'graph', 'mutoss'
Flavor: r-release-osx-x86_64