CRAN Package Check Results for Package gMCP

Last updated on 2016-05-25 06:47:15.

Flavor Version Tinstall Tcheck Ttotal Status Flags
r-devel-linux-x86_64-debian-gcc 0.8-10 5.06 114.40 119.46 OK
r-devel-linux-x86_64-fedora-clang 0.8-10 247.68 NOTE
r-devel-linux-x86_64-fedora-gcc 0.8-10 208.85 NOTE
r-devel-osx-x86_64-clang 0.8-10 229.98 OK
r-devel-windows-ix86+x86_64 0.8-10 18.00 232.00 250.00 OK
r-patched-linux-x86_64 0.8-10 5.14 113.93 119.07 OK
r-patched-solaris-sparc 0.8-10 1338.20 NOTE
r-patched-solaris-x86 0.8-10 281.60 NOTE
r-release-linux-x86_64 0.8-10 5.02 116.90 121.92 OK
r-release-osx-x86_64-mavericks 0.8-10 OK
r-release-windows-ix86+x86_64 0.8-10 18.00 232.00 250.00 OK
r-oldrel-windows-ix86+x86_64 0.8-10 27.00 315.00 342.00 OK

Check Details

Version: 0.8-10
Check: whether the namespace can be loaded with stated dependencies
Result: NOTE
    Warning in fun(libname, pkgname) :
     JRI.jar seems to be missing from the classpath.The graphical user interface will most likely not be available.Compile R with shared library enabled (--enable-R-shlib option)and reinstall rJava to use JRI functionality.
    
    A namespace must be able to be loaded with just the base namespace
    loaded: otherwise if the namespace gets loaded by a saved object, the
    session will be unable to start.
    
    Probably some imports need to be declared in the NAMESPACE file.
Flavors: r-devel-linux-x86_64-fedora-clang, r-devel-linux-x86_64-fedora-gcc, r-patched-solaris-sparc, r-patched-solaris-x86