CRAN Package Check Results for Package gMCP

Last updated on 2015-03-29 00:48:16.

Flavor Version Tinstall Tcheck Ttotal Status Flags
r-devel-linux-x86_64-debian-clang 0.8-8 4.75 101.46 106.21 NOTE
r-devel-linux-x86_64-debian-gcc 0.8-8 4.62 100.77 105.39 NOTE
r-devel-linux-x86_64-fedora-clang 0.8-8 218.96 NOTE
r-devel-linux-x86_64-fedora-gcc 0.8-8 225.47 NOTE
r-devel-osx-x86_64-clang 0.8-8 216.36 NOTE
r-prerel-windows-ix86+x86_64 0.8-8 21.00 202.00 223.00 NOTE
r-prerel-linux-x86_64 0.8-8 4.64 101.46 106.10 NOTE
r-prerel-solaris-sparc 0.8-8 1297.10 NOTE
r-prerel-solaris-x86 0.8-8 271.40 NOTE
r-release-linux-x86_64 0.8-8 6.28 125.85 132.13 NOTE
r-release-osx-x86_64-mavericks 0.8-8 OK
r-release-osx-x86_64-snowleopard 0.8-8 OK
r-release-windows-ix86+x86_64 0.8-8 24.00 235.00 259.00 NOTE
r-oldrel-windows-ix86+x86_64 0.8-8 20.00 304.00 324.00 OK

Check Details

Version: 0.8-8
Check: dependencies in R code
Result: NOTE
    'library' or 'require' call to ‘RUnit’ in package code.
     Please use :: or requireNamespace() instead.
     See section 'Suggested packages' in the 'Writing R Extensions' manual.
Flavors: r-devel-linux-x86_64-debian-clang, r-devel-linux-x86_64-debian-gcc, r-devel-linux-x86_64-fedora-clang, r-devel-linux-x86_64-fedora-gcc, r-devel-osx-x86_64-clang, r-prerel-windows-ix86+x86_64, r-prerel-linux-x86_64, r-prerel-solaris-sparc, r-prerel-solaris-x86, r-release-linux-x86_64, r-release-windows-ix86+x86_64