CRAN Package Check Results for Package gMWT

Last updated on 2015-09-01 05:48:18.

Flavor Version Tinstall Tcheck Ttotal Status Flags
r-devel-linux-x86_64-debian-clang 1.0 6.84 32.14 38.98 NOTE
r-devel-linux-x86_64-debian-gcc 1.0 7.48 32.80 40.28 NOTE
r-devel-linux-x86_64-fedora-clang 1.0 78.55 NOTE
r-devel-linux-x86_64-fedora-gcc 1.0 72.19 NOTE
r-devel-osx-x86_64-clang 1.0 66.89 OK
r-devel-windows-ix86+x86_64 1.0 41.00 96.00 137.00 NOTE
r-patched-linux-x86_64 1.0 7.65 32.86 40.51 OK
r-patched-solaris-sparc 1.0 481.50 OK
r-patched-solaris-x86 1.0 92.60 OK
r-release-linux-x86_64 1.0 8.02 32.97 40.98 OK
r-release-osx-x86_64-mavericks 1.0 OK
r-release-windows-ix86+x86_64 1.0 37.00 85.00 122.00 OK
r-oldrel-windows-ix86+x86_64 1.0 39.00 91.00 130.00 OK

Check Details

Version: 1.0
Check: R code for possible problems
Result: NOTE
    estPlotPair: no visible global function definition for ‘par’
    estPlotPair: no visible global function definition for ‘plot’
    estPlotPair: no visible global function definition for ‘mtext’
    estPlotPair: no visible global function definition for ‘axis’
    estPlotPair: no visible global function definition for ‘lines’
    estPlotPair: no visible global function definition for ‘points’
    estPlotSingle: no visible global function definition for ‘par’
    estPlotSingle: no visible global function definition for ‘plot’
    estPlotSingle: no visible global function definition for ‘lines’
    estPlotSingle: no visible global function definition for ‘mtext’
    estPlotSingle: no visible global function definition for ‘axis’
    estPlotTriple: no visible global function definition for ‘par’
    estPlotTriple: no visible global function definition for ‘plot’
    estPlotTriple: no visible global function definition for ‘mtext’
    estPlotTriple: no visible global function definition for ‘axis’
    estPlotTriple: no visible global function definition for ‘lines’
    estPlotTriple: no visible global function definition for ‘points’
    kw.gmw: no visible global function definition for ‘kruskal.test’
    kw.gmw : innerLoopEX: no visible global function definition for
     ‘kruskal.test’
    mw.gmw: no visible global function definition for ‘wilcox.test’
    mw.gmw : innerLoop: no visible global function definition for
     ‘wilcox.test’
    mw.single.gmw: no visible global function definition for ‘wilcox.test’
    mw.single.gmw : innerLoop: no visible global function definition for
     ‘wilcox.test’
    plotPI: no visible global function definition for ‘plot’
    rejectionPlot: no visible global function definition for ‘par’
    rejectionPlot: no visible global function definition for ‘layout’
    rejectionPlot: no visible global function definition for ‘plot’
    rejectionPlot: no visible global function definition for ‘lines’
    rejectionPlot: no visible global function definition for ‘legend’
    uitATest: no visible global function definition for ‘pchisq’
    Undefined global functions or variables:
     axis kruskal.test layout legend lines mtext par pchisq plot points
     wilcox.test
    Consider adding
     importFrom("graphics", "axis", "layout", "legend", "lines", "mtext",
     "par", "plot", "points")
     importFrom("stats", "kruskal.test", "pchisq", "wilcox.test")
    to your NAMESPACE.
Flavors: r-devel-linux-x86_64-debian-clang, r-devel-linux-x86_64-debian-gcc, r-devel-linux-x86_64-fedora-clang, r-devel-linux-x86_64-fedora-gcc, r-devel-windows-ix86+x86_64