CRAN Package Check Results for Package gMWT

Last updated on 2017-05-22 18:51:45.

Flavor Version Tinstall Tcheck Ttotal Status Flags
r-devel-linux-x86_64-debian-clang 1.1 8.75 37.73 46.48 NOTE
r-devel-linux-x86_64-debian-gcc 1.1 9.33 36.81 46.14 NOTE
r-devel-linux-x86_64-fedora-clang 1.1 84.55 NOTE --no-stop-on-test-error
r-devel-linux-x86_64-fedora-gcc 1.1 82.58 NOTE --no-stop-on-test-error
r-devel-windows-ix86+x86_64 1.1 41.00 118.00 159.00 OK
r-patched-linux-x86_64 1.1 7.84 36.09 43.93 NOTE
r-patched-solaris-sparc 1.1 472.00 OK
r-patched-solaris-x86 1.1 90.00 OK --no-stop-on-test-error
r-release-linux-x86_64 1.1 7.70 37.68 45.38 NOTE
r-release-windows-ix86+x86_64 1.1 35.00 113.00 148.00 OK
r-release-osx-x86_64 1.1 OK
r-oldrel-windows-ix86+x86_64 1.1 44.00 119.00 163.00 OK
r-oldrel-osx-x86_64 1.1 OK

Check Details

Version: 1.1
Check: compiled code
Result: NOTE
    File ‘gMWT/libs/gMWT.so’:
     Found no calls to: ‘R_registerRoutines’, ‘R_useDynamicSymbols’
    
    It is good practice to register native routines and to disable symbol
    search.
    
    See ‘Writing portable packages’ in the ‘Writing R Extensions’ manual.
Flavors: r-devel-linux-x86_64-debian-clang, r-devel-linux-x86_64-debian-gcc, r-patched-linux-x86_64, r-release-linux-x86_64

Version: 1.1
Flags: --no-stop-on-test-error
Check: compiled code
Result: NOTE
    File ‘gMWT/libs/gMWT.so’:
     Found no calls to: ‘R_registerRoutines’, ‘R_useDynamicSymbols’
    
    It is good practice to register native routines and to disable symbol
    search.
    
    See ‘Writing portable packages’ in the ‘Writing R Extensions’ manual.
Flavors: r-devel-linux-x86_64-fedora-clang, r-devel-linux-x86_64-fedora-gcc