CRAN Package Check Results for Package gMWT

Last updated on 2014-11-28 12:46:48.

Flavor Version Tinstall Tcheck Ttotal Status Flags
r-devel-linux-x86_64-debian-clang 0.9 6.90 38.06 44.96 NOTE
r-devel-linux-x86_64-debian-gcc 0.9 7.78 38.84 46.62 NOTE
r-devel-linux-x86_64-fedora-clang 0.9 90.79 NOTE
r-devel-linux-x86_64-fedora-gcc 0.9 95.58 NOTE
r-devel-osx-x86_64-clang 0.9 76.75 NOTE
r-devel-windows-ix86+x86_64 0.9 29.00 78.00 107.00 NOTE
r-patched-linux-x86_64 0.9 7.91 37.01 44.92 NOTE
r-patched-solaris-sparc 0.9 518.20 NOTE
r-patched-solaris-x86 0.9 105.20 NOTE
r-release-linux-ix86 0.9 9.48 45.37 54.86 NOTE
r-release-linux-x86_64 0.9 8.81 37.72 46.54 NOTE
r-release-osx-x86_64-mavericks 0.9 OK
r-release-osx-x86_64-snowleopard 0.9 OK
r-release-windows-ix86+x86_64 0.9 34.00 90.00 124.00 NOTE
r-oldrel-windows-ix86+x86_64 0.9 27.00 83.00 110.00 OK

Check Details

Version: 0.9
Check: compiled code
Result: NOTE
    File ‘gMWT/libs/gMWT.so’:
     Found ‘rand’, possibly from ‘rand’ (C)
     Object: ‘helpFunctions.o’
    
    Compiled code should not call entry points which might terminate R nor
    write to stdout/stderr instead of to the console, nor the C RNG.
    
    See ‘Writing portable packages’ in the ‘Writing R Extensions’ manual.
Flavors: r-devel-linux-x86_64-debian-clang, r-devel-linux-x86_64-debian-gcc, r-devel-linux-x86_64-fedora-clang, r-devel-linux-x86_64-fedora-gcc, r-patched-linux-x86_64, r-patched-solaris-sparc, r-patched-solaris-x86, r-release-linux-ix86, r-release-linux-x86_64

Version: 0.9
Check: compiled code
Result: NOTE
    File ‘gMWT/libs/gMWT.so’:
     Found ‘_rand’, possibly from ‘rand’ (C)
     Object: ‘helpFunctions.o’
    
    Compiled code should not call entry points which might terminate R nor
    write to stdout/stderr instead of to the console, nor the C RNG.
    
    See ‘Writing portable packages’ in the ‘Writing R Extensions’ manual.
Flavor: r-devel-osx-x86_64-clang

Version: 0.9
Check: compiled code
Result: NOTE
    File 'gMWT/libs/i386/gMWT.dll':
     Found 'rand', possibly from 'rand' (C)
     Object: 'helpFunctions.o'
    File 'gMWT/libs/x64/gMWT.dll':
     Found 'rand', possibly from 'rand' (C)
     Object: 'helpFunctions.o'
    
    Compiled code should not call entry points which might terminate R nor
    write to stdout/stderr instead of to the console, nor the C RNG.
    
    See 'Writing portable packages' in the 'Writing R Extensions' manual.
Flavors: r-devel-windows-ix86+x86_64, r-release-windows-ix86+x86_64