CRAN Package Check Results for Package gMWT

Last updated on 2017-03-28 17:49:02.

Flavor Version Tinstall Tcheck Ttotal Status Flags
r-devel-linux-x86_64-debian-clang 1.1 8.87 37.28 46.15 NOTE
r-devel-linux-x86_64-debian-gcc 1.1 9.81 35.91 45.73 NOTE
r-devel-linux-x86_64-fedora-clang 1.1 89.62 NOTE --no-stop-on-test-error
r-devel-linux-x86_64-fedora-gcc 1.1 84.77 NOTE --no-stop-on-test-error
r-devel-macos-x86_64-clang 1.1 66.11 NOTE --no-stop-on-test-error
r-devel-windows-ix86+x86_64 1.1 31.00 82.00 113.00 OK
r-patched-linux-x86_64 1.1 7.73 36.49 44.23 NOTE
r-patched-solaris-sparc 1.1 472.00 OK
r-patched-solaris-x86 1.1 94.20 OK
r-release-linux-x86_64 1.1 7.45 34.49 41.94 OK
r-release-osx-x86_64-mavericks 1.1 OK
r-release-windows-ix86+x86_64 1.1 40.00 78.00 118.00 OK
r-oldrel-windows-ix86+x86_64 1.1 29.00 87.00 116.00 OK

Check Details

Version: 1.1
Check: compiled code
Result: NOTE
    File ‘gMWT/libs/gMWT.so’:
     Found no calls to: ‘R_registerRoutines’, ‘R_useDynamicSymbols’
    
    It is good practice to register native routines and to disable symbol
    search.
    
    See ‘Writing portable packages’ in the ‘Writing R Extensions’ manual.
Flavors: r-devel-linux-x86_64-debian-clang, r-devel-linux-x86_64-debian-gcc, r-patched-linux-x86_64

Version: 1.1
Flags: --no-stop-on-test-error
Check: compiled code
Result: NOTE
    File ‘gMWT/libs/gMWT.so’:
     Found no calls to: ‘R_registerRoutines’, ‘R_useDynamicSymbols’
    
    It is good practice to register native routines and to disable symbol
    search.
    
    See ‘Writing portable packages’ in the ‘Writing R Extensions’ manual.
Flavors: r-devel-linux-x86_64-fedora-clang, r-devel-linux-x86_64-fedora-gcc, r-devel-macos-x86_64-clang