CRAN Package Check Results for Package gMWT

Last updated on 2015-04-01 03:49:17.

Flavor Version Tinstall Tcheck Ttotal Status Flags
r-devel-linux-x86_64-debian-clang 0.9 7.12 33.14 40.26 NOTE
r-devel-linux-x86_64-debian-gcc 0.9 7.49 33.46 40.95 NOTE
r-devel-linux-x86_64-fedora-clang 0.9 81.14 NOTE
r-devel-linux-x86_64-fedora-gcc 0.9 79.85 NOTE
r-devel-osx-x86_64-clang 0.9 75.78 NOTE
r-prerel-windows-ix86+x86_64 0.9 28.00 70.00 98.00 NOTE
r-prerel-linux-x86_64 0.9 7.57 32.95 40.52 NOTE
r-prerel-solaris-sparc 0.9 497.80 NOTE
r-prerel-solaris-x86 0.9 93.30 NOTE
r-release-linux-x86_64 0.9 7.91 38.38 46.30 NOTE
r-release-osx-x86_64-mavericks 0.9 NOTE
r-release-osx-x86_64-snowleopard 0.9 OK
r-release-windows-ix86+x86_64 0.9 31.00 78.00 109.00 NOTE
r-oldrel-windows-ix86+x86_64 0.9 31.00 79.00 110.00 OK

Check Details

Version: 0.9
Check: compiled code
Result: NOTE
    File ‘gMWT/libs/gMWT.so’:
     Found ‘rand’, possibly from ‘rand’ (C)
     Object: ‘helpFunctions.o’
    
    Compiled code should not call entry points which might terminate R nor
    write to stdout/stderr instead of to the console, nor the system RNG.
    
    See ‘Writing portable packages’ in the ‘Writing R Extensions’ manual.
Flavors: r-devel-linux-x86_64-debian-clang, r-devel-linux-x86_64-debian-gcc, r-devel-linux-x86_64-fedora-clang, r-devel-linux-x86_64-fedora-gcc, r-prerel-linux-x86_64, r-prerel-solaris-sparc, r-prerel-solaris-x86, r-release-linux-x86_64

Version: 0.9
Check: compiled code
Result: NOTE
    File ‘gMWT/libs/gMWT.so’:
     Found ‘_rand’, possibly from ‘rand’ (C)
     Object: ‘helpFunctions.o’
    
    Compiled code should not call entry points which might terminate R nor
    write to stdout/stderr instead of to the console, nor the system RNG.
    
    See ‘Writing portable packages’ in the ‘Writing R Extensions’ manual.
Flavors: r-devel-osx-x86_64-clang, r-release-osx-x86_64-mavericks

Version: 0.9
Check: compiled code
Result: NOTE
    File 'gMWT/libs/i386/gMWT.dll':
     Found 'rand', possibly from 'rand' (C)
     Object: 'helpFunctions.o'
    File 'gMWT/libs/x64/gMWT.dll':
     Found 'rand', possibly from 'rand' (C)
     Object: 'helpFunctions.o'
    
    Compiled code should not call entry points which might terminate R nor
    write to stdout/stderr instead of to the console, nor the system RNG.
    
    See 'Writing portable packages' in the 'Writing R Extensions' manual.
Flavors: r-prerel-windows-ix86+x86_64, r-release-windows-ix86+x86_64