CRAN Package Check Results for Package gMWT

Last updated on 2017-02-24 17:48:29.

Flavor Version Tinstall Tcheck Ttotal Status Flags
r-devel-linux-x86_64-debian-clang 1.1 8.51 36.92 45.43 NOTE
r-devel-linux-x86_64-debian-gcc 1.1 9.39 36.52 45.92 NOTE
r-devel-linux-x86_64-fedora-clang 1.1 87.56 NOTE --no-stop-on-test-error
r-devel-linux-x86_64-fedora-gcc 1.1 81.57 NOTE --no-stop-on-test-error
r-devel-macos-x86_64-clang 1.1 65.04 NOTE --no-stop-on-test-error
r-devel-windows-ix86+x86_64 1.1 69.00 121.00 190.00 OK
r-patched-linux-x86_64 1.1 7.73 34.67 42.40 OK
r-patched-solaris-sparc 1.1 469.80 OK
r-patched-solaris-x86 1.1 87.90 OK
r-release-linux-x86_64 1.1 7.61 34.66 42.27 OK
r-release-osx-x86_64-mavericks 1.1 OK
r-release-windows-ix86+x86_64 1.1 69.00 106.00 175.00 OK
r-oldrel-windows-ix86+x86_64 1.1 57.00 144.00 201.00 OK

Check Details

Version: 1.1
Check: compiled code
Result: NOTE
    File ‘gMWT/libs/gMWT.so’:
     Found no calls to: ‘R_registerRoutines’, ‘R_useDynamicSymbols’
    
    It is good practice to register native routines and to disable symbol
    search.
    
    See ‘Writing portable packages’ in the ‘Writing R Extensions’ manual.
Flavors: r-devel-linux-x86_64-debian-clang, r-devel-linux-x86_64-debian-gcc

Version: 1.1
Flags: --no-stop-on-test-error
Check: compiled code
Result: NOTE
    File ‘gMWT/libs/gMWT.so’:
     Found no calls to: ‘R_registerRoutines’, ‘R_useDynamicSymbols’
    
    It is good practice to register native routines and to disable symbol
    search.
    
    See ‘Writing portable packages’ in the ‘Writing R Extensions’ manual.
Flavors: r-devel-linux-x86_64-fedora-clang, r-devel-linux-x86_64-fedora-gcc, r-devel-macos-x86_64-clang