CRAN Package Check Results for Package gMWT

Last updated on 2017-06-23 14:47:03.

Flavor Version Tinstall Tcheck Ttotal Status Flags
r-devel-linux-x86_64-debian-clang 1.1 9.98 40.61 50.59 NOTE
r-devel-linux-x86_64-debian-gcc 1.1 10.19 36.75 46.95 NOTE
r-devel-linux-x86_64-fedora-clang 1.1 85.81 NOTE
r-devel-linux-x86_64-fedora-gcc 1.1 82.75 NOTE
r-devel-windows-ix86+x86_64 1.1 37.00 111.00 148.00 OK
r-patched-linux-x86_64 1.1 8.51 36.29 44.81 NOTE
r-patched-solaris-sparc 1.1 472.00 OK
r-patched-solaris-x86 1.1 92.30 OK
r-release-linux-x86_64 1.1 8.60 36.69 45.29 NOTE
r-release-windows-ix86+x86_64 1.1 34.00 114.00 148.00 OK
r-release-osx-x86_64 1.1 OK
r-oldrel-windows-ix86+x86_64 1.1 50.00 107.00 157.00 OK
r-oldrel-osx-x86_64 1.1 OK

Check Details

Version: 1.1
Check: compiled code
Result: NOTE
    File ‘gMWT/libs/gMWT.so’:
     Found no calls to: ‘R_registerRoutines’, ‘R_useDynamicSymbols’
    
    It is good practice to register native routines and to disable symbol
    search.
    
    See ‘Writing portable packages’ in the ‘Writing R Extensions’ manual.
Flavors: r-devel-linux-x86_64-debian-clang, r-devel-linux-x86_64-debian-gcc, r-devel-linux-x86_64-fedora-clang, r-devel-linux-x86_64-fedora-gcc, r-patched-linux-x86_64, r-release-linux-x86_64