CRAN Package Check Results for Package gMWT

Last updated on 2018-06-25 17:49:41 CEST.

Flavor Version Tinstall Tcheck Ttotal Status Flags
r-devel-linux-x86_64-debian-clang 1.1 19.86 51.73 71.59 NOTE
r-devel-linux-x86_64-debian-gcc 1.1 18.64 44.35 62.99 NOTE
r-devel-linux-x86_64-fedora-clang 1.1 97.23 NOTE
r-devel-linux-x86_64-fedora-gcc 1.1 91.13 NOTE
r-devel-windows-ix86+x86_64 1.1 53.00 94.00 147.00 OK
r-patched-linux-x86_64 1.1 21.72 55.54 77.26 NOTE
r-patched-solaris-x86 1.1 107.30 OK
r-release-linux-x86_64 1.1 22.20 54.73 76.93 NOTE
r-release-windows-ix86+x86_64 1.1 54.00 100.00 154.00 OK
r-release-osx-x86_64 1.1 OK
r-oldrel-windows-ix86+x86_64 1.1 37.00 124.00 161.00 OK
r-oldrel-osx-x86_64 1.1 OK

Check Details

Version: 1.1
Check: compiled code
Result: NOTE
    File ‘gMWT/libs/gMWT.so’:
     Found no calls to: ‘R_registerRoutines’, ‘R_useDynamicSymbols’
    
    It is good practice to register native routines and to disable symbol
    search.
    
    See ‘Writing portable packages’ in the ‘Writing R Extensions’ manual.
Flavors: r-devel-linux-x86_64-debian-clang, r-devel-linux-x86_64-debian-gcc, r-devel-linux-x86_64-fedora-clang, r-devel-linux-x86_64-fedora-gcc, r-patched-linux-x86_64, r-release-linux-x86_64