CRAN Package Check Results for Package gMWT

Last updated on 2017-12-11 17:48:56 CET.

Flavor Version Tinstall Tcheck Ttotal Status Flags
r-devel-linux-x86_64-debian-clang 1.1 11.82 54.05 65.87 NOTE
r-devel-linux-x86_64-debian-gcc 1.1 11.65 45.37 57.02 NOTE
r-devel-linux-x86_64-fedora-clang 1.1 85.58 NOTE
r-devel-linux-x86_64-fedora-gcc 1.1 82.61 NOTE
r-devel-windows-ix86+x86_64 1.1 45.00 86.00 131.00 OK
r-patched-linux-x86_64 1.1 15.57 59.07 74.64 NOTE
r-patched-solaris-x86 1.1 98.00 OK
r-release-linux-x86_64 1.1 15.19 60.55 75.74 NOTE
r-release-windows-ix86+x86_64 1.1 36.00 122.00 158.00 OK
r-release-osx-x86_64 1.1 OK
r-oldrel-windows-ix86+x86_64 1.1 48.00 78.00 126.00 OK
r-oldrel-osx-x86_64 1.1 OK

Check Details

Version: 1.1
Check: compiled code
Result: NOTE
    File ‘gMWT/libs/gMWT.so’:
     Found no calls to: ‘R_registerRoutines’, ‘R_useDynamicSymbols’
    
    It is good practice to register native routines and to disable symbol
    search.
    
    See ‘Writing portable packages’ in the ‘Writing R Extensions’ manual.
Flavors: r-devel-linux-x86_64-debian-clang, r-devel-linux-x86_64-debian-gcc, r-devel-linux-x86_64-fedora-clang, r-devel-linux-x86_64-fedora-gcc, r-patched-linux-x86_64, r-release-linux-x86_64