CRAN Package Check Results for Package gMWT

Last updated on 2015-07-07 11:48:09.

Flavor Version Tinstall Tcheck Ttotal Status Flags
r-devel-linux-x86_64-debian-clang 1.0 7.01 32.34 39.35 NOTE
r-devel-linux-x86_64-debian-gcc 1.0 7.69 32.47 40.16 NOTE
r-devel-linux-x86_64-fedora-clang 1.0 79.18 NOTE
r-devel-linux-x86_64-fedora-gcc 1.0 71.12 NOTE
r-devel-osx-x86_64-clang 1.0 66.32 OK
r-devel-windows-ix86+x86_64 1.0 37.00 68.00 105.00 NOTE
r-patched-linux-x86_64 1.0 7.46 32.15 39.62 OK
r-patched-solaris-sparc 1.0 474.30 OK
r-patched-solaris-x86 1.0 92.80 OK
r-release-linux-x86_64 1.0 7.65 33.30 40.95 OK
r-release-osx-x86_64-mavericks 1.0 OK
r-release-windows-ix86+x86_64 1.0 36.00 69.00 105.00 OK
r-oldrel-windows-ix86+x86_64 1.0 31.00 121.00 152.00 OK

Check Details

Version: 1.0
Check: R code for possible problems
Result: NOTE
    estPlotPair: no visible global function definition for ‘par’
    estPlotPair: no visible global function definition for ‘plot’
    estPlotPair: no visible global function definition for ‘mtext’
    estPlotPair: no visible global function definition for ‘axis’
    estPlotPair: no visible global function definition for ‘lines’
    estPlotPair: no visible global function definition for ‘points’
    estPlotSingle: no visible global function definition for ‘par’
    estPlotSingle: no visible global function definition for ‘plot’
    estPlotSingle: no visible global function definition for ‘lines’
    estPlotSingle: no visible global function definition for ‘mtext’
    estPlotSingle: no visible global function definition for ‘axis’
    estPlotTriple: no visible global function definition for ‘par’
    estPlotTriple: no visible global function definition for ‘plot’
    estPlotTriple: no visible global function definition for ‘mtext’
    estPlotTriple: no visible global function definition for ‘axis’
    estPlotTriple: no visible global function definition for ‘lines’
    estPlotTriple: no visible global function definition for ‘points’
    kw.gmw: no visible global function definition for ‘kruskal.test’
    kw.gmw : innerLoopEX: no visible global function definition for
     ‘kruskal.test’
    mw.gmw: no visible global function definition for ‘wilcox.test’
    mw.gmw : innerLoop: no visible global function definition for
     ‘wilcox.test’
    mw.single.gmw: no visible global function definition for ‘wilcox.test’
    mw.single.gmw : innerLoop: no visible global function definition for
     ‘wilcox.test’
    plotPI: no visible global function definition for ‘plot’
    rejectionPlot: no visible global function definition for ‘par’
    rejectionPlot: no visible global function definition for ‘layout’
    rejectionPlot: no visible global function definition for ‘plot’
    rejectionPlot: no visible global function definition for ‘lines’
    rejectionPlot: no visible global function definition for ‘legend’
    uitATest: no visible global function definition for ‘pchisq’
    Undefined global functions or variables:
     axis kruskal.test layout legend lines mtext par pchisq plot points
     wilcox.test
Flavors: r-devel-linux-x86_64-debian-clang, r-devel-linux-x86_64-debian-gcc, r-devel-linux-x86_64-fedora-clang, r-devel-linux-x86_64-fedora-gcc, r-devel-windows-ix86+x86_64