CRAN Package Check Results for Package gMWT

Last updated on 2014-10-21 19:47:39.

Flavor Version Tinstall Tcheck Ttotal Status Flags
r-devel-linux-x86_64-debian-clang 0.9 7.01 36.85 43.86 NOTE
r-devel-linux-x86_64-debian-gcc 0.9 7.98 36.96 44.94 NOTE
r-devel-linux-x86_64-fedora-clang 0.9 91.04 NOTE
r-devel-linux-x86_64-fedora-gcc 0.9 84.17 NOTE
r-devel-osx-x86_64-clang 0.9 91.70 NOTE
r-devel-windows-ix86+x86_64 0.9 30.00 79.00 109.00 NOTE
r-patched-linux-x86_64 0.9 8.02 37.22 45.24 NOTE
r-patched-solaris-sparc 0.9 507.70 NOTE
r-patched-solaris-x86 0.9 106.50 NOTE
r-release-linux-ix86 0.9 10.18 47.59 57.78 OK
r-release-linux-x86_64 0.9 8.01 38.01 46.02 OK
r-release-osx-x86_64-mavericks 0.9 OK
r-release-osx-x86_64-snowleopard 0.9 OK
r-release-windows-ix86+x86_64 0.9 28.00 86.00 114.00 OK
r-oldrel-windows-ix86+x86_64 0.9 30.00 79.00 109.00 OK

Check Details

Version: 0.9
Check: compiled code
Result: NOTE
    File ‘gMWT/libs/gMWT.so’:
     Found ‘rand’, possibly from ‘rand’ (C)
     Object: ‘helpFunctions.o’
    
    Compiled code should not call entry points which might terminate R nor
    write to stdout/stderr instead of to the console, nor the C RNG.
    
    See ‘Writing portable packages’ in the ‘Writing R Extensions’ manual.
Flavors: r-devel-linux-x86_64-debian-clang, r-devel-linux-x86_64-debian-gcc, r-devel-linux-x86_64-fedora-clang, r-devel-linux-x86_64-fedora-gcc, r-patched-linux-x86_64, r-patched-solaris-x86

Version: 0.9
Check: compiled code
Result: NOTE
    File ‘gMWT/libs/gMWT.so’:
     Found ‘_rand’, possibly from ‘rand’ (C)
     Object: ‘helpFunctions.o’
    
    Compiled code should not call entry points which might terminate R nor
    write to stdout/stderr instead of to the console, nor the C RNG.
    
    See ‘Writing portable packages’ in the ‘Writing R Extensions’ manual.
Flavor: r-devel-osx-x86_64-clang

Version: 0.9
Check: compiled code
Result: NOTE
    File 'gMWT/libs/i386/gMWT.dll':
     Found 'rand', possibly from 'rand' (C)
     Object: 'helpFunctions.o'
    File 'gMWT/libs/x64/gMWT.dll':
     Found 'rand', possibly from 'rand' (C)
     Object: 'helpFunctions.o'
    
    Compiled code should not call entry points which might terminate R nor
    write to stdout/stderr instead of to the console, nor the C RNG.
    
    See 'Writing portable packages' in the 'Writing R Extensions' manual.
Flavor: r-devel-windows-ix86+x86_64

Version: 0.9
Check: compiled code
Result: NOTE
    File ‘gMWT/libs/gMWT.so’:
     Found ‘rand’, possibly from ‘rand’ (C)
     Objects: ‘helpFunctions.o’, ‘subMat.o’
    
    Compiled code should not call entry points which might terminate R nor
    write to stdout/stderr instead of to the console, nor the C RNG.
    
    See ‘Writing portable packages’ in the ‘Writing R Extensions’ manual.
Flavor: r-patched-solaris-sparc