CRAN Package Check Results for Package gMWT

Last updated on 2014-04-23 07:55:00.

Flavor Version Tinstall Tcheck Ttotal Status Flags
r-devel-linux-x86_64-debian-clang 0.3 6.76 38.87 45.63 OK
r-devel-linux-x86_64-debian-gcc 0.3 8.11 39.58 47.69 OK
r-devel-linux-x86_64-fedora-clang 0.3 91.41 OK
r-devel-linux-x86_64-fedora-gcc 0.3 87.37 OK
r-devel-osx-x86_64-clang 0.3 69.40 OK
r-devel-osx-x86_64-gcc 0.3 OK
r-devel-windows-ix86+x86_64 0.3 29.00 78.00 107.00 OK
r-patched-linux-x86_64 0.3 7.87 38.24 46.11 OK
r-patched-solaris-sparc 0.3 516.50 OK
r-patched-solaris-x86 0.3 105.10 OK
r-release-linux-ix86 0.3 15.00 63.00 78.00 OK
r-release-linux-x86_64 0.3 7.95 39.09 47.04 OK
r-release-osx-x86_64-mavericks 0.3 WARN
r-release-osx-x86_64-snowleopard 0.3 OK
r-release-windows-ix86+x86_64 0.3 41.00 72.00 113.00 OK
r-oldrel-windows-ix86+x86_64 0.3 31.00 83.00 114.00 OK

Check Details

Version: 0.3
Check: PDF version of manual
Result: WARNING
    LaTeX errors when creating PDF version.
    This typically indicates Rd problems.
    LaTeX errors found:
    ! LaTeX Error: File `upquote.sty' not found.
    
    Type X to quit or <RETURN> to proceed,
    or enter new name. (Default extension: sty)
    
    f485a9a/Rd2.tex:8: ==> Fatal error occurred, no output PDF file produced!
Flavor: r-release-osx-x86_64-mavericks