CRAN Package Check Results for Package gMWT

Last updated on 2018-02-19 21:49:33 CET.

Flavor Version Tinstall Tcheck Ttotal Status Flags
r-devel-linux-x86_64-debian-clang 1.1 20.32 50.42 70.74 NOTE
r-devel-linux-x86_64-debian-gcc 1.1 17.48 41.29 58.77 NOTE
r-devel-linux-x86_64-fedora-clang 1.1 95.28 NOTE
r-devel-linux-x86_64-fedora-gcc 1.1 94.26 NOTE
r-devel-windows-ix86+x86_64 1.1 35.00 79.00 114.00 OK
r-patched-linux-x86_64 1.1 14.34 59.03 73.37 NOTE
r-patched-solaris-x86 1.1 98.80 OK
r-release-linux-x86_64 1.1 14.78 59.98 74.76 NOTE
r-release-windows-ix86+x86_64 1.1 45.00 95.00 140.00 OK
r-release-osx-x86_64 1.1 OK
r-oldrel-windows-ix86+x86_64 1.1 47.00 105.00 152.00 OK
r-oldrel-osx-x86_64 1.1 OK

Check Details

Version: 1.1
Check: compiled code
Result: NOTE
    File ‘gMWT/libs/gMWT.so’:
     Found no calls to: ‘R_registerRoutines’, ‘R_useDynamicSymbols’
    
    It is good practice to register native routines and to disable symbol
    search.
    
    See ‘Writing portable packages’ in the ‘Writing R Extensions’ manual.
Flavors: r-devel-linux-x86_64-debian-clang, r-devel-linux-x86_64-debian-gcc, r-devel-linux-x86_64-fedora-clang, r-devel-linux-x86_64-fedora-gcc, r-patched-linux-x86_64, r-release-linux-x86_64