CRAN Package Check Results for Package gMWT

Last updated on 2015-05-23 03:48:43.

Flavor Version Tinstall Tcheck Ttotal Status Flags
r-devel-linux-x86_64-debian-clang 0.9 7.26 33.36 40.62 NOTE
r-devel-linux-x86_64-debian-gcc 0.9 7.74 35.72 43.46 NOTE
r-devel-linux-x86_64-fedora-clang 0.9 80.97 NOTE
r-devel-linux-x86_64-fedora-gcc 0.9 75.66 NOTE
r-devel-osx-x86_64-clang 0.9 75.63 NOTE
r-devel-windows-ix86+x86_64 0.9 31.00 76.00 107.00 NOTE
r-patched-linux-x86_64 0.9 7.60 32.64 40.24 NOTE
r-patched-solaris-sparc 0.9 494.60 NOTE
r-patched-solaris-x86 0.9 93.50 NOTE
r-release-linux-x86_64 0.9 7.72 33.50 41.22 NOTE
r-release-osx-x86_64-mavericks 0.9 NOTE
r-release-osx-x86_64-snowleopard 0.9 NOTE
r-release-windows-ix86+x86_64 0.9 28.00 80.00 108.00 NOTE
r-oldrel-windows-ix86+x86_64 0.9 30.00 78.00 108.00 NOTE

Check Details

Version: 0.9
Check: compiled code
Result: NOTE
    File ‘gMWT/libs/gMWT.so’:
     Found ‘rand’, possibly from ‘rand’ (C)
     Object: ‘helpFunctions.o’
    
    Compiled code should not call entry points which might terminate R nor
    write to stdout/stderr instead of to the console, nor the system RNG.
    
    See ‘Writing portable packages’ in the ‘Writing R Extensions’ manual.
Flavors: r-devel-linux-x86_64-debian-clang, r-devel-linux-x86_64-debian-gcc, r-devel-linux-x86_64-fedora-clang, r-devel-linux-x86_64-fedora-gcc, r-patched-linux-x86_64, r-patched-solaris-sparc, r-patched-solaris-x86, r-release-linux-x86_64

Version: 0.9
Check: compiled code
Result: NOTE
    File ‘gMWT/libs/gMWT.so’:
     Found ‘_rand’, possibly from ‘rand’ (C)
     Object: ‘helpFunctions.o’
    
    Compiled code should not call entry points which might terminate R nor
    write to stdout/stderr instead of to the console, nor the system RNG.
    
    See ‘Writing portable packages’ in the ‘Writing R Extensions’ manual.
Flavors: r-devel-osx-x86_64-clang, r-release-osx-x86_64-mavericks, r-release-osx-x86_64-snowleopard

Version: 0.9
Check: compiled code
Result: NOTE
    File 'gMWT/libs/i386/gMWT.dll':
     Found 'rand', possibly from 'rand' (C)
     Object: 'helpFunctions.o'
    File 'gMWT/libs/x64/gMWT.dll':
     Found 'rand', possibly from 'rand' (C)
     Object: 'helpFunctions.o'
    
    Compiled code should not call entry points which might terminate R nor
    write to stdout/stderr instead of to the console, nor the system RNG.
    
    See 'Writing portable packages' in the 'Writing R Extensions' manual.
Flavors: r-devel-windows-ix86+x86_64, r-release-windows-ix86+x86_64, r-oldrel-windows-ix86+x86_64