CRAN Package Check Results for Package gMWT

Last updated on 2016-05-27 17:58:49.

Flavor Version Tinstall Tcheck Ttotal Status Flags
r-devel-linux-x86_64-debian-gcc 1.0 10.30 34.53 44.83 NOTE
r-devel-linux-x86_64-fedora-clang 1.0 90.89 NOTE
r-devel-linux-x86_64-fedora-gcc 1.0 72.94 NOTE
r-devel-osx-x86_64-clang 1.0 88.21 NOTE
r-devel-windows-ix86+x86_64 1.0 31.00 78.00 109.00 NOTE
r-patched-linux-x86_64 1.0 7.55 34.74 42.28 NOTE
r-patched-solaris-sparc 1.0 457.30 NOTE
r-patched-solaris-x86 1.0 86.20 NOTE
r-release-linux-x86_64 1.0 7.65 33.23 40.89 NOTE
r-release-osx-x86_64-mavericks 1.0 NOTE
r-release-windows-ix86+x86_64 1.0 39.00 76.00 115.00 NOTE
r-oldrel-windows-ix86+x86_64 1.0 34.00 84.00 118.00 OK

Check Details

Version: 1.0
Check: R code for possible problems
Result: NOTE
    estPlotPair: no visible global function definition for ‘par’
    estPlotPair: no visible global function definition for ‘plot’
    estPlotPair: no visible global function definition for ‘mtext’
    estPlotPair: no visible global function definition for ‘axis’
    estPlotPair: no visible global function definition for ‘lines’
    estPlotPair: no visible global function definition for ‘points’
    estPlotSingle: no visible global function definition for ‘par’
    estPlotSingle: no visible global function definition for ‘plot’
    estPlotSingle: no visible global function definition for ‘lines’
    estPlotSingle: no visible global function definition for ‘mtext’
    estPlotSingle: no visible global function definition for ‘axis’
    estPlotTriple: no visible global function definition for ‘par’
    estPlotTriple: no visible global function definition for ‘plot’
    estPlotTriple: no visible global function definition for ‘mtext’
    estPlotTriple: no visible global function definition for ‘axis’
    estPlotTriple: no visible global function definition for ‘lines’
    estPlotTriple: no visible global function definition for ‘points’
    kw.gmw: no visible global function definition for ‘kruskal.test’
    kw.gmw : innerLoopEX: no visible global function definition for
     ‘kruskal.test’
    mw.gmw: no visible global function definition for ‘wilcox.test’
    mw.gmw : innerLoop: no visible global function definition for
     ‘wilcox.test’
    mw.single.gmw: no visible global function definition for ‘wilcox.test’
    mw.single.gmw : innerLoop: no visible global function definition for
     ‘wilcox.test’
    plotPI: no visible global function definition for ‘plot’
    rejectionPlot: no visible global function definition for ‘par’
    rejectionPlot: no visible global function definition for ‘layout’
    rejectionPlot: no visible global function definition for ‘plot’
    rejectionPlot: no visible global function definition for ‘lines’
    rejectionPlot: no visible global function definition for ‘legend’
    uitATest: no visible global function definition for ‘pchisq’
    Undefined global functions or variables:
     axis kruskal.test layout legend lines mtext par pchisq plot points
     wilcox.test
    Consider adding
     importFrom("graphics", "axis", "layout", "legend", "lines", "mtext",
     "par", "plot", "points")
     importFrom("stats", "kruskal.test", "pchisq", "wilcox.test")
    to your NAMESPACE file.
Flavors: r-devel-linux-x86_64-debian-gcc, r-devel-linux-x86_64-fedora-clang, r-devel-linux-x86_64-fedora-gcc, r-devel-osx-x86_64-clang, r-devel-windows-ix86+x86_64, r-patched-linux-x86_64, r-patched-solaris-sparc, r-patched-solaris-x86, r-release-linux-x86_64, r-release-osx-x86_64-mavericks, r-release-windows-ix86+x86_64