CRAN Package Check Results for Package gMWT

Last updated on 2018-04-25 08:51:03 CEST.

Flavor Version Tinstall Tcheck Ttotal Status Flags
r-devel-linux-x86_64-debian-clang 1.1 19.43 57.49 76.92 NOTE
r-devel-linux-x86_64-debian-gcc 1.1 17.71 42.81 60.52 NOTE
r-devel-linux-x86_64-fedora-clang 1.1 97.90 NOTE
r-devel-linux-x86_64-fedora-gcc 1.1 93.44 NOTE
r-devel-windows-ix86+x86_64 1.1 54.00 88.00 142.00 OK
r-patched-linux-x86_64 1.1 20.76 55.14 75.90 NOTE
r-patched-solaris-x86 1.1 112.50 OK
r-release-linux-x86_64 1.1 23.58 56.20 79.78 NOTE
r-release-windows-ix86+x86_64 1.1 54.00 88.00 142.00 OK
r-release-osx-x86_64 1.1 OK
r-oldrel-windows-ix86+x86_64 1.1 36.00 126.00 162.00 OK
r-oldrel-osx-x86_64 1.1 OK

Check Details

Version: 1.1
Check: compiled code
Result: NOTE
    File ‘gMWT/libs/gMWT.so’:
     Found no calls to: ‘R_registerRoutines’, ‘R_useDynamicSymbols’
    
    It is good practice to register native routines and to disable symbol
    search.
    
    See ‘Writing portable packages’ in the ‘Writing R Extensions’ manual.
Flavors: r-devel-linux-x86_64-debian-clang, r-devel-linux-x86_64-debian-gcc, r-devel-linux-x86_64-fedora-clang, r-devel-linux-x86_64-fedora-gcc, r-patched-linux-x86_64, r-release-linux-x86_64