CRAN Package Check Results for Package gMWT

Last updated on 2017-08-17 03:48:52.

Flavor Version Tinstall Tcheck Ttotal Status Flags
r-devel-linux-x86_64-debian-clang 1.1 9.18 38.60 47.78 NOTE
r-devel-linux-x86_64-debian-gcc 1.1 10.52 36.03 46.55 NOTE
r-devel-linux-x86_64-fedora-clang 1.1 86.96 NOTE
r-devel-linux-x86_64-fedora-gcc 1.1 87.33 NOTE
r-devel-windows-ix86+x86_64 1.1 34.00 122.00 156.00 OK
r-patched-linux-x86_64 1.1 10.36 36.47 46.83 NOTE
r-patched-solaris-x86 1.1 95.60 OK
r-release-linux-x86_64 1.1 10.53 36.95 47.47 NOTE
r-release-windows-ix86+x86_64 1.1 36.00 87.00 123.00 OK
r-release-osx-x86_64 1.1 OK
r-oldrel-windows-ix86+x86_64 1.1 44.00 78.00 122.00 OK
r-oldrel-osx-x86_64 1.1 OK

Check Details

Version: 1.1
Check: compiled code
Result: NOTE
    File ‘gMWT/libs/gMWT.so’:
     Found no calls to: ‘R_registerRoutines’, ‘R_useDynamicSymbols’
    
    It is good practice to register native routines and to disable symbol
    search.
    
    See ‘Writing portable packages’ in the ‘Writing R Extensions’ manual.
Flavors: r-devel-linux-x86_64-debian-clang, r-devel-linux-x86_64-debian-gcc, r-devel-linux-x86_64-fedora-clang, r-devel-linux-x86_64-fedora-gcc, r-patched-linux-x86_64, r-release-linux-x86_64