CRAN Package Check Results for Package gMWT

Last updated on 2016-06-27 17:52:57.

Flavor Version Tinstall Tcheck Ttotal Status Flags
r-devel-linux-x86_64-debian-gcc 1.0 10.17 33.50 43.67 NOTE
r-devel-linux-x86_64-fedora-clang 1.0 79.42 NOTE
r-devel-linux-x86_64-fedora-gcc 1.0 72.95 NOTE
r-devel-osx-x86_64-clang 1.0 62.80 NOTE
r-devel-windows-ix86+x86_64 1.0 30.00 106.00 136.00 NOTE
r-patched-linux-x86_64 1.0 8.42 34.47 42.89 NOTE
r-patched-solaris-sparc 1.0 459.60 NOTE
r-patched-solaris-x86 1.0 86.30 NOTE
r-release-linux-x86_64 1.0 7.31 33.90 41.21 NOTE
r-release-osx-x86_64-mavericks 1.0 NOTE
r-release-windows-ix86+x86_64 1.0 42.00 74.00 116.00 NOTE
r-oldrel-windows-ix86+x86_64 1.0 45.00 74.00 119.00 OK

Check Details

Version: 1.0
Check: R code for possible problems
Result: NOTE
    estPlotPair: no visible global function definition for ‘par’
    estPlotPair: no visible global function definition for ‘plot’
    estPlotPair: no visible global function definition for ‘mtext’
    estPlotPair: no visible global function definition for ‘axis’
    estPlotPair: no visible global function definition for ‘lines’
    estPlotPair: no visible global function definition for ‘points’
    estPlotSingle: no visible global function definition for ‘par’
    estPlotSingle: no visible global function definition for ‘plot’
    estPlotSingle: no visible global function definition for ‘lines’
    estPlotSingle: no visible global function definition for ‘mtext’
    estPlotSingle: no visible global function definition for ‘axis’
    estPlotTriple: no visible global function definition for ‘par’
    estPlotTriple: no visible global function definition for ‘plot’
    estPlotTriple: no visible global function definition for ‘mtext’
    estPlotTriple: no visible global function definition for ‘axis’
    estPlotTriple: no visible global function definition for ‘lines’
    estPlotTriple: no visible global function definition for ‘points’
    kw.gmw: no visible global function definition for ‘kruskal.test’
    kw.gmw : innerLoopEX: no visible global function definition for
     ‘kruskal.test’
    mw.gmw: no visible global function definition for ‘wilcox.test’
    mw.gmw : innerLoop: no visible global function definition for
     ‘wilcox.test’
    mw.single.gmw: no visible global function definition for ‘wilcox.test’
    mw.single.gmw : innerLoop: no visible global function definition for
     ‘wilcox.test’
    plotPI: no visible global function definition for ‘plot’
    rejectionPlot: no visible global function definition for ‘par’
    rejectionPlot: no visible global function definition for ‘layout’
    rejectionPlot: no visible global function definition for ‘plot’
    rejectionPlot: no visible global function definition for ‘lines’
    rejectionPlot: no visible global function definition for ‘legend’
    uitATest: no visible global function definition for ‘pchisq’
    Undefined global functions or variables:
     axis kruskal.test layout legend lines mtext par pchisq plot points
     wilcox.test
    Consider adding
     importFrom("graphics", "axis", "layout", "legend", "lines", "mtext",
     "par", "plot", "points")
     importFrom("stats", "kruskal.test", "pchisq", "wilcox.test")
    to your NAMESPACE file.
Flavors: r-devel-linux-x86_64-debian-gcc, r-devel-linux-x86_64-fedora-clang, r-devel-linux-x86_64-fedora-gcc, r-devel-osx-x86_64-clang, r-devel-windows-ix86+x86_64, r-patched-linux-x86_64, r-patched-solaris-sparc, r-patched-solaris-x86, r-release-linux-x86_64, r-release-osx-x86_64-mavericks, r-release-windows-ix86+x86_64

Version: 1.0
Check: installed package size
Result: NOTE
     installed size is 5.5Mb
     sub-directories of 1Mb or more:
     libs 5.3Mb
Flavor: r-patched-solaris-sparc