CRAN Package Check Results for Package gMWT

Last updated on 2015-01-27 12:47:28.

Flavor Version Tinstall Tcheck Ttotal Status Flags
r-devel-linux-x86_64-debian-clang 0.9 6.90 35.59 42.49 NOTE
r-devel-linux-x86_64-debian-gcc 0.9 7.62 32.84 40.46 NOTE
r-devel-linux-x86_64-fedora-clang 0.9 91.76 NOTE
r-devel-linux-x86_64-fedora-gcc 0.9 85.04 NOTE
r-devel-osx-x86_64-clang 0.9 82.24 NOTE
r-devel-windows-ix86+x86_64 0.9 28.00 71.00 99.00 NOTE
r-patched-linux-x86_64 0.9 7.89 37.84 45.73 NOTE
r-patched-solaris-sparc 0.9 569.20 NOTE
r-patched-solaris-x86 0.9 106.30 NOTE
r-release-linux-ix86 0.9 9.64 45.56 55.20 NOTE
r-release-linux-x86_64 0.9 7.82 37.66 45.48 NOTE
r-release-osx-x86_64-mavericks 0.9 NOTE
r-release-osx-x86_64-snowleopard 0.9 OK
r-release-windows-ix86+x86_64 0.9 29.00 88.00 117.00 NOTE
r-oldrel-windows-ix86+x86_64 0.9 42.00 113.00 155.00 OK

Check Details

Version: 0.9
Check: compiled code
Result: NOTE
    File ‘gMWT/libs/gMWT.so’:
     Found ‘rand’, possibly from ‘rand’ (C)
     Object: ‘helpFunctions.o’
    
    Compiled code should not call entry points which might terminate R nor
    write to stdout/stderr instead of to the console, nor the system RNG.
    
    See ‘Writing portable packages’ in the ‘Writing R Extensions’ manual.
Flavors: r-devel-linux-x86_64-debian-clang, r-devel-linux-x86_64-debian-gcc, r-devel-linux-x86_64-fedora-clang, r-devel-linux-x86_64-fedora-gcc, r-patched-linux-x86_64, r-patched-solaris-sparc, r-patched-solaris-x86

Version: 0.9
Check: compiled code
Result: NOTE
    File ‘gMWT/libs/gMWT.so’:
     Found ‘_rand’, possibly from ‘rand’ (C)
     Object: ‘helpFunctions.o’
    
    Compiled code should not call entry points which might terminate R nor
    write to stdout/stderr instead of to the console, nor the system RNG.
    
    See ‘Writing portable packages’ in the ‘Writing R Extensions’ manual.
Flavors: r-devel-osx-x86_64-clang, r-release-osx-x86_64-mavericks

Version: 0.9
Check: compiled code
Result: NOTE
    File 'gMWT/libs/i386/gMWT.dll':
     Found 'rand', possibly from 'rand' (C)
     Object: 'helpFunctions.o'
    File 'gMWT/libs/x64/gMWT.dll':
     Found 'rand', possibly from 'rand' (C)
     Object: 'helpFunctions.o'
    
    Compiled code should not call entry points which might terminate R nor
    write to stdout/stderr instead of to the console, nor the system RNG.
    
    See 'Writing portable packages' in the 'Writing R Extensions' manual.
Flavor: r-devel-windows-ix86+x86_64

Version: 0.9
Check: compiled code
Result: NOTE
    File ‘gMWT/libs/gMWT.so’:
     Found ‘rand’, possibly from ‘rand’ (C)
     Object: ‘helpFunctions.o’
    
    Compiled code should not call entry points which might terminate R nor
    write to stdout/stderr instead of to the console, nor the C RNG.
    
    See ‘Writing portable packages’ in the ‘Writing R Extensions’ manual.
Flavors: r-release-linux-ix86, r-release-linux-x86_64

Version: 0.9
Check: compiled code
Result: NOTE
    File 'gMWT/libs/i386/gMWT.dll':
     Found 'rand', possibly from 'rand' (C)
     Object: 'helpFunctions.o'
    File 'gMWT/libs/x64/gMWT.dll':
     Found 'rand', possibly from 'rand' (C)
     Object: 'helpFunctions.o'
    
    Compiled code should not call entry points which might terminate R nor
    write to stdout/stderr instead of to the console, nor the C RNG.
    
    See 'Writing portable packages' in the 'Writing R Extensions' manual.
Flavor: r-release-windows-ix86+x86_64