CRAN Package Check Results for Package gMWT

Last updated on 2014-09-22 11:56:25.

Flavor Version Tinstall Tcheck Ttotal Status Flags
r-devel-linux-x86_64-debian-clang 0.9 7.08 36.29 43.37 NOTE
r-devel-linux-x86_64-debian-gcc 0.9 7.84 35.48 43.31 NOTE
r-devel-linux-x86_64-fedora-clang 0.9 88.70 NOTE
r-devel-linux-x86_64-fedora-gcc 0.9 81.39 NOTE
r-devel-osx-x86_64-clang 0.9 76.41 NOTE
r-devel-windows-ix86+x86_64 0.9 27.00 83.00 110.00 NOTE
r-patched-linux-x86_64 0.9 8.30 38.04 46.34 OK
r-patched-solaris-sparc 0.9 485.50 OK
r-patched-solaris-x86 0.9 106.10 OK
r-release-linux-ix86 0.9 10.13 47.86 57.99 OK
r-release-linux-x86_64 0.9 7.88 39.94 47.83 OK
r-release-osx-x86_64-mavericks 0.9 OK
r-release-osx-x86_64-snowleopard 0.9 OK
r-release-windows-ix86+x86_64 0.9 32.00 84.00 116.00 OK
r-oldrel-windows-ix86+x86_64 0.9 34.00 80.00 114.00 OK

Check Details

Version: 0.9
Check: compiled code
Result: NOTE
    File ‘gMWT/libs/gMWT.so’:
     Found ‘rand’, possibly from ‘rand’ (C)
     Objects: ‘helpFunctions.o’, ‘subMat.o’
    
    Compiled code should not call entry points which might terminate R nor
    write to stdout/stderr instead of to the console, nor the C RNG.
    
    See ‘Writing portable packages’ in the ‘Writing R Extensions’ manual.
Flavors: r-devel-linux-x86_64-debian-clang, r-devel-linux-x86_64-debian-gcc, r-devel-linux-x86_64-fedora-clang, r-devel-linux-x86_64-fedora-gcc

Version: 0.9
Check: compiled code
Result: NOTE
    File ‘gMWT/libs/gMWT.so’:
     Found ‘_rand’, possibly from ‘rand’ (C)
     Objects: ‘helpFunctions.o’, ‘subMat.o’
    
    Compiled code should not call entry points which might terminate R nor
    write to stdout/stderr instead of to the console, nor the C RNG.
    
    See ‘Writing portable packages’ in the ‘Writing R Extensions’ manual.
Flavor: r-devel-osx-x86_64-clang

Version: 0.9
Check: compiled code
Result: NOTE
    File 'gMWT/libs/i386/gMWT.dll':
     Found 'rand', possibly from 'rand' (C)
     Objects: 'helpFunctions.o', 'subMat.o'
    File 'gMWT/libs/x64/gMWT.dll':
     Found 'rand', possibly from 'rand' (C)
     Objects: 'helpFunctions.o', 'subMat.o'
    
    Compiled code should not call entry points which might terminate R nor
    write to stdout/stderr instead of to the console, nor the C RNG.
    
    See 'Writing portable packages' in the 'Writing R Extensions' manual.
Flavor: r-devel-windows-ix86+x86_64