CRAN Package Check Results for Package gMWT

Last updated on 2017-10-19 12:49:28.

Flavor Version Tinstall Tcheck Ttotal Status Flags
r-devel-linux-x86_64-debian-clang 1.1 9.73 37.63 47.36 NOTE
r-devel-linux-x86_64-debian-gcc 1.1 11.61 38.13 49.74 NOTE
r-devel-linux-x86_64-fedora-clang 1.1 88.38 NOTE
r-devel-linux-x86_64-fedora-gcc 1.1 88.64 NOTE
r-devel-windows-ix86+x86_64 1.1 32.00 87.00 119.00 OK
r-patched-linux-x86_64 1.1 10.51 36.78 47.29 NOTE
r-patched-solaris-x86 1.1 98.00 OK
r-release-linux-x86_64 1.1 10.65 38.10 48.75 NOTE
r-release-windows-ix86+x86_64 1.1 49.00 84.00 133.00 OK
r-release-osx-x86_64 1.1 OK
r-oldrel-windows-ix86+x86_64 1.1 45.00 107.00 152.00 OK
r-oldrel-osx-x86_64 1.1 OK

Check Details

Version: 1.1
Check: compiled code
Result: NOTE
    File ‘gMWT/libs/gMWT.so’:
     Found no calls to: ‘R_registerRoutines’, ‘R_useDynamicSymbols’
    
    It is good practice to register native routines and to disable symbol
    search.
    
    See ‘Writing portable packages’ in the ‘Writing R Extensions’ manual.
Flavors: r-devel-linux-x86_64-debian-clang, r-devel-linux-x86_64-debian-gcc, r-devel-linux-x86_64-fedora-clang, r-devel-linux-x86_64-fedora-gcc, r-patched-linux-x86_64, r-release-linux-x86_64