CRAN Package Check Results for Package gProfileR

Last updated on 2016-09-24 21:48:32.

Flavor Version Tinstall Tcheck Ttotal Status Flags
r-devel-linux-x86_64-debian-clang 0.6.1 1.93 115.48 117.41 ERROR
r-devel-linux-x86_64-debian-gcc 0.6.1 1.72 114.54 116.26 ERROR
r-devel-linux-x86_64-fedora-clang 0.6.1 21.39 OK
r-devel-linux-x86_64-fedora-gcc 0.6.1 19.73 OK
r-devel-macos-x86_64-clang 0.6.1 10.22 ERROR
r-devel-windows-ix86+x86_64 0.6.1 38.00 26.00 64.00 OK
r-patched-linux-x86_64 0.6.1 1.70 113.64 115.34 ERROR
r-patched-solaris-sparc 0.6.1 107.10 OK
r-patched-solaris-x86 0.6.1 24.40 OK
r-release-linux-x86_64 0.6.1 1.81 13.77 15.59 OK
r-release-osx-x86_64-mavericks 0.6.1 OK
r-release-windows-ix86+x86_64 0.6.1 18.00 130.00 148.00 OK
r-oldrel-windows-ix86+x86_64 0.6.1 41.00 38.00 79.00 OK

Check Details

Version: 0.6.1
Check: examples
Result: ERROR
    Running examples in ‘gProfileR-Ex.R’ failed
    The error most likely occurred in:
    
    > ### Name: gconvert
    > ### Title: Convert gene IDs.
    > ### Aliases: gconvert
    >
    > ### ** Examples
    >
    > gconvert(c("POU5F1", "SOX2", "NANOG"), organism = "hsapiens", target="AFFY_HG_U133_PLUS_2")
    Error: Proxy Error
    Execution halted
Flavors: r-devel-linux-x86_64-debian-clang, r-devel-linux-x86_64-debian-gcc, r-devel-macos-x86_64-clang, r-patched-linux-x86_64