CRAN Package Check Results for Package gProfileR

Last updated on 2015-07-28 23:47:33.

Flavor Version Tinstall Tcheck Ttotal Status Flags
r-devel-linux-x86_64-debian-clang 0.5.3 1.68 12.28 13.96 NOTE
r-devel-linux-x86_64-debian-gcc 0.5.3 1.70 12.43 14.14 NOTE
r-devel-linux-x86_64-fedora-clang 0.5.3 21.75 NOTE
r-devel-linux-x86_64-fedora-gcc 0.5.3 21.23 NOTE
r-devel-osx-x86_64-clang 0.5.3 33.28 OK
r-devel-windows-ix86+x86_64 0.5.3 12.00 21.00 33.00 NOTE
r-patched-linux-x86_64 0.5.3 1.62 12.53 14.15 OK
r-patched-solaris-sparc 0.5.3 126.70 OK
r-patched-solaris-x86 0.5.3 29.00 OK
r-release-linux-x86_64 0.5.3 1.70 12.77 14.47 OK
r-release-osx-x86_64-mavericks 0.5.3 OK
r-release-windows-ix86+x86_64 0.5.3 28.00 20.00 48.00 OK
r-oldrel-windows-ix86+x86_64 0.5.3 18.00 38.00 56.00 OK

Check Details

Version: 0.5.3
Check: R code for possible problems
Result: NOTE
    gconvert: no visible global function definition for ‘read.table’
    gorth: no visible global function definition for ‘read.table’
    gprofiler: no visible global function definition for ‘head’
    gprofiler: no visible global function definition for ‘read.table’
    Undefined global functions or variables:
     head read.table
    Consider adding
     importFrom("utils", "head", "read.table")
    to your NAMESPACE.
Flavors: r-devel-linux-x86_64-debian-clang, r-devel-linux-x86_64-debian-gcc, r-devel-linux-x86_64-fedora-clang, r-devel-linux-x86_64-fedora-gcc, r-devel-windows-ix86+x86_64