CRAN Package Check Results for Package gProfileR

Last updated on 2015-03-29 05:49:19.

Flavor Version Tinstall Tcheck Ttotal Status Flags
r-devel-linux-x86_64-debian-clang 0.5 1.91 13.86 15.76 OK
r-devel-linux-x86_64-debian-gcc 0.5 1.58 13.02 14.60 OK
r-devel-linux-x86_64-fedora-clang 0.5 21.72 OK
r-devel-linux-x86_64-fedora-gcc 0.5 11.69 OK
r-devel-osx-x86_64-clang 0.5 42.85 OK
r-prerel-windows-ix86+x86_64 0.5 20.00 21.00 41.00 OK
r-prerel-linux-x86_64 0.5 1.58 13.12 14.70 OK
r-prerel-solaris-sparc 0.5 130.80 OK
r-prerel-solaris-x86 0.5 26.10 OK
r-release-linux-x86_64 0.5 1.75 14.02 15.78 OK
r-release-osx-x86_64-mavericks 0.5 OK
r-release-osx-x86_64-snowleopard 0.5 OK
r-release-windows-ix86+x86_64 0.5 20.00 35.00 55.00 ERROR
r-oldrel-windows-ix86+x86_64 0.5 18.00 24.00 42.00 OK

Check Details

Version: 0.5
Check: examples
Result: ERROR
    Running examples in 'gProfileR-Ex.R' failed
    The error most likely occurred in:
    
    > ### Name: gconvert
    > ### Title: Convert gene IDs.
    > ### Aliases: gconvert
    >
    > ### ** Examples
    >
    > gconvert(c("POU5F1", "SOX2", "NANOG"), organism = "hsapiens", target="AFFY_HG_U133_PLUS_2")
    Error in function (type, msg, asError = TRUE) :
     Recv failure: Connection was reset
    Calls: gconvert ... <Anonymous> -> .postForm -> .Call -> <Anonymous> -> fun
    Execution halted
Flavor: r-release-windows-ix86+x86_64