CRAN Package Check Results for Package gProfileR

Last updated on 2016-02-09 21:47:04.

Flavor Version Tinstall Tcheck Ttotal Status Flags
r-devel-linux-x86_64-debian-gcc 0.5.3 2.00 12.10 14.10 NOTE
r-devel-linux-x86_64-fedora-clang 0.5.3 20.69 NOTE
r-devel-linux-x86_64-fedora-gcc 0.5.3 19.97 NOTE
r-devel-osx-x86_64-clang 0.5.3 34.77 NOTE
r-devel-windows-ix86+x86_64 0.5.3 40.00 30.00 70.00 NOTE
r-patched-linux-x86_64 0.5.3 2.09 12.90 14.99 OK
r-patched-solaris-sparc 0.5.3 110.20 OK
r-patched-solaris-x86 0.5.3 24.80 OK
r-release-linux-x86_64 0.5.3 1.79 12.84 14.63 OK
r-release-osx-x86_64-mavericks 0.5.3 OK
r-release-windows-ix86+x86_64 0.5.3 19.00 23.00 42.00 OK
r-oldrel-windows-ix86+x86_64 0.5.3 26.00 25.00 51.00 OK

Check Details

Version: 0.5.3
Check: R code for possible problems
Result: NOTE
    gconvert: no visible global function definition for ‘read.table’
    gorth: no visible global function definition for ‘read.table’
    gprofiler: no visible global function definition for ‘head’
    gprofiler: no visible global function definition for ‘read.table’
    Undefined global functions or variables:
     head read.table
    Consider adding
     importFrom("utils", "head", "read.table")
    to your NAMESPACE file.
Flavors: r-devel-linux-x86_64-debian-gcc, r-devel-linux-x86_64-fedora-clang, r-devel-linux-x86_64-fedora-gcc, r-devel-osx-x86_64-clang, r-devel-windows-ix86+x86_64