CRAN Package Check Results for Package gProfileR

Last updated on 2014-04-23 17:47:45.

Flavor Version Tinstall Tcheck Ttotal Status Flags
r-devel-linux-x86_64-debian-clang 0.5 0.85 13.53 14.38 OK
r-devel-linux-x86_64-debian-gcc 0.5 0.85 13.22 14.08 OK
r-devel-linux-x86_64-fedora-clang 0.5 23.59 OK
r-devel-linux-x86_64-fedora-gcc 0.5 22.12 OK
r-devel-osx-x86_64-clang 0.5 33.46 OK
r-devel-osx-x86_64-gcc 0.5 OK
r-devel-windows-ix86+x86_64 0.5 15.00 26.00 41.00 ERROR
r-patched-linux-x86_64 0.5 0.86 13.50 14.36 OK
r-patched-solaris-sparc 0.5 119.60 OK
r-patched-solaris-x86 0.5 31.20 OK
r-release-linux-ix86 0.5 1.00 27.00 28.00 OK
r-release-linux-x86_64 0.5 0.86 13.72 14.58 OK
r-release-osx-x86_64-mavericks 0.5 OK
r-release-osx-x86_64-snowleopard 0.5 OK
r-release-windows-ix86+x86_64 0.5 16.00 20.00 36.00 OK
r-oldrel-windows-ix86+x86_64 0.5 15.00 20.00 35.00 OK

Check Details

Version: 0.5
Check: examples
Result: ERROR
    Running examples in 'gProfileR-Ex.R' failed
    The error most likely occurred in:
    
    > ### Name: gconvert
    > ### Title: Convert gene IDs.
    > ### Aliases: gconvert
    >
    > ### ** Examples
    >
    > gconvert(c("POU5F1", "SOX2", "NANOG"), organism = "hsapiens", target="AFFY_HG_U133_PLUS_2")
    Error in function (type, msg, asError = TRUE) :
     Could not resolve host: biit.cs.ut.ee; No data record of requested type
    Calls: gconvert ... <Anonymous> -> .postForm -> .Call -> <Anonymous> -> fun
    Execution halted
Flavor: r-devel-windows-ix86+x86_64