CRAN Package Check Results for Package gProfileR

Last updated on 2015-08-31 12:47:43.

Flavor Version Tinstall Tcheck Ttotal Status Flags
r-devel-linux-x86_64-debian-clang 0.5.3 1.75 13.62 15.37 NOTE
r-devel-linux-x86_64-debian-gcc 0.5.3 1.56 13.15 14.70 NOTE
r-devel-linux-x86_64-fedora-clang 0.5.3 22.45 NOTE
r-devel-linux-x86_64-fedora-gcc 0.5.3 20.52 NOTE
r-devel-osx-x86_64-clang 0.5.3 35.76 OK
r-devel-windows-ix86+x86_64 0.5.3 26.00 39.00 65.00 NOTE
r-patched-linux-x86_64 0.5.3 1.62 14.87 16.49 OK
r-patched-solaris-sparc 0.5.3 126.70 OK
r-patched-solaris-x86 0.5.3 29.80 OK
r-release-linux-x86_64 0.5.3 1.70 13.60 15.30 OK
r-release-osx-x86_64-mavericks 0.5.3 OK
r-release-windows-ix86+x86_64 0.5.3 25.00 22.00 47.00 OK
r-oldrel-windows-ix86+x86_64 0.5.3 44.00 26.00 70.00 OK

Check Details

Version: 0.5.3
Check: R code for possible problems
Result: NOTE
    gconvert: no visible global function definition for ‘read.table’
    gorth: no visible global function definition for ‘read.table’
    gprofiler: no visible global function definition for ‘head’
    gprofiler: no visible global function definition for ‘read.table’
    Undefined global functions or variables:
     head read.table
    Consider adding
     importFrom("utils", "head", "read.table")
    to your NAMESPACE.
Flavors: r-devel-linux-x86_64-debian-clang, r-devel-linux-x86_64-debian-gcc, r-devel-linux-x86_64-fedora-clang, r-devel-linux-x86_64-fedora-gcc, r-devel-windows-ix86+x86_64