CRAN Package Check Results for Package gRain

Last updated on 2014-09-24 05:47:45.

Flavor Version Tinstall Tcheck Ttotal Status Flags
r-devel-linux-x86_64-debian-clang 1.2-3 5.41 67.64 73.05 NOTE
r-devel-linux-x86_64-debian-gcc 1.2-3 5.31 65.68 70.99 NOTE
r-devel-linux-x86_64-fedora-clang 1.2-3 178.39 NOTE
r-devel-linux-x86_64-fedora-gcc 1.2-3 166.83 NOTE
r-devel-osx-x86_64-clang 1.2-3 140.82 NOTE
r-devel-windows-ix86+x86_64 1.2-3 13.00 92.00 105.00 NOTE
r-patched-linux-x86_64 1.2-3 6.22 70.70 76.91 OK
r-patched-solaris-sparc 1.2-3 993.50 OK
r-patched-solaris-x86 1.2-3 227.10 OK
r-release-linux-ix86 1.2-3 6.91 83.94 90.85 OK
r-release-linux-x86_64 1.2-3 5.83 71.07 76.90 OK
r-release-osx-x86_64-mavericks 1.2-3 NOTE
r-release-osx-x86_64-snowleopard 1.2-3 OK
r-release-windows-ix86+x86_64 1.2-3 14.00 98.00 112.00 OK
r-oldrel-windows-ix86+x86_64 1.2-3 14.00 94.00 108.00 OK

Check Details

Version: 1.2-3
Check: R code for possible problems
Result: NOTE
    .createJTreeGraph: no visible global function definition for
     ‘ftM2graphNEL’
Flavors: r-devel-linux-x86_64-debian-clang, r-devel-linux-x86_64-debian-gcc, r-devel-linux-x86_64-fedora-clang, r-devel-linux-x86_64-fedora-gcc, r-devel-osx-x86_64-clang, r-devel-windows-ix86+x86_64

Version: 1.2-3
Check: re-building of vignette outputs
Result: NOTE
    Error in re-building vignettes:
     ...
    Loading required package: gRain
    Loading required package: gRbase
    Loading required package: Rgraphviz
    Loading required package: graph
    Loading required package: grid
    Error in texi2dvi(file = file, pdf = TRUE, clean = clean, quiet = quiet, :
     Running 'texi2dvi' on 'gRain-intro.tex' failed.
    LaTeX errors:
    ! LaTeX Error: File `boxedminipage.sty' not found.
    
    Type X to quit or <RETURN> to proceed,
    or enter new name. (Default extension: sty)
    
    est/gRain/vignettes/gRain-intro.tex:8: ==> Fatal error occurred, no output PDF
     file produced!
    Calls: buildVignettes -> texi2pdf -> texi2dvi
    Execution halted
Flavor: r-release-osx-x86_64-mavericks