CRAN Package Check Results for Package gRain

Last updated on 2015-01-27 21:47:56.

Flavor Version Tinstall Tcheck Ttotal Status Flags
r-devel-linux-x86_64-debian-clang 1.2-3 5.26 63.26 68.52 NOTE
r-devel-linux-x86_64-debian-gcc 1.2-3 5.06 59.61 64.67 NOTE
r-devel-linux-x86_64-fedora-clang 1.2-3 169.85 NOTE
r-devel-linux-x86_64-fedora-gcc 1.2-3 167.93 NOTE
r-devel-osx-x86_64-clang 1.2-3 149.33 NOTE
r-devel-windows-ix86+x86_64 1.2-3 11.00 86.00 97.00 NOTE
r-patched-linux-x86_64 1.2-3 5.81 68.68 74.50 NOTE
r-patched-solaris-sparc 1.2-3 967.80 NOTE
r-patched-solaris-x86 1.2-3 229.10 NOTE
r-release-linux-ix86 1.2-3 6.51 80.16 86.66 NOTE
r-release-linux-x86_64 1.2-3 6.20 70.89 77.08 NOTE
r-release-osx-x86_64-mavericks 1.2-3 NOTE
r-release-osx-x86_64-snowleopard 1.2-3 OK
r-release-windows-ix86+x86_64 1.2-3 14.00 105.00 119.00 NOTE
r-oldrel-windows-ix86+x86_64 1.2-3 15.00 91.00 106.00 OK

Check Details

Version: 1.2-3
Check: dependencies in R code
Result: NOTE
    'library' or 'require' call to ‘Rgraphviz’ in package code.
     Please use :: or requireNamespace() instead.
     See section 'Suggested packages' in the 'Writing R Extensions' manual.
Flavors: r-devel-linux-x86_64-debian-clang, r-devel-linux-x86_64-debian-gcc, r-devel-linux-x86_64-fedora-clang, r-devel-linux-x86_64-fedora-gcc, r-devel-osx-x86_64-clang, r-devel-windows-ix86+x86_64

Version: 1.2-3
Check: S3 generic/method consistency
Result: NOTE
    Found the following apparent S3 methods exported but not registered:
     grain.CPTspec grain.POTspec grain.graphNEL nodeNames.grain
     nodeStates.grain printlist.default printlist.list querygrain.grain
     splitVec.default splitVec.list print.CPTspec print.POTspec
     print.cptable print.grain print.grainFinding summary.CPTspec
     summary.grain plot.grain predict.grain simulate.grain update.CPTgrain
     compile.CPTgrain compile.POTgrain compile.grain iplot.grain
     propagate.grain valueLabels.cptable valueLabels.table
     varNames.cptable varNames.table
    See section ‘Registering S3 methods’ in the ‘Writing R Extensions’
    manual.
Flavors: r-devel-linux-x86_64-debian-clang, r-devel-linux-x86_64-debian-gcc, r-devel-linux-x86_64-fedora-clang, r-devel-linux-x86_64-fedora-gcc, r-devel-osx-x86_64-clang

Version: 1.2-3
Check: R code for possible problems
Result: NOTE
    .createJTreeGraph: no visible global function definition for
     ‘ftM2graphNEL’
Flavors: r-devel-linux-x86_64-debian-clang, r-devel-linux-x86_64-debian-gcc, r-devel-linux-x86_64-fedora-clang, r-devel-linux-x86_64-fedora-gcc, r-devel-osx-x86_64-clang, r-devel-windows-ix86+x86_64, r-patched-linux-x86_64, r-patched-solaris-sparc, r-patched-solaris-x86, r-release-linux-ix86, r-release-linux-x86_64, r-release-osx-x86_64-mavericks, r-release-windows-ix86+x86_64