CRAN Package Check Results for Package gRain

Last updated on 2016-06-28 06:47:04.

Flavor Version Tinstall Tcheck Ttotal Status Flags
r-devel-linux-x86_64-debian-gcc 1.2-5 26.89 51.66 78.55 OK
r-devel-linux-x86_64-fedora-clang 1.2-5 148.80 OK
r-devel-linux-x86_64-fedora-gcc 1.2-5 139.34 OK
r-devel-osx-x86_64-clang 1.2-5 109.08 OK
r-devel-windows-ix86+x86_64 1.2-5 100.00 158.00 258.00 OK
r-patched-linux-x86_64 1.2-5 22.03 52.80 74.83 OK
r-patched-solaris-sparc 1.2-5 833.00 NOTE
r-patched-solaris-x86 1.2-5 181.80 NOTE
r-release-linux-x86_64 1.2-5 20.06 51.00 71.06 OK
r-release-osx-x86_64-mavericks 1.2-5 OK
r-release-windows-ix86+x86_64 1.2-5 103.00 151.00 254.00 OK
r-oldrel-windows-ix86+x86_64 1.2-5 69.00 186.00 255.00 OK

Check Details

Version: 1.2-5
Check: package dependencies
Result: NOTE
    Package suggested but not available for checking: ‘microbenchmark’
Flavors: r-patched-solaris-sparc, r-patched-solaris-x86

Version: 1.2-5
Check: installed package size
Result: NOTE
     installed size is 5.6Mb
     sub-directories of 1Mb or more:
     libs 5.0Mb
Flavor: r-patched-solaris-sparc