CRAN Package Check Results for Package gRain

Last updated on 2018-02-23 18:47:35 CET.

Flavor Version Tinstall Tcheck Ttotal Status Flags
r-devel-linux-x86_64-debian-clang 1.3-0 40.29 91.60 131.89 NOTE
r-devel-linux-x86_64-debian-gcc 1.3-0 33.48 71.53 105.01 NOTE
r-devel-linux-x86_64-fedora-clang 1.3-0 170.49 NOTE
r-devel-linux-x86_64-fedora-gcc 1.3-0 171.68 NOTE
r-devel-windows-ix86+x86_64 1.3-0 101.00 182.00 283.00 OK
r-patched-linux-x86_64 1.3-0 39.52 93.02 132.54 NOTE
r-patched-solaris-x86 1.3-0 231.30 OK
r-release-linux-x86_64 1.3-0 37.19 92.14 129.33 NOTE
r-release-windows-ix86+x86_64 1.3-0 114.00 177.00 291.00 OK
r-release-osx-x86_64 1.3-0 OK
r-oldrel-windows-ix86+x86_64 1.3-0 77.00 188.00 265.00 OK
r-oldrel-osx-x86_64 1.3-0 OK

Check Details

Version: 1.3-0
Check: compiled code
Result: NOTE
    File ‘gRain/libs/gRain.so’:
     Found no calls to: ‘R_registerRoutines’, ‘R_useDynamicSymbols’
    
    It is good practice to register native routines and to disable symbol
    search.
    
    See ‘Writing portable packages’ in the ‘Writing R Extensions’ manual.
Flavors: r-devel-linux-x86_64-debian-clang, r-devel-linux-x86_64-debian-gcc, r-devel-linux-x86_64-fedora-clang, r-devel-linux-x86_64-fedora-gcc, r-patched-linux-x86_64, r-release-linux-x86_64