CRAN Package Check Results for Package gRain

Last updated on 2016-07-31 10:46:53.

Flavor Version Tinstall Tcheck Ttotal Status Flags
r-devel-linux-x86_64-debian-clang 1.2-5 0.32 1.61 1.92 ERROR
r-devel-linux-x86_64-debian-gcc 1.2-5 27.04 52.89 79.92 OK
r-devel-linux-x86_64-fedora-clang 1.2-5 156.45 OK
r-devel-linux-x86_64-fedora-gcc 1.2-5 140.09 OK
r-devel-osx-x86_64-clang 1.2-5 111.51 OK
r-devel-windows-ix86+x86_64 1.2-5 72.00 110.00 182.00 OK
r-patched-linux-x86_64 1.2-5 20.19 51.69 71.89 OK
r-patched-solaris-sparc 1.2-5 830.80 NOTE
r-patched-solaris-x86 1.2-5 180.50 NOTE
r-release-linux-x86_64 1.2-5 23.59 59.13 82.72 OK
r-release-osx-x86_64-mavericks 1.2-5 OK
r-release-windows-ix86+x86_64 1.2-5 91.00 115.00 206.00 OK
r-oldrel-windows-ix86+x86_64 1.2-5 96.00 136.00 232.00 OK

Check Details

Version: 1.2-5
Check: package dependencies
Result: ERROR
    Package required but not available: ‘gRbase’
    
    See section ‘The DESCRIPTION file’ in the ‘Writing R Extensions’
    manual.
Flavor: r-devel-linux-x86_64-debian-clang

Version: 1.2-5
Check: package dependencies
Result: NOTE
    Package suggested but not available for checking: ‘microbenchmark’
Flavors: r-patched-solaris-sparc, r-patched-solaris-x86