CRAN Package Check Results for Package gRain

Last updated on 2014-04-23 20:47:13.

Flavor Version Tinstall Tcheck Ttotal Status Flags
r-devel-linux-x86_64-debian-clang 1.2-3 6.39 71.16 77.56 OK
r-devel-linux-x86_64-debian-gcc 1.2-3 6.26 72.02 78.28 OK
r-devel-linux-x86_64-fedora-clang 1.2-3 186.77 OK
r-devel-linux-x86_64-fedora-gcc 1.2-3 179.66 OK
r-devel-osx-x86_64-clang 1.2-3 135.21 OK
r-devel-osx-x86_64-gcc 1.2-3 ERROR
r-devel-windows-ix86+x86_64 1.2-3 15.00 96.00 111.00 OK
r-patched-linux-x86_64 1.2-3 6.02 70.43 76.45 OK
r-patched-solaris-sparc 1.2-3 877.70 OK
r-patched-solaris-x86 1.2-3 228.80 OK
r-release-linux-ix86 1.2-3 9.00 110.00 119.00 OK
r-release-linux-x86_64 1.2-3 6.25 70.35 76.60 OK
r-release-osx-x86_64-mavericks 1.2-3 ERROR
r-release-osx-x86_64-snowleopard 1.2-3 ERROR
r-release-windows-ix86+x86_64 1.2-3 14.00 99.00 113.00 OK
r-oldrel-windows-ix86+x86_64 1.2-3 13.00 91.00 104.00 OK

Check Details

Version: 1.2-3
Check: package dependencies
Result: ERROR
    Packages required but not available: ‘gRbase’ ‘igraph’ ‘graph’
    
    Package suggested but not available for checking: ‘Rgraphviz’
    
    See the information on DESCRIPTION files in the chapter ‘Creating R
    packages’ of the ‘Writing R Extensions’ manual.
Flavor: r-devel-osx-x86_64-gcc

Version: 1.2-3
Check: package dependencies
Result: ERROR
    Packages required but not available: ‘gRbase’ ‘graph’
    
    Package suggested but not available for checking: ‘Rgraphviz’
    
    See the information on DESCRIPTION files in the chapter ‘Creating R
    packages’ of the ‘Writing R Extensions’ manual.
Flavors: r-release-osx-x86_64-mavericks, r-release-osx-x86_64-snowleopard