CRAN Package Check Results for Package gRain

Last updated on 2014-11-28 05:47:21.

Flavor Version Tinstall Tcheck Ttotal Status Flags
r-devel-linux-x86_64-debian-clang 1.2-3 5.50 66.93 72.44 NOTE
r-devel-linux-x86_64-debian-gcc 1.2-3 5.34 65.82 71.16 NOTE
r-devel-linux-x86_64-fedora-clang 1.2-3 180.99 NOTE
r-devel-linux-x86_64-fedora-gcc 1.2-3 195.76 NOTE
r-devel-osx-x86_64-clang 1.2-3 145.07 NOTE
r-devel-windows-ix86+x86_64 1.2-3 13.00 88.00 101.00 NOTE
r-patched-linux-x86_64 1.2-3 6.04 69.70 75.74 NOTE
r-patched-solaris-sparc 1.2-3 936.70 NOTE
r-patched-solaris-x86 1.2-3 225.90 NOTE
r-release-linux-ix86 1.2-3 6.51 80.29 86.80 NOTE
r-release-linux-x86_64 1.2-3 6.46 68.28 74.73 NOTE
r-release-osx-x86_64-mavericks 1.2-3 NOTE
r-release-osx-x86_64-snowleopard 1.2-3 OK
r-release-windows-ix86+x86_64 1.2-3 15.00 96.00 111.00 NOTE
r-oldrel-windows-ix86+x86_64 1.2-3 12.00 96.00 108.00 OK

Check Details

Version: 1.2-3
Check: R code for possible problems
Result: NOTE
    .createJTreeGraph: no visible global function definition for
     ‘ftM2graphNEL’
Flavors: r-devel-linux-x86_64-debian-clang, r-devel-linux-x86_64-debian-gcc, r-devel-linux-x86_64-fedora-clang, r-devel-linux-x86_64-fedora-gcc, r-devel-osx-x86_64-clang, r-devel-windows-ix86+x86_64, r-patched-linux-x86_64, r-patched-solaris-sparc, r-patched-solaris-x86, r-release-linux-ix86, r-release-linux-x86_64, r-release-windows-ix86+x86_64

Version: 1.2-3
Check: re-building of vignette outputs
Result: NOTE
    Error in re-building vignettes:
     ...
    Loading required package: gRain
    Loading required package: gRbase
    Loading required package: Rgraphviz
    Loading required package: graph
    Loading required package: grid
    Error in texi2dvi(file = file, pdf = TRUE, clean = clean, quiet = quiet, :
     Running 'texi2dvi' on 'gRain-intro.tex' failed.
    LaTeX errors:
    ! LaTeX Error: File `boxedminipage.sty' not found.
    
    Type X to quit or <RETURN> to proceed,
    or enter new name. (Default extension: sty)
    
    est/gRain/vignettes/gRain-intro.tex:8: ==> Fatal error occurred, no output PDF
     file produced!
    Calls: buildVignettes -> texi2pdf -> texi2dvi
    Execution halted
Flavor: r-release-osx-x86_64-mavericks