CRAN Package Check Results for Package gRain

Last updated on 2016-04-28 21:47:30.

Flavor Version Tinstall Tcheck Ttotal Status Flags
r-devel-linux-x86_64-debian-gcc 1.2-5 21.02 53.60 74.63 OK
r-devel-linux-x86_64-fedora-clang 1.2-5 151.57 OK
r-devel-linux-x86_64-fedora-gcc 1.2-5 143.05 OK
r-devel-osx-x86_64-clang 1.2-5 141.21 OK
r-devel-windows-ix86+x86_64 1.2-5 97.00 150.00 247.00 OK
r-patched-linux-x86_64 1.2-5 20.49 52.77 73.25 OK
r-patched-solaris-sparc 1.2-5 821.70 NOTE
r-patched-solaris-x86 1.2-5 185.00 NOTE
r-release-linux-x86_64 1.2-5 20.51 60.51 81.02 OK
r-release-osx-x86_64-mavericks 1.2-5 OK
r-release-windows-ix86+x86_64 1.2-5 69.00 128.00 197.00 OK
r-oldrel-windows-ix86+x86_64 1.2-5 82.00 156.00 238.00 OK

Check Details

Version: 1.2-5
Check: package dependencies
Result: NOTE
    Package suggested but not available for checking: ‘microbenchmark’
Flavors: r-patched-solaris-sparc, r-patched-solaris-x86