CRAN Package Check Results for Package gRain

Last updated on 2014-07-23 13:47:50.

Flavor Version Tinstall Tcheck Ttotal Status Flags
r-devel-linux-x86_64-debian-clang 1.2-3 5.72 70.76 76.48 OK
r-devel-linux-x86_64-debian-gcc 1.2-3 5.51 66.59 72.10 OK
r-devel-linux-x86_64-fedora-clang 1.2-3 186.91 OK
r-devel-linux-x86_64-fedora-gcc 1.2-3 185.82 OK
r-devel-osx-x86_64-clang 1.2-3 144.90 OK
r-devel-windows-ix86+x86_64 1.2-3 15.00 96.00 111.00 OK
r-patched-linux-x86_64 1.2-3 5.71 67.66 73.37 OK
r-patched-solaris-sparc 1.2-3 877.70 OK
r-patched-solaris-x86 1.2-3 227.90 OK
r-release-linux-ix86 1.2-3 7.65 83.09 90.74 OK
r-release-linux-x86_64 1.2-3 5.80 71.03 76.83 OK
r-release-osx-x86_64-mavericks 1.2-3 NOTE
r-release-osx-x86_64-snowleopard 1.2-3 OK
r-release-windows-ix86+x86_64 1.2-3 14.00 91.00 105.00 OK
r-oldrel-windows-ix86+x86_64 1.2-3 16.00 88.00 104.00 OK

Check Details

Version: 1.2-3
Check: re-building of vignette outputs
Result: NOTE
    Error in re-building vignettes:
     ...
    Loading required package: gRain
    Loading required package: gRbase
    Loading required package: Rgraphviz
    Loading required package: graph
    Loading required package: grid
    Error in texi2dvi(file = file, pdf = TRUE, clean = clean, quiet = quiet, :
     Running 'texi2dvi' on 'gRain-intro.tex' failed.
    LaTeX errors:
    ! LaTeX Error: File `boxedminipage.sty' not found.
    
    Type X to quit or <RETURN> to proceed,
    or enter new name. (Default extension: sty)
    
    est/gRain/vignettes/gRain-intro.tex:8: ==> Fatal error occurred, no output PDF
     file produced!
    Calls: buildVignettes -> texi2pdf -> texi2dvi
    Execution halted
Flavor: r-release-osx-x86_64-mavericks