CRAN Package Check Results for Package gRain

Last updated on 2017-01-19 10:52:01.

Flavor Version Tinstall Tcheck Ttotal Status Flags
r-devel-linux-x86_64-debian-clang 1.3-0 23.44 56.82 80.26 OK
r-devel-linux-x86_64-debian-gcc 1.3-0 24.95 56.08 81.03 OK
r-devel-linux-x86_64-fedora-clang 1.3-0 171.21 OK --no-stop-on-test-error
r-devel-linux-x86_64-fedora-gcc 1.3-0 169.89 OK --no-stop-on-test-error
r-devel-macos-x86_64-clang 1.3-0 123.22 OK --no-stop-on-test-error
r-devel-windows-ix86+x86_64 1.3-0 105.00 113.00 218.00 OK
r-patched-linux-x86_64 1.3-0 19.91 52.39 72.30 OK
r-patched-solaris-sparc 1.3-0 868.00 NOTE
r-patched-solaris-x86 1.3-0 184.90 NOTE
r-release-linux-x86_64 1.3-0 20.81 52.22 73.04 OK
r-release-osx-x86_64-mavericks 1.3-0 OK
r-release-windows-ix86+x86_64 1.3-0 76.00 173.00 249.00 OK
r-oldrel-windows-ix86+x86_64 1.3-0 68.00 144.00 212.00 OK

Check Details

Version: 1.3-0
Check: package dependencies
Result: NOTE
    Package suggested but not available for checking: ‘microbenchmark’
Flavors: r-patched-solaris-sparc, r-patched-solaris-x86