CRAN Package Check Results for Package gRain

Last updated on 2017-11-23 00:47:15 CET.

Flavor Version Tinstall Tcheck Ttotal Status Flags
r-devel-linux-x86_64-debian-clang 1.3-0 25.52 87.22 112.74 NOTE
r-devel-linux-x86_64-debian-gcc 1.3-0 31.26 120.73 152.00 NOTE
r-devel-linux-x86_64-fedora-clang 1.3-0 153.45 NOTE
r-devel-linux-x86_64-fedora-gcc 1.3-0 210.88 NOTE
r-devel-windows-ix86+x86_64 1.3-0 86.00 136.00 222.00 OK
r-patched-linux-x86_64 1.3-0 28.29 63.20 91.49 NOTE
r-patched-solaris-x86 1.3-0 221.60 NOTE
r-release-linux-x86_64 1.3-0 28.12 60.52 88.64 NOTE
r-release-windows-ix86+x86_64 1.3-0 83.00 126.00 209.00 OK
r-release-osx-x86_64 1.3-0 OK
r-oldrel-windows-ix86+x86_64 1.3-0 81.00 143.00 224.00 OK
r-oldrel-osx-x86_64 1.3-0 OK

Check Details

Version: 1.3-0
Check: compiled code
Result: NOTE
    File ‘gRain/libs/gRain.so’:
     Found no calls to: ‘R_registerRoutines’, ‘R_useDynamicSymbols’
    
    It is good practice to register native routines and to disable symbol
    search.
    
    See ‘Writing portable packages’ in the ‘Writing R Extensions’ manual.
Flavors: r-devel-linux-x86_64-debian-clang, r-devel-linux-x86_64-debian-gcc, r-devel-linux-x86_64-fedora-clang, r-devel-linux-x86_64-fedora-gcc, r-patched-linux-x86_64, r-release-linux-x86_64

Version: 1.3-0
Check: package dependencies
Result: NOTE
    Package suggested but not available for checking: ‘microbenchmark’
Flavor: r-patched-solaris-x86