CRAN Package Check Results for Package gRain

Last updated on 2017-09-22 05:48:00.

Flavor Version Tinstall Tcheck Ttotal Status Flags
r-devel-linux-x86_64-debian-clang 1.3-0 25.84 60.67 86.51 NOTE
r-devel-linux-x86_64-debian-gcc 1.3-0 28.66 58.62 87.28 NOTE
r-devel-linux-x86_64-fedora-clang 1.3-0 189.67 NOTE
r-devel-linux-x86_64-fedora-gcc 1.3-0 184.53 NOTE
r-devel-windows-ix86+x86_64 1.3-0 84.00 137.00 221.00 OK
r-patched-linux-x86_64 1.3-0 28.18 62.91 91.09 NOTE
r-patched-solaris-x86 1.3-0 235.50 NOTE
r-release-linux-x86_64 1.3-0 28.20 61.37 89.57 NOTE
r-release-windows-ix86+x86_64 1.3-0 83.00 143.00 226.00 OK
r-release-osx-x86_64 1.3-0 ERROR
r-oldrel-windows-ix86+x86_64 1.3-0 83.00 128.00 211.00 OK
r-oldrel-osx-x86_64 1.3-0 OK

Check Details

Version: 1.3-0
Check: compiled code
Result: NOTE
    File ‘gRain/libs/gRain.so’:
     Found no calls to: ‘R_registerRoutines’, ‘R_useDynamicSymbols’
    
    It is good practice to register native routines and to disable symbol
    search.
    
    See ‘Writing portable packages’ in the ‘Writing R Extensions’ manual.
Flavors: r-devel-linux-x86_64-debian-clang, r-devel-linux-x86_64-debian-gcc, r-devel-linux-x86_64-fedora-clang, r-devel-linux-x86_64-fedora-gcc, r-patched-linux-x86_64, r-release-linux-x86_64

Version: 1.3-0
Check: package dependencies
Result: NOTE
    Package suggested but not available for checking: ‘microbenchmark’
Flavor: r-patched-solaris-x86

Version: 1.3-0
Check: package dependencies
Result: ERROR
    Packages required but not available: ‘gRbase’ ‘graph’
    
    Package suggested but not available for checking: ‘Rgraphviz’
    
    See section ‘The DESCRIPTION file’ in the ‘Writing R Extensions’
    manual.
Flavor: r-release-osx-x86_64