CRAN Package Check Results for Package gRain

Last updated on 2016-12-05 17:49:18.

Flavor Version Tinstall Tcheck Ttotal Status Flags
r-devel-linux-x86_64-debian-clang 1.3-0 22.40 57.97 80.37 OK
r-devel-linux-x86_64-debian-gcc 1.3-0 24.92 56.63 81.54 OK
r-devel-linux-x86_64-fedora-clang 1.3-0 176.45 OK --no-stop-on-test-error
r-devel-linux-x86_64-fedora-gcc 1.3-0 175.80 OK --no-stop-on-test-error
r-devel-macos-x86_64-clang 1.3-0 124.85 OK
r-devel-windows-ix86+x86_64 1.3-0 80.00 131.00 211.00 OK
r-patched-linux-x86_64 1.3-0 19.93 52.26 72.19 OK
r-patched-solaris-sparc 1.3-0 872.30 NOTE
r-patched-solaris-x86 1.3-0 187.00 NOTE
r-release-linux-x86_64 1.3-0 20.77 52.67 73.44 OK
r-release-osx-x86_64-mavericks 1.3-0 OK
r-release-windows-ix86+x86_64 1.3-0 109.00 159.00 268.00 OK
r-oldrel-windows-ix86+x86_64 1.3-0 92.00 137.00 229.00 OK

Check Details

Version: 1.3-0
Check: package dependencies
Result: NOTE
    Package suggested but not available for checking: ‘microbenchmark’
Flavors: r-patched-solaris-sparc, r-patched-solaris-x86