CRAN Package Check Results for Package gRain

Last updated on 2016-09-25 10:46:53.

Flavor Version Tinstall Tcheck Ttotal Status Flags
r-devel-linux-x86_64-debian-clang 1.2-5 0.36 1.69 2.05 ERROR
r-devel-linux-x86_64-debian-gcc 1.2-5 24.29 47.67 71.96 OK
r-devel-linux-x86_64-fedora-clang 1.2-5 149.57 OK
r-devel-linux-x86_64-fedora-gcc 1.2-5 145.79 OK
r-devel-macos-x86_64-clang 1.2-5 106.19 OK
r-devel-windows-ix86+x86_64 1.2-5 73.00 147.00 220.00 OK
r-patched-linux-x86_64 1.2-5 20.30 48.35 68.64 OK
r-patched-solaris-sparc 1.2-5 833.20 NOTE
r-patched-solaris-x86 1.2-5 179.10 NOTE
r-release-linux-x86_64 1.2-5 20.14 49.96 70.11 OK
r-release-osx-x86_64-mavericks 1.2-5 OK
r-release-windows-ix86+x86_64 1.2-5 71.00 122.00 193.00 OK
r-oldrel-windows-ix86+x86_64 1.2-5 80.00 120.00 200.00 OK

Check Details

Version: 1.2-5
Check: package dependencies
Result: ERROR
    Package required but not available: ‘gRbase’
    
    See section ‘The DESCRIPTION file’ in the ‘Writing R Extensions’
    manual.
Flavor: r-devel-linux-x86_64-debian-clang

Version: 1.2-5
Check: package dependencies
Result: NOTE
    Package suggested but not available for checking: ‘microbenchmark’
Flavors: r-patched-solaris-sparc, r-patched-solaris-x86