CRAN Package Check Results for Package gRain

Last updated on 2016-08-27 23:48:10.

Flavor Version Tinstall Tcheck Ttotal Status Flags
r-devel-linux-x86_64-debian-clang 1.2-5 0.33 1.81 2.14 ERROR
r-devel-linux-x86_64-debian-gcc 1.2-5 24.57 52.72 77.29 OK
r-devel-linux-x86_64-fedora-clang 1.2-5 157.69 OK
r-devel-linux-x86_64-fedora-gcc 1.2-5 148.83 OK
r-devel-osx-x86_64-clang 1.2-5 112.47 OK
r-devel-windows-ix86+x86_64 1.2-5 95.00 114.00 209.00 OK
r-patched-linux-x86_64 1.2-5 20.44 51.82 72.26 OK
r-patched-solaris-sparc 1.2-5 833.20 NOTE
r-patched-solaris-x86 1.2-5 175.00 NOTE
r-release-linux-x86_64 1.2-5 19.98 51.65 71.63 OK
r-release-osx-x86_64-mavericks 1.2-5 OK
r-release-windows-ix86+x86_64 1.2-5 109.00 171.00 280.00 OK
r-oldrel-windows-ix86+x86_64 1.2-5 57.00 139.00 196.00 OK

Check Details

Version: 1.2-5
Check: package dependencies
Result: ERROR
    Package required but not available: ‘gRbase’
    
    See section ‘The DESCRIPTION file’ in the ‘Writing R Extensions’
    manual.
Flavor: r-devel-linux-x86_64-debian-clang

Version: 1.2-5
Check: package dependencies
Result: NOTE
    Package suggested but not available for checking: ‘microbenchmark’
Flavors: r-patched-solaris-sparc, r-patched-solaris-x86