CRAN Package Check Results for Package gRain

Last updated on 2017-05-26 12:48:51.

Flavor Version Tinstall Tcheck Ttotal Status Flags
r-devel-linux-x86_64-debian-clang 1.3-0 26.19 58.17 84.35 NOTE
r-devel-linux-x86_64-debian-gcc 1.3-0 28.36 61.22 89.58 NOTE
r-devel-linux-x86_64-fedora-clang 1.3-0 174.11 NOTE
r-devel-linux-x86_64-fedora-gcc 1.3-0 173.16 NOTE
r-devel-windows-ix86+x86_64 1.3-0 80.00 129.00 209.00 OK
r-patched-linux-x86_64 1.3-0 24.28 61.22 85.51 NOTE
r-patched-solaris-sparc 1.3-0 930.70 NOTE
r-patched-solaris-x86 1.3-0 206.10 NOTE --no-stop-on-test-error
r-release-linux-x86_64 1.3-0 23.07 59.00 82.07 NOTE
r-release-windows-ix86+x86_64 1.3-0 110.00 125.00 235.00 OK
r-release-osx-x86_64 1.3-0 ERROR
r-oldrel-windows-ix86+x86_64 1.3-0 95.00 123.00 218.00 OK
r-oldrel-osx-x86_64 1.3-0 OK

Check Details

Version: 1.3-0
Check: compiled code
Result: NOTE
    File ‘gRain/libs/gRain.so’:
     Found no calls to: ‘R_registerRoutines’, ‘R_useDynamicSymbols’
    
    It is good practice to register native routines and to disable symbol
    search.
    
    See ‘Writing portable packages’ in the ‘Writing R Extensions’ manual.
Flavors: r-devel-linux-x86_64-debian-clang, r-devel-linux-x86_64-debian-gcc, r-devel-linux-x86_64-fedora-clang, r-devel-linux-x86_64-fedora-gcc, r-patched-linux-x86_64, r-release-linux-x86_64

Version: 1.3-0
Check: package dependencies
Result: NOTE
    Package suggested but not available for checking: ‘microbenchmark’
Flavors: r-patched-solaris-sparc, r-patched-solaris-x86

Version: 1.3-0
Check: package dependencies
Result: ERROR
    Packages required but not available: ‘gRbase’ ‘graph’
    
    Package suggested but not available for checking: ‘Rgraphviz’
    
    See section ‘The DESCRIPTION file’ in the ‘Writing R Extensions’
    manual.
Flavor: r-release-osx-x86_64