CRAN Package Check Results for Package gRain

Last updated on 2017-07-25 01:51:38.

Flavor Version Tinstall Tcheck Ttotal Status Flags
r-devel-linux-x86_64-debian-clang 1.3-0 25.31 66.75 92.07 NOTE
r-devel-linux-x86_64-debian-gcc 1.3-0 28.48 65.61 94.09 NOTE
r-devel-linux-x86_64-fedora-clang 1.3-0 178.26 NOTE
r-devel-linux-x86_64-fedora-gcc 1.3-0 177.18 NOTE
r-devel-windows-ix86+x86_64 1.3-0 87.00 142.00 229.00 OK
r-patched-linux-x86_64 1.3-0 27.58 68.15 95.73 NOTE
r-patched-solaris-x86 1.3-0 228.40 NOTE
r-release-linux-x86_64 1.3-0 27.81 66.37 94.18 NOTE
r-release-windows-ix86+x86_64 1.3-0 84.00 192.00 276.00 OK
r-release-osx-x86_64 1.3-0 ERROR
r-oldrel-windows-ix86+x86_64 1.3-0 80.00 127.00 207.00 OK
r-oldrel-osx-x86_64 1.3-0 OK

Check Details

Version: 1.3-0
Check: compiled code
Result: NOTE
    File ‘gRain/libs/gRain.so’:
     Found no calls to: ‘R_registerRoutines’, ‘R_useDynamicSymbols’
    
    It is good practice to register native routines and to disable symbol
    search.
    
    See ‘Writing portable packages’ in the ‘Writing R Extensions’ manual.
Flavors: r-devel-linux-x86_64-debian-clang, r-devel-linux-x86_64-debian-gcc, r-devel-linux-x86_64-fedora-clang, r-devel-linux-x86_64-fedora-gcc, r-patched-linux-x86_64, r-release-linux-x86_64

Version: 1.3-0
Check: package dependencies
Result: NOTE
    Package suggested but not available for checking: ‘microbenchmark’
Flavor: r-patched-solaris-x86

Version: 1.3-0
Check: package dependencies
Result: ERROR
    Packages required but not available: ‘gRbase’ ‘graph’
    
    Package suggested but not available for checking: ‘Rgraphviz’
    
    See section ‘The DESCRIPTION file’ in the ‘Writing R Extensions’
    manual.
Flavor: r-release-osx-x86_64