CRAN Package Check Results for Package gRain

Last updated on 2017-03-23 15:48:29.

Flavor Version Tinstall Tcheck Ttotal Status Flags
r-devel-linux-x86_64-debian-clang 1.3-0 24.96 59.33 84.30 NOTE
r-devel-linux-x86_64-debian-gcc 1.3-0 25.14 58.62 83.76 NOTE
r-devel-linux-x86_64-fedora-clang 1.3-0 186.70 NOTE --no-stop-on-test-error
r-devel-linux-x86_64-fedora-gcc 1.3-0 181.61 NOTE --no-stop-on-test-error
r-devel-macos-x86_64-clang 1.3-0 122.91 NOTE --no-stop-on-test-error
r-devel-windows-ix86+x86_64 1.3-0 77.00 134.00 211.00 OK
r-patched-linux-x86_64 1.3-0 20.35 54.18 74.53 OK
r-patched-solaris-sparc 1.3-0 930.70 NOTE
r-patched-solaris-x86 1.3-0 213.10 NOTE
r-release-linux-x86_64 1.3-0 20.33 53.51 73.83 OK
r-release-osx-x86_64-mavericks 1.3-0 OK
r-release-windows-ix86+x86_64 1.3-0 94.00 162.00 256.00 OK
r-oldrel-windows-ix86+x86_64 1.3-0 95.00 184.00 279.00 OK

Check Details

Version: 1.3-0
Check: compiled code
Result: NOTE
    File ‘gRain/libs/gRain.so’:
     Found no calls to: ‘R_registerRoutines’, ‘R_useDynamicSymbols’
    
    It is good practice to register native routines and to disable symbol
    search.
    
    See ‘Writing portable packages’ in the ‘Writing R Extensions’ manual.
Flavors: r-devel-linux-x86_64-debian-clang, r-devel-linux-x86_64-debian-gcc

Version: 1.3-0
Flags: --no-stop-on-test-error
Check: compiled code
Result: NOTE
    File ‘gRain/libs/gRain.so’:
     Found no calls to: ‘R_registerRoutines’, ‘R_useDynamicSymbols’
    
    It is good practice to register native routines and to disable symbol
    search.
    
    See ‘Writing portable packages’ in the ‘Writing R Extensions’ manual.
Flavors: r-devel-linux-x86_64-fedora-clang, r-devel-linux-x86_64-fedora-gcc, r-devel-macos-x86_64-clang

Version: 1.3-0
Check: package dependencies
Result: NOTE
    Package suggested but not available for checking: ‘microbenchmark’
Flavors: r-patched-solaris-sparc, r-patched-solaris-x86