CRAN Package Check Results for Package gRain

Last updated on 2016-02-09 18:49:12.

Flavor Version Tinstall Tcheck Ttotal Status Flags
r-devel-linux-x86_64-debian-gcc 1.2-5 19.29 50.88 70.17 OK
r-devel-linux-x86_64-fedora-clang 1.2-5 149.42 OK
r-devel-linux-x86_64-fedora-gcc 1.2-5 140.17 OK
r-devel-osx-x86_64-clang 1.2-5 133.46 OK
r-devel-windows-ix86+x86_64 1.2-5 91.00 111.00 202.00 OK
r-patched-linux-x86_64 1.2-5 19.61 57.97 77.58 OK
r-patched-solaris-sparc 1.2-5 883.60 NOTE
r-patched-solaris-x86 1.2-5 192.30 NOTE
r-release-linux-x86_64 1.2-5 18.99 58.00 76.99 OK
r-release-osx-x86_64-mavericks 1.2-5 OK
r-release-windows-ix86+x86_64 1.2-5 93.00 174.00 267.00 OK
r-oldrel-windows-ix86+x86_64 1.2-5 94.00 218.00 312.00 OK

Memtest notes: gcc6-UBSAN gcc-UBSAN

Check Details

Version: 1.2-5
Check: package dependencies
Result: NOTE
    Package suggested but not available for checking: ‘microbenchmark’
Flavors: r-patched-solaris-sparc, r-patched-solaris-x86