CRAN Package Check Results for Package gRain

Last updated on 2017-02-19 18:47:38.

Flavor Version Tinstall Tcheck Ttotal Status Flags
r-devel-linux-x86_64-debian-clang 1.3-0 23.14 58.46 81.60 NOTE
r-devel-linux-x86_64-debian-gcc 1.3-0 25.05 57.51 82.57 NOTE
r-devel-linux-x86_64-fedora-clang 1.3-0 174.43 NOTE --no-stop-on-test-error
r-devel-linux-x86_64-fedora-gcc 1.3-0 173.69 NOTE --no-stop-on-test-error
r-devel-macos-x86_64-clang 1.3-0 124.67 NOTE --no-stop-on-test-error
r-devel-windows-ix86+x86_64 1.3-0 110.00 176.00 286.00 OK
r-patched-linux-x86_64 1.3-0 20.45 54.36 74.81 OK
r-patched-solaris-sparc 1.3-0 868.00 NOTE
r-patched-solaris-x86 1.3-0 188.60 NOTE
r-release-linux-x86_64 1.3-0 20.26 53.19 73.45 OK
r-release-osx-x86_64-mavericks 1.3-0 OK
r-release-windows-ix86+x86_64 1.3-0 71.00 118.00 189.00 OK
r-oldrel-windows-ix86+x86_64 1.3-0 97.00 178.00 275.00 OK

Check Details

Version: 1.3-0
Check: compiled code
Result: NOTE
    File ‘gRain/libs/gRain.so’:
     Found no calls to: ‘R_registerRoutines’, ‘R_useDynamicSymbols’
    
    It is good practice to register native routines and to disable symbol
    search.
    
    See ‘Writing portable packages’ in the ‘Writing R Extensions’ manual.
Flavors: r-devel-linux-x86_64-debian-clang, r-devel-linux-x86_64-debian-gcc

Version: 1.3-0
Flags: --no-stop-on-test-error
Check: compiled code
Result: NOTE
    File ‘gRain/libs/gRain.so’:
     Found no calls to: ‘R_registerRoutines’, ‘R_useDynamicSymbols’
    
    It is good practice to register native routines and to disable symbol
    search.
    
    See ‘Writing portable packages’ in the ‘Writing R Extensions’ manual.
Flavors: r-devel-linux-x86_64-fedora-clang, r-devel-linux-x86_64-fedora-gcc, r-devel-macos-x86_64-clang

Version: 1.3-0
Check: package dependencies
Result: NOTE
    Package suggested but not available for checking: ‘microbenchmark’
Flavors: r-patched-solaris-sparc, r-patched-solaris-x86