CRAN Package Check Results for Package gRain

Last updated on 2015-04-26 12:46:30.

Flavor Version Tinstall Tcheck Ttotal Status Flags
r-devel-linux-x86_64-debian-clang 1.2-3 4.72 59.14 63.86 NOTE
r-devel-linux-x86_64-debian-gcc 1.2-3 4.50 57.75 62.25 NOTE
r-devel-linux-x86_64-fedora-clang 1.2-3 128.89 NOTE
r-devel-linux-x86_64-fedora-gcc 1.2-3 124.31 NOTE
r-devel-osx-x86_64-clang 1.2-3 111.72 NOTE
r-devel-windows-ix86+x86_64 1.2-3 10.00 84.00 94.00 NOTE
r-patched-linux-x86_64 1.2-3 4.52 56.96 61.48 NOTE
r-patched-solaris-sparc 1.2-3 738.20 NOTE
r-patched-solaris-x86 1.2-3 172.10 NOTE
r-release-linux-x86_64 1.2-3 4.90 55.82 60.71 NOTE
r-release-osx-x86_64-mavericks 1.2-3 NOTE
r-release-osx-x86_64-snowleopard 1.2-3 ERROR
r-release-windows-ix86+x86_64 1.2-3 11.00 78.00 89.00 NOTE
r-oldrel-windows-ix86+x86_64 1.2-3 14.00 85.00 99.00 NOTE

Check Details

Version: 1.2-3
Check: dependencies in R code
Result: NOTE
    'library' or 'require' call to ‘Rgraphviz’ in package code.
     Please use :: or requireNamespace() instead.
     See section 'Suggested packages' in the 'Writing R Extensions' manual.
Flavors: r-devel-linux-x86_64-fedora-clang, r-devel-linux-x86_64-fedora-gcc, r-devel-osx-x86_64-clang, r-devel-windows-ix86+x86_64, r-patched-solaris-sparc, r-patched-solaris-x86, r-release-osx-x86_64-mavericks, r-release-windows-ix86+x86_64, r-oldrel-windows-ix86+x86_64

Version: 1.2-3
Check: S3 generic/method consistency
Result: NOTE
    Found the following apparent S3 methods exported but not registered:
     compile.CPTgrain compile.POTgrain compile.grain grain.CPTspec
     grain.POTspec grain.graphNEL iplot.grain nodeNames.grain
     nodeStates.grain plot.grain predict.grain print.CPTspec print.POTspec
     print.cptable print.grain print.grainFinding printlist.default
     printlist.list propagate.grain querygrain.grain simulate.grain
     splitVec.default splitVec.list summary.CPTspec summary.grain
     update.CPTgrain valueLabels.cptable valueLabels.table
     varNames.cptable varNames.table
    See section ‘Registering S3 methods’ in the ‘Writing R Extensions’
    manual.
Flavors: r-devel-linux-x86_64-fedora-clang, r-devel-linux-x86_64-fedora-gcc, r-devel-osx-x86_64-clang, r-patched-solaris-x86

Version: 1.2-3
Check: R code for possible problems
Result: NOTE
    .createJTreeGraph: no visible global function definition for
     ‘ftM2graphNEL’
Flavors: r-devel-linux-x86_64-fedora-clang, r-devel-linux-x86_64-fedora-gcc, r-devel-osx-x86_64-clang, r-devel-windows-ix86+x86_64, r-patched-solaris-sparc, r-patched-solaris-x86, r-release-osx-x86_64-mavericks, r-release-windows-ix86+x86_64, r-oldrel-windows-ix86+x86_64