CRAN Package Check Results for Package gRain

Last updated on 2017-04-24 20:47:17.

Flavor Version Tinstall Tcheck Ttotal Status Flags
r-devel-linux-x86_64-debian-clang 1.3-0 24.46 59.50 83.96 NOTE
r-devel-linux-x86_64-debian-gcc 1.3-0 25.13 58.61 83.74 NOTE
r-devel-linux-x86_64-fedora-clang 1.3-0 177.59 NOTE --no-stop-on-test-error
r-devel-linux-x86_64-fedora-gcc 1.3-0 171.03 NOTE --no-stop-on-test-error
r-devel-windows-ix86+x86_64 1.3-0 OK
r-patched-linux-x86_64 1.3-0 21.08 58.05 79.13 NOTE
r-patched-solaris-sparc 1.3-0 930.70 NOTE
r-patched-solaris-x86 1.3-0 207.50 NOTE
r-release-linux-x86_64 1.3-0 20.38 58.36 78.73 NOTE
r-release-windows-ix86+x86_64 1.3-0 70.00 145.00 215.00 OK
r-release-osx-x86_64 1.3-0 ERROR
r-oldrel-windows-ix86+x86_64 1.3-0 74.00 125.00 199.00 OK
r-oldrel-osx-x86_64 1.3-0 OK

Check Details

Version: 1.3-0
Check: compiled code
Result: NOTE
    File ‘gRain/libs/gRain.so’:
     Found no calls to: ‘R_registerRoutines’, ‘R_useDynamicSymbols’
    
    It is good practice to register native routines and to disable symbol
    search.
    
    See ‘Writing portable packages’ in the ‘Writing R Extensions’ manual.
Flavors: r-devel-linux-x86_64-debian-clang, r-devel-linux-x86_64-debian-gcc, r-patched-linux-x86_64, r-release-linux-x86_64

Version: 1.3-0
Flags: --no-stop-on-test-error
Check: compiled code
Result: NOTE
    File ‘gRain/libs/gRain.so’:
     Found no calls to: ‘R_registerRoutines’, ‘R_useDynamicSymbols’
    
    It is good practice to register native routines and to disable symbol
    search.
    
    See ‘Writing portable packages’ in the ‘Writing R Extensions’ manual.
Flavors: r-devel-linux-x86_64-fedora-clang, r-devel-linux-x86_64-fedora-gcc

Version: 1.3-0
Check: package dependencies
Result: NOTE
    Package suggested but not available for checking: ‘microbenchmark’
Flavors: r-patched-solaris-sparc, r-patched-solaris-x86

Version: 1.3-0
Check: package dependencies
Result: ERROR
    Packages required but not available: ‘gRbase’ ‘graph’
    
    Package suggested but not available for checking: ‘Rgraphviz’
    
    See section ‘The DESCRIPTION file’ in the ‘Writing R Extensions’
    manual.
Flavor: r-release-osx-x86_64