CRAN Package Check Results for Package gRapHD

Last updated on 2018-02-21 01:47:35 CET.

Flavor Version Tinstall Tcheck Ttotal Status Flags
r-release-osx-x86_64 0.2.6 ERROR
r-oldrel-osx-x86_64 0.2.5 OK

Additional issues

clang-ASAN clang-UBSAN gcc-UBSAN valgrind

Check Details

Version: 0.2.6
Check: examples
Result: ERROR
    Running examples in ‘gRapHD-Ex.R’ failed
    The error most likely occurred in:
    
    > ### Name: modelFormula
    > ### Title: Model's formula
    > ### Aliases: modelFormula
    > ### Keywords: graphs
    >
    > ### ** Examples
    >
    > data(dsMixed)
    > m <- minForest(dsMixed,homog=TRUE,stat="LR")
    > modelFormula(m)
    
     *** caught segfault ***
    address 0x0, cause 'memory not mapped'
    
    Traceback:
     1: perfSets(edges = edgesV, p = n, varType = varType, from = 0)
     2: psSub(edges, p, discr, varType[discr])
     3: modelFormula(m)
    An irrecoverable exception occurred. R is aborting now ...
Flavor: r-release-osx-x86_64