CRAN Package Check Results for Package gRapHD

Last updated on 2015-04-18 03:50:16.

Flavor Version Tinstall Tcheck Ttotal Status Flags
r-devel-linux-x86_64-debian-clang 0.2.4 2.88 28.84 31.72 NOTE
r-devel-linux-x86_64-debian-gcc 0.2.4 3.44 30.18 33.62 NOTE
r-devel-linux-x86_64-fedora-clang 0.2.4 61.45 NOTE
r-devel-linux-x86_64-fedora-gcc 0.2.4 60.41 NOTE
r-devel-osx-x86_64-clang 0.2.4 60.72 NOTE
r-prerel-windows-ix86+x86_64 0.2.4 26.00 56.00 82.00 NOTE
r-prerel-linux-x86_64 0.2.4 3.37 28.79 32.16 NOTE
r-prerel-solaris-sparc 0.2.4 396.70 NOTE
r-prerel-solaris-x86 0.2.4 79.90 NOTE
r-release-linux-x86_64 0.2.4 3.64 31.74 35.38 NOTE
r-release-osx-x86_64-mavericks 0.2.4 NOTE
r-release-osx-x86_64-snowleopard 0.2.4 OK
r-release-windows-ix86+x86_64 0.2.4 25.00 66.00 91.00 NOTE
r-oldrel-windows-ix86+x86_64 0.2.4 16.00 64.00 80.00 OK

Memtest notes: UBSAN-gcc UBSAN valgrind

Check Details

Version: 0.2.4
Check: package namespace information
Result: NOTE
     Namespace with empty importFrom: ‘methods’
Flavors: r-devel-linux-x86_64-debian-clang, r-devel-linux-x86_64-debian-gcc, r-devel-linux-x86_64-fedora-clang, r-devel-linux-x86_64-fedora-gcc, r-devel-osx-x86_64-clang, r-prerel-windows-ix86+x86_64, r-prerel-linux-x86_64, r-prerel-solaris-sparc, r-prerel-solaris-x86, r-release-linux-x86_64, r-release-osx-x86_64-mavericks, r-release-windows-ix86+x86_64

Version: 0.2.4
Check: S3 generic/method consistency
Result: NOTE
    Found the following apparent S3 methods exported but not registered:
     plot.gRapHD print.gRapHD summary.gRapHD
    See section ‘Registering S3 methods’ in the ‘Writing R Extensions’
    manual.
Flavors: r-devel-linux-x86_64-debian-clang, r-devel-linux-x86_64-debian-gcc, r-devel-linux-x86_64-fedora-clang, r-devel-linux-x86_64-fedora-gcc, r-devel-osx-x86_64-clang, r-prerel-linux-x86_64