CRAN Package Check Results for Package gRapHD

Last updated on 2014-11-21 17:48:04.

Flavor Version Tinstall Tcheck Ttotal Status Flags
r-devel-linux-x86_64-debian-clang 0.2.4 3.00 31.64 34.64 NOTE
r-devel-linux-x86_64-debian-gcc 0.2.4 3.50 32.67 36.17 NOTE
r-devel-linux-x86_64-fedora-clang 0.2.4 70.36 NOTE
r-devel-linux-x86_64-fedora-gcc 0.2.4 68.64 NOTE
r-devel-osx-x86_64-clang 0.2.4 64.92 NOTE
r-devel-windows-ix86+x86_64 0.2.4 19.00 55.00 74.00 NOTE
r-patched-linux-x86_64 0.2.4 3.68 32.40 36.08 NOTE
r-patched-solaris-sparc 0.2.4 402.70 NOTE
r-patched-solaris-x86 0.2.4 92.90 NOTE
r-release-linux-ix86 0.2.4 4.66 38.89 43.54 NOTE
r-release-linux-x86_64 0.2.4 3.76 32.36 36.12 NOTE
r-release-osx-x86_64-mavericks 0.2.4 OK
r-release-osx-x86_64-snowleopard 0.2.4 OK
r-release-windows-ix86+x86_64 0.2.4 18.00 89.00 107.00 NOTE
r-oldrel-windows-ix86+x86_64 0.2.4 16.00 64.00 80.00 OK

Memtest notes: UBSAN-gcc UBSAN valgrind

Check Details

Version: 0.2.4
Check: package namespace information
Result: NOTE
     Namespace with empty importFrom: ‘methods’
Flavors: r-devel-linux-x86_64-debian-clang, r-devel-linux-x86_64-debian-gcc, r-devel-linux-x86_64-fedora-clang, r-devel-linux-x86_64-fedora-gcc, r-devel-osx-x86_64-clang, r-devel-windows-ix86+x86_64, r-patched-linux-x86_64, r-patched-solaris-sparc, r-patched-solaris-x86, r-release-linux-ix86, r-release-linux-x86_64, r-release-windows-ix86+x86_64