CRAN Package Check Results for Package gRapHD

Last updated on 2014-12-22 19:48:22.

Flavor Version Tinstall Tcheck Ttotal Status Flags
r-devel-linux-x86_64-debian-clang 0.2.4 2.94 30.82 33.76 NOTE
r-devel-linux-x86_64-debian-gcc 0.2.4 3.55 30.73 34.28 NOTE
r-devel-linux-x86_64-fedora-clang 0.2.4 70.06 NOTE
r-devel-linux-x86_64-fedora-gcc 0.2.4 68.58 NOTE
r-devel-osx-x86_64-clang 0.2.4 63.14 NOTE
r-devel-windows-ix86+x86_64 0.2.4 23.00 79.00 102.00 NOTE
r-patched-linux-x86_64 0.2.4 3.56 31.44 35.00 NOTE
r-patched-solaris-sparc 0.2.4 425.70 NOTE
r-patched-solaris-x86 0.2.4 93.10 NOTE
r-release-linux-ix86 0.2.4 4.63 39.05 43.68 NOTE
r-release-linux-x86_64 0.2.4 3.56 31.14 34.70 NOTE
r-release-osx-x86_64-mavericks 0.2.4 OK
r-release-osx-x86_64-snowleopard 0.2.4 OK
r-release-windows-ix86+x86_64 0.2.4 18.00 89.00 107.00 NOTE
r-oldrel-windows-ix86+x86_64 0.2.4 16.00 64.00 80.00 OK

Memtest notes: UBSAN-clang-trunk UBSAN-gcc UBSAN valgrind

Check Details

Version: 0.2.4
Check: package namespace information
Result: NOTE
     Namespace with empty importFrom: ‘methods’
Flavors: r-devel-linux-x86_64-debian-clang, r-devel-linux-x86_64-debian-gcc, r-devel-linux-x86_64-fedora-clang, r-devel-linux-x86_64-fedora-gcc, r-devel-osx-x86_64-clang, r-devel-windows-ix86+x86_64, r-patched-linux-x86_64, r-patched-solaris-sparc, r-patched-solaris-x86, r-release-linux-ix86, r-release-linux-x86_64, r-release-windows-ix86+x86_64