CRAN Package Check Results for Package gRapHD

Last updated on 2014-10-21 19:47:39.

Flavor Version Tinstall Tcheck Ttotal Status Flags
r-devel-linux-x86_64-debian-clang 0.2.4 3.02 30.84 33.86 NOTE
r-devel-linux-x86_64-debian-gcc 0.2.4 3.48 31.30 34.78 NOTE
r-devel-linux-x86_64-fedora-clang 0.2.4 70.62 NOTE
r-devel-linux-x86_64-fedora-gcc 0.2.4 67.00 NOTE
r-devel-osx-x86_64-clang 0.2.4 76.35 NOTE
r-devel-windows-ix86+x86_64 0.2.4 19.00 53.00 72.00 NOTE
r-patched-linux-x86_64 0.2.4 3.64 31.43 35.07 NOTE
r-patched-solaris-sparc 0.2.4 402.70 NOTE
r-patched-solaris-x86 0.2.4 93.50 NOTE
r-release-linux-ix86 0.2.4 4.88 40.50 45.38 OK
r-release-linux-x86_64 0.2.4 3.54 31.81 35.35 OK
r-release-osx-x86_64-mavericks 0.2.4 OK
r-release-osx-x86_64-snowleopard 0.2.4 OK
r-release-windows-ix86+x86_64 0.2.4 23.00 86.00 109.00 OK
r-oldrel-windows-ix86+x86_64 0.2.4 16.00 64.00 80.00 OK

Memtest notes: UBSAN-gcc UBSAN valgrind

Check Details

Version: 0.2.4
Check: package namespace information
Result: NOTE
     Namespace with empty importFrom: ‘methods’
Flavors: r-devel-linux-x86_64-debian-clang, r-devel-linux-x86_64-debian-gcc, r-devel-linux-x86_64-fedora-clang, r-devel-linux-x86_64-fedora-gcc, r-devel-osx-x86_64-clang, r-devel-windows-ix86+x86_64, r-patched-linux-x86_64, r-patched-solaris-sparc, r-patched-solaris-x86