CRAN Package Check Results for Package gRapHD

Last updated on 2014-09-03 05:47:43.

Flavor Version Tinstall Tcheck Ttotal Status Flags
r-devel-linux-x86_64-debian-clang 0.2.4 2.94 30.72 33.65 NOTE
r-devel-linux-x86_64-debian-gcc 0.2.4 3.50 29.52 33.02 NOTE
r-devel-linux-x86_64-fedora-clang 0.2.4 68.76 NOTE
r-devel-linux-x86_64-fedora-gcc 0.2.4 67.02 NOTE
r-devel-osx-x86_64-clang 0.2.4 59.61 NOTE
r-devel-windows-ix86+x86_64 0.2.4 19.00 58.00 77.00 NOTE
r-patched-linux-x86_64 0.2.4 3.54 32.47 36.02 OK
r-patched-solaris-sparc 0.2.4 431.90 OK
r-patched-solaris-x86 0.2.4 91.80 OK
r-release-linux-ix86 0.2.4 4.76 40.25 45.02 OK
r-release-linux-x86_64 0.2.4 3.52 31.09 34.60 OK
r-release-osx-x86_64-mavericks 0.2.4 OK
r-release-osx-x86_64-snowleopard 0.2.4 OK
r-release-windows-ix86+x86_64 0.2.4 23.00 86.00 109.00 OK
r-oldrel-windows-ix86+x86_64 0.2.4 16.00 64.00 80.00 OK

Memtest notes: UBSAN valgrind

Check Details

Version: 0.2.4
Check: package namespace information
Result: NOTE
     Namespace with empty importFrom: ‘methods’
Flavors: r-devel-linux-x86_64-debian-clang, r-devel-linux-x86_64-debian-gcc, r-devel-linux-x86_64-fedora-clang, r-devel-linux-x86_64-fedora-gcc, r-devel-osx-x86_64-clang, r-devel-windows-ix86+x86_64