CRAN Package Check Results for Package gRapHD

Last updated on 2015-05-24 10:46:58.

Flavor Version Tinstall Tcheck Ttotal Status Flags
r-devel-linux-x86_64-debian-clang 0.2.4 2.93 29.42 32.35 NOTE
r-devel-linux-x86_64-debian-gcc 0.2.4 3.53 28.42 31.94 NOTE
r-devel-linux-x86_64-fedora-clang 0.2.4 62.44 NOTE
r-devel-linux-x86_64-fedora-gcc 0.2.4 60.19 NOTE
r-devel-osx-x86_64-clang 0.2.4 57.21 NOTE
r-devel-windows-ix86+x86_64 0.2.4 20.00 57.00 77.00 NOTE
r-patched-linux-x86_64 0.2.4 3.44 28.30 31.74 NOTE
r-patched-solaris-sparc 0.2.4 391.60 NOTE
r-patched-solaris-x86 0.2.4 82.10 NOTE
r-release-linux-x86_64 0.2.4 3.42 28.92 32.34 NOTE
r-release-osx-x86_64-mavericks 0.2.4 NOTE
r-release-osx-x86_64-snowleopard 0.2.4 ERROR
r-release-windows-ix86+x86_64 0.2.4 16.00 69.00 85.00 NOTE
r-oldrel-windows-ix86+x86_64 0.2.4 25.00 66.00 91.00 NOTE

Memtest notes: UBSAN-gcc UBSAN valgrind

Check Details

Version: 0.2.4
Check: package namespace information
Result: NOTE
     Namespace with empty importFrom: ‘methods’
Flavors: r-devel-linux-x86_64-debian-clang, r-devel-linux-x86_64-debian-gcc, r-devel-linux-x86_64-fedora-clang, r-devel-linux-x86_64-fedora-gcc, r-devel-osx-x86_64-clang, r-devel-windows-ix86+x86_64, r-patched-linux-x86_64, r-patched-solaris-sparc, r-patched-solaris-x86, r-release-linux-x86_64, r-release-osx-x86_64-mavericks, r-release-osx-x86_64-snowleopard, r-release-windows-ix86+x86_64, r-oldrel-windows-ix86+x86_64

Version: 0.2.4
Check: S3 generic/method consistency
Result: NOTE
    Found the following apparent S3 methods exported but not registered:
     plot.gRapHD print.gRapHD summary.gRapHD
    See section ‘Registering S3 methods’ in the ‘Writing R Extensions’
    manual.
Flavors: r-devel-linux-x86_64-debian-clang, r-devel-linux-x86_64-debian-gcc, r-devel-linux-x86_64-fedora-clang, r-devel-linux-x86_64-fedora-gcc, r-devel-osx-x86_64-clang, r-patched-linux-x86_64, r-patched-solaris-sparc, r-patched-solaris-x86, r-release-linux-x86_64

Version: 0.2.4
Check: package dependencies
Result: ERROR
    Package required but not available: ‘graph’
    
    See section ‘The DESCRIPTION file’ in the ‘Writing R Extensions’
    manual.
Flavor: r-release-osx-x86_64-snowleopard