CRAN Package Check Results for Package gRapHD

Last updated on 2014-04-23 12:48:19.

Flavor Version Tinstall Tcheck Ttotal Status Flags
r-devel-linux-x86_64-debian-clang 0.2.4 3.21 32.64 35.86 OK
r-devel-linux-x86_64-debian-gcc 0.2.4 3.66 32.08 35.74 OK
r-devel-linux-x86_64-fedora-clang 0.2.4 71.09 OK
r-devel-linux-x86_64-fedora-gcc 0.2.4 68.23 OK
r-devel-osx-x86_64-clang 0.2.4 56.69 OK
r-devel-osx-x86_64-gcc 0.2.4 ERROR
r-devel-windows-ix86+x86_64 0.2.4 18.00 57.00 75.00 OK
r-patched-linux-x86_64 0.2.4 3.65 31.53 35.18 OK
r-patched-solaris-sparc 0.2.4 391.90 OK
r-patched-solaris-x86 0.2.4 90.90 OK
r-release-linux-ix86 0.2.4 6.00 53.00 59.00 OK
r-release-linux-x86_64 0.2.4 3.57 31.96 35.53 OK
r-release-osx-x86_64-mavericks 0.2.4 ERROR
r-release-osx-x86_64-snowleopard 0.2.4 ERROR
r-release-windows-ix86+x86_64 0.2.4 34.00 81.00 115.00 OK
r-oldrel-windows-ix86+x86_64 0.2.4 16.00 64.00 80.00 OK

Memtest notes: UBSAN valgrind

Check Details

Version: 0.2.4
Check: package dependencies
Result: ERROR
    Package required but not available: ‘graph’
    
    See the information on DESCRIPTION files in the chapter ‘Creating R
    packages’ of the ‘Writing R Extensions’ manual.
Flavors: r-devel-osx-x86_64-gcc, r-release-osx-x86_64-mavericks, r-release-osx-x86_64-snowleopard