CRAN Package Check Results for Package gRapHD

Last updated on 2015-01-30 03:49:03.

Flavor Version Tinstall Tcheck Ttotal Status Flags
r-devel-linux-x86_64-debian-clang 0.2.4 2.93 30.01 32.94 NOTE
r-devel-linux-x86_64-debian-gcc 0.2.4 3.48 29.55 33.03 NOTE
r-devel-linux-x86_64-fedora-clang 0.2.4 68.08 NOTE
r-devel-linux-x86_64-fedora-gcc 0.2.4 67.01 NOTE
r-devel-osx-x86_64-clang 0.2.4 67.49 NOTE
r-devel-windows-ix86+x86_64 0.2.4 20.00 57.00 77.00 NOTE
r-patched-linux-x86_64 0.2.4 3.63 31.75 35.38 NOTE
r-patched-solaris-sparc 0.2.4 426.20 NOTE
r-patched-solaris-x86 0.2.4 94.40 NOTE
r-release-linux-ix86 0.2.4 4.62 39.44 44.06 NOTE
r-release-linux-x86_64 0.2.4 3.62 31.67 35.29 NOTE
r-release-osx-x86_64-mavericks 0.2.4 NOTE
r-release-osx-x86_64-snowleopard 0.2.4 OK
r-release-windows-ix86+x86_64 0.2.4 18.00 89.00 107.00 NOTE
r-oldrel-windows-ix86+x86_64 0.2.4 16.00 64.00 80.00 OK

Memtest notes: UBSAN-clang-trunk UBSAN-gcc UBSAN valgrind

Check Details

Version: 0.2.4
Check: package namespace information
Result: NOTE
     Namespace with empty importFrom: ‘methods’
Flavors: r-devel-linux-x86_64-debian-clang, r-devel-linux-x86_64-debian-gcc, r-devel-linux-x86_64-fedora-clang, r-devel-linux-x86_64-fedora-gcc, r-devel-osx-x86_64-clang, r-devel-windows-ix86+x86_64, r-patched-linux-x86_64, r-patched-solaris-sparc, r-patched-solaris-x86, r-release-linux-ix86, r-release-linux-x86_64, r-release-osx-x86_64-mavericks, r-release-windows-ix86+x86_64

Version: 0.2.4
Check: S3 generic/method consistency
Result: NOTE
    Found the following apparent S3 methods exported but not registered:
     print.gRapHD summary.gRapHD plot.gRapHD
    See section ‘Registering S3 methods’ in the ‘Writing R Extensions’
    manual.
Flavors: r-devel-linux-x86_64-debian-clang, r-devel-linux-x86_64-debian-gcc, r-devel-linux-x86_64-fedora-clang, r-devel-linux-x86_64-fedora-gcc, r-devel-osx-x86_64-clang