CRAN Package Check Results for Package gRapHD

Last updated on 2015-03-27 21:47:49.

Flavor Version Tinstall Tcheck Ttotal Status Flags
r-devel-linux-x86_64-debian-clang 0.2.4 3.02 29.44 32.47 NOTE
r-devel-linux-x86_64-debian-gcc 0.2.4 3.46 29.76 33.22 NOTE
r-devel-linux-x86_64-fedora-clang 0.2.4 61.86 NOTE
r-devel-linux-x86_64-fedora-gcc 0.2.4 59.60 NOTE
r-devel-osx-x86_64-clang 0.2.4 63.70 NOTE
r-prerel-windows-ix86+x86_64 0.2.4 20.00 56.00 76.00 NOTE
r-prerel-linux-x86_64 0.2.4 3.35 28.50 31.85 NOTE
r-prerel-solaris-sparc 0.2.4 396.70 NOTE
r-prerel-solaris-x86 0.2.4 79.40 NOTE
r-release-linux-x86_64 0.2.4 3.54 32.08 35.62 NOTE
r-release-osx-x86_64-mavericks 0.2.4 NOTE
r-release-osx-x86_64-snowleopard 0.2.4 OK
r-release-windows-ix86+x86_64 0.2.4 25.00 66.00 91.00 NOTE
r-oldrel-windows-ix86+x86_64 0.2.4 16.00 64.00 80.00 OK

Memtest notes: UBSAN valgrind

Check Details

Version: 0.2.4
Check: package namespace information
Result: NOTE
     Namespace with empty importFrom: ‘methods’
Flavors: r-devel-linux-x86_64-debian-clang, r-devel-linux-x86_64-debian-gcc, r-devel-linux-x86_64-fedora-clang, r-devel-linux-x86_64-fedora-gcc, r-devel-osx-x86_64-clang, r-prerel-windows-ix86+x86_64, r-prerel-linux-x86_64, r-prerel-solaris-sparc, r-prerel-solaris-x86, r-release-linux-x86_64, r-release-osx-x86_64-mavericks, r-release-windows-ix86+x86_64

Version: 0.2.4
Check: S3 generic/method consistency
Result: NOTE
    Found the following apparent S3 methods exported but not registered:
     plot.gRapHD print.gRapHD summary.gRapHD
    See section ‘Registering S3 methods’ in the ‘Writing R Extensions’
    manual.
Flavors: r-devel-linux-x86_64-debian-clang, r-devel-linux-x86_64-debian-gcc, r-devel-linux-x86_64-fedora-clang, r-devel-linux-x86_64-fedora-gcc, r-devel-osx-x86_64-clang, r-prerel-linux-x86_64