CRAN Package Check Results for Package gRapHD

Last updated on 2015-08-31 04:48:44.

Flavor Version Tinstall Tcheck Ttotal Status Flags
r-devel-linux-x86_64-debian-clang 0.2.4 2.94 28.74 31.68 NOTE
r-devel-linux-x86_64-debian-gcc 0.2.4 3.62 27.81 31.43 NOTE
r-devel-linux-x86_64-fedora-clang 0.2.4 60.56 NOTE
r-devel-linux-x86_64-fedora-gcc 0.2.4 58.46 NOTE
r-devel-osx-x86_64-clang 0.2.4 53.94 NOTE
r-devel-windows-ix86+x86_64 0.2.4 30.00 76.00 106.00 NOTE
r-patched-linux-x86_64 0.2.4 3.42 28.61 32.03 NOTE
r-patched-solaris-sparc 0.2.4 395.40 NOTE
r-patched-solaris-x86 0.2.4 84.50 NOTE
r-release-linux-x86_64 0.2.4 3.38 29.39 32.77 NOTE
r-release-osx-x86_64-mavericks 0.2.4 NOTE
r-release-windows-ix86+x86_64 0.2.4 20.00 69.00 89.00 NOTE
r-oldrel-windows-ix86+x86_64 0.2.4 25.00 66.00 91.00 NOTE

Memtest notes: clang-UBSAN gcc-UBSAN valgrind

Check Details

Version: 0.2.4
Check: package namespace information
Result: NOTE
     Namespace with empty importFrom: ‘methods’
Flavors: r-devel-linux-x86_64-debian-clang, r-devel-linux-x86_64-debian-gcc, r-devel-linux-x86_64-fedora-clang, r-devel-linux-x86_64-fedora-gcc, r-devel-osx-x86_64-clang, r-devel-windows-ix86+x86_64, r-patched-linux-x86_64, r-patched-solaris-sparc, r-patched-solaris-x86, r-release-linux-x86_64, r-release-osx-x86_64-mavericks, r-release-windows-ix86+x86_64, r-oldrel-windows-ix86+x86_64

Version: 0.2.4
Check: S3 generic/method consistency
Result: NOTE
    Found the following apparent S3 methods exported but not registered:
     plot.gRapHD print.gRapHD summary.gRapHD
    See section ‘Registering S3 methods’ in the ‘Writing R Extensions’
    manual.
Flavors: r-devel-linux-x86_64-debian-clang, r-devel-linux-x86_64-debian-gcc, r-devel-linux-x86_64-fedora-clang, r-devel-linux-x86_64-fedora-gcc, r-devel-osx-x86_64-clang, r-patched-linux-x86_64, r-patched-solaris-sparc, r-patched-solaris-x86, r-release-linux-x86_64

Version: 0.2.4
Check: R code for possible problems
Result: NOTE
    CI.test: no visible global function definition for ‘cov’
    CI.test: no visible global function definition for ‘var’
    SubGraph: no visible global function definition for ‘new’
    chStat: no visible global function definition for ‘cov’
    chStat: no visible global function definition for ‘var’
    fit: no visible global function definition for ‘var’
    fit: no visible global function definition for ‘new’
    gRapHD.graphNEL: no visible global function definition for ‘new’
    graphNEL.gRapHD: no visible global function definition for ‘new’
    jTree: no visible global function definition for ‘is’
    matrix.gRapHD: no visible global function definition for ‘new’
    minForest: no visible global function definition for ‘new’
    normDens: no visible global function definition for ‘dnorm’
    normDens: no visible global function definition for ‘mahalanobis’
    plot.gRapHD: no visible global function definition for ‘par’
    plot.gRapHD: no visible global function definition for ‘plot.new’
    plot.gRapHD: no visible global function definition for ‘plot.window’
    plot.gRapHD: no visible global function definition for ‘lines’
    plot.gRapHD: no visible global function definition for ‘polygon’
    plot.gRapHD: no visible global function definition for ‘symbols’
    plot.gRapHD: no visible global function definition for ‘text’
    plot.gRapHD: no visible global function definition for ‘title’
    stepb : oneslice.deviance: no visible global function definition for
     ‘addmargins’
    stepb : cen.cov: no visible global function definition for ‘var’
    stepb : cen.cov: no visible binding for global variable ‘var’
    stepb : nCI.test: no visible global function definition for ‘ftable’
    summary.gRapHD: no visible global function definition for ‘is’
    coerce,gRapHD-graphNEL: no visible global function definition for ‘new’
    coerce,graphNEL-gRapHD: no visible global function definition for ‘new’
    coerce,matrix-gRapHD: no visible global function definition for ‘new’
    plot,gRapHD: no visible global function definition for ‘par’
    plot,gRapHD: no visible global function definition for ‘plot.new’
    plot,gRapHD: no visible global function definition for ‘plot.window’
    plot,gRapHD: no visible global function definition for ‘lines’
    plot,gRapHD: no visible global function definition for ‘polygon’
    plot,gRapHD: no visible global function definition for ‘symbols’
    plot,gRapHD: no visible global function definition for ‘text’
    plot,gRapHD: no visible global function definition for ‘title’
    summary,gRapHD: no visible global function definition for ‘is’
    Undefined global functions or variables:
     addmargins cov dnorm ftable is lines mahalanobis new par plot.new
     plot.window polygon symbols text title var
    Consider adding
     importFrom("graphics", "lines", "par", "plot.new", "plot.window",
     "polygon", "symbols", "text", "title")
     importFrom("methods", "is", "new")
     importFrom("stats", "addmargins", "cov", "dnorm", "ftable",
     "mahalanobis", "var")
    to your NAMESPACE (and ensure that your DESCRIPTION Imports field
    contains 'methods').
Flavors: r-devel-linux-x86_64-debian-clang, r-devel-linux-x86_64-debian-gcc, r-devel-linux-x86_64-fedora-clang, r-devel-linux-x86_64-fedora-gcc, r-devel-windows-ix86+x86_64