CRAN Package Check Results for Package gRapHD

Last updated on 2015-07-04 16:46:25.

Flavor Version Tinstall Tcheck Ttotal Status Flags
r-devel-linux-x86_64-debian-clang 0.2.4 2.86 28.64 31.51 NOTE
r-devel-linux-x86_64-debian-gcc 0.2.4 3.42 27.84 31.26 NOTE
r-devel-linux-x86_64-fedora-clang 0.2.4 60.27 NOTE
r-devel-linux-x86_64-fedora-gcc 0.2.4 58.52 NOTE
r-devel-osx-x86_64-clang 0.2.4 54.60 NOTE
r-devel-windows-ix86+x86_64 0.2.4 27.00 57.00 84.00 NOTE
r-patched-linux-x86_64 0.2.4 3.36 28.52 31.88 NOTE
r-patched-solaris-sparc 0.2.4 391.60 NOTE
r-patched-solaris-x86 0.2.4 82.10 NOTE
r-release-linux-x86_64 0.2.4 3.50 28.62 32.12 NOTE
r-release-osx-x86_64-mavericks 0.2.4 NOTE
r-release-windows-ix86+x86_64 0.2.4 19.00 57.00 76.00 NOTE
r-oldrel-windows-ix86+x86_64 0.2.4 25.00 66.00 91.00 NOTE

Memtest notes: UBSAN-gcc UBSAN valgrind

Check Details

Version: 0.2.4
Check: package namespace information
Result: NOTE
     Namespace with empty importFrom: ‘methods’
Flavors: r-devel-linux-x86_64-debian-clang, r-devel-linux-x86_64-debian-gcc, r-devel-linux-x86_64-fedora-clang, r-devel-linux-x86_64-fedora-gcc, r-devel-osx-x86_64-clang, r-devel-windows-ix86+x86_64, r-patched-linux-x86_64, r-patched-solaris-sparc, r-patched-solaris-x86, r-release-linux-x86_64, r-release-osx-x86_64-mavericks, r-release-windows-ix86+x86_64, r-oldrel-windows-ix86+x86_64

Version: 0.2.4
Check: S3 generic/method consistency
Result: NOTE
    Found the following apparent S3 methods exported but not registered:
     plot.gRapHD print.gRapHD summary.gRapHD
    See section ‘Registering S3 methods’ in the ‘Writing R Extensions’
    manual.
Flavors: r-devel-linux-x86_64-debian-clang, r-devel-linux-x86_64-debian-gcc, r-devel-linux-x86_64-fedora-clang, r-devel-linux-x86_64-fedora-gcc, r-devel-osx-x86_64-clang, r-patched-linux-x86_64, r-patched-solaris-sparc, r-patched-solaris-x86, r-release-linux-x86_64

Version: 0.2.4
Check: R code for possible problems
Result: NOTE
    CI.test: no visible global function definition for ‘cov’
    CI.test: no visible global function definition for ‘var’
    SubGraph: no visible global function definition for ‘new’
    chStat: no visible global function definition for ‘cov’
    chStat: no visible global function definition for ‘var’
    fit: no visible global function definition for ‘var’
    fit: no visible global function definition for ‘new’
    gRapHD.graphNEL: no visible global function definition for ‘new’
    graphNEL.gRapHD: no visible global function definition for ‘new’
    jTree: no visible global function definition for ‘is’
    matrix.gRapHD: no visible global function definition for ‘new’
    minForest: no visible global function definition for ‘new’
    normDens: no visible global function definition for ‘dnorm’
    normDens: no visible global function definition for ‘mahalanobis’
    plot.gRapHD: no visible global function definition for ‘par’
    plot.gRapHD: no visible global function definition for ‘plot.new’
    plot.gRapHD: no visible global function definition for ‘plot.window’
    plot.gRapHD: no visible global function definition for ‘lines’
    plot.gRapHD: no visible global function definition for ‘polygon’
    plot.gRapHD: no visible global function definition for ‘symbols’
    plot.gRapHD: no visible global function definition for ‘text’
    plot.gRapHD: no visible global function definition for ‘title’
    stepb : oneslice.deviance: no visible global function definition for
     ‘addmargins’
    stepb : cen.cov: no visible global function definition for ‘var’
    stepb : cen.cov: no visible binding for global variable ‘var’
    stepb : nCI.test: no visible global function definition for ‘ftable’
    summary.gRapHD: no visible global function definition for ‘is’
    coerce,gRapHD-graphNEL: no visible global function definition for ‘new’
    coerce,graphNEL-gRapHD: no visible global function definition for ‘new’
    coerce,matrix-gRapHD: no visible global function definition for ‘new’
    summary,gRapHD: no visible global function definition for ‘is’
    Undefined global functions or variables:
     addmargins cov dnorm ftable is lines mahalanobis new par plot.new
     plot.window polygon symbols text title var
Flavors: r-devel-linux-x86_64-debian-clang, r-devel-linux-x86_64-debian-gcc

Version: 0.2.4
Check: R code for possible problems
Result: NOTE
    CI.test: no visible global function definition for ‘cov’
    CI.test: no visible global function definition for ‘var’
    SubGraph: no visible global function definition for ‘new’
    chStat: no visible global function definition for ‘cov’
    chStat: no visible global function definition for ‘var’
    fit: no visible global function definition for ‘var’
    fit: no visible global function definition for ‘new’
    gRapHD.graphNEL: no visible global function definition for ‘new’
    graphNEL.gRapHD: no visible global function definition for ‘new’
    jTree: no visible global function definition for ‘is’
    matrix.gRapHD: no visible global function definition for ‘new’
    minForest: no visible global function definition for ‘new’
    normDens: no visible global function definition for ‘dnorm’
    normDens: no visible global function definition for ‘mahalanobis’
    plot.gRapHD: no visible global function definition for ‘par’
    plot.gRapHD: no visible global function definition for ‘plot.new’
    plot.gRapHD: no visible global function definition for ‘plot.window’
    plot.gRapHD: no visible global function definition for ‘lines’
    plot.gRapHD: no visible global function definition for ‘polygon’
    plot.gRapHD: no visible global function definition for ‘symbols’
    plot.gRapHD: no visible global function definition for ‘text’
    plot.gRapHD: no visible global function definition for ‘title’
    stepb : oneslice.deviance: no visible global function definition for
     ‘addmargins’
    stepb : cen.cov: no visible global function definition for ‘var’
    stepb : cen.cov: no visible binding for global variable ‘var’
    stepb : nCI.test: no visible global function definition for ‘ftable’
    summary.gRapHD: no visible global function definition for ‘is’
    coerce,gRapHD-graphNEL: no visible global function definition for ‘new’
    coerce,graphNEL-gRapHD: no visible global function definition for ‘new’
    coerce,matrix-gRapHD: no visible global function definition for ‘new’
    plot,gRapHD: no visible global function definition for ‘par’
    plot,gRapHD: no visible global function definition for ‘plot.new’
    plot,gRapHD: no visible global function definition for ‘plot.window’
    plot,gRapHD: no visible global function definition for ‘lines’
    plot,gRapHD: no visible global function definition for ‘polygon’
    plot,gRapHD: no visible global function definition for ‘symbols’
    plot,gRapHD: no visible global function definition for ‘text’
    plot,gRapHD: no visible global function definition for ‘title’
    summary,gRapHD: no visible global function definition for ‘is’
    Undefined global functions or variables:
     addmargins cov dnorm ftable is lines mahalanobis new par plot.new
     plot.window polygon symbols text title var
Flavors: r-devel-linux-x86_64-fedora-clang, r-devel-linux-x86_64-fedora-gcc