CRAN Package Check Results for Package gRapHD

Last updated on 2014-08-27 18:48:21.

Flavor Version Tinstall Tcheck Ttotal Status Flags
r-devel-linux-x86_64-debian-clang 0.2.4 2.96 30.16 33.12 NOTE
r-devel-linux-x86_64-debian-gcc 0.2.4 3.68 30.29 33.97 NOTE
r-devel-linux-x86_64-fedora-clang 0.2.4 68.50 NOTE
r-devel-linux-x86_64-fedora-gcc 0.2.4 67.84 NOTE
r-devel-osx-x86_64-clang 0.2.4 59.72 NOTE
r-devel-windows-ix86+x86_64 0.2.4 19.00 56.00 75.00 NOTE
r-patched-linux-x86_64 0.2.4 3.48 30.62 34.10 OK
r-patched-solaris-sparc 0.2.4 431.90 OK
r-patched-solaris-x86 0.2.4 91.60 OK
r-release-linux-ix86 0.2.4 4.75 40.38 45.12 OK
r-release-linux-x86_64 0.2.4 3.72 32.57 36.29 OK
r-release-osx-x86_64-mavericks 0.2.4 OK
r-release-osx-x86_64-snowleopard 0.2.4 OK
r-release-windows-ix86+x86_64 0.2.4 23.00 86.00 109.00 OK
r-oldrel-windows-ix86+x86_64 0.2.4 16.00 64.00 80.00 OK

Memtest notes: UBSAN valgrind

Check Details

Version: 0.2.4
Check: package namespace information
Result: NOTE
     Namespace with empty importFrom: ‘methods’
Flavors: r-devel-linux-x86_64-debian-clang, r-devel-linux-x86_64-debian-gcc, r-devel-linux-x86_64-fedora-clang, r-devel-linux-x86_64-fedora-gcc, r-devel-osx-x86_64-clang, r-devel-windows-ix86+x86_64