CRAN Package Check Results for Package gRapfa

Last updated on 2020-09-19 00:50:06 CEST.

Flavor Version Tinstall Tcheck Ttotal Status Flags
r-devel-linux-x86_64-debian-clang 1.0 3.38 30.89 34.27 NOTE
r-devel-linux-x86_64-debian-gcc 1.0 2.63 24.69 27.32 NOTE
r-devel-linux-x86_64-fedora-clang 1.0 51.16 NOTE
r-devel-linux-x86_64-fedora-gcc 1.0 41.43 NOTE
r-devel-windows-ix86+x86_64 1.0 7.00 38.00 45.00 NOTE
r-patched-linux-x86_64 1.0 3.25 30.76 34.01 NOTE
r-patched-solaris-x86 1.0 65.00 NOTE
r-release-linux-x86_64 1.0 3.31 30.69 34.00 NOTE
r-release-macos-x86_64 1.0 NOTE
r-release-windows-ix86+x86_64 1.0 7.00 40.00 47.00 NOTE
r-oldrel-macos-x86_64 1.0 NOTE
r-oldrel-windows-ix86+x86_64 1.0 5.00 50.00 55.00 NOTE

Check Details

Version: 1.0
Check: R code for possible problems
Result: NOTE
    KL: no visible global function definition for 'complete.cases'
    MergeNodes: no visible global function definition for 'colors'
    cross.validate: no visible global function definition for 'runif'
    fit.APFA: no visible global function definition for 'complete.cases'
    fit.APFA: no visible global function definition for 'aggregate'
    select.beagle: no visible global function definition for 'write.table'
    select.beagle: no visible global function definition for 'aggregate'
    select.beagle: no visible global function definition for 'colors'
    simulateAPFA: no visible global function definition for 'runif'
    st: no visible global function definition for 'colors'
    Undefined global functions or variables:
     aggregate colors complete.cases runif write.table
    Consider adding
     importFrom("grDevices", "colors")
     importFrom("stats", "aggregate", "complete.cases", "runif")
     importFrom("utils", "write.table")
    to your NAMESPACE file.
Flavors: r-devel-linux-x86_64-debian-clang, r-devel-linux-x86_64-debian-gcc, r-devel-linux-x86_64-fedora-clang, r-devel-linux-x86_64-fedora-gcc, r-devel-windows-ix86+x86_64, r-patched-linux-x86_64, r-patched-solaris-x86, r-release-linux-x86_64, r-release-macos-x86_64, r-release-windows-ix86+x86_64, r-oldrel-macos-x86_64, r-oldrel-windows-ix86+x86_64