CRAN Package Check Results for Package gRbase

Last updated on 2016-06-24 21:47:02.

Flavor Version Tinstall Tcheck Ttotal Status Flags
r-devel-linux-x86_64-debian-gcc 1.7-5 133.95 73.71 207.67 NOTE
r-devel-linux-x86_64-fedora-clang 1.7-5 375.52 NOTE
r-devel-linux-x86_64-fedora-gcc 1.7-5 341.92 NOTE
r-devel-osx-x86_64-clang 1.7-5 249.73 OK
r-devel-windows-ix86+x86_64 1.7-5 431.00 208.00 639.00 OK
r-patched-linux-x86_64 1.7-5 96.92 77.92 174.84 NOTE
r-patched-solaris-sparc 1.7-5 1871.80 NOTE
r-patched-solaris-x86 1.7-5 369.00 NOTE
r-release-linux-x86_64 1.7-5 96.29 107.72 204.01 NOTE
r-release-osx-x86_64-mavericks 1.7-5 NOTE
r-release-windows-ix86+x86_64 1.7-5 435.00 154.00 589.00 OK
r-oldrel-windows-ix86+x86_64 1.7-5 396.00 253.00 649.00 OK

Check Details

Version: 1.7-5
Check: installed package size
Result: NOTE
     installed size is 13.2Mb
     sub-directories of 1Mb or more:
     libs 11.2Mb
Flavors: r-devel-linux-x86_64-debian-gcc, r-devel-linux-x86_64-fedora-clang, r-devel-linux-x86_64-fedora-gcc, r-patched-linux-x86_64, r-patched-solaris-sparc, r-patched-solaris-x86, r-release-linux-x86_64, r-release-osx-x86_64-mavericks

Version: 1.7-5
Check: package dependencies
Result: NOTE
    Package suggested but not available for checking: ‘microbenchmark’
Flavors: r-patched-solaris-sparc, r-patched-solaris-x86