CRAN Package Check Results for Package gRbase

Last updated on 2018-02-20 07:48:10 CET.

Flavor Version Tinstall Tcheck Ttotal Status Flags
r-devel-linux-x86_64-debian-clang 1.8-3 192.07 104.56 296.63 OK
r-devel-linux-x86_64-debian-gcc 1.8-3 156.14 89.92 246.06 OK
r-devel-linux-x86_64-fedora-clang 1.8-3 453.76 NOTE
r-devel-linux-x86_64-fedora-gcc 1.8-3 423.25 NOTE
r-devel-windows-ix86+x86_64 1.8-3 366.00 150.00 516.00 OK
r-patched-linux-x86_64 1.8-3 210.88 124.17 335.05 OK
r-patched-solaris-x86 1.8-3 463.20 OK
r-release-linux-x86_64 1.8-3 196.56 122.45 319.01 OK
r-release-windows-ix86+x86_64 1.8-3 525.00 177.00 702.00 OK
r-release-osx-x86_64 1.8-3 NOTE
r-oldrel-windows-ix86+x86_64 1.8-3 550.00 199.00 749.00 OK
r-oldrel-osx-x86_64 1.8-3 NOTE

Additional issues

rchk

Check Details

Version: 1.8-3
Check: installed package size
Result: NOTE
     installed size is 13.9Mb
     sub-directories of 1Mb or more:
     libs 11.7Mb
Flavors: r-devel-linux-x86_64-fedora-clang, r-devel-linux-x86_64-fedora-gcc, r-release-osx-x86_64, r-oldrel-osx-x86_64

Version: 1.8-3
Check: Rd cross-references
Result: NOTE
    Package unavailable to check Rd xrefs: ‘gRain’
Flavor: r-release-osx-x86_64