CRAN Package Check Results for Package gRbase

Last updated on 2015-04-27 11:48:39.

Flavor Version Tinstall Tcheck Ttotal Status Flags
r-devel-linux-x86_64-debian-clang 1.7-0.1 77.76 91.09 168.84 NOTE
r-devel-linux-x86_64-debian-gcc 1.7-0.1 84.99 89.41 174.40 NOTE
r-devel-linux-x86_64-fedora-clang 1.7-0.1 362.70 NOTE
r-devel-linux-x86_64-fedora-gcc 1.7-0.1 344.17 NOTE
r-devel-osx-x86_64-clang 1.7-0.1 269.02 NOTE
r-devel-windows-ix86+x86_64 1.7-0.1 257.00 170.00 427.00 NOTE
r-patched-linux-x86_64 1.7-0.1 86.23 88.65 174.88 NOTE
r-patched-solaris-sparc 1.7-0.1 2127.80 NOTE
r-patched-solaris-x86 1.7-0.1 430.00 NOTE
r-release-linux-x86_64 1.7-0.1 85.85 88.77 174.62 NOTE
r-release-osx-x86_64-mavericks 1.7-0.1 NOTE
r-release-osx-x86_64-snowleopard 1.7-0.1 ERROR
r-release-windows-ix86+x86_64 1.7-0.1 340.00 215.00 555.00 NOTE
r-oldrel-windows-ix86+x86_64 1.7-0.1 214.00 185.00 399.00 NOTE

Memtest notes: UBSAN-gcc UBSAN-gcc UBSAN UBSAN

Check Details

Version: 1.7-0.1
Check: installed package size
Result: NOTE
     installed size is 9.3Mb
     sub-directories of 1Mb or more:
     libs 7.0Mb
Flavors: r-devel-linux-x86_64-debian-clang, r-devel-linux-x86_64-debian-gcc, r-devel-linux-x86_64-fedora-clang, r-devel-linux-x86_64-fedora-gcc, r-patched-solaris-sparc, r-patched-solaris-x86, r-release-linux-x86_64, r-release-osx-x86_64-mavericks

Version: 1.7-0.1
Check: top-level files
Result: NOTE
    Non-standard file/directory found at top level:
     ‘gRbase-Ex.R’
Flavors: r-devel-linux-x86_64-debian-clang, r-devel-linux-x86_64-debian-gcc, r-devel-linux-x86_64-fedora-clang, r-devel-linux-x86_64-fedora-gcc, r-release-linux-x86_64

Version: 1.7-0.1
Check: S3 generic/method consistency
Result: NOTE
    Found the following apparent S3 methods exported but not registered:
     all.subsets as.gmData.array as.gmData.data.frame as.gmData.table
     coerceGraph.dgCMatrix coerceGraph.graphNEL coerceGraph.igraph
     coerceGraph.matrix dataOrigin.gmData description<-.gmData
     edgeList.default fit.ggm fit.hllm formula<-.gModel getCliques.default
     getCliques.graphNEL getFit.gRfit getFit<-.gRfit gmData.gModel
     gmData<-.gModel iplot.graphNEL is.DAG.Matrix is.DAG.graphNEL
     is.DAG.matrix is.DG.Matrix is.DG.graphNEL is.DG.matrix is.TUG.Matrix
     is.TUG.graphNEL is.TUG.matrix is.UG.Matrix is.UG.graphNEL
     is.UG.matrix jTree.default latent.gmData latent<-.gmData mcs.default
     mcsmarked.default minimalTriang.default moralize.default mpd.default
     nLevels.array nLevels.gmData nLevels.parray nLevels<-.gmData
     nominal.gmData nominal<-.gmData nonEdgeList.default
     observations.gmData observations<-.gmData ordinal.gmData
     ordinal<-.gmData plot.ripOrder print.gModel print.gRfit print.gmData
     print.parray print.ripOrder rip.default shortNames.gmData
     shortNames<-.gmData stepwise.hllm summary.gRfit summary.gmData
     topoSort.default triangulate.default update.gModel valueLabels.array
     valueLabels.gmData valueLabels.parray valueLabels<-.gmData
     varNames.array varNames.gmData varNames.parray varNames<-.gmData
     varTypes.gmData varTypes<-.gmData vpar.Matrix vpar.graphNEL
     vpar.matrix
    See section ‘Registering S3 methods’ in the ‘Writing R Extensions’
    manual.
Flavors: r-devel-linux-x86_64-debian-clang, r-devel-linux-x86_64-debian-gcc, r-devel-linux-x86_64-fedora-clang, r-devel-linux-x86_64-fedora-gcc, r-devel-osx-x86_64-clang, r-patched-solaris-x86, r-release-linux-x86_64

Version: 1.7-0.1
Check: foreign function calls
Result: NOTE
    Call with DUP:
     .C("C_getCellNumber", as.integer(cell), as.integer(perm), as.integer(pvec),
     length(cell), integer(1), DUP = FALSE, PACKAGE = "gRbase")
    DUP is no longer supported and will be ignored.
Flavors: r-devel-linux-x86_64-debian-clang, r-devel-linux-x86_64-debian-gcc, r-devel-linux-x86_64-fedora-clang, r-devel-linux-x86_64-fedora-gcc, r-devel-osx-x86_64-clang, r-devel-windows-ix86+x86_64, r-patched-solaris-sparc, r-patched-solaris-x86, r-release-linux-x86_64, r-release-osx-x86_64-mavericks, r-release-windows-ix86+x86_64

Version: 1.7-0.1
Check: package dependencies
Result: NOTE
    Package suggested but not available for checking: ‘microbenchmark’
Flavor: r-patched-solaris-sparc

Version: 1.7-0.1
Check: package dependencies
Result: ERROR
    Packages required but not available: ‘RBGL’ ‘igraph’ ‘graph’
    
    Packages suggested but not available for checking:
     ‘Rgraphviz’ ‘microbenchmark’
    
    See section ‘The DESCRIPTION file’ in the ‘Writing R Extensions’
    manual.
Flavor: r-release-osx-x86_64-snowleopard

Version: 1.7-0.1
Check: foreign function calls
Result: NOTE
    Call with DUP != TRUE:
     .C("C_getCellNumber", as.integer(cell), as.integer(perm), as.integer(pvec),
     length(cell), integer(1), DUP = FALSE, PACKAGE = "gRbase")
    DUP = FALSE is deprecated and will be disabled in future versions of R.
Flavor: r-oldrel-windows-ix86+x86_64