CRAN Package Check Results for Package gRbase

Last updated on 2016-02-08 19:48:24.

Flavor Version Tinstall Tcheck Ttotal Status Flags
r-devel-linux-x86_64-debian-gcc 1.7-2 93.34 73.01 166.34 NOTE
r-devel-linux-x86_64-fedora-clang 1.7-2 368.07 NOTE
r-devel-linux-x86_64-fedora-gcc 1.7-2 339.61 NOTE
r-devel-osx-x86_64-clang 1.7-2 306.22 OK
r-devel-windows-ix86+x86_64 1.7-2 415.00 207.00 622.00 OK
r-patched-linux-x86_64 1.7-2 93.68 91.85 185.54 NOTE
r-patched-solaris-sparc 1.7-2 1953.70 NOTE
r-patched-solaris-x86 1.7-2 407.70 NOTE
r-release-linux-x86_64 1.7-2 92.29 91.14 183.43 NOTE
r-release-osx-x86_64-mavericks 1.7-2 NOTE
r-release-windows-ix86+x86_64 1.7-2 404.00 177.00 581.00 OK
r-oldrel-windows-ix86+x86_64 1.7-2 399.00 208.00 607.00 OK

Memtest notes: clang-UBSAN clang-UBSAN gcc6-UBSAN gcc6-UBSAN gcc-UBSAN gcc-UBSAN

Check Details

Version: 1.7-2
Check: installed package size
Result: NOTE
     installed size is 12.8Mb
     sub-directories of 1Mb or more:
     libs 10.7Mb
Flavors: r-devel-linux-x86_64-debian-gcc, r-devel-linux-x86_64-fedora-clang, r-devel-linux-x86_64-fedora-gcc, r-patched-linux-x86_64, r-release-linux-x86_64, r-release-osx-x86_64-mavericks

Version: 1.7-2
Check: package dependencies
Result: NOTE
    Package suggested but not available for checking: ‘microbenchmark’
Flavors: r-patched-solaris-sparc, r-patched-solaris-x86