CRAN Package Check Results for Package gRbase

Last updated on 2016-09-27 08:47:53.

Flavor Version Tinstall Tcheck Ttotal Status Flags
r-devel-linux-x86_64-debian-clang 1.7-5 0.49 1.84 2.33 ERROR
r-devel-linux-x86_64-debian-gcc 1.7-5 120.48 70.33 190.80 NOTE
r-devel-linux-x86_64-fedora-clang 1.7-5 373.17 NOTE
r-devel-linux-x86_64-fedora-gcc 1.7-5 356.01 NOTE
r-devel-macos-x86_64-clang 1.7-5 249.72 OK
r-devel-windows-ix86+x86_64 1.7-5 458.00 144.00 602.00 OK
r-patched-linux-x86_64 1.7-5 96.38 72.06 168.44 NOTE
r-patched-solaris-sparc 1.7-5 1847.50 NOTE
r-patched-solaris-x86 1.7-5 368.70 NOTE
r-release-linux-x86_64 1.7-5 98.75 72.05 170.80 NOTE
r-release-osx-x86_64-mavericks 1.7-5 NOTE
r-release-windows-ix86+x86_64 1.7-5 441.00 162.00 603.00 OK
r-oldrel-windows-ix86+x86_64 1.7-5 406.00 237.00 643.00 OK

Check Details

Version: 1.7-5
Check: package dependencies
Result: ERROR
    Package required but not available: ‘RBGL’
    
    See section ‘The DESCRIPTION file’ in the ‘Writing R Extensions’
    manual.
Flavor: r-devel-linux-x86_64-debian-clang

Version: 1.7-5
Check: installed package size
Result: NOTE
     installed size is 13.3Mb
     sub-directories of 1Mb or more:
     libs 11.2Mb
Flavors: r-devel-linux-x86_64-debian-gcc, r-devel-linux-x86_64-fedora-clang, r-devel-linux-x86_64-fedora-gcc, r-patched-linux-x86_64, r-release-linux-x86_64, r-release-osx-x86_64-mavericks

Version: 1.7-5
Check: package dependencies
Result: NOTE
    Package suggested but not available for checking: ‘microbenchmark’
Flavors: r-patched-solaris-sparc, r-patched-solaris-x86