CRAN Package Check Results for Package gRbase

Last updated on 2014-08-29 11:54:51.

Flavor Version Tinstall Tcheck Ttotal Status Flags
r-devel-linux-x86_64-debian-clang 1.7-0.1 67.64 102.53 170.17 NOTE
r-devel-linux-x86_64-debian-gcc 1.7-0.1 84.66 98.00 182.66 NOTE
r-devel-linux-x86_64-fedora-clang 1.7-0.1 403.13 NOTE
r-devel-linux-x86_64-fedora-gcc 1.7-0.1 388.03 NOTE
r-devel-osx-x86_64-clang 1.7-0.1 300.72 NOTE
r-devel-windows-ix86+x86_64 1.7-0.1 238.00 179.00 417.00 NOTE
r-patched-linux-x86_64 1.7-0.1 83.42 101.68 185.10 NOTE
r-patched-solaris-sparc 1.7-0.1 2130.30 NOTE
r-patched-solaris-x86 1.7-0.1 501.30 NOTE
r-release-linux-ix86 1.7-0.1 103.45 127.80 231.25 NOTE
r-release-linux-x86_64 1.7-0.1 84.85 102.71 187.56 NOTE
r-release-osx-x86_64-mavericks 1.7-0.1 NOTE
r-release-osx-x86_64-snowleopard 1.7-0.1 NOTE
r-release-windows-ix86+x86_64 1.7-0.1 225.00 189.00 414.00 NOTE
r-oldrel-windows-ix86+x86_64 1.7-0.1 240.00 189.00 429.00 OK

Memtest notes: UBSAN UBSAN

Check Details

Version: 1.7-0.1
Check: installed package size
Result: NOTE
     installed size is 8.5Mb
     sub-directories of 1Mb or more:
     libs 6.1Mb
Flavors: r-devel-linux-x86_64-debian-clang, r-devel-linux-x86_64-debian-gcc, r-devel-linux-x86_64-fedora-clang, r-devel-linux-x86_64-fedora-gcc, r-patched-linux-x86_64, r-patched-solaris-sparc, r-patched-solaris-x86, r-release-linux-ix86, r-release-linux-x86_64, r-release-osx-x86_64-mavericks, r-release-osx-x86_64-snowleopard

Version: 1.7-0.1
Check: foreign function calls
Result: NOTE
    Call with DUP = FALSE:
     .C("C_getCellNumber", as.integer(cell), as.integer(perm), as.integer(pvec),
     length(cell), integer(1), DUP = FALSE, PACKAGE = "gRbase")
    DUP = FALSE is deprecated and may be disabled in future versions of R.
Flavors: r-devel-linux-x86_64-debian-clang, r-devel-linux-x86_64-debian-gcc, r-devel-linux-x86_64-fedora-clang, r-devel-linux-x86_64-fedora-gcc, r-devel-osx-x86_64-clang, r-devel-windows-ix86+x86_64, r-patched-linux-x86_64, r-patched-solaris-sparc, r-patched-solaris-x86, r-release-linux-ix86, r-release-linux-x86_64, r-release-osx-x86_64-mavericks, r-release-osx-x86_64-snowleopard, r-release-windows-ix86+x86_64

Version: 1.7-0.1
Check: top-level files
Result: NOTE
    Non-standard file/directory found at top level:
     ‘gRbase-Ex.R’
Flavors: r-devel-linux-x86_64-fedora-clang, r-devel-linux-x86_64-fedora-gcc

Version: 1.7-0.1
Check: package dependencies
Result: NOTE
    Package suggested but not available for checking: ‘microbenchmark’
Flavors: r-patched-solaris-sparc, r-patched-solaris-x86

Version: 1.7-0.1
Check: Rd cross-references
Result: NOTE
    Package unavailable to check Rd xrefs: ‘gRain’
Flavors: r-release-osx-x86_64-mavericks, r-release-osx-x86_64-snowleopard

Version: 1.7-0.1
Check: re-building of vignette outputs
Result: NOTE
    Error in re-building vignettes:
     ...
    Loading required package: gRbase
    Error in texi2dvi(file = file, pdf = TRUE, clean = clean, quiet = quiet, :
     Running 'texi2dvi' on 'gRbase-arrayops1.tex' failed.
    LaTeX errors:
    ! LaTeX Error: File `a4wide.sty' not found.
    
    Type X to quit or <RETURN> to proceed,
    or enter new name. (Default extension: sty)
    
    test/gRbase/vignettes/gRbase-arrayops1.tex:6: ==> Fatal error occurred, no out
    put PDF file produced!
    Calls: buildVignettes -> texi2pdf -> texi2dvi
    Execution halted
Flavor: r-release-osx-x86_64-mavericks