CRAN Package Check Results for Package gRbase

Last updated on 2016-07-30 08:48:15.

Flavor Version Tinstall Tcheck Ttotal Status Flags
r-devel-linux-x86_64-debian-clang 1.7-5 0.48 2.05 2.52 ERROR
r-devel-linux-x86_64-debian-gcc 1.7-5 125.63 76.69 202.33 NOTE
r-devel-linux-x86_64-fedora-clang 1.7-5 369.56 NOTE
r-devel-linux-x86_64-fedora-gcc 1.7-5 336.46 NOTE
r-devel-osx-x86_64-clang 1.7-5 256.14 OK
r-devel-windows-ix86+x86_64 1.7-5 321.00 155.00 476.00 OK
r-patched-linux-x86_64 1.7-5 107.37 83.78 191.15 NOTE
r-patched-solaris-sparc 1.7-5 1846.50 NOTE
r-patched-solaris-x86 1.7-5 366.50 NOTE
r-release-linux-x86_64 1.7-5 108.50 82.60 191.10 NOTE
r-release-osx-x86_64-mavericks 1.7-5 NOTE
r-release-windows-ix86+x86_64 1.7-5 428.00 217.00 645.00 OK
r-oldrel-windows-ix86+x86_64 1.7-5 418.00 198.00 616.00 OK

Check Details

Version: 1.7-5
Check: package dependencies
Result: ERROR
    Package required but not available: ‘RBGL’
    
    See section ‘The DESCRIPTION file’ in the ‘Writing R Extensions’
    manual.
Flavor: r-devel-linux-x86_64-debian-clang

Version: 1.7-5
Check: installed package size
Result: NOTE
     installed size is 13.3Mb
     sub-directories of 1Mb or more:
     libs 11.2Mb
Flavors: r-devel-linux-x86_64-debian-gcc, r-devel-linux-x86_64-fedora-clang, r-devel-linux-x86_64-fedora-gcc, r-patched-linux-x86_64, r-release-linux-x86_64, r-release-osx-x86_64-mavericks

Version: 1.7-5
Check: package dependencies
Result: NOTE
    Package suggested but not available for checking: ‘microbenchmark’
Flavors: r-patched-solaris-sparc, r-patched-solaris-x86