CRAN Package Check Results for Package gRbase

Last updated on 2019-12-10 08:48:20 CET.

Flavor Version Tinstall Tcheck Ttotal Status Flags
r-devel-linux-x86_64-debian-clang 1.8-4.5 217.24 125.71 342.95 ERROR
r-devel-linux-x86_64-debian-gcc 1.8-4.5 158.30 104.57 262.87 ERROR
r-devel-linux-x86_64-fedora-clang 1.8-4.5 488.25 NOTE
r-devel-linux-x86_64-fedora-gcc 1.8-4.5 510.13 OK
r-devel-windows-ix86+x86_64 1.8-4.5 402.00 294.00 696.00 OK
r-devel-windows-ix86+x86_64-gcc8 1.8-4.5 480.00 214.00 694.00 NOTE
r-patched-linux-x86_64 1.8-4.5 173.26 125.03 298.29 OK
r-patched-solaris-x86 1.8-4.5 493.80 OK
r-release-linux-x86_64 1.8-4.5 178.84 128.45 307.29 OK
r-release-windows-ix86+x86_64 1.8-4.5 332.00 191.00 523.00 OK
r-release-osx-x86_64 1.8-4.5 NOTE
r-oldrel-windows-ix86+x86_64 1.8-3.4 540.00 217.00 757.00 OK
r-oldrel-osx-x86_64 1.8-4.5 ERROR

Check Details

Version: 1.8-4.5
Check: examples
Result: ERROR
    Running examples in 'gRbase-Ex.R' failed
    The error most likely occurred in:
    
    > base::assign(".ptime", proc.time(), pos = "CheckExEnv")
    > ### Name: graph-edgeList
    > ### Title: Find edges in a graph and edges not in a graph.
    > ### Aliases: graph-edgeList edgeList edgeList.default edgeListMAT
    > ### nonEdgeList nonEdgeList.default nonEdgeListMAT
    >
    > ### ** Examples
    >
    >
    > ## A graph with edges
    > g <- ug(~a:b + b:c + c:d)
    > gm <- as(g, "matrix")
    > edgeList(g)
    [[1]]
    [1] "a" "b"
    
    [[2]]
    [1] "b" "c"
    
    [[3]]
    [1] "c" "d"
    
    > edgeList(gm)
    Error in match.arg(class(object), c("graphNEL", "matrix", "dgCMatrix")) :
     'arg' must be of length 1
    Calls: edgeList -> edgeList.default -> match.arg
    Execution halted
Flavors: r-devel-linux-x86_64-debian-clang, r-devel-linux-x86_64-debian-gcc

Version: 1.8-4.5
Check: re-building of vignette outputs
Result: WARN
    Error(s) in re-building vignettes:
     ...
    --- re-building 'grbase-arrays.Rnw' using knitr
    --- finished re-building 'grbase-arrays.Rnw'
    
    --- re-building 'grbase-graphs.Rnw' using knitr
    Quitting from lines 459-460 (grbase-graphs.Rnw)
    Error: processing vignette 'grbase-graphs.Rnw' failed with diagnostics:
    'arg' must be of length 1
    --- failed re-building 'grbase-graphs.Rnw'
    
    SUMMARY: processing the following file failed:
     'grbase-graphs.Rnw'
    
    Error: Vignette re-building failed.
    Execution halted
Flavors: r-devel-linux-x86_64-debian-clang, r-devel-linux-x86_64-debian-gcc

Version: 1.8-4.5
Check: installed package size
Result: NOTE
     installed size is 13.6Mb
     sub-directories of 1Mb or more:
     libs 11.5Mb
Flavors: r-devel-linux-x86_64-fedora-clang, r-devel-windows-ix86+x86_64-gcc8, r-release-osx-x86_64

Version: 1.8-4.5
Check: whether package can be installed
Result: ERROR
    Installation failed.
Flavor: r-oldrel-osx-x86_64