CRAN Package Check Results for Package gRbase

Last updated on 2017-12-11 08:48:40 CET.

Flavor Version Tinstall Tcheck Ttotal Status Flags
r-devel-linux-x86_64-debian-clang 1.8-3 185.28 101.35 286.63 OK
r-devel-linux-x86_64-debian-gcc 1.8-3 159.14 89.64 248.78 OK
r-devel-linux-x86_64-fedora-clang 1.8-3 443.64 NOTE
r-devel-linux-x86_64-fedora-gcc 1.8-3 416.52 NOTE
r-devel-windows-ix86+x86_64 1.8-3 534.00 170.00 704.00 OK
r-patched-linux-x86_64 1.8-3 188.00 123.12 311.12 OK
r-patched-solaris-x86 1.8-3 451.10 NOTE
r-release-linux-x86_64 1.8-3 194.26 126.99 321.25 OK
r-release-windows-ix86+x86_64 1.8-3 360.00 182.00 542.00 OK
r-release-osx-x86_64 1.8-3 NOTE
r-oldrel-windows-ix86+x86_64 1.8-3 409.00 156.00 565.00 OK
r-oldrel-osx-x86_64 1.8-3 NOTE

Additional issues

rchk

Check Details

Version: 1.8-3
Check: installed package size
Result: NOTE
     installed size is 13.6Mb
     sub-directories of 1Mb or more:
     libs 11.4Mb
Flavors: r-devel-linux-x86_64-fedora-clang, r-devel-linux-x86_64-fedora-gcc, r-release-osx-x86_64, r-oldrel-osx-x86_64

Version: 1.8-3
Check: package dependencies
Result: NOTE
    Package suggested but not available for checking: ‘microbenchmark’
Flavor: r-patched-solaris-x86

Version: 1.8-3
Check: Rd cross-references
Result: NOTE
    Package unavailable to check Rd xrefs: ‘gRain’
Flavor: r-release-osx-x86_64