CRAN Package Check Results for Package gRbase

Last updated on 2017-10-17 14:46:33.

Flavor Version Tinstall Tcheck Ttotal Status Flags
r-devel-linux-x86_64-debian-clang 1.8-3 136.93 80.32 217.25 OK
r-devel-linux-x86_64-debian-gcc 1.8-3 145.31 86.18 231.49 OK
r-devel-linux-x86_64-fedora-clang 1.8-3 453.86 NOTE
r-devel-linux-x86_64-fedora-gcc 1.8-3 460.31 NOTE
r-devel-windows-ix86+x86_64 1.8-3 385.00 163.00 548.00 OK
r-patched-linux-x86_64 1.8-3 143.54 77.85 221.40 OK
r-patched-solaris-x86 1.8-3 466.60 NOTE
r-release-linux-x86_64 1.8-3 143.52 80.82 224.35 OK
r-release-windows-ix86+x86_64 1.8-3 514.00 214.00 728.00 OK
r-release-osx-x86_64 1.8-3 ERROR
r-oldrel-windows-ix86+x86_64 1.8-3 531.00 220.00 751.00 OK
r-oldrel-osx-x86_64 1.8-3 NOTE

Additional issues

rchk

Check Details

Version: 1.8-3
Check: installed package size
Result: NOTE
     installed size is 13.6Mb
     sub-directories of 1Mb or more:
     libs 11.3Mb
Flavors: r-devel-linux-x86_64-fedora-clang, r-devel-linux-x86_64-fedora-gcc, r-oldrel-osx-x86_64

Version: 1.8-3
Check: package dependencies
Result: NOTE
    Package suggested but not available for checking: ‘microbenchmark’
Flavor: r-patched-solaris-x86

Version: 1.8-3
Check: package dependencies
Result: ERROR
    Packages required but not available: ‘graph’ ‘RBGL’
    
    Package suggested but not available for checking: ‘Rgraphviz’
    
    See section ‘The DESCRIPTION file’ in the ‘Writing R Extensions’
    manual.
Flavor: r-release-osx-x86_64