CRAN Package Check Results for Package gRbase

Last updated on 2019-08-19 07:49:36 CEST.

Flavor Version Tinstall Tcheck Ttotal Status Flags
r-devel-linux-x86_64-debian-clang 1.8-3.4 219.16 132.59 351.75 NOTE
r-devel-linux-x86_64-debian-gcc 1.8-3.4 178.57 103.70 282.27 NOTE
r-devel-linux-x86_64-fedora-clang 1.8-3.4 536.13 NOTE
r-devel-linux-x86_64-fedora-gcc 1.8-3.4 509.80 NOTE
r-devel-windows-ix86+x86_64 1.8-3.4 585.00 271.00 856.00 NOTE
r-patched-linux-x86_64 1.8-3.4 204.61 130.77 335.38 NOTE
r-patched-solaris-x86 1.8-3.4 513.10 NOTE
r-release-linux-x86_64 1.8-3.4 205.54 129.84 335.38 NOTE
r-release-windows-ix86+x86_64 1.8-3.4 405.00 188.00 593.00 NOTE
r-release-osx-x86_64 1.8-3.4 ERROR
r-oldrel-windows-ix86+x86_64 1.8-3.4 537.00 214.00 751.00 OK
r-oldrel-osx-x86_64 1.8-3.4 NOTE

Check Details

Version: 1.8-3.4
Check: line endings in C/C++/Fortran sources/headers
Result: NOTE
    Found the following sources/headers with CR or CRLF line endings:
     inst/include/gRbase.h
     inst/include/gRbase_typedefs.h
    Some Unix compilers require LF line endings.
Flavors: r-devel-linux-x86_64-debian-clang, r-devel-linux-x86_64-debian-gcc, r-devel-linux-x86_64-fedora-clang, r-devel-linux-x86_64-fedora-gcc, r-devel-windows-ix86+x86_64, r-patched-linux-x86_64, r-patched-solaris-x86, r-release-linux-x86_64, r-release-windows-ix86+x86_64

Version: 1.8-3.4
Check: installed package size
Result: NOTE
     installed size is 14.3Mb
     sub-directories of 1Mb or more:
     libs 12.3Mb
Flavors: r-devel-linux-x86_64-fedora-clang, r-oldrel-osx-x86_64

Version: 1.8-3.4
Check: package dependencies
Result: ERROR
    Packages required but not available: 'graph', 'RBGL'
    
    Package suggested but not available for checking: ‘Rgraphviz’
    
    See section ‘The DESCRIPTION file’ in the ‘Writing R Extensions’
    manual.
Flavor: r-release-osx-x86_64