CRAN Package Check Results for Package gRbase

Last updated on 2017-06-23 16:47:34.

Flavor Version Tinstall Tcheck Ttotal Status Flags
r-devel-linux-x86_64-debian-clang 1.8-3 140.71 80.64 221.35 OK
r-devel-linux-x86_64-debian-gcc 1.8-3 143.14 75.51 218.65 OK
r-devel-linux-x86_64-fedora-clang 1.8-3 462.08 NOTE
r-devel-linux-x86_64-fedora-gcc 1.8-3 437.27 NOTE
r-devel-windows-ix86+x86_64 1.8-3 564.00 206.00 770.00 OK
r-patched-linux-x86_64 1.8-3 118.18 76.03 194.21 OK
r-patched-solaris-sparc 1.8-3 1877.40 NOTE
r-patched-solaris-x86 1.8-3 442.90 NOTE
r-release-linux-x86_64 1.8-3 152.02 76.34 228.36 OK
r-release-windows-ix86+x86_64 1.8-3 395.00 167.00 562.00 OK
r-release-osx-x86_64 1.8-3 ERROR
r-oldrel-windows-ix86+x86_64 1.8-3 583.00 198.00 781.00 OK
r-oldrel-osx-x86_64 1.8-3 NOTE

Additional issues

rchk

Check Details

Version: 1.8-3
Check: installed package size
Result: NOTE
     installed size is 13.2Mb
     sub-directories of 1Mb or more:
     libs 11.0Mb
Flavors: r-devel-linux-x86_64-fedora-clang, r-devel-linux-x86_64-fedora-gcc, r-oldrel-osx-x86_64

Version: 1.8-3
Check: package dependencies
Result: NOTE
    Package suggested but not available for checking: ‘microbenchmark’
Flavors: r-patched-solaris-sparc, r-patched-solaris-x86

Version: 1.8-3
Check: package dependencies
Result: ERROR
    Packages required but not available: ‘graph’ ‘RBGL’
    
    Package suggested but not available for checking: ‘Rgraphviz’
    
    See section ‘The DESCRIPTION file’ in the ‘Writing R Extensions’
    manual.
Flavor: r-release-osx-x86_64