CRAN Package Check Results for Package gRbase

Last updated on 2014-07-24 22:48:37.

Flavor Version Tinstall Tcheck Ttotal Status Flags
r-devel-linux-x86_64-debian-clang 1.7-0.1 68.47 99.73 168.20 NOTE
r-devel-linux-x86_64-debian-gcc 1.7-0.1 84.20 99.72 183.92 NOTE
r-devel-linux-x86_64-fedora-clang 1.7-0.1 402.76 NOTE
r-devel-linux-x86_64-fedora-gcc 1.7-0.1 410.48 NOTE
r-devel-osx-x86_64-clang 1.7-0.1 313.34 NOTE
r-devel-windows-ix86+x86_64 1.7-0.1 233.00 187.00 420.00 NOTE
r-patched-linux-x86_64 1.7-0.1 82.92 102.52 185.45 NOTE
r-patched-solaris-sparc 1.7-0.1 1786.40 ERROR
r-patched-solaris-x86 1.7-0.1 497.00 NOTE
r-release-linux-ix86 1.7-0.1 102.68 126.39 229.07 NOTE
r-release-linux-x86_64 1.7-0.1 84.40 108.26 192.66 NOTE
r-release-osx-x86_64-mavericks 1.7-0.1 NOTE
r-release-osx-x86_64-snowleopard 1.7-0.1 NOTE
r-release-windows-ix86+x86_64 1.7-0.1 224.00 185.00 409.00 NOTE
r-oldrel-windows-ix86+x86_64 1.7-0.1 219.00 189.00 408.00 OK

Memtest notes: UBSAN UBSAN

Check Details

Version: 1.7-0.1
Check: installed package size
Result: NOTE
     installed size is 8.4Mb
     sub-directories of 1Mb or more:
     libs 6.1Mb
Flavors: r-devel-linux-x86_64-debian-clang, r-devel-linux-x86_64-debian-gcc, r-devel-linux-x86_64-fedora-clang, r-devel-linux-x86_64-fedora-gcc, r-patched-linux-x86_64, r-patched-solaris-sparc, r-patched-solaris-x86, r-release-linux-ix86, r-release-linux-x86_64, r-release-osx-x86_64-mavericks, r-release-osx-x86_64-snowleopard

Version: 1.7-0.1
Check: foreign function calls
Result: NOTE
    Call with DUP = FALSE:
     .C("C_getCellNumber", as.integer(cell), as.integer(perm), as.integer(pvec),
     length(cell), integer(1), DUP = FALSE, PACKAGE = "gRbase")
    DUP = FALSE is deprecated and may be disabled in future versions of R.
Flavors: r-devel-linux-x86_64-debian-clang, r-devel-linux-x86_64-debian-gcc, r-devel-linux-x86_64-fedora-clang, r-devel-linux-x86_64-fedora-gcc, r-devel-osx-x86_64-clang, r-devel-windows-ix86+x86_64, r-patched-linux-x86_64, r-patched-solaris-sparc, r-patched-solaris-x86, r-release-linux-ix86, r-release-linux-x86_64, r-release-osx-x86_64-mavericks, r-release-osx-x86_64-snowleopard, r-release-windows-ix86+x86_64

Version: 1.7-0.1
Check: top-level files
Result: NOTE
    Non-standard file/directory found at top level:
     ‘gRbase-Ex.R’
Flavors: r-devel-linux-x86_64-fedora-clang, r-devel-linux-x86_64-fedora-gcc

Version: 1.7-0.1
Check: running R code from vignettes
Result: ERROR
    Errors in running code in vignettes:
    when running code in ‘gRbase-graphs.Rnw’
     ...
    Number of Edges = 7
    
    > if (require(microbenchmark)) {
    + microbenchmark(as(ug11, "matrix"), coerceGraph(ug11, "matrix"))
    + }
    Loading required package: microbenchmark
    
     When sourcing ‘gRbase-graphs.R’:
    Error: Overhead estimation failed. No overhead could be observed or the observed overhead was maximally large.
    Execution halted
Flavor: r-patched-solaris-sparc

Version: 1.7-0.1
Check: Rd cross-references
Result: NOTE
    Package unavailable to check Rd xrefs: ‘gRain’
Flavors: r-release-osx-x86_64-mavericks, r-release-osx-x86_64-snowleopard

Version: 1.7-0.1
Check: re-building of vignette outputs
Result: NOTE
    Error in re-building vignettes:
     ...
    Loading required package: gRbase
    Error in texi2dvi(file = file, pdf = TRUE, clean = clean, quiet = quiet, :
     Running 'texi2dvi' on 'gRbase-arrayops1.tex' failed.
    LaTeX errors:
    ! LaTeX Error: File `a4wide.sty' not found.
    
    Type X to quit or <RETURN> to proceed,
    or enter new name. (Default extension: sty)
    
    test/gRbase/vignettes/gRbase-arrayops1.tex:6: ==> Fatal error occurred, no out
    put PDF file produced!
    Calls: buildVignettes -> texi2pdf -> texi2dvi
    Execution halted
Flavor: r-release-osx-x86_64-mavericks