CRAN Package Check Results for Package gRbase

Last updated on 2017-02-28 12:49:19.

Flavor Version Tinstall Tcheck Ttotal Status Flags
r-devel-linux-x86_64-debian-clang 1.8-1 115.34 76.53 191.86 NOTE
r-devel-linux-x86_64-debian-gcc 1.8-1 122.23 75.95 198.18 NOTE
r-devel-linux-x86_64-fedora-clang 1.8-1 417.52 NOTE --no-stop-on-test-error
r-devel-linux-x86_64-fedora-gcc 1.8-1 399.02 NOTE --no-stop-on-test-error
r-devel-macos-x86_64-clang 1.8-1 271.01 NOTE --no-stop-on-test-error
r-devel-windows-ix86+x86_64 1.8-1 330.00 298.00 628.00 OK
r-patched-linux-x86_64 1.8-1 101.65 72.23 173.88 OK
r-patched-solaris-sparc 1.8-1 1894.10 NOTE
r-patched-solaris-x86 1.8-1 359.40 NOTE
r-release-linux-x86_64 1.8-1 102.62 73.01 175.63 OK
r-release-osx-x86_64-mavericks 1.8-1 NOTE
r-release-windows-ix86+x86_64 1.8-1 470.00 210.00 680.00 OK
r-oldrel-windows-ix86+x86_64 1.8-1 469.00 249.00 718.00 OK

Check Details

Version: 1.8-1
Check: compiled code
Result: NOTE
    File ‘gRbase/libs/gRbase.so’:
     Found no calls to: ‘R_registerRoutines’, ‘R_useDynamicSymbols’
    
    It is good practice to register native routines and to disable symbol
    search.
    
    See ‘Writing portable packages’ in the ‘Writing R Extensions’ manual.
Flavors: r-devel-linux-x86_64-debian-clang, r-devel-linux-x86_64-debian-gcc

Version: 1.8-1
Flags: --no-stop-on-test-error
Check: installed package size
Result: NOTE
     installed size is 10.5Mb
     sub-directories of 1Mb or more:
     libs 8.3Mb
Flavors: r-devel-linux-x86_64-fedora-clang, r-devel-linux-x86_64-fedora-gcc

Version: 1.8-1
Flags: --no-stop-on-test-error
Check: compiled code
Result: NOTE
    File ‘gRbase/libs/gRbase.so’:
     Found no calls to: ‘R_registerRoutines’, ‘R_useDynamicSymbols’
    
    It is good practice to register native routines and to disable symbol
    search.
    
    See ‘Writing portable packages’ in the ‘Writing R Extensions’ manual.
Flavors: r-devel-linux-x86_64-fedora-clang, r-devel-linux-x86_64-fedora-gcc, r-devel-macos-x86_64-clang

Version: 1.8-1
Check: package dependencies
Result: NOTE
    Package suggested but not available for checking: ‘microbenchmark’
Flavors: r-patched-solaris-sparc, r-patched-solaris-x86

Version: 1.8-1
Check: installed package size
Result: NOTE
     installed size is 10.1Mb
     sub-directories of 1Mb or more:
     libs 8.0Mb
Flavor: r-release-osx-x86_64-mavericks