CRAN Package Check Results for Package gRbase

Last updated on 2014-04-19 18:47:41.

Flavor Version Tinstall Tcheck Ttotal Status Flags
r-devel-linux-x86_64-debian-clang 1.7-0.1 74.63 103.10 177.73 NOTE
r-devel-linux-x86_64-debian-gcc 1.7-0.1 84.21 103.45 187.66 NOTE
r-devel-linux-x86_64-fedora-clang 1.7-0.1 395.79 NOTE
r-devel-linux-x86_64-fedora-gcc 1.7-0.1 392.73 NOTE
r-devel-macosx-x86_64-clang 1.7-0.1 282.72 NOTE
r-devel-macosx-x86_64-gcc 1.7-0.1 ERROR
r-devel-windows-ix86+x86_64 1.7-0.1 249.00 189.00 438.00 NOTE
r-patched-linux-x86_64 1.7-0.1 83.96 104.80 188.76 NOTE
r-patched-solaris-sparc 1.7-0.1 1757.90 ERROR
r-patched-solaris-x86 1.7-0.1 493.70 NOTE
r-release-linux-ix86 NOTE
r-release-linux-x86_64 1.7-0.1 83.71 103.65 187.36 NOTE
r-release-macosx-x86_64 1.7-0.1 ERROR
r-release-windows-ix86+x86_64 1.7-0.1 300.00 188.00 488.00 NOTE
r-oldrel-windows-ix86+x86_64 1.7-0.1 230.00 200.00 430.00 OK

Memtest notes: UBSAN UBSAN

Check Details

Version: 1.7-0.1
Check: installed package size
Result: NOTE
     installed size is 8.6Mb
     sub-directories of 1Mb or more:
     libs 6.3Mb
Flavors: r-devel-linux-x86_64-debian-clang, r-devel-linux-x86_64-debian-gcc, r-devel-linux-x86_64-fedora-clang, r-devel-linux-x86_64-fedora-gcc, r-patched-linux-x86_64, r-patched-solaris-sparc, r-patched-solaris-x86, r-release-linux-ix86, r-release-linux-x86_64

Version: 1.7-0.1
Check: foreign function calls
Result: NOTE
    Call with DUP = FALSE:
     .C("C_getCellNumber", as.integer(cell), as.integer(perm), as.integer(pvec),
     length(cell), integer(1), DUP = FALSE, PACKAGE = "gRbase")
    DUP = FALSE is deprecated and may be disabled in future versions of R.
Flavors: r-devel-linux-x86_64-debian-clang, r-devel-linux-x86_64-debian-gcc, r-devel-linux-x86_64-fedora-clang, r-devel-linux-x86_64-fedora-gcc, r-devel-macosx-x86_64-clang, r-devel-windows-ix86+x86_64, r-patched-linux-x86_64, r-patched-solaris-sparc, r-patched-solaris-x86, r-release-linux-ix86, r-release-linux-x86_64, r-release-windows-ix86+x86_64

Version: 1.7-0.1
Check: top-level files
Result: NOTE
    Non-standard file/directory found at top level:
     ‘gRbase-Ex.R’
Flavors: r-devel-linux-x86_64-fedora-clang, r-devel-linux-x86_64-fedora-gcc

Version: 1.7-0.1
Check: package dependencies
Result: ERROR
    Packages required but not available: ‘RBGL’ ‘igraph’ ‘graph’
    
    Packages suggested but not available for checking:
     ‘Rgraphviz’ ‘microbenchmark’
    
    See the information on DESCRIPTION files in the chapter ‘Creating R
    packages’ of the ‘Writing R Extensions’ manual.
Flavor: r-devel-macosx-x86_64-gcc

Version: 1.7-0.1
Check: running R code from vignettes
Result: ERROR
    Errors in running code in vignettes:
    when running code in ‘gRbase-graphs.Rnw’
     ...
    Number of Edges = 7
    
    > if (require(microbenchmark)) {
    + microbenchmark(as(ug11, "matrix"), coerceGraph(ug11, "matrix"))
    + }
    Loading required package: microbenchmark
    
     When sourcing ‘gRbase-graphs.R’:
    Error: Overhead estimation failed. No overhead could be observed or the observed overhead was maximally large.
    Execution halted
Flavor: r-patched-solaris-sparc

Version: 1.7-0.1
Check: package dependencies
Result: ERROR
    Packages required but not available: ‘RBGL’ ‘graph’
    
    Package suggested but not available for checking: ‘Rgraphviz’
    
    See the information on DESCRIPTION files in the chapter ‘Creating R
    packages’ of the ‘Writing R Extensions’ manual.
Flavor: r-release-macosx-x86_64