CRAN Package Check Results for Package gRbase

Last updated on 2016-05-29 03:48:20.

Flavor Version Tinstall Tcheck Ttotal Status Flags
r-devel-linux-x86_64-debian-gcc 1.7-5 132.85 75.07 207.93 NOTE
r-devel-linux-x86_64-fedora-clang 1.7-5 405.52 NOTE
r-devel-linux-x86_64-fedora-gcc 1.7-5 341.87 NOTE
r-devel-osx-x86_64-clang 1.7-5 294.71 OK
r-devel-windows-ix86+x86_64 1.7-5 326.00 159.00 485.00 OK
r-patched-linux-x86_64 1.7-5 98.01 74.71 172.72 NOTE
r-patched-solaris-sparc 1.7-5 1856.90 NOTE
r-patched-solaris-x86 1.7-5 369.90 NOTE
r-release-linux-x86_64 1.7-5 97.54 75.04 172.58 NOTE
r-release-osx-x86_64-mavericks 1.7-5 NOTE
r-release-windows-ix86+x86_64 1.7-5 425.00 164.00 589.00 OK
r-oldrel-windows-ix86+x86_64 1.7-5 313.00 199.00 512.00 OK

Check Details

Version: 1.7-5
Check: installed package size
Result: NOTE
     installed size is 13.2Mb
     sub-directories of 1Mb or more:
     libs 11.2Mb
Flavors: r-devel-linux-x86_64-debian-gcc, r-devel-linux-x86_64-fedora-clang, r-devel-linux-x86_64-fedora-gcc, r-patched-linux-x86_64, r-release-linux-x86_64, r-release-osx-x86_64-mavericks

Version: 1.7-5
Check: package dependencies
Result: NOTE
    Package suggested but not available for checking: ‘microbenchmark’
Flavors: r-patched-solaris-sparc, r-patched-solaris-x86