CRAN Package Check Results for Package gRbase

Last updated on 2017-08-20 13:46:52.

Flavor Version Tinstall Tcheck Ttotal Status Flags
r-devel-linux-x86_64-debian-clang 1.8-3 136.46 78.10 214.56 OK
r-devel-linux-x86_64-debian-gcc 1.8-3 146.70 77.19 223.89 OK
r-devel-linux-x86_64-fedora-clang 1.8-3 471.32 NOTE
r-devel-linux-x86_64-fedora-gcc 1.8-3 447.02 NOTE
r-devel-windows-ix86+x86_64 1.8-3 384.00 158.00 542.00 OK
r-patched-linux-x86_64 1.8-3 142.92 77.68 220.61 OK
r-patched-solaris-x86 1.8-3 434.20 NOTE
r-release-linux-x86_64 1.8-3 143.98 79.67 223.65 OK
r-release-windows-ix86+x86_64 1.8-3 518.00 275.00 793.00 OK
r-release-osx-x86_64 1.8-3 ERROR
r-oldrel-windows-ix86+x86_64 1.8-3 420.00 149.00 569.00 OK
r-oldrel-osx-x86_64 1.8-3 NOTE

Additional issues

rchk

Check Details

Version: 1.8-3
Check: installed package size
Result: NOTE
     installed size is 13.5Mb
     sub-directories of 1Mb or more:
     libs 11.3Mb
Flavors: r-devel-linux-x86_64-fedora-clang, r-devel-linux-x86_64-fedora-gcc, r-oldrel-osx-x86_64

Version: 1.8-3
Check: package dependencies
Result: NOTE
    Package suggested but not available for checking: ‘microbenchmark’
Flavor: r-patched-solaris-x86

Version: 1.8-3
Check: package dependencies
Result: ERROR
    Packages required but not available: ‘graph’ ‘RBGL’
    
    Package suggested but not available for checking: ‘Rgraphviz’
    
    See section ‘The DESCRIPTION file’ in the ‘Writing R Extensions’
    manual.
Flavor: r-release-osx-x86_64