CRAN Package Check Results for Package gRbase

Last updated on 2015-09-01 05:48:18.

Flavor Version Tinstall Tcheck Ttotal Status Flags
r-devel-linux-x86_64-debian-clang 1.7-1 90.56 89.53 180.09 NOTE
r-devel-linux-x86_64-debian-gcc 1.7-1 100.70 87.80 188.50 NOTE
r-devel-linux-x86_64-fedora-clang 1.7-1 385.49 NOTE
r-devel-linux-x86_64-fedora-gcc 1.7-1 366.04 NOTE
r-devel-osx-x86_64-clang 1.7-1 278.44 OK
r-devel-windows-ix86+x86_64 1.7-1 411.00 176.00 587.00 OK
r-patched-linux-x86_64 1.7-1 99.97 88.91 188.88 NOTE
r-patched-solaris-sparc 1.7-1 461.20 ERROR
r-patched-solaris-x86 1.7-1 85.20 ERROR
r-release-linux-x86_64 1.7-1 103.48 90.21 193.69 NOTE
r-release-osx-x86_64-mavericks 1.7-1 NOTE
r-release-windows-ix86+x86_64 1.7-1 409.00 193.00 602.00 OK
r-oldrel-windows-ix86+x86_64 1.7-1 416.00 294.00 710.00 OK

Memtest notes: clang-UBSAN clang-UBSAN

Check Details

Version: 1.7-1
Check: installed package size
Result: NOTE
     installed size is 9.9Mb
     sub-directories of 1Mb or more:
     libs 7.8Mb
Flavors: r-devel-linux-x86_64-debian-clang, r-devel-linux-x86_64-debian-gcc, r-devel-linux-x86_64-fedora-clang, r-devel-linux-x86_64-fedora-gcc, r-patched-linux-x86_64, r-release-linux-x86_64, r-release-osx-x86_64-mavericks

Version: 1.7-1
Check: package dependencies
Result: NOTE
    Package suggested but not available for checking: ‘microbenchmark’
Flavor: r-patched-solaris-sparc

Version: 1.7-1
Check: whether package can be installed
Result: ERROR
    Installation failed.
Flavors: r-patched-solaris-sparc, r-patched-solaris-x86