CRAN Package Check Results for Package gRbase

Last updated on 2017-04-26 21:47:16.

Flavor Version Tinstall Tcheck Ttotal Status Flags
r-devel-linux-x86_64-debian-clang 1.8-3 129.08 77.43 206.51 OK
r-devel-linux-x86_64-debian-gcc 1.8-3 128.53 75.71 204.24 OK
r-devel-linux-x86_64-fedora-clang 1.8-3 440.23 NOTE --no-stop-on-test-error
r-devel-linux-x86_64-fedora-gcc 1.8-3 407.38 NOTE --no-stop-on-test-error
r-devel-windows-ix86+x86_64 1.8-3 479.00 167.00 646.00 OK
r-patched-linux-x86_64 1.8-3 106.83 77.79 184.62 OK
r-patched-solaris-sparc 1.8-3 1877.40 NOTE
r-patched-solaris-x86 1.8-3 405.90 NOTE
r-release-linux-x86_64 1.8-3 109.34 75.94 185.28 OK
r-release-windows-ix86+x86_64 1.8-3 357.00 179.00 536.00 OK
r-release-osx-x86_64 1.8-3 ERROR
r-oldrel-windows-ix86+x86_64 1.8-3 364.00 210.00 574.00 OK
r-oldrel-osx-x86_64 1.8-3 NOTE

Check Details

Version: 1.8-3
Flags: --no-stop-on-test-error
Check: installed package size
Result: NOTE
     installed size is 11.2Mb
     sub-directories of 1Mb or more:
     libs 9.0Mb
Flavors: r-devel-linux-x86_64-fedora-clang, r-devel-linux-x86_64-fedora-gcc

Version: 1.8-3
Check: package dependencies
Result: NOTE
    Package suggested but not available for checking: ‘microbenchmark’
Flavors: r-patched-solaris-sparc, r-patched-solaris-x86

Version: 1.8-3
Check: package dependencies
Result: ERROR
    Packages required but not available: ‘graph’ ‘RBGL’
    
    Package suggested but not available for checking: ‘Rgraphviz’
    
    See section ‘The DESCRIPTION file’ in the ‘Writing R Extensions’
    manual.
Flavor: r-release-osx-x86_64

Version: 1.8-3
Check: installed package size
Result: NOTE
     installed size is 10.5Mb
     sub-directories of 1Mb or more:
     libs 8.4Mb
Flavor: r-oldrel-osx-x86_64