CRAN Package Check Results for Package gRbase

Last updated on 2018-04-27 04:50:32 CEST.

Flavor Version Tinstall Tcheck Ttotal Status Flags
r-devel-linux-x86_64-debian-clang 1.8-3 202.08 104.32 306.40 OK
r-devel-linux-x86_64-debian-gcc 1.8-3 179.41 91.17 270.58 WARN
r-devel-linux-x86_64-fedora-clang 1.8-3 456.71 NOTE
r-devel-linux-x86_64-fedora-gcc 1.8-3 418.53 WARN
r-devel-windows-ix86+x86_64 1.8-3 522.00 212.00 734.00 WARN
r-patched-linux-x86_64 1.8-3 211.08 113.49 324.57 WARN
r-patched-solaris-x86 1.8-3 434.10 OK
r-release-linux-x86_64 1.8-3 216.91 115.35 332.26 WARN
r-release-windows-ix86+x86_64 1.8-3 522.00 212.00 734.00 WARN
r-release-osx-x86_64 1.8-3 NOTE
r-oldrel-windows-ix86+x86_64 1.8-3 429.00 244.00 673.00 OK
r-oldrel-osx-x86_64 1.8-3 NOTE

Check Details

Version: 1.8-3
Check: whether package can be installed
Result: WARN
    Found the following significant warnings:
     _t_array_properties.cpp:10:13: warning: suggest parentheses around comparison in operand of ‘|’ [-Wparentheses]
Flavors: r-devel-linux-x86_64-debian-gcc, r-devel-linux-x86_64-fedora-gcc, r-devel-windows-ix86+x86_64, r-patched-linux-x86_64, r-release-linux-x86_64, r-release-windows-ix86+x86_64

Version: 1.8-3
Check: installed package size
Result: NOTE
     installed size is 13.9Mb
     sub-directories of 1Mb or more:
     libs 11.7Mb
Flavors: r-devel-linux-x86_64-fedora-clang, r-devel-linux-x86_64-fedora-gcc, r-release-osx-x86_64, r-oldrel-osx-x86_64

Version: 1.8-3
Check: Rd cross-references
Result: NOTE
    Package unavailable to check Rd xrefs: ‘gRain’
Flavor: r-oldrel-osx-x86_64