CRAN Package Check Results for Package gRbase

Last updated on 2017-01-16 17:49:13.

Flavor Version Tinstall Tcheck Ttotal Status Flags
r-devel-linux-x86_64-debian-clang 1.8-1 113.56 75.45 189.01 OK
r-devel-linux-x86_64-debian-gcc 1.8-1 119.56 77.15 196.71 OK
r-devel-linux-x86_64-fedora-clang 1.8-1 405.80 NOTE --no-stop-on-test-error
r-devel-linux-x86_64-fedora-gcc 1.8-1 385.55 NOTE --no-stop-on-test-error
r-devel-macos-x86_64-clang 1.8-1 268.88 OK --no-stop-on-test-error
r-devel-windows-ix86+x86_64 1.8-1 445.00 165.00 610.00 OK
r-patched-linux-x86_64 1.8-1 101.27 71.65 172.92 OK
r-patched-solaris-sparc 1.8-1 1894.10 NOTE
r-patched-solaris-x86 1.8-1 381.30 NOTE
r-release-linux-x86_64 1.8-1 105.23 72.03 177.26 OK
r-release-osx-x86_64-mavericks 1.8-1 NOTE
r-release-windows-ix86+x86_64 1.8-1 458.00 157.00 615.00 OK
r-oldrel-windows-ix86+x86_64 1.8-1 336.00 201.00 537.00 OK

Check Details

Version: 1.8-1
Flags: --no-stop-on-test-error
Check: installed package size
Result: NOTE
     installed size is 10.5Mb
     sub-directories of 1Mb or more:
     libs 8.3Mb
Flavors: r-devel-linux-x86_64-fedora-clang, r-devel-linux-x86_64-fedora-gcc

Version: 1.8-1
Flags: --no-stop-on-test-error
Check: compiled code
Result: NOTE
    File ‘gRbase/libs/gRbase.so’:
     Found no calls to: ‘R_registerRoutines’, ‘R_useDynamicSymbols’
    
    It is good practice to use registered native symbols and disable symbol
    search.
    
    See ‘Writing portable packages’ in the ‘Writing R Extensions’ manual.
Flavor: r-devel-linux-x86_64-fedora-gcc

Version: 1.8-1
Check: package dependencies
Result: NOTE
    Package suggested but not available for checking: ‘microbenchmark’
Flavors: r-patched-solaris-sparc, r-patched-solaris-x86

Version: 1.8-1
Check: installed package size
Result: NOTE
     installed size is 10.1Mb
     sub-directories of 1Mb or more:
     libs 8.0Mb
Flavor: r-release-osx-x86_64-mavericks