CRAN Package Check Results for Package gRbase

Last updated on 2016-12-10 04:47:44.

Flavor Version Tinstall Tcheck Ttotal Status Flags
r-devel-linux-x86_64-debian-clang 1.8-1 112.99 78.52 191.51 OK
r-devel-linux-x86_64-debian-gcc 1.8-1 120.00 76.24 196.24 OK
r-devel-linux-x86_64-fedora-clang 1.8-1 412.17 NOTE --no-stop-on-test-error
r-devel-linux-x86_64-fedora-gcc 1.8-1 398.27 NOTE --no-stop-on-test-error
r-devel-macos-x86_64-clang 1.8-1 266.59 OK --no-stop-on-test-error
r-devel-windows-ix86+x86_64 1.8-1 340.00 177.00 517.00 OK
r-patched-linux-x86_64 1.8-1 101.71 73.33 175.04 OK
r-patched-solaris-sparc 1.8-1 1974.00 NOTE
r-patched-solaris-x86 1.8-1 376.50 NOTE
r-release-linux-x86_64 1.8-1 101.72 71.92 173.64 OK
r-release-osx-x86_64-mavericks 1.8-1 NOTE
r-release-windows-ix86+x86_64 1.8-1 342.00 141.00 483.00 OK
r-oldrel-windows-ix86+x86_64 1.8-1 430.00 189.00 619.00 OK

Check Details

Version: 1.8-1
Flags: --no-stop-on-test-error
Check: installed package size
Result: NOTE
     installed size is 10.5Mb
     sub-directories of 1Mb or more:
     libs 8.3Mb
Flavors: r-devel-linux-x86_64-fedora-clang, r-devel-linux-x86_64-fedora-gcc

Version: 1.8-1
Check: package dependencies
Result: NOTE
    Package suggested but not available for checking: ‘microbenchmark’
Flavors: r-patched-solaris-sparc, r-patched-solaris-x86

Version: 1.8-1
Check: installed package size
Result: NOTE
     installed size is 10.1Mb
     sub-directories of 1Mb or more:
     libs 8.0Mb
Flavor: r-release-osx-x86_64-mavericks