CRAN Package Check Results for Package gRc

Last updated on 2016-12-09 13:46:58.

Flavor Version Tinstall Tcheck Ttotal Status Flags
r-devel-linux-x86_64-debian-clang 0.4-2 4.81 47.41 52.21 NOTE
r-devel-linux-x86_64-debian-gcc 0.4-2 4.72 46.87 51.59 NOTE
r-devel-linux-x86_64-fedora-clang 0.4-2 121.70 NOTE --no-stop-on-test-error
r-devel-linux-x86_64-fedora-gcc 0.4-2 113.09 NOTE --no-stop-on-test-error
r-devel-macos-x86_64-clang 0.4-2 84.84 NOTE
r-devel-windows-ix86+x86_64 0.4-2 16.00 144.00 160.00 OK
r-patched-linux-x86_64 0.4-2 4.30 42.77 47.07 NOTE
r-patched-solaris-sparc 0.4-2 556.40 NOTE
r-patched-solaris-x86 0.4-2 132.00 NOTE
r-release-linux-x86_64 0.4-2 4.09 42.64 46.73 NOTE
r-release-osx-x86_64-mavericks 0.4-2 OK
r-release-windows-ix86+x86_64 0.4-2 14.00 88.00 102.00 OK
r-oldrel-windows-ix86+x86_64 0.4-2 26.00 102.00 128.00 OK

Memtest notes: valgrind

Check Details

Version: 0.4-2
Check: top-level files
Result: NOTE
    Non-standard files/directories found at top level:
     ‘TODO.txt’ ‘Wishlist.txt’
Flavors: r-devel-linux-x86_64-debian-clang, r-devel-linux-x86_64-debian-gcc, r-patched-linux-x86_64, r-release-linux-x86_64

Version: 0.4-2
Check: S3 generic/method consistency
Result: NOTE
    Found the following apparent S3 methods exported but not registered:
     K2theta.rcon K2theta.rcor as.cc.default as.cc.list findKinModel.rcox
     formula2names.NULL formula2names.default formula2names.formula
     formula2names.list formula2string.default formula2string.list
     getIndex.character getIndex.default getIndex.list getScore.rcon
     getScore.rcor listOrder.atom listOrder.cc listOrder.default
     listOrder.list listOrder.numeric names2formula.default
     names2formula.list theta2K.rcon theta2K.rcor toLisp.cc toLisp.default
     toLisp.list
    See section ‘Registering S3 methods’ in the ‘Writing R Extensions’
    manual.
Flavors: r-devel-linux-x86_64-debian-clang, r-devel-linux-x86_64-debian-gcc, r-devel-macos-x86_64-clang, r-patched-linux-x86_64, r-patched-solaris-sparc, r-patched-solaris-x86, r-release-linux-x86_64

Version: 0.4-2
Flags: --no-stop-on-test-error
Check: top-level files
Result: NOTE
    Non-standard files/directories found at top level:
     ‘TODO.txt’ ‘Wishlist.txt’
Flavors: r-devel-linux-x86_64-fedora-clang, r-devel-linux-x86_64-fedora-gcc

Version: 0.4-2
Flags: --no-stop-on-test-error
Check: S3 generic/method consistency
Result: NOTE
    Found the following apparent S3 methods exported but not registered:
     K2theta.rcon K2theta.rcor as.cc.default as.cc.list findKinModel.rcox
     formula2names.NULL formula2names.default formula2names.formula
     formula2names.list formula2string.default formula2string.list
     getIndex.character getIndex.default getIndex.list getScore.rcon
     getScore.rcor listOrder.atom listOrder.cc listOrder.default
     listOrder.list listOrder.numeric names2formula.default
     names2formula.list theta2K.rcon theta2K.rcor toLisp.cc toLisp.default
     toLisp.list
    See section ‘Registering S3 methods’ in the ‘Writing R Extensions’
    manual.
Flavors: r-devel-linux-x86_64-fedora-clang, r-devel-linux-x86_64-fedora-gcc