CRAN Package Check Results for Package gRc

Last updated on 2017-11-20 22:53:19 CET.

Flavor Version Tinstall Tcheck Ttotal Status Flags
r-devel-linux-x86_64-debian-clang 0.4-2 4.27 43.99 48.27 NOTE
r-devel-linux-x86_64-debian-gcc 0.4-2 8.92 111.53 120.45 NOTE
r-devel-linux-x86_64-fedora-clang 0.4-2 87.22 NOTE
r-devel-linux-x86_64-fedora-gcc 0.4-2 140.87 NOTE
r-devel-windows-ix86+x86_64 0.4-2 17.00 103.00 120.00 OK
r-patched-linux-x86_64 0.4-2 4.66 50.64 55.30 NOTE
r-patched-solaris-x86 0.4-2 166.90 NOTE
r-release-linux-x86_64 0.4-2 4.70 50.61 55.31 NOTE
r-release-windows-ix86+x86_64 0.4-2 17.00 98.00 115.00 OK
r-release-osx-x86_64 0.4-2 OK
r-oldrel-windows-ix86+x86_64 0.4-2 18.00 120.00 138.00 OK
r-oldrel-osx-x86_64 0.4-2 OK

Additional issues

valgrind

Check Details

Version: 0.4-2
Check: top-level files
Result: NOTE
    Non-standard files/directories found at top level:
     ‘TODO.txt’ ‘Wishlist.txt’
Flavors: r-devel-linux-x86_64-debian-clang, r-devel-linux-x86_64-debian-gcc, r-devel-linux-x86_64-fedora-clang, r-devel-linux-x86_64-fedora-gcc, r-patched-linux-x86_64, r-release-linux-x86_64

Version: 0.4-2
Check: S3 generic/method consistency
Result: NOTE
    Found the following apparent S3 methods exported but not registered:
     K2theta.rcon K2theta.rcor as.cc.default as.cc.list findKinModel.rcox
     formula2names.NULL formula2names.default formula2names.formula
     formula2names.list formula2string.default formula2string.list
     getIndex.character getIndex.default getIndex.list getScore.rcon
     getScore.rcor listOrder.atom listOrder.cc listOrder.default
     listOrder.list listOrder.numeric names2formula.default
     names2formula.list theta2K.rcon theta2K.rcor toLisp.cc toLisp.default
     toLisp.list
    See section ‘Registering S3 methods’ in the ‘Writing R Extensions’
    manual.
Flavors: r-devel-linux-x86_64-debian-clang, r-devel-linux-x86_64-debian-gcc, r-devel-linux-x86_64-fedora-clang, r-devel-linux-x86_64-fedora-gcc, r-patched-linux-x86_64, r-patched-solaris-x86, r-release-linux-x86_64

Version: 0.4-2
Check: compiled code
Result: NOTE
    File ‘gRc/libs/gRc.so’:
     Found no calls to: ‘R_registerRoutines’, ‘R_useDynamicSymbols’
    
    It is good practice to register native routines and to disable symbol
    search.
    
    See ‘Writing portable packages’ in the ‘Writing R Extensions’ manual.
Flavors: r-devel-linux-x86_64-debian-clang, r-devel-linux-x86_64-debian-gcc, r-devel-linux-x86_64-fedora-clang, r-devel-linux-x86_64-fedora-gcc, r-patched-linux-x86_64, r-release-linux-x86_64