CRAN Package Check Results for Package gRc

Last updated on 2014-07-25 12:47:32.

Flavor Version Tinstall Tcheck Ttotal Status Flags
r-devel-linux-x86_64-debian-clang 0.4-1 5.96 54.44 60.40 NOTE
r-devel-linux-x86_64-debian-gcc 0.4-1 5.86 55.27 61.13 NOTE
r-devel-linux-x86_64-fedora-clang 0.4-1 147.79 NOTE
r-devel-linux-x86_64-fedora-gcc 0.4-1 150.54 NOTE
r-devel-osx-x86_64-clang 0.4-1 114.00 NOTE
r-devel-windows-ix86+x86_64 0.4-1 19.00 91.00 110.00 NOTE
r-patched-linux-x86_64 0.4-1 6.13 54.69 60.82 NOTE
r-patched-solaris-sparc 0.4-1 750.50 NOTE
r-patched-solaris-x86 0.4-1 183.00 NOTE
r-release-linux-ix86 0.4-1 7.99 66.35 74.34 NOTE
r-release-linux-x86_64 0.4-1 6.30 55.17 61.48 NOTE
r-release-osx-x86_64-mavericks 0.4-1 NOTE
r-release-osx-x86_64-snowleopard 0.4-1 NOTE
r-release-windows-ix86+x86_64 0.4-1 20.00 99.00 119.00 NOTE
r-oldrel-windows-ix86+x86_64 0.4-1 19.00 92.00 111.00 NOTE

Memtest notes: valgrind

Check Details

Version: 0.4-1
Check: dependencies in R code
Result: NOTE
    'library' or 'require' call to ‘Rgraphviz’ which was already attached by Depends.
     Please remove these calls from your code.
    Packages in Depends field not imported from:
     ‘Rgraphviz’ ‘gRbase’ ‘graph’
     These packages need to be imported from (in the NAMESPACE file)
     for when this namespace is loaded but not attached.
    See the information on DESCRIPTION files in the chapter ‘Creating R
    packages’ of the ‘Writing R Extensions’ manual.
Flavors: r-devel-linux-x86_64-debian-clang, r-devel-linux-x86_64-debian-gcc, r-devel-linux-x86_64-fedora-clang, r-devel-linux-x86_64-fedora-gcc, r-devel-osx-x86_64-clang, r-devel-windows-ix86+x86_64, r-patched-linux-x86_64, r-patched-solaris-sparc, r-patched-solaris-x86, r-release-linux-ix86, r-release-linux-x86_64, r-release-osx-x86_64-mavericks, r-release-osx-x86_64-snowleopard, r-release-windows-ix86+x86_64, r-oldrel-windows-ix86+x86_64

Version: 0.4-1
Check: R code for possible problems
Result: NOTE
    .bootstrapVCOV: no visible global function definition for ‘mvrnorm’
Flavors: r-devel-linux-x86_64-debian-clang, r-devel-linux-x86_64-debian-gcc, r-devel-linux-x86_64-fedora-clang, r-devel-linux-x86_64-fedora-gcc, r-devel-osx-x86_64-clang, r-devel-windows-ix86+x86_64, r-patched-linux-x86_64, r-patched-solaris-sparc, r-patched-solaris-x86, r-release-linux-ix86, r-release-linux-x86_64, r-release-osx-x86_64-mavericks, r-release-osx-x86_64-snowleopard, r-release-windows-ix86+x86_64, r-oldrel-windows-ix86+x86_64

Version: 0.4-1
Check: top-level files
Result: NOTE
    Non-standard files/directories found at top level:
     ‘TODO.txt’ ‘Wishlist.txt’ ‘gRc-Ex.R’
Flavors: r-devel-linux-x86_64-fedora-clang, r-devel-linux-x86_64-fedora-gcc

Version: 0.4-1
Check: Rd line widths
Result: NOTE
    Rd file 'fitInternal.Rd':
     \usage lines wider than 90 characters:
     scoring (object, K0, control = object$control, maxit=control$maxouter, trace = object$trace)
    
    Rd file 'stepwise.Rd':
     \usage lines wider than 90 characters:
     stepjoin1 (object, scope, type = "ecc", criterion = "aic", steps = 1000, k = 2, alpha = 0.05, stat = "wald", details = 1, trace=0)
     stepsplit1(object, type = "ecc", criterion = "aic", steps = 1000, k = 2, alpha = 0.05, stat = "wald", details = 1, trace=0)
    
    These lines will be truncated in the PDF manual.
Flavors: r-devel-linux-x86_64-fedora-clang, r-devel-linux-x86_64-fedora-gcc