CRAN Package Check Results for Package gRim

Last updated on 2017-08-18 17:47:44.

Flavor Version Tinstall Tcheck Ttotal Status Flags
r-devel-linux-x86_64-debian-clang 0.2-0 25.74 65.85 91.60 OK
r-devel-linux-x86_64-debian-gcc 0.2-0 27.55 62.61 90.16 OK
r-devel-linux-x86_64-fedora-clang 0.2-0 192.88 OK
r-devel-linux-x86_64-fedora-gcc 0.2-0 191.11 OK
r-devel-windows-ix86+x86_64 0.2-0 82.00 145.00 227.00 OK
r-patched-linux-x86_64 0.2-0 27.64 67.62 95.27 OK
r-patched-solaris-x86 0.2-0 228.70 OK
r-release-linux-x86_64 0.2-0 27.92 65.41 93.33 OK
r-release-windows-ix86+x86_64 0.2-0 101.00 133.00 234.00 OK
r-release-osx-x86_64 0.2-0 ERROR
r-oldrel-windows-ix86+x86_64 0.2-0 67.00 117.00 184.00 OK
r-oldrel-osx-x86_64 0.2-0 OK

Check Details

Version: 0.2-0
Check: package dependencies
Result: ERROR
    Packages required but not available: ‘gRbase’ ‘graph’ ‘gRain’
    
    Package suggested but not available for checking: ‘Rgraphviz’
    
    See section ‘The DESCRIPTION file’ in the ‘Writing R Extensions’
    manual.
Flavor: r-release-osx-x86_64