CRAN Package Check Results for Package gRim

Last updated on 2017-10-18 02:47:06.

Flavor Version Tinstall Tcheck Ttotal Status Flags
r-devel-linux-x86_64-debian-clang 0.2-0 28.13 67.21 95.35 OK
r-devel-linux-x86_64-debian-gcc 0.2-0 27.82 68.34 96.15 OK
r-devel-linux-x86_64-fedora-clang 0.2-0 183.62 OK
r-devel-linux-x86_64-fedora-gcc 0.2-0 191.67 OK
r-devel-windows-ix86+x86_64 0.2-0 73.00 140.00 213.00 OK
r-patched-linux-x86_64 0.2-0 27.57 67.44 95.01 OK
r-patched-solaris-x86 0.2-0 237.80 OK
r-release-linux-x86_64 0.2-0 28.58 66.93 95.51 OK
r-release-windows-ix86+x86_64 0.2-0 102.00 142.00 244.00 OK
r-release-osx-x86_64 0.2-0 ERROR
r-oldrel-windows-ix86+x86_64 0.2-0 107.00 171.00 278.00 OK
r-oldrel-osx-x86_64 0.2-0 OK

Check Details

Version: 0.2-0
Check: package dependencies
Result: ERROR
    Packages required but not available: ‘gRbase’ ‘graph’ ‘gRain’
    
    Package suggested but not available for checking: ‘Rgraphviz’
    
    See section ‘The DESCRIPTION file’ in the ‘Writing R Extensions’
    manual.
Flavor: r-release-osx-x86_64