CRAN Package Check Results for Package gRim

Last updated on 2014-04-24 03:47:45.

Flavor Version Tinstall Tcheck Ttotal Status Flags
r-devel-linux-x86_64-debian-clang 0.1-17 14.59 73.73 88.32 NOTE
r-devel-linux-x86_64-debian-gcc 0.1-17 15.76 73.23 88.99 NOTE
r-devel-linux-x86_64-fedora-clang 0.1-17 205.84 NOTE
r-devel-linux-x86_64-fedora-gcc 0.1-17 203.96 NOTE
r-devel-osx-x86_64-clang 0.1-17 147.91 NOTE
r-devel-osx-x86_64-gcc 0.1-17 ERROR
r-devel-windows-ix86+x86_64 0.1-17 38.00 120.00 158.00 NOTE
r-patched-linux-x86_64 0.1-17 15.74 74.01 89.75 NOTE
r-patched-solaris-sparc 0.1-17 1038.60 NOTE
r-patched-solaris-x86 0.1-17 253.50 NOTE
r-release-linux-ix86 0.1-17 22.00 114.00 136.00 NOTE
r-release-linux-x86_64 0.1-17 15.78 73.11 88.89 NOTE
r-release-osx-x86_64-mavericks 0.1-17 ERROR
r-release-osx-x86_64-snowleopard 0.1-17 NOTE
r-release-windows-ix86+x86_64 0.1-17 42.00 140.00 182.00 NOTE
r-oldrel-windows-ix86+x86_64 0.1-17 37.00 125.00 162.00 NOTE

Check Details

Version: 0.1-17
Check: dependencies in R code
Result: NOTE
    Packages in Depends field not imported from:
     ‘gRain’ ‘gRbase’ ‘methods’
     These packages need to be imported from (in the NAMESPACE file)
     for when this namespace is loaded but not attached.
    See the information on DESCRIPTION files in the chapter ‘Creating R
    packages’ of the ‘Writing R Extensions’ manual.
Flavors: r-devel-linux-x86_64-debian-clang, r-devel-linux-x86_64-debian-gcc, r-devel-linux-x86_64-fedora-clang, r-devel-linux-x86_64-fedora-gcc, r-devel-osx-x86_64-clang, r-devel-windows-ix86+x86_64, r-patched-linux-x86_64, r-patched-solaris-sparc, r-patched-solaris-x86, r-release-linux-ix86, r-release-linux-x86_64, r-release-osx-x86_64-snowleopard, r-release-windows-ix86+x86_64, r-oldrel-windows-ix86+x86_64

Version: 0.1-17
Check: top-level files
Result: NOTE
    Non-standard files/directories found at top level:
     ‘Wishlist.txt’ ‘gRim-Ex.R’
Flavors: r-devel-linux-x86_64-fedora-clang, r-devel-linux-x86_64-fedora-gcc

Version: 0.1-17
Check: package dependencies
Result: ERROR
    Packages required but not available: ‘gRbase’ ‘gRain’ ‘igraph’
    
    Package suggested but not available for checking: ‘Rgraphviz’
    
    See the information on DESCRIPTION files in the chapter ‘Creating R
    packages’ of the ‘Writing R Extensions’ manual.
Flavor: r-devel-osx-x86_64-gcc

Version: 0.1-17
Check: package dependencies
Result: ERROR
    Packages required but not available: ‘gRbase’ ‘gRain’
    
    Package suggested but not available for checking: ‘Rgraphviz’
    
    See the information on DESCRIPTION files in the chapter ‘Creating R
    packages’ of the ‘Writing R Extensions’ manual.
Flavor: r-release-osx-x86_64-mavericks