CRAN Package Check Results for Package gRim

Last updated on 2017-04-28 21:47:16.

Flavor Version Tinstall Tcheck Ttotal Status Flags
r-devel-linux-x86_64-debian-clang 0.2-0 25.65 65.97 91.63 OK
r-devel-linux-x86_64-debian-gcc 0.2-0 26.18 63.92 90.10 OK
r-devel-linux-x86_64-fedora-clang 0.2-0 187.59 OK --no-stop-on-test-error
r-devel-linux-x86_64-fedora-gcc 0.2-0 181.65 OK --no-stop-on-test-error
r-devel-windows-ix86+x86_64 0.2-0 74.00 185.00 259.00 OK
r-patched-linux-x86_64 0.2-0 23.53 62.61 86.14 OK
r-patched-solaris-sparc 0.2-0 928.70 OK
r-patched-solaris-x86 0.2-0 216.90 OK
r-release-linux-x86_64 0.2-0 22.43 62.94 85.37 OK
r-release-windows-ix86+x86_64 0.2-0 92.00 191.00 283.00 OK
r-release-osx-x86_64 0.2-0 ERROR
r-oldrel-windows-ix86+x86_64 0.2-0 95.00 128.00 223.00 OK
r-oldrel-osx-x86_64 0.2-0 OK

Check Details

Version: 0.2-0
Check: package dependencies
Result: ERROR
    Packages required but not available: ‘gRbase’ ‘graph’ ‘gRain’
    
    Package suggested but not available for checking: ‘Rgraphviz’
    
    See section ‘The DESCRIPTION file’ in the ‘Writing R Extensions’
    manual.
Flavor: r-release-osx-x86_64