CRAN Package Check Results for Package gRim

Last updated on 2014-07-28 13:48:31.

Flavor Version Tinstall Tcheck Ttotal Status Flags
r-devel-linux-x86_64-debian-clang 0.1-17 14.22 70.12 84.34 NOTE
r-devel-linux-x86_64-debian-gcc 0.1-17 15.10 69.55 84.65 NOTE
r-devel-linux-x86_64-fedora-clang 0.1-17 211.11 NOTE
r-devel-linux-x86_64-fedora-gcc 0.1-17 198.42 NOTE
r-devel-osx-x86_64-clang 0.1-17 158.36 NOTE
r-devel-windows-ix86+x86_64 0.1-17 41.00 123.00 164.00 NOTE
r-patched-linux-x86_64 0.1-17 15.24 69.60 84.84 NOTE
r-patched-solaris-sparc 0.1-17 1038.60 NOTE
r-patched-solaris-x86 0.1-17 251.80 NOTE
r-release-linux-ix86 0.1-17 18.26 84.66 102.91 NOTE
r-release-linux-x86_64 0.1-17 15.46 73.60 89.05 NOTE
r-release-osx-x86_64-mavericks 0.1-17 NOTE
r-release-osx-x86_64-snowleopard 0.1-17 NOTE
r-release-windows-ix86+x86_64 0.1-17 38.00 129.00 167.00 NOTE
r-oldrel-windows-ix86+x86_64 0.1-17 37.00 126.00 163.00 NOTE

Check Details

Version: 0.1-17
Check: dependencies in R code
Result: NOTE
    Packages in Depends field not imported from:
     gRain gRbase methods
     These packages need to be imported from (in the NAMESPACE file)
     for when this namespace is loaded but not attached.
    See the information on DESCRIPTION files in the chapter Creating R
    packages of the Writing R Extensions manual.
Flavors: r-devel-linux-x86_64-debian-clang, r-devel-linux-x86_64-debian-gcc, r-devel-linux-x86_64-fedora-clang, r-devel-linux-x86_64-fedora-gcc, r-devel-osx-x86_64-clang, r-devel-windows-ix86+x86_64, r-patched-linux-x86_64, r-patched-solaris-sparc, r-patched-solaris-x86, r-release-linux-ix86, r-release-linux-x86_64, r-release-osx-x86_64-mavericks, r-release-osx-x86_64-snowleopard, r-release-windows-ix86+x86_64, r-oldrel-windows-ix86+x86_64

Version: 0.1-17
Check: top-level files
Result: NOTE
    Non-standard files/directories found at top level:
     Wishlist.txt gRim-Ex.R
Flavors: r-devel-linux-x86_64-fedora-clang, r-devel-linux-x86_64-fedora-gcc

Version: 0.1-17
Check: re-building of vignette outputs
Result: NOTE
    Error in re-building vignettes:
     ...
    Loading required package: gRbase
    Loading required package: gRain
    Loading required package: graph
    Loading required package: grid
    Error in texi2dvi(file = file, pdf = TRUE, clean = clean, quiet = quiet, :
     Running 'texi2dvi' on 'gRim.tex' failed.
    LaTeX errors:
    ! LaTeX Error: File `a4wide.sty' not found.
    
    Type X to quit or <RETURN> to proceed,
    or enter new name. (Default extension: sty)
    
    st/gRim/vignettes/gRim.tex:17: ==> Fatal error occurred, no output PDF file pr
    oduced!
    Calls: buildVignettes -> texi2pdf -> texi2dvi
    Execution halted
Flavor: r-release-osx-x86_64-mavericks