CRAN Package Check Results for Package gRim

Last updated on 2017-06-25 16:52:02.

Flavor Version Tinstall Tcheck Ttotal Status Flags
r-devel-linux-x86_64-debian-clang 0.2-0 26.47 65.73 92.20 OK
r-devel-linux-x86_64-debian-gcc 0.2-0 28.32 65.93 94.25 OK
r-devel-linux-x86_64-fedora-clang 0.2-0 187.95 OK
r-devel-linux-x86_64-fedora-gcc 0.2-0 182.28 OK
r-devel-windows-ix86+x86_64 0.2-0 101.00 207.00 308.00 OK
r-patched-linux-x86_64 0.2-0 24.29 63.35 87.64 OK
r-patched-solaris-sparc 0.2-0 928.70 OK
r-patched-solaris-x86 0.2-0 220.80 OK
r-release-linux-x86_64 0.2-0 27.94 64.23 92.18 OK
r-release-windows-ix86+x86_64 0.2-0 97.00 198.00 295.00 OK
r-release-osx-x86_64 0.2-0 ERROR
r-oldrel-windows-ix86+x86_64 0.2-0 79.00 175.00 254.00 OK
r-oldrel-osx-x86_64 0.2-0 OK

Check Details

Version: 0.2-0
Check: package dependencies
Result: ERROR
    Packages required but not available: ‘gRbase’ ‘graph’ ‘gRain’
    
    Package suggested but not available for checking: ‘Rgraphviz’
    
    See section ‘The DESCRIPTION file’ in the ‘Writing R Extensions’
    manual.
Flavor: r-release-osx-x86_64