CRAN Package Check Results for Package gWidgets

Last updated on 2015-09-01 16:49:26.

Flavor Version Tinstall Tcheck Ttotal Status Flags
r-devel-linux-x86_64-debian-clang 0.0-54 2.76 30.98 33.75 NOTE
r-devel-linux-x86_64-debian-gcc 0.0-54 2.74 30.50 33.24 NOTE
r-devel-linux-x86_64-fedora-clang 0.0-54 65.85 NOTE
r-devel-linux-x86_64-fedora-gcc 0.0-54 61.78 NOTE
r-devel-osx-x86_64-clang 0.0-54 62.16 OK
r-devel-windows-ix86+x86_64 0.0-54 13.00 80.00 93.00 NOTE
r-patched-linux-x86_64 0.0-54 2.81 33.40 36.21 OK
r-patched-solaris-sparc 0.0-54 400.80 OK
r-patched-solaris-x86 0.0-54 85.50 OK
r-release-linux-x86_64 0.0-54 4.31 31.71 36.02 OK
r-release-osx-x86_64-mavericks 0.0-54 OK
r-release-windows-ix86+x86_64 0.0-54 14.00 59.00 73.00 OK
r-oldrel-windows-ix86+x86_64 0.0-54 16.00 53.00 69.00 OK

Check Details

Version: 0.0-54
Check: R code for possible problems
Result: NOTE
    Tagsclear: no visible global function definition for ‘getFromNamespace’
    Tagsclear: no visible global function definition for
     ‘assignInNamespace’
    addArg: no visible global function definition for ‘new’
    editConditionDialog: no visible global function definition for ‘is’
    editFormulaDialog: no visible global function definition for ‘is’
    editSelectDialog: no visible global function definition for ‘is’
    editSubsetDialog: no visible global function definition for ‘is’
    editSubsetDialog : <anonymous>: no visible global function definition
     for ‘head’
    evalChunkReturnOutput: no visible global function definition for
     ‘RweaveEvalWithOpt’
    gaction: no visible global function definition for ‘new’
    gbasicdialog: no visible global function definition for ‘new’
    gbivariate: no visible global function definition for ‘new’
    gbutton: no visible global function definition for ‘new’
    gcalendar: no visible global function definition for ‘new’
    gcheckbox: no visible global function definition for ‘new’
    gcheckboxgroup: no visible global function definition for ‘new’
    gcombobox: no visible global function definition for ‘new’
    gcommandline: no visible global function definition for ‘new’
    gdf: no visible global function definition for ‘new’
    gdfnotebook: no visible global function definition for ‘new’
    gdroplist: no visible global function definition for ‘new’
    gedit: no visible global function definition for ‘new’
    geditlist: no visible global function definition for ‘new’
    geditnamedlist: no visible global function definition for ‘new’
    getNewID: no visible global function definition for ‘getFromNamespace’
    getNewID: no visible global function definition for ‘assignInNamespace’
    getgWidgetsIcons: no visible global function definition for
     ‘getFromNamespace’
    getgWidgetsIcons: no visible global function definition for
     ‘assignInNamespace’
    gexpandgroup: no visible global function definition for ‘new’
    gfilebrowse: no visible global function definition for ‘new’
    gfileurl: no visible global function definition for ‘new’
    gformlayout: no visible global function definition for ‘new’
    gframe: no visible global function definition for ‘new’
    ggenericwidget: no visible global function definition for ‘new’
    ggraphics: no visible global function definition for ‘new’
    ggraphicsnotebook: no visible global function definition for ‘new’
    ggroup: no visible global function definition for ‘new’
    ghelp: no visible global function definition for ‘new’
    ghelpbrowser: no visible global function definition for ‘new’
    ghtml: no visible global function definition for ‘new’
    gimage: no visible global function definition for ‘new’
    glabel: no visible global function definition for ‘new’
    glayout: no visible global function definition for ‘new’
    glmer: no visible global function definition for ‘new’
    gmenu: no visible global function definition for ‘new’
    gmodel: no visible global function definition for ‘new’
    gnotebook: no visible global function definition for ‘new’
    gpanedgroup: no visible global function definition for ‘new’
    gradio: no visible global function definition for ‘new’
    gseparator: no visible global function definition for ‘new’
    gslider: no visible global function definition for ‘new’
    gspinbutton: no visible global function definition for ‘new’
    gstatusbar: no visible global function definition for ‘new’
    gsvg: no visible global function definition for ‘new’
    gtable: no visible global function definition for ‘new’
    gtext: no visible global function definition for ‘new’
    gtoolbar: no visible global function definition for ‘new’
    gtree: no visible global function definition for ‘new’
    guiToolkit: no visible global function definition for ‘menu’
    guiToolkit: no visible global function definition for ‘new’
    gunivariate: no visible global function definition for ‘new’
    gunivariatetable: no visible global function definition for ‘new’
    gvarbrowser: no visible global function definition for ‘new’
    gwindow: no visible global function definition for ‘new’
    showHelpAtArgument: no visible global function definition for ‘help’
    .addStockIcons,ANY: no visible global function definition for
     ‘getFromNamespace’
    .addStockIcons,ANY: no visible global function definition for
     ‘assignInNamespace’
    .gcommandline,ANY: no visible global function definition for ‘is’
    .gcommandline,ANY: no visible global function definition for ‘new’
    .getStockIcons,ANY: no visible global function definition for
     ‘getFromNamespace’
    .gformlayout,ANY: no visible global function definition for ‘new’
    .ggenericwidget,ANY: no visible global function definition for ‘new’
    .ghelp,ANY: no visible global function definition for ‘new’
    .ghelpbrowser,ANY : helpSearch : searchResultsApropos: no visible
     global function definition for ‘help.search’
    .ghelpbrowser,ANY : helpSearch : searchResultsHelpSearch: no visible
     global function definition for ‘help.search’
    .ghelpbrowser,ANY: no visible global function definition for ‘new’
    .svalue,gAddargANY: no visible global function definition for ‘is’
    .tag,gWidgetANY: no visible global function definition for
     ‘getFromNamespace’
    .tag<-,gWidgetANY: no visible global function definition for
     ‘getFromNamespace’
    .tag<-,gWidgetANY: no visible global function definition for
     ‘assignInNamespace’
    [<-,gCheckbox: no visible global function definition for
     ‘callNextMethod’
    [<-,gCombobox: no visible global function definition for
     ‘callNextMethod’
    [<-,gRadio: no visible global function definition for ‘callNextMethod’
    svalue,gButton: no visible global function definition for
     ‘callNextMethod’
    svalue<-,gButton: no visible global function definition for
     ‘callNextMethod’
    svalue<-,gCheckbox: no visible global function definition for
     ‘callNextMethod’
    svalue<-,gLabel: no visible global function definition for
     ‘callNextMethod’
    Undefined global functions or variables:
     RweaveEvalWithOpt assignInNamespace callNextMethod getFromNamespace
     head help help.search is menu new
    Consider adding
     importFrom("methods", "callNextMethod", "is", "new")
     importFrom("utils", "RweaveEvalWithOpt", "assignInNamespace",
     "getFromNamespace", "head", "help", "help.search", "menu")
    to your NAMESPACE (and ensure that your DESCRIPTION Imports field
    contains 'methods').
Flavors: r-devel-linux-x86_64-debian-clang, r-devel-linux-x86_64-debian-gcc, r-devel-linux-x86_64-fedora-clang, r-devel-linux-x86_64-fedora-gcc, r-devel-windows-ix86+x86_64