CRAN Package Check Results for Package gWidgets

Last updated on 2014-04-18 05:48:05.

Flavor Version Tinstall Tcheck Ttotal Status Flags
r-devel-linux-x86_64-debian-clang 0.0-52 3.46 30.87 34.33 NOTE
r-devel-linux-x86_64-debian-gcc NOTE
r-devel-linux-x86_64-fedora-clang 0.0-52 76.21 NOTE
r-devel-linux-x86_64-fedora-gcc 0.0-52 75.13 NOTE
r-devel-macosx-x86_64-clang 0.0-52 64.86 NOTE
r-devel-macosx-x86_64-gcc 0.0-52 NOTE
r-devel-windows-ix86+x86_64 0.0-52 9.00 58.00 67.00 NOTE
r-patched-linux-x86_64 0.0-52 3.72 31.99 35.71 NOTE
r-patched-solaris-sparc 0.0-52 385.90 NOTE
r-patched-solaris-x86 0.0-52 94.60 NOTE
r-release-linux-ix86 0.0-52 7.00 56.00 63.00 NOTE
r-release-linux-x86_64 0.0-52 3.34 31.25 34.60 NOTE
r-release-windows-ix86+x86_64 0.0-52 12.00 62.00 74.00 NOTE
r-oldrel-windows-ix86+x86_64 0.0-52 9.00 60.00 69.00 NOTE

Check Details

Version: 0.0-52
Check: dependencies in R code
Result: NOTE
    ':::' call which should be '::': ‘methods:::.hasSlot’
     See the note in ?`:::` about the use of this operator.
    Unexported objects imported by ':::' calls:
     ‘utils:::.getHelpFile’ ‘utils:::index.search’
     See the note in ?`:::` about the use of this operator.
    See the information on DESCRIPTION files in the chapter ‘Creating R
    packages’ of the ‘Writing R Extensions’ manual.
Flavors: r-devel-linux-x86_64-debian-clang, r-devel-linux-x86_64-debian-gcc, r-devel-linux-x86_64-fedora-clang, r-devel-linux-x86_64-fedora-gcc, r-devel-macosx-x86_64-clang, r-devel-macosx-x86_64-gcc, r-devel-windows-ix86+x86_64, r-patched-linux-x86_64, r-patched-solaris-sparc, r-patched-solaris-x86, r-release-linux-ix86, r-release-linux-x86_64, r-release-windows-ix86+x86_64, r-oldrel-windows-ix86+x86_64

Version: 0.0-52
Check: for old-style vignette sources
Result: NOTE
    Vignette sources only in ‘inst/doc’:
     ‘addingToolkit.Rnw’, ‘gWidgets.Rnw’
    A ‘vignettes’ directory is required as from R 3.1.0
    and these will not be indexed nor checked
Flavors: r-devel-linux-x86_64-debian-clang, r-devel-linux-x86_64-debian-gcc, r-devel-linux-x86_64-fedora-clang, r-devel-linux-x86_64-fedora-gcc, r-devel-macosx-x86_64-clang, r-devel-macosx-x86_64-gcc, r-devel-windows-ix86+x86_64, r-patched-linux-x86_64, r-patched-solaris-sparc, r-patched-solaris-x86, r-release-linux-ix86, r-release-linux-x86_64, r-release-windows-ix86+x86_64

Version: 0.0-52
Check: top-level files
Result: NOTE
    Non-standard file/directory found at top level:
     ‘TODO.txt’
Flavors: r-devel-linux-x86_64-fedora-clang, r-devel-linux-x86_64-fedora-gcc

Version: 0.0-52
Check: Rd line widths
Result: NOTE
    Rd file 'gWidgets-dialogs.Rd':
     \usage lines wider than 90 characters:
     gbasicdialog(title = "Dialog", widget, parent=NULL, do.buttons=TRUE, handler = NULL, action=NULL, ..., toolkit=guiToolkit())
    
    Rd file 'gcommandline.Rd':
     \usage lines wider than 90 characters:
     gcommandline(command = "", assignto = NULL, useGUI = TRUE, useConsole = FALSE, prompt = getOption("prompt"), width = 500, height = 0.6 ... [TRUNCATED]
    
    Rd file 'gedit.Rd':
     \usage lines wider than 90 characters:
     gedit(text = "", width = 25, coerce.with = NULL, initial.msg="", handler = NULL, action = NULL, container = NULL, ..., toolkit = guiToo ... [TRUNCATED]
    
    Rd file 'gfile.Rd':
     \usage lines wider than 90 characters:
     gcalendar(text = "", format = "%Y-%m-%d", handler=NULL, action=NULL, container = NULL, ..., toolkit = guiToolkit())
    
    Rd file 'ggraphics.Rd':
     \usage lines wider than 90 characters:
     ggraphicsnotebook(width=dpi*6, height=dpi*6,dpi=75, container = NULL,..., toolkit = guiToolkit())
    
    Rd file 'ggroup.Rd':
     \usage lines wider than 90 characters:
     ggroup(horizontal = TRUE, spacing = 5, use.scrollwindow = FALSE, container = NULL, ..., toolkit = guiToolkit())
    
    Rd file 'ghelp.Rd':
     \usage lines wider than 90 characters:
     ghelpbrowser(title = "Help browser", maxTerms=100, width=1000, height=600, ..., toolkit = guiToolkit())
    
    Rd file 'gimage.Rd':
     \examples lines wider than 100 characters:
     "Nunc magna magna, vestibulum sit amet posuere sit amet, gravida placerat odio.",
    
    Rd file 'gmenu.Rd':
     \usage lines wider than 90 characters:
     gmenu(menulist, popup = FALSE, action=NULL, container = NULL, ..., toolkit = guiToolkit())
    
    Rd file 'gnotebook.Rd':
     \usage lines wider than 90 characters:
     gnotebook(tab.pos = 3, closebuttons = FALSE, dontCloseThese = NULL, container = NULL, ..., toolkit = guiToolkit())
     \examples lines wider than 100 characters:
     glabel("Widget 2", container=nb, label="page 2") ## label argument passed by constructor to add method
    
    Rd file 'gpanedgroup.Rd':
     \usage lines wider than 90 characters:
     gpanedgroup(widget1=NULL, widget2=NULL, horizontal = TRUE, container = NULL, ..., toolkit = guiToolkit())
    
    Rd file 'gslider.Rd':
     \usage lines wider than 90 characters:
     gslider(from = 0, to = 100, by = 1, length.out=NULL, along.with=NULL, value = from[1], horizontal = TRUE, handler = NULL, action = NULL ... [TRUNCATED]
     gspinbutton (from = 0, to = 10, by = 1, length.out=NULL, along.with=NULL, value = from, digits = 0,
    
    Rd file 'gtable.Rd':
     \usage lines wider than 90 characters:
     gtable(items, multiple = FALSE, chosencol = 1, icon.FUN = NULL, filter.column = NULL, filter.labels = NULL, filter.FUN = NULL, handler ... [TRUNCATED]
    
    These lines will be truncated in the PDF manual.
Flavors: r-devel-linux-x86_64-fedora-clang, r-devel-linux-x86_64-fedora-gcc

Version: 0.0-52
Check: package dependencies
Result: NOTE
    Packages suggested but not available for checking:
     ‘gWidgetsRGtk2’ ‘gWidgetstcltk’
Flavor: r-devel-macosx-x86_64-gcc

Version: 0.0-52
Check: for old-style vignette sources
Result: NOTE
    Vignette sources only in 'inst/doc':
     'addingToolkit.Rnw', 'gWidgets.Rnw'
    A 'vignettes' directory will be required as from R 3.1.0
Flavor: r-oldrel-windows-ix86+x86_64