CRAN Package Check Results for Package gWidgetsRGtk2

Last updated on 2017-10-23 01:46:43.

Flavor Version Tinstall Tcheck Ttotal Status Flags
r-devel-linux-x86_64-debian-clang 0.0-84 7.17 52.47 59.64 OK
r-devel-linux-x86_64-debian-gcc 0.0-84 8.31 55.11 63.42 OK
r-devel-linux-x86_64-fedora-clang 0.0-84 113.41 OK
r-devel-linux-x86_64-fedora-gcc 0.0-84 114.32 OK
r-devel-windows-ix86+x86_64 0.0-84 15.00 109.00 124.00 OK
r-patched-linux-x86_64 0.0-84 6.94 52.61 59.55 OK
r-patched-solaris-x86 0.0-84 148.00 OK
r-release-linux-x86_64 0.0-84 6.87 54.34 61.20 OK
r-release-windows-ix86+x86_64 0.0-84 23.00 104.00 127.00 OK
r-release-osx-x86_64 0.0-84 ERROR
r-oldrel-windows-ix86+x86_64 0.0-84 15.00 100.00 115.00 OK
r-oldrel-osx-x86_64 0.0-84 OK

Check Details

Version: 0.0-84
Check: package dependencies
Result: ERROR
    Packages required but not available: ‘RGtk2’ ‘cairoDevice’
    
    Package which this enhances but not available for checking: ‘RGtk2Extras’
    
    See section ‘The DESCRIPTION file’ in the ‘Writing R Extensions’
    manual.
Flavor: r-release-osx-x86_64