CRAN Package Check Results for Package gWidgetsRGtk2

Last updated on 2014-11-27 01:47:52.

Flavor Version Tinstall Tcheck Ttotal Status Flags
r-devel-linux-x86_64-debian-clang 0.0-83 8.12 58.79 66.90 OK
r-devel-linux-x86_64-debian-gcc 0.0-82 7.20 56.22 63.43 NOTE
r-devel-linux-x86_64-fedora-clang 0.0-83 108.05 OK
r-devel-linux-x86_64-fedora-gcc 0.0-83 160.37 OK
r-devel-osx-x86_64-clang 0.0-83 90.60 OK
r-devel-windows-ix86+x86_64 0.0-83 18.00 82.00 100.00 OK
r-patched-linux-x86_64 0.0-82 8.53 59.03 67.56 NOTE
r-patched-solaris-sparc 0.0-83 758.20 OK
r-patched-solaris-x86 0.0-83 153.80 OK
r-release-linux-ix86 0.0-82 9.97 69.65 79.62 NOTE
r-release-linux-x86_64 0.0-82 8.60 59.00 67.60 NOTE
r-release-osx-x86_64-mavericks 0.0-82 ERROR
r-release-osx-x86_64-snowleopard 0.0-82 NOTE
r-release-windows-ix86+x86_64 0.0-83 19.00 91.00 110.00 OK
r-oldrel-windows-ix86+x86_64 0.0-83 22.00 96.00 118.00 OK

Check Details

Version: 0.0-82
Check: top-level files
Result: NOTE
    Non-standard file/directory found at top level:
     ‘TODO.txt’
Flavors: r-devel-linux-x86_64-debian-gcc, r-patched-linux-x86_64, r-release-linux-x86_64

Version: 0.0-82
Check: R code for possible problems
Result: NOTE
    .ggraphics,guiWidgetsToolkitRGtk2: no visible global function
     definition for ‘asCairoDevice’
    .ggraphics,guiWidgetsToolkitRGtk2 : <anonymous>: no visible global
     function definition for ‘asCairoDevice’
Flavors: r-devel-linux-x86_64-debian-gcc, r-patched-linux-x86_64, r-release-linux-ix86, r-release-linux-x86_64

Version: 0.0-82
Check: package dependencies
Result: ERROR
    Package required but not available: ‘RGtk2’
    
    Package suggested but not available for checking: ‘cairoDevice’
    
    Package which this enhances but not available for checking: ‘RGtk2Extras’
    
    See the information on DESCRIPTION files in the chapter ‘Creating R
    packages’ of the ‘Writing R Extensions’ manual.
Flavor: r-release-osx-x86_64-mavericks

Version: 0.0-82
Check: package dependencies
Result: NOTE
    Package which this enhances but not available for checking: 'RGtk2Extras'
Flavor: r-release-osx-x86_64-snowleopard