CRAN Package Check Results for Package gWidgetsRGtk2

Last updated on 2015-04-01 08:50:06.

Flavor Version Tinstall Tcheck Ttotal Status Flags
r-devel-linux-x86_64-debian-clang 0.0-83 8.20 50.38 58.58 NOTE
r-devel-linux-x86_64-debian-gcc 0.0-83 7.11 50.36 57.48 NOTE
r-devel-linux-x86_64-fedora-clang 0.0-83 115.58 NOTE
r-devel-linux-x86_64-fedora-gcc 0.0-83 116.54 NOTE
r-devel-osx-x86_64-clang 0.0-83 108.58 NOTE
r-prerel-windows-ix86+x86_64 0.0-83 27.00 71.00 98.00 NOTE
r-prerel-linux-x86_64 0.0-83 7.28 49.69 56.98 NOTE
r-prerel-solaris-sparc 0.0-83 670.10 NOTE
r-prerel-solaris-x86 0.0-83 145.60 NOTE
r-release-linux-x86_64 0.0-83 8.68 61.23 69.90 OK
r-release-osx-x86_64-mavericks 0.0-83 ERROR
r-release-osx-x86_64-snowleopard 0.0-83 OK
r-release-windows-ix86+x86_64 0.0-83 31.00 90.00 121.00 OK
r-oldrel-windows-ix86+x86_64 0.0-83 35.00 97.00 132.00 OK

Check Details

Version: 0.0-83
Check: DESCRIPTION meta-information
Result: NOTE
    Malformed Description field: should contain one or more complete sentences.
Flavors: r-devel-linux-x86_64-debian-clang, r-devel-linux-x86_64-debian-gcc, r-devel-linux-x86_64-fedora-clang, r-devel-linux-x86_64-fedora-gcc, r-devel-osx-x86_64-clang, r-prerel-windows-ix86+x86_64, r-prerel-linux-x86_64, r-prerel-solaris-sparc, r-prerel-solaris-x86

Version: 0.0-83
Check: package dependencies
Result: ERROR
    Packages required but not available: ‘RGtk2’ ‘cairoDevice’
    
    Package which this enhances but not available for checking: ‘RGtk2Extras’
    
    See section ‘The DESCRIPTION file’ in the ‘Writing R Extensions’
    manual.
Flavor: r-release-osx-x86_64-mavericks