CRAN Package Check Results for Package gWidgetsRGtk2

Last updated on 2017-08-17 03:48:53.

Flavor Version Tinstall Tcheck Ttotal Status Flags
r-devel-linux-x86_64-debian-clang 0.0-84 7.08 51.83 58.91 OK
r-devel-linux-x86_64-debian-gcc 0.0-84 6.89 48.95 55.83 OK
r-devel-linux-x86_64-fedora-clang 0.0-84 109.14 OK
r-devel-linux-x86_64-fedora-gcc 0.0-84 108.06 OK
r-devel-windows-ix86+x86_64 0.0-84 20.00 119.00 139.00 OK
r-patched-linux-x86_64 0.0-84 7.45 50.03 57.49 OK
r-patched-solaris-x86 0.0-84 143.70 OK
r-release-linux-x86_64 0.0-84 6.91 51.95 58.86 OK
r-release-windows-ix86+x86_64 0.0-84 18.00 84.00 102.00 OK
r-release-osx-x86_64 0.0-84 ERROR
r-oldrel-windows-ix86+x86_64 0.0-84 21.00 76.00 97.00 OK
r-oldrel-osx-x86_64 0.0-84 OK

Check Details

Version: 0.0-84
Check: package dependencies
Result: ERROR
    Packages required but not available: ‘RGtk2’ ‘cairoDevice’
    
    Package which this enhances but not available for checking: ‘RGtk2Extras’
    
    See section ‘The DESCRIPTION file’ in the ‘Writing R Extensions’
    manual.
Flavor: r-release-osx-x86_64