CRAN Package Check Results for Package gWidgetsRGtk2

Last updated on 2014-12-21 03:48:16.

Flavor Version Tinstall Tcheck Ttotal Status Flags
r-devel-linux-x86_64-debian-clang 0.0-83 7.70 58.65 66.35 OK
r-devel-linux-x86_64-debian-gcc 0.0-83 8.25 56.35 64.60 OK
r-devel-linux-x86_64-fedora-clang 0.0-83 149.25 OK
r-devel-linux-x86_64-fedora-gcc 0.0-83 137.18 OK
r-devel-osx-x86_64-clang 0.0-83 123.25 OK
r-devel-windows-ix86+x86_64 0.0-83 22.00 116.00 138.00 OK
r-patched-linux-x86_64 0.0-83 8.41 60.10 68.51 OK
r-patched-solaris-sparc 0.0-83 758.20 OK
r-patched-solaris-x86 0.0-83 191.80 OK
r-release-linux-ix86 0.0-83 10.74 70.78 81.52 OK
r-release-linux-x86_64 0.0-83 8.65 60.22 68.86 OK
r-release-osx-x86_64-mavericks 0.0-83 ERROR
r-release-osx-x86_64-snowleopard 0.0-83 OK
r-release-windows-ix86+x86_64 0.0-83 21.00 88.00 109.00 OK
r-oldrel-windows-ix86+x86_64 0.0-83 22.00 96.00 118.00 OK

Check Details

Version: 0.0-83
Check: package dependencies
Result: ERROR
    Packages required but not available: ‘RGtk2’ ‘cairoDevice’
    
    Package which this enhances but not available for checking: ‘RGtk2Extras’
    
    See the information on DESCRIPTION files in the chapter ‘Creating R
    packages’ of the ‘Writing R Extensions’ manual.
Flavor: r-release-osx-x86_64-mavericks