CRAN Package Check Results for Package gWidgetsRGtk2

Last updated on 2015-03-02 13:47:05.

Flavor Version Tinstall Tcheck Ttotal Status Flags
r-devel-linux-x86_64-debian-clang 0.0-83 7.56 53.36 60.92 NOTE
r-devel-linux-x86_64-debian-gcc 0.0-83 6.81 49.50 56.31 NOTE
r-devel-linux-x86_64-fedora-clang 0.0-83 116.82 NOTE
r-devel-linux-x86_64-fedora-gcc 0.0-83 110.19 NOTE
r-devel-osx-x86_64-clang 0.0-83 101.67 NOTE
r-devel-windows-ix86+x86_64 0.0-83 19.00 68.00 87.00 NOTE
r-patched-linux-x86_64 0.0-83 8.77 60.67 69.44 OK
r-patched-solaris-sparc 0.0-83 815.50 OK
r-patched-solaris-x86 0.0-83 190.40 OK
r-release-linux-ix86 0.0-83 10.42 72.10 82.52 OK
r-release-linux-x86_64 0.0-83 9.13 60.43 69.56 OK
r-release-osx-x86_64-mavericks 0.0-83 ERROR
r-release-osx-x86_64-snowleopard 0.0-83 OK
r-release-windows-ix86+x86_64 0.0-83 27.00 88.00 115.00 OK
r-oldrel-windows-ix86+x86_64 0.0-83 35.00 97.00 132.00 OK

Check Details

Version: 0.0-83
Check: DESCRIPTION meta-information
Result: NOTE
    Malformed Description field: should contain one or more complete sentences.
Flavors: r-devel-linux-x86_64-debian-clang, r-devel-linux-x86_64-debian-gcc, r-devel-linux-x86_64-fedora-clang, r-devel-linux-x86_64-fedora-gcc, r-devel-osx-x86_64-clang, r-devel-windows-ix86+x86_64

Version: 0.0-83
Check: package dependencies
Result: ERROR
    Packages required but not available: ‘RGtk2’ ‘cairoDevice’
    
    Package which this enhances but not available for checking: ‘RGtk2Extras’
    
    See section ‘The DESCRIPTION file’ in the ‘Writing R Extensions’
    manual.
Flavor: r-release-osx-x86_64-mavericks