CRAN Package Check Results for Package gWidgetsRGtk2

Last updated on 2015-05-03 11:47:38.

Flavor Version Tinstall Tcheck Ttotal Status Flags
r-devel-linux-x86_64-debian-clang 0.0-83 7.46 50.92 58.38 NOTE
r-devel-linux-x86_64-debian-gcc 0.0-83 6.92 50.05 56.98 NOTE
r-devel-linux-x86_64-fedora-clang 0.0-83 117.01 NOTE
r-devel-linux-x86_64-fedora-gcc 0.0-83 111.88 NOTE
r-devel-osx-x86_64-clang 0.0-83 98.87 NOTE
r-devel-windows-ix86+x86_64 0.0-83 16.00 69.00 85.00 NOTE
r-patched-linux-x86_64 0.0-83 6.88 49.80 56.67 NOTE
r-patched-solaris-sparc 0.0-83 670.10 NOTE
r-patched-solaris-x86 0.0-83 147.10 NOTE
r-release-linux-x86_64 0.0-83 7.06 49.79 56.85 NOTE
r-release-osx-x86_64-mavericks 0.0-83 ERROR
r-release-osx-x86_64-snowleopard 0.0-83 NOTE
r-release-windows-ix86+x86_64 0.0-83 19.00 95.00 114.00 NOTE
r-oldrel-windows-ix86+x86_64 0.0-83 31.00 90.00 121.00 OK

Check Details

Version: 0.0-83
Check: DESCRIPTION meta-information
Result: NOTE
    Malformed Description field: should contain one or more complete sentences.
Flavors: r-devel-linux-x86_64-debian-clang, r-devel-linux-x86_64-debian-gcc, r-devel-linux-x86_64-fedora-clang, r-devel-linux-x86_64-fedora-gcc, r-devel-osx-x86_64-clang, r-devel-windows-ix86+x86_64, r-patched-linux-x86_64, r-patched-solaris-sparc, r-patched-solaris-x86, r-release-linux-x86_64, r-release-osx-x86_64-snowleopard, r-release-windows-ix86+x86_64

Version: 0.0-83
Check: package namespace information
Result: OK
    
Flavor: r-release-osx-x86_64-mavericks

Version: 0.0-83
Check: package dependencies
Result: ERROR
    Packages required but not available: ‘RGtk2’ ‘cairoDevice’
    
    Package which this enhances but not available for checking: ‘RGtk2Extras’
    
    See section ‘The DESCRIPTION file’ in the ‘Writing R Extensions’
    manual.
Flavor: r-release-osx-x86_64-mavericks