CRAN Package Check Results for Package gWidgetsRGtk2

Last updated on 2014-08-01 05:48:25.

Flavor Version Tinstall Tcheck Ttotal Status Flags
r-devel-linux-x86_64-debian-clang 0.0-82 9.02 59.66 68.68 OK
r-devel-linux-x86_64-debian-gcc 0.0-82 8.29 58.57 66.86 OK
r-devel-linux-x86_64-fedora-clang 0.0-82 154.61 NOTE
r-devel-linux-x86_64-fedora-gcc 0.0-82 147.47 NOTE
r-devel-osx-x86_64-clang 0.0-82 121.09 OK
r-devel-windows-ix86+x86_64 0.0-82 19.00 80.00 99.00 OK
r-patched-linux-x86_64 0.0-82 8.77 59.26 68.04 OK
r-patched-solaris-sparc 0.0-82 858.40 OK
r-patched-solaris-x86 0.0-82 191.50 OK
r-release-linux-ix86 0.0-82 10.90 73.74 84.64 OK
r-release-linux-x86_64 0.0-82 8.91 60.63 69.54 OK
r-release-osx-x86_64-mavericks 0.0-82 ERROR
r-release-osx-x86_64-snowleopard 0.0-82 NOTE
r-release-windows-ix86+x86_64 0.0-82 20.00 83.00 103.00 OK
r-oldrel-windows-ix86+x86_64 0.0-82 21.00 86.00 107.00 OK

Check Details

Version: 0.0-82
Check: top-level files
Result: NOTE
    Non-standard file/directory found at top level:
     TODO.txt
Flavors: r-devel-linux-x86_64-fedora-clang, r-devel-linux-x86_64-fedora-gcc

Version: 0.0-82
Check: package dependencies
Result: ERROR
    Package required but not available: RGtk2
    
    Package suggested but not available for checking: cairoDevice
    
    Package which this enhances but not available for checking: RGtk2Extras
    
    See the information on DESCRIPTION files in the chapter Creating R
    packages of the Writing R Extensions manual.
Flavor: r-release-osx-x86_64-mavericks

Version: 0.0-82
Check: package dependencies
Result: NOTE
    Package which this enhances but not available for checking: 'RGtk2Extras'
Flavor: r-release-osx-x86_64-snowleopard