CRAN Package Check Results for Package gWidgetsRGtk2

Last updated on 2015-07-06 14:48:37.

Flavor Version Tinstall Tcheck Ttotal Status Flags
r-devel-linux-x86_64-debian-clang 0.0-83 8.58 49.13 57.71 NOTE
r-devel-linux-x86_64-debian-gcc 0.0-83 7.15 50.38 57.53 NOTE
r-devel-linux-x86_64-fedora-clang 0.0-83 113.00 NOTE
r-devel-linux-x86_64-fedora-gcc 0.0-83 107.35 NOTE
r-devel-osx-x86_64-clang 0.0-83 96.01 NOTE
r-devel-windows-ix86+x86_64 0.0-83 17.00 78.00 95.00 NOTE
r-patched-linux-x86_64 0.0-83 7.43 50.75 58.18 NOTE
r-patched-solaris-sparc 0.0-83 673.40 NOTE
r-patched-solaris-x86 0.0-83 146.10 NOTE
r-release-linux-x86_64 0.0-83 6.85 49.21 56.06 NOTE
r-release-osx-x86_64-mavericks 0.0-83 NOTE
r-release-windows-ix86+x86_64 0.0-83 20.00 74.00 94.00 NOTE
r-oldrel-windows-ix86+x86_64 0.0-83 31.00 90.00 121.00 OK

Check Details

Version: 0.0-83
Check: DESCRIPTION meta-information
Result: NOTE
    Malformed Description field: should contain one or more complete sentences.
Flavors: r-devel-linux-x86_64-debian-clang, r-devel-linux-x86_64-debian-gcc, r-devel-linux-x86_64-fedora-clang, r-devel-linux-x86_64-fedora-gcc, r-devel-osx-x86_64-clang, r-devel-windows-ix86+x86_64, r-patched-linux-x86_64, r-patched-solaris-sparc, r-patched-solaris-x86, r-release-linux-x86_64, r-release-osx-x86_64-mavericks, r-release-windows-ix86+x86_64

Version: 0.0-83
Check: R code for possible problems
Result: NOTE
    .addTags: no visible global function definition for ‘colors’
    addNewPage: no visible global function definition for ‘dev.cur’
    browseDataAsCSV: no visible global function definition for ‘write.csv’
    browseDataAsCSV: no visible global function definition for ‘browseURL’
    dev.copy2eps.hack: no visible global function definition for ‘dev.cur’
    dev.copy2eps.hack: no visible binding for global variable ‘postscript’
    dev.copy2eps.hack: no visible global function definition for ‘par’
    dev.copy2eps.hack: no visible global function definition for ‘dev.off’
    dev.copy2eps.hack: no visible global function definition for ‘dev.set’
    devPrintHack: no visible binding for global variable ‘postscript’
    devPrintHack: no visible global function definition for ‘dev.cur’
    devPrintHack: no visible global function definition for ‘par’
    devPrintHack: no visible global function definition for ‘ps.options’
    devPrintHack: no visible global function definition for ‘dev.off’
    devPrintHack: no visible global function definition for ‘dev.set’
    evalChunk: no visible global function definition for
     ‘RweaveEvalWithOpt’
    getRGtk2Version: no visible global function definition for
     ‘installed.packages’
    printCurrentPage : <anonymous>: no visible global function definition
     for ‘dev.print’
    replayAPlot : <anonymous>: no visible global function definition for
     ‘replayPlot’
    .addhandlerchanged,gGraphicsRGtk-guiWidgetsToolkitRGtk2 : <anonymous>:
     no visible global function definition for ‘grconvertX’
    .addhandlerchanged,gGraphicsRGtk-guiWidgetsToolkitRGtk2 : <anonymous>:
     no visible global function definition for ‘grconvertY’
    .addhandlerclicked,gGraphicsRGtk-guiWidgetsToolkitRGtk2 : f: no visible
     global function definition for ‘grconvertX’
    .addhandlerclicked,gGraphicsRGtk-guiWidgetsToolkitRGtk2 : f: no visible
     global function definition for ‘grconvertY’
    .font<-,gTextRGtk-guiWidgetsToolkitRGtk2: no visible global function
     definition for ‘colors’
    .gdf,guiWidgetsToolkitRGtk2: no visible binding for global variable
     ‘colors’
    .ggraphics,guiWidgetsToolkitRGtk2 : .setDevNo: no visible global
     function definition for ‘dev.set’
    .ggraphics,guiWidgetsToolkitRGtk2 : <anonymous>: no visible global
     function definition for ‘dev.off’
    .ggraphicsnotebook,guiWidgetsToolkitRGtk2 : <anonymous>: no visible
     global function definition for ‘dev.list’
    .ggraphicsnotebook,guiWidgetsToolkitRGtk2 : <anonymous>: no visible
     global function definition for ‘dev.set’
    .leftBracket<-,gSpinbuttonRGtk-guiWidgetsToolkitRGtk2: no visible
     global function definition for ‘head’
    .visible<-,gGraphicsRGtk-guiWidgetsToolkitRGtk2-ANY: no visible global
     function definition for ‘dev.set’
    Undefined global functions or variables:
     RweaveEvalWithOpt browseURL colors dev.cur dev.list dev.off dev.print
     dev.set grconvertX grconvertY head installed.packages par postscript
     ps.options replayPlot write.csv
Flavors: r-devel-linux-x86_64-debian-clang, r-devel-linux-x86_64-debian-gcc, r-devel-linux-x86_64-fedora-clang, r-devel-linux-x86_64-fedora-gcc, r-devel-windows-ix86+x86_64

Version: 0.0-83
Check: package dependencies
Result: NOTE
    Package which this enhances but not available for checking: ‘RGtk2Extras’
Flavor: r-release-osx-x86_64-mavericks