CRAN Package Check Results for Package gWidgetsRGtk2

Last updated on 2014-09-16 03:48:45.

Flavor Version Tinstall Tcheck Ttotal Status Flags
r-devel-linux-x86_64-debian-clang 0.0-82 7.59 56.40 63.99 NOTE
r-devel-linux-x86_64-debian-gcc 0.0-82 7.39 54.71 62.10 NOTE
r-devel-linux-x86_64-fedora-clang 0.0-82 143.72 NOTE
r-devel-linux-x86_64-fedora-gcc 0.0-82 137.39 NOTE
r-devel-osx-x86_64-clang 0.0-82 112.65 NOTE
r-devel-windows-ix86+x86_64 0.0-82 17.00 75.00 92.00 NOTE
r-patched-linux-x86_64 0.0-82 8.68 59.14 67.82 OK
r-patched-solaris-sparc 0.0-82 858.40 OK
r-patched-solaris-x86 0.0-82 189.00 OK
r-release-linux-ix86 0.0-82 10.98 79.42 90.40 OK
r-release-linux-x86_64 0.0-82 9.02 61.42 70.43 NOTE
r-release-osx-x86_64-mavericks 0.0-82 ERROR
r-release-osx-x86_64-snowleopard 0.0-82 NOTE
r-release-windows-ix86+x86_64 0.0-82 21.00 94.00 115.00 OK
r-oldrel-windows-ix86+x86_64 0.0-82 21.00 91.00 112.00 OK

Check Details

Version: 0.0-82
Check: top-level files
Result: NOTE
    Non-standard file/directory found at top level:
     ‘TODO.txt’
Flavors: r-devel-linux-x86_64-debian-clang, r-devel-linux-x86_64-debian-gcc, r-devel-linux-x86_64-fedora-clang, r-devel-linux-x86_64-fedora-gcc, r-release-linux-x86_64

Version: 0.0-82
Check: R code for possible problems
Result: NOTE
    .ggraphics,guiWidgetsToolkitRGtk2: no visible global function
     definition for ‘asCairoDevice’
    .ggraphics,guiWidgetsToolkitRGtk2 : <anonymous>: no visible global
     function definition for ‘asCairoDevice’
Flavors: r-devel-linux-x86_64-debian-clang, r-devel-linux-x86_64-debian-gcc, r-devel-linux-x86_64-fedora-clang, r-devel-linux-x86_64-fedora-gcc, r-devel-osx-x86_64-clang, r-devel-windows-ix86+x86_64

Version: 0.0-82
Check: package dependencies
Result: ERROR
    Package required but not available: ‘RGtk2’
    
    Package suggested but not available for checking: ‘cairoDevice’
    
    Package which this enhances but not available for checking: ‘RGtk2Extras’
    
    See the information on DESCRIPTION files in the chapter ‘Creating R
    packages’ of the ‘Writing R Extensions’ manual.
Flavor: r-release-osx-x86_64-mavericks

Version: 0.0-82
Check: package dependencies
Result: NOTE
    Package which this enhances but not available for checking: 'RGtk2Extras'
Flavor: r-release-osx-x86_64-snowleopard