CRAN Package Check Results for Package gWidgetsRGtk2

Last updated on 2014-04-24 07:52:28.

Flavor Version Tinstall Tcheck Ttotal Status Flags
r-devel-linux-x86_64-debian-clang 0.0-82 9.39 63.89 73.28 OK
r-devel-linux-x86_64-debian-gcc 0.0-82 9.98 65.41 75.38 OK
r-devel-linux-x86_64-fedora-clang 0.0-82 164.41 NOTE
r-devel-linux-x86_64-fedora-gcc 0.0-82 155.78 NOTE
r-devel-osx-x86_64-clang 0.0-82 123.33 OK
r-devel-osx-x86_64-gcc 0.0-82 NOTE
r-devel-windows-ix86+x86_64 0.0-82 20.00 85.00 105.00 OK
r-patched-linux-x86_64 0.0-82 9.17 63.93 73.10 OK
r-patched-solaris-sparc 0.0-82 838.80 OK
r-patched-solaris-x86 0.0-82 197.40 OK
r-release-linux-ix86 0.0-82 14.00 101.00 115.00 OK
r-release-linux-x86_64 0.0-82 10.19 65.09 75.28 OK
r-release-osx-x86_64-mavericks 0.0-82 ERROR
r-release-osx-x86_64-snowleopard 0.0-82 NOTE
r-release-windows-ix86+x86_64 0.0-82 27.00 121.00 148.00 OK
r-oldrel-windows-ix86+x86_64 0.0-82 23.00 92.00 115.00 OK

Check Details

Version: 0.0-82
Check: top-level files
Result: NOTE
    Non-standard file/directory found at top level:
     ‘TODO.txt’
Flavors: r-devel-linux-x86_64-fedora-clang, r-devel-linux-x86_64-fedora-gcc

Version: 0.0-82
Check: package dependencies
Result: NOTE
    Package which this enhances but not available for checking: ‘RGtk2Extras’
Flavors: r-devel-osx-x86_64-gcc, r-release-osx-x86_64-snowleopard

Version: 0.0-82
Check: package dependencies
Result: ERROR
    Package required but not available: ‘RGtk2’
    
    Package suggested but not available for checking: ‘cairoDevice’
    
    Package which this enhances but not available for checking: ‘RGtk2Extras’
    
    See the information on DESCRIPTION files in the chapter ‘Creating R
    packages’ of the ‘Writing R Extensions’ manual.
Flavor: r-release-osx-x86_64-mavericks