CRAN Package Check Results for Package gWidgetsRGtk2

Last updated on 2016-05-25 03:48:30.

Flavor Version Tinstall Tcheck Ttotal Status Flags
r-devel-linux-x86_64-debian-gcc 0.0-83 6.26 48.91 55.18 NOTE
r-devel-linux-x86_64-fedora-clang 0.0-83 128.95 NOTE
r-devel-linux-x86_64-fedora-gcc 0.0-83 99.10 NOTE
r-devel-osx-x86_64-clang 0.0-83 103.19 NOTE
r-devel-windows-ix86+x86_64 0.0-83 17.00 110.00 127.00 NOTE
r-patched-linux-x86_64 0.0-83 6.42 48.72 55.13 NOTE
r-patched-solaris-sparc 0.0-83 615.70 NOTE
r-patched-solaris-x86 0.0-83 128.10 NOTE
r-release-linux-x86_64 0.0-83 6.84 47.73 54.56 NOTE
r-release-osx-x86_64-mavericks 0.0-83 ERROR
r-release-windows-ix86+x86_64 0.0-83 17.00 110.00 127.00 NOTE
r-oldrel-windows-ix86+x86_64 0.0-83 24.00 81.00 105.00 NOTE

Check Details

Version: 0.0-83
Check: DESCRIPTION meta-information
Result: NOTE
    Malformed Description field: should contain one or more complete sentences.
Flavors: r-devel-linux-x86_64-debian-gcc, r-devel-linux-x86_64-fedora-clang, r-devel-linux-x86_64-fedora-gcc, r-devel-osx-x86_64-clang, r-devel-windows-ix86+x86_64, r-patched-linux-x86_64, r-patched-solaris-sparc, r-patched-solaris-x86, r-release-linux-x86_64, r-release-windows-ix86+x86_64, r-oldrel-windows-ix86+x86_64

Version: 0.0-83
Check: R code for possible problems
Result: NOTE
    .addTags: no visible global function definition for ‘colors’
    addNewPage: no visible global function definition for ‘dev.cur’
    browseDataAsCSV: no visible global function definition for ‘write.csv’
    browseDataAsCSV: no visible global function definition for ‘browseURL’
    dev.copy2eps.hack: no visible global function definition for ‘dev.cur’
    dev.copy2eps.hack: no visible binding for global variable ‘postscript’
    dev.copy2eps.hack: no visible global function definition for ‘par’
    dev.copy2eps.hack: no visible global function definition for ‘dev.off’
    dev.copy2eps.hack: no visible global function definition for ‘dev.set’
    devPrintHack: no visible binding for global variable ‘postscript’
    devPrintHack: no visible global function definition for ‘dev.cur’
    devPrintHack: no visible global function definition for ‘par’
    devPrintHack: no visible global function definition for ‘ps.options’
    devPrintHack: no visible global function definition for ‘dev.off’
    devPrintHack: no visible global function definition for ‘dev.set’
    evalChunk: no visible global function definition for
     ‘RweaveEvalWithOpt’
    getRGtk2Version: no visible global function definition for
     ‘installed.packages’
    printCurrentPage : <anonymous>: no visible global function definition
     for ‘dev.print’
    replayAPlot : <anonymous>: no visible global function definition for
     ‘replayPlot’
    .addhandlerchanged,gGraphicsRGtk-guiWidgetsToolkitRGtk2 : <anonymous>:
     no visible global function definition for ‘grconvertX’
    .addhandlerchanged,gGraphicsRGtk-guiWidgetsToolkitRGtk2 : <anonymous>:
     no visible global function definition for ‘grconvertY’
    .addhandlerclicked,gGraphicsRGtk-guiWidgetsToolkitRGtk2 : f: no visible
     global function definition for ‘grconvertX’
    .addhandlerclicked,gGraphicsRGtk-guiWidgetsToolkitRGtk2 : f: no visible
     global function definition for ‘grconvertY’
    .font<-,gTextRGtk-guiWidgetsToolkitRGtk2: no visible global function
     definition for ‘colors’
    .gdf,guiWidgetsToolkitRGtk2: no visible binding for global variable
     ‘colors’
    .ggraphics,guiWidgetsToolkitRGtk2 : .setDevNo: no visible global
     function definition for ‘dev.set’
    .ggraphics,guiWidgetsToolkitRGtk2 : <anonymous>: no visible global
     function definition for ‘dev.off’
    .ggraphicsnotebook,guiWidgetsToolkitRGtk2 : <anonymous>: no visible
     global function definition for ‘dev.list’
    .ggraphicsnotebook,guiWidgetsToolkitRGtk2 : <anonymous>: no visible
     global function definition for ‘dev.set’
    .leftBracket<-,gSpinbuttonRGtk-guiWidgetsToolkitRGtk2: no visible
     global function definition for ‘head’
    .visible<-,gGraphicsRGtk-guiWidgetsToolkitRGtk2-ANY: no visible global
     function definition for ‘dev.set’
    Undefined global functions or variables:
     RweaveEvalWithOpt browseURL colors dev.cur dev.list dev.off dev.print
     dev.set grconvertX grconvertY head installed.packages par postscript
     ps.options replayPlot write.csv
    Consider adding
     importFrom("grDevices", "colors", "dev.cur", "dev.list", "dev.off",
     "dev.print", "dev.set", "postscript", "ps.options",
     "replayPlot")
     importFrom("graphics", "grconvertX", "grconvertY", "par")
     importFrom("utils", "RweaveEvalWithOpt", "browseURL", "head",
     "installed.packages", "write.csv")
    to your NAMESPACE file.
Flavors: r-devel-linux-x86_64-debian-gcc, r-devel-linux-x86_64-fedora-clang, r-devel-linux-x86_64-fedora-gcc, r-devel-osx-x86_64-clang, r-devel-windows-ix86+x86_64, r-patched-linux-x86_64, r-patched-solaris-sparc, r-patched-solaris-x86, r-release-linux-x86_64, r-release-windows-ix86+x86_64

Version: 0.0-83
Check: whether package can be installed
Result: ERROR
    Installation failed.
Flavor: r-release-osx-x86_64-mavericks