CRAN Package Check Results for Package gWidgetsWWW

Last updated on 2014-04-25 05:47:17.

Flavor Version Tinstall Tcheck Ttotal Status Flags
r-devel-linux-x86_64-debian-clang 0.0-23 2.07 30.79 32.86 NOTE
r-devel-linux-x86_64-debian-gcc 0.0-23 2.07 29.78 31.85 NOTE
r-devel-linux-x86_64-fedora-clang 0.0-23 64.14 NOTE
r-devel-linux-x86_64-fedora-gcc 0.0-23 62.08 NOTE
r-devel-osx-x86_64-clang 0.0-23 48.95 NOTE
r-devel-osx-x86_64-gcc 0.0-23 NOTE
r-devel-windows-ix86+x86_64 0.0-23 8.00 40.00 48.00 NOTE
r-patched-linux-x86_64 0.0-23 1.94 30.68 32.62 NOTE
r-patched-solaris-sparc 0.0-23 326.60 NOTE
r-patched-solaris-x86 0.0-23 74.50 NOTE
r-release-linux-ix86 0.0-23 4.00 52.00 56.00 NOTE
r-release-linux-x86_64 0.0-23 1.95 30.25 32.20 NOTE
r-release-osx-x86_64-mavericks 0.0-23 NOTE
r-release-osx-x86_64-snowleopard 0.0-23 NOTE
r-release-windows-ix86+x86_64 0.0-23 17.00 56.00 73.00 NOTE
r-oldrel-windows-ix86+x86_64 0.0-23 7.00 41.00 48.00 NOTE

Check Details

Version: 0.0-23
Check: for hidden files and directories
Result: NOTE
    Found the following hidden files and directories:
     inst/javascript/js/.htaccess
    These were most likely included in error. See section ‘Package
    structure’ in the ‘Writing R Extensions’ manual.
Flavors: r-devel-linux-x86_64-debian-clang, r-devel-linux-x86_64-debian-gcc, r-devel-linux-x86_64-fedora-clang, r-devel-linux-x86_64-fedora-gcc, r-devel-osx-x86_64-clang, r-devel-osx-x86_64-gcc, r-devel-windows-ix86+x86_64, r-patched-linux-x86_64, r-patched-solaris-sparc, r-patched-solaris-x86, r-release-linux-ix86, r-release-linux-x86_64, r-release-osx-x86_64-mavericks, r-release-osx-x86_64-snowleopard, r-release-windows-ix86+x86_64, r-oldrel-windows-ix86+x86_64

Version: 0.0-23
Check: dependencies in R code
Result: NOTE
    Packages in Depends field not imported from:
     ‘digest’ ‘filehash’ ‘methods’ ‘proto’ ‘rjson’
     These packages need to be imported from (in the NAMESPACE file)
     for when this namespace is loaded but not attached.
    ':::' call which should be '::': ‘tools:::startDynamicHelp’
     See the note in ?`:::` about the use of this operator.
    Unexported object imported by a ':::' call: ‘tools:::httpdPort’
     See the note in ?`:::` about the use of this operator.
    There are ::: calls to the package's namespace in its code. A package
     almost never needs to use ::: for its own objects:
     ‘escapeHTML’ ‘localAssignValue’ ‘localProxyStore’ ‘localRunHandler’
     ‘makegWidgetsWWWpage’
    See the information on DESCRIPTION files in the chapter ‘Creating R
    packages’ of the ‘Writing R Extensions’ manual.
Flavors: r-devel-linux-x86_64-debian-clang, r-devel-linux-x86_64-debian-gcc, r-devel-linux-x86_64-fedora-clang, r-devel-linux-x86_64-fedora-gcc, r-devel-osx-x86_64-clang, r-devel-osx-x86_64-gcc, r-devel-windows-ix86+x86_64, r-patched-linux-x86_64, r-patched-solaris-sparc, r-patched-solaris-x86, r-release-linux-ix86, r-release-linux-x86_64, r-release-osx-x86_64-mavericks, r-release-windows-ix86+x86_64, r-oldrel-windows-ix86+x86_64

Version: 0.0-23
Check: R code for possible problems
Result: NOTE
    Found the following assignments to the global environment:
    File ‘gWidgetsWWW/R/LocalVersion.R’:
     assign("..gWidgets_sessionEnv", new.env(), envir = .GlobalEnv)
     assign("..gWidgets_sessionEnv", sessionEnv, envir = .GlobalEnv)
     assign("..gWidgets_sessionEnv", sessionEnv, envir = .GlobalEnv)
     assign("gWidgetsWWWStaticDir", (tmp <- tempdir()), envir = .GlobalEnv)
     assign("gWidgetsWWWStaticUrlBase", sprintf("/custom/%s/static/%s",
     url_base, tmp), envir = .GlobalEnv)
Flavors: r-devel-linux-x86_64-debian-clang, r-devel-linux-x86_64-debian-gcc, r-devel-linux-x86_64-fedora-clang, r-devel-osx-x86_64-clang, r-patched-linux-x86_64, r-release-linux-ix86, r-release-linux-x86_64

Version: 0.0-23
Check: for old-style vignette sources
Result: NOTE
    Vignette sources only in ‘inst/doc’:
     ‘gWidgetsWWW.Rnw’
    A ‘vignettes’ directory is required as from R 3.1.0
    and these will not be indexed nor checked
Flavors: r-devel-linux-x86_64-debian-clang, r-devel-linux-x86_64-debian-gcc, r-devel-linux-x86_64-fedora-clang, r-devel-linux-x86_64-fedora-gcc, r-devel-osx-x86_64-clang, r-devel-osx-x86_64-gcc, r-devel-windows-ix86+x86_64, r-patched-linux-x86_64, r-patched-solaris-sparc, r-patched-solaris-x86, r-release-linux-ix86, r-release-linux-x86_64, r-release-osx-x86_64-mavericks, r-release-osx-x86_64-snowleopard, r-release-windows-ix86+x86_64

Version: 0.0-23
Check: top-level files
Result: NOTE
    Non-standard file/directory found at top level:
     ‘TODO.txt’
Flavors: r-devel-linux-x86_64-fedora-clang, r-devel-linux-x86_64-fedora-gcc

Version: 0.0-23
Check: Rd line widths
Result: NOTE
    Rd file 'ggooglemaps.Rd':
     \usage lines wider than 90 characters:
     key = "ABQIAAAAYpRTbDoR3NFWvhN4JrY1ahS5eHnalTx_x--TpGz1e2ncErJceBS7FrNBqzV5DPxkpbheIzZ9nTJPsQ",
    
    These lines will be truncated in the PDF manual.
Flavors: r-devel-linux-x86_64-fedora-clang, r-devel-linux-x86_64-fedora-gcc

Version: 0.0-23
Check: dependencies in R code
Result: NOTE
    ':::' call which should be '::': 'tools:::startDynamicHelp'
     See the note in ?`:::` about the use of this operator.
    Unexported object imported by a ':::' call: 'tools:::httpdPort'
     See the note in ?`:::` about the use of this operator.
    There are ::: calls to the package's namespace in its code. A package
     almost never needs to use ::: for its own objects:
     'escapeHTML' 'localAssignValue' 'localProxyStore' 'localRunHandler'
     'makegWidgetsWWWpage'
    See the information on DESCRIPTION files in the chapter 'Creating R
    packages' of the 'Writing R Extensions' manual.
Flavor: r-release-osx-x86_64-snowleopard

Version: 0.0-23
Check: for old-style vignette sources
Result: NOTE
    Vignette sources only in 'inst/doc':
     'gWidgetsWWW.Rnw'
    A 'vignettes' directory will be required as from R 3.1.0
Flavor: r-oldrel-windows-ix86+x86_64