CRAN Package Check Results for Package gWidgetstcltk

Last updated on 2016-06-27 14:47:37.

Flavor Version Tinstall Tcheck Ttotal Status Flags
r-devel-linux-x86_64-debian-gcc 0.0-55 4.86 42.61 47.46 NOTE
r-devel-linux-x86_64-fedora-clang 0.0-55 83.03 NOTE
r-devel-linux-x86_64-fedora-gcc 0.0-55 77.41 NOTE
r-devel-osx-x86_64-clang 0.0-55 71.65 NOTE
r-devel-windows-ix86+x86_64 0.0-55 11.00 62.00 73.00 NOTE
r-patched-linux-x86_64 0.0-55 6.06 45.99 52.04 NOTE
r-patched-solaris-sparc 0.0-55 494.10 NOTE
r-patched-solaris-x86 0.0-55 106.80 NOTE
r-release-linux-x86_64 0.0-55 5.40 42.61 48.01 NOTE
r-release-osx-x86_64-mavericks 0.0-55 ERROR
r-release-windows-ix86+x86_64 0.0-55 15.00 65.00 80.00 NOTE
r-oldrel-windows-ix86+x86_64 0.0-55 14.00 84.00 98.00 OK

Check Details

Version: 0.0-55
Check: R code for possible problems
Result: NOTE
    browseDataAsCSV: no visible global function definition for ‘write.csv’
    browseDataAsCSV: no visible global function definition for ‘browseURL’
    tcltkDialog: no visible global function definition for ‘runif’
    tl_get_column_name: no visible global function definition for ‘tail’
    .add,gTexttcltk-guiWidgetsToolkittcltk-character: no visible global
     function definition for ‘rnorm’
    .font<-,gTexttcltk-guiWidgetsToolkittcltk: no visible global function
     definition for ‘rnorm’
    .font<-,tcltkObject-guiWidgetsToolkittcltk: no visible global function
     definition for ‘rnorm’
    .gdf,guiWidgetsToolkittcltk: no visible global function definition for
     ‘head’
    .visible<-,gGraphicstcltk-guiWidgetsToolkittcltk-ANY: no visible global
     function definition for ‘dev.set’
    Undefined global functions or variables:
     browseURL dev.set head rnorm runif tail write.csv
    Consider adding
     importFrom("grDevices", "dev.set")
     importFrom("stats", "rnorm", "runif")
     importFrom("utils", "browseURL", "head", "tail", "write.csv")
    to your NAMESPACE file.
Flavors: r-devel-linux-x86_64-debian-gcc, r-devel-linux-x86_64-fedora-clang, r-devel-linux-x86_64-fedora-gcc, r-devel-osx-x86_64-clang, r-devel-windows-ix86+x86_64, r-patched-linux-x86_64, r-patched-solaris-sparc, r-patched-solaris-x86, r-release-linux-x86_64, r-release-windows-ix86+x86_64

Version: 0.0-55
Check: whether package can be installed
Result: ERROR
    Installation failed.
Flavor: r-release-osx-x86_64-mavericks