CRAN Package Check Results for Package gWidgetstcltk

Last updated on 2015-09-04 06:48:05.

Flavor Version Tinstall Tcheck Ttotal Status Flags
r-devel-linux-x86_64-debian-clang 0.0-55 4.48 42.71 47.19 NOTE
r-devel-linux-x86_64-debian-gcc 0.0-55 4.34 41.23 45.57 NOTE
r-devel-linux-x86_64-fedora-clang 0.0-55 85.15 NOTE
r-devel-linux-x86_64-fedora-gcc 0.0-55 80.04 NOTE
r-devel-osx-x86_64-clang 0.0-55 84.24 OK
r-devel-windows-ix86+x86_64 0.0-55 13.00 92.00 105.00 NOTE
r-patched-linux-x86_64 0.0-55 4.62 55.45 60.07 OK
r-patched-solaris-sparc 0.0-55 548.60 OK
r-patched-solaris-x86 0.0-55 121.60 OK
r-release-linux-x86_64 0.0-55 4.42 49.45 53.88 OK
r-release-osx-x86_64-mavericks 0.0-55 OK
r-release-windows-ix86+x86_64 0.0-55 13.00 67.00 80.00 OK
r-oldrel-windows-ix86+x86_64 0.0-55 18.00 68.00 86.00 OK

Check Details

Version: 0.0-55
Check: R code for possible problems
Result: NOTE
    browseDataAsCSV: no visible global function definition for ‘write.csv’
    browseDataAsCSV: no visible global function definition for ‘browseURL’
    tcltkDialog: no visible global function definition for ‘runif’
    tl_get_column_name: no visible global function definition for ‘tail’
    .add,gTexttcltk-guiWidgetsToolkittcltk-character: no visible global
     function definition for ‘rnorm’
    .font<-,gTexttcltk-guiWidgetsToolkittcltk: no visible global function
     definition for ‘rnorm’
    .font<-,tcltkObject-guiWidgetsToolkittcltk: no visible global function
     definition for ‘rnorm’
    .gdf,guiWidgetsToolkittcltk: no visible global function definition for
     ‘head’
    .visible<-,gGraphicstcltk-guiWidgetsToolkittcltk-ANY: no visible global
     function definition for ‘dev.set’
    Undefined global functions or variables:
     browseURL dev.set head rnorm runif tail write.csv
    Consider adding
     importFrom("grDevices", "dev.set")
     importFrom("stats", "rnorm", "runif")
     importFrom("utils", "browseURL", "head", "tail", "write.csv")
    to your NAMESPACE.
Flavors: r-devel-linux-x86_64-debian-clang, r-devel-linux-x86_64-debian-gcc, r-devel-linux-x86_64-fedora-clang, r-devel-linux-x86_64-fedora-gcc, r-devel-windows-ix86+x86_64