CRAN Package Check Results for Package gWidgetstcltk

Last updated on 2017-05-28 23:50:00.

Flavor Version Tinstall Tcheck Ttotal Status Flags
r-devel-linux-x86_64-debian-clang 0.0-55 5.18 50.80 55.97 NOTE
r-devel-linux-x86_64-debian-gcc 0.0-55 4.74 44.07 48.81 NOTE
r-devel-linux-x86_64-fedora-clang 0.0-55 88.41 NOTE
r-devel-linux-x86_64-fedora-gcc 0.0-55 86.62 NOTE
r-devel-windows-ix86+x86_64 0.0-55 15.00 106.00 121.00 NOTE
r-patched-linux-x86_64 0.0-55 5.84 53.48 59.32 NOTE
r-patched-solaris-sparc 0.0-55 523.20 NOTE
r-patched-solaris-x86 0.0-55 118.60 NOTE
r-release-linux-x86_64 0.0-55 5.29 50.14 55.42 NOTE
r-release-windows-ix86+x86_64 0.0-55 24.00 75.00 99.00 NOTE
r-release-osx-x86_64 0.0-55 NOTE
r-oldrel-windows-ix86+x86_64 0.0-55 17.00 65.00 82.00 NOTE
r-oldrel-osx-x86_64 0.0-55 ERROR

Check Details

Version: 0.0-55
Check: R code for possible problems
Result: NOTE
    browseDataAsCSV: no visible global function definition for ‘write.csv’
    browseDataAsCSV: no visible global function definition for ‘browseURL’
    tcltkDialog: no visible global function definition for ‘runif’
    tl_get_column_name: no visible global function definition for ‘tail’
    .add,gTexttcltk-guiWidgetsToolkittcltk-character: no visible global
     function definition for ‘rnorm’
    .font<-,gTexttcltk-guiWidgetsToolkittcltk: no visible global function
     definition for ‘rnorm’
    .font<-,tcltkObject-guiWidgetsToolkittcltk: no visible global function
     definition for ‘rnorm’
    .gdf,guiWidgetsToolkittcltk: no visible global function definition for
     ‘head’
    .visible<-,gGraphicstcltk-guiWidgetsToolkittcltk-ANY: no visible global
     function definition for ‘dev.set’
    Undefined global functions or variables:
     browseURL dev.set head rnorm runif tail write.csv
    Consider adding
     importFrom("grDevices", "dev.set")
     importFrom("stats", "rnorm", "runif")
     importFrom("utils", "browseURL", "head", "tail", "write.csv")
    to your NAMESPACE file.
Flavors: r-devel-linux-x86_64-debian-clang, r-devel-linux-x86_64-debian-gcc, r-devel-linux-x86_64-fedora-clang, r-devel-linux-x86_64-fedora-gcc, r-devel-windows-ix86+x86_64, r-patched-linux-x86_64, r-patched-solaris-sparc, r-patched-solaris-x86, r-release-linux-x86_64, r-release-windows-ix86+x86_64, r-release-osx-x86_64, r-oldrel-windows-ix86+x86_64

Version: 0.0-55
Check: whether package can be installed
Result: ERROR
    Installation failed.
Flavor: r-oldrel-osx-x86_64