CRAN Package Check Results for Package gWidgetstcltk

Last updated on 2015-08-03 23:47:51.

Flavor Version Tinstall Tcheck Ttotal Status Flags
r-devel-linux-x86_64-debian-clang 0.0-55 5.35 61.37 66.72 NOTE
r-devel-linux-x86_64-debian-gcc 0.0-55 4.34 41.75 46.10 NOTE
r-devel-linux-x86_64-fedora-clang 0.0-55 88.69 NOTE
r-devel-linux-x86_64-fedora-gcc 0.0-55 84.42 NOTE
r-devel-osx-x86_64-clang 0.0-55 91.04 OK
r-devel-windows-ix86+x86_64 0.0-55 14.00 60.00 74.00 NOTE
r-patched-linux-x86_64 0.0-55 4.32 43.10 47.41 OK
r-patched-solaris-sparc 0.0-55 548.60 OK
r-patched-solaris-x86 0.0-55 117.90 OK
r-release-linux-x86_64 0.0-55 4.48 53.05 57.53 OK
r-release-osx-x86_64-mavericks 0.0-55 OK
r-release-windows-ix86+x86_64 0.0-55 13.00 55.00 68.00 OK
r-oldrel-windows-ix86+x86_64 0.0-55 18.00 68.00 86.00 OK

Check Details

Version: 0.0-55
Check: R code for possible problems
Result: NOTE
    browseDataAsCSV: no visible global function definition for ‘write.csv’
    browseDataAsCSV: no visible global function definition for ‘browseURL’
    tcltkDialog: no visible global function definition for ‘runif’
    tl_get_column_name: no visible global function definition for ‘tail’
    .add,gTexttcltk-guiWidgetsToolkittcltk-character: no visible global
     function definition for ‘rnorm’
    .font<-,gTexttcltk-guiWidgetsToolkittcltk: no visible global function
     definition for ‘rnorm’
    .font<-,tcltkObject-guiWidgetsToolkittcltk: no visible global function
     definition for ‘rnorm’
    .gdf,guiWidgetsToolkittcltk: no visible global function definition for
     ‘head’
    .visible<-,gGraphicstcltk-guiWidgetsToolkittcltk-ANY: no visible global
     function definition for ‘dev.set’
    Undefined global functions or variables:
     browseURL dev.set head rnorm runif tail write.csv
    Consider adding
     importFrom("grDevices", "dev.set")
     importFrom("stats", "rnorm", "runif")
     importFrom("utils", "browseURL", "head", "tail", "write.csv")
    to your NAMESPACE.
Flavors: r-devel-linux-x86_64-debian-clang, r-devel-linux-x86_64-debian-gcc, r-devel-linux-x86_64-fedora-clang, r-devel-linux-x86_64-fedora-gcc, r-devel-windows-ix86+x86_64