CRAN Package Check Results for Package gWidgetstcltk

Last updated on 2015-06-30 22:47:20.

Flavor Version Tinstall Tcheck Ttotal Status Flags
r-devel-linux-x86_64-debian-clang 0.0-55 4.41 44.00 48.42 NOTE
r-devel-linux-x86_64-debian-gcc 0.0-55 4.24 40.19 44.43 NOTE
r-devel-linux-x86_64-fedora-clang 0.0-55 87.68 NOTE
r-devel-linux-x86_64-fedora-gcc 0.0-55 83.47 NOTE
r-devel-osx-x86_64-clang 0.0-55 85.25 OK
r-devel-windows-ix86+x86_64 0.0-55 21.00 54.00 75.00 OK
r-patched-linux-x86_64 0.0-55 4.45 41.74 46.18 OK
r-patched-solaris-sparc 0.0-55 534.10 OK
r-patched-solaris-x86 0.0-55 118.90 OK
r-release-linux-x86_64 0.0-55 4.31 43.07 47.38 OK
r-release-osx-x86_64-mavericks 0.0-55 OK
r-release-windows-ix86+x86_64 0.0-55 10.00 73.00 83.00 OK
r-oldrel-windows-ix86+x86_64 0.0-55 18.00 68.00 86.00 OK

Check Details

Version: 0.0-55
Check: R code for possible problems
Result: NOTE
    browseDataAsCSV: no visible global function definition for ‘write.csv’
    browseDataAsCSV: no visible global function definition for ‘browseURL’
    tcltkDialog: no visible global function definition for ‘runif’
    tl_get_column_name: no visible global function definition for ‘tail’
    .add,gTexttcltk-guiWidgetsToolkittcltk-character: no visible global
     function definition for ‘rnorm’
    .font<-,gTexttcltk-guiWidgetsToolkittcltk: no visible global function
     definition for ‘rnorm’
    .font<-,tcltkObject-guiWidgetsToolkittcltk: no visible global function
     definition for ‘rnorm’
    .gdf,guiWidgetsToolkittcltk: no visible global function definition for
     ‘head’
    .visible<-,gGraphicstcltk-guiWidgetsToolkittcltk-ANY: no visible global
     function definition for ‘dev.set’
Flavors: r-devel-linux-x86_64-debian-clang, r-devel-linux-x86_64-debian-gcc, r-devel-linux-x86_64-fedora-clang, r-devel-linux-x86_64-fedora-gcc