CRAN Package Check Results for Package gWidgetstcltk

Last updated on 2016-05-28 09:11:44.

Flavor Version Tinstall Tcheck Ttotal Status Flags
r-devel-linux-x86_64-debian-gcc 0.0-55 4.66 45.91 50.58 NOTE
r-devel-linux-x86_64-fedora-clang 0.0-55 99.40 NOTE
r-devel-linux-x86_64-fedora-gcc 0.0-55 80.41 NOTE
r-devel-osx-x86_64-clang 0.0-55 90.57 NOTE
r-devel-windows-ix86+x86_64 0.0-55 13.00 74.00 87.00 NOTE
r-patched-linux-x86_64 0.0-55 4.56 46.49 51.05 NOTE
r-patched-solaris-sparc 0.0-55 494.60 NOTE
r-patched-solaris-x86 0.0-55 107.90 NOTE
r-release-linux-x86_64 0.0-55 4.86 47.21 52.07 NOTE
r-release-osx-x86_64-mavericks 0.0-55 ERROR
r-release-windows-ix86+x86_64 0.0-55 22.00 98.00 120.00 NOTE
r-oldrel-windows-ix86+x86_64 0.0-55 13.00 69.00 82.00 OK

Check Details

Version: 0.0-55
Check: R code for possible problems
Result: NOTE
    browseDataAsCSV: no visible global function definition for ‘write.csv’
    browseDataAsCSV: no visible global function definition for ‘browseURL’
    tcltkDialog: no visible global function definition for ‘runif’
    tl_get_column_name: no visible global function definition for ‘tail’
    .add,gTexttcltk-guiWidgetsToolkittcltk-character: no visible global
     function definition for ‘rnorm’
    .font<-,gTexttcltk-guiWidgetsToolkittcltk: no visible global function
     definition for ‘rnorm’
    .font<-,tcltkObject-guiWidgetsToolkittcltk: no visible global function
     definition for ‘rnorm’
    .gdf,guiWidgetsToolkittcltk: no visible global function definition for
     ‘head’
    .visible<-,gGraphicstcltk-guiWidgetsToolkittcltk-ANY: no visible global
     function definition for ‘dev.set’
    Undefined global functions or variables:
     browseURL dev.set head rnorm runif tail write.csv
    Consider adding
     importFrom("grDevices", "dev.set")
     importFrom("stats", "rnorm", "runif")
     importFrom("utils", "browseURL", "head", "tail", "write.csv")
    to your NAMESPACE file.
Flavors: r-devel-linux-x86_64-debian-gcc, r-devel-linux-x86_64-fedora-clang, r-devel-linux-x86_64-fedora-gcc, r-devel-osx-x86_64-clang, r-devel-windows-ix86+x86_64, r-patched-linux-x86_64, r-patched-solaris-sparc, r-patched-solaris-x86, r-release-linux-x86_64, r-release-windows-ix86+x86_64

Version: 0.0-55
Check: whether package can be installed
Result: ERROR
    Installation failed.
Flavor: r-release-osx-x86_64-mavericks