CRAN Package Check Results for Package gWidgetstcltk

Last updated on 2017-07-22 14:46:29.

Flavor Version Tinstall Tcheck Ttotal Status Flags
r-devel-linux-x86_64-debian-clang 0.0-55 4.84 52.55 57.39 NOTE
r-devel-linux-x86_64-debian-gcc 0.0-55 4.91 52.64 57.55 NOTE
r-devel-linux-x86_64-fedora-clang 0.0-55 88.27 NOTE
r-devel-linux-x86_64-fedora-gcc 0.0-55 84.40 NOTE
r-devel-windows-ix86+x86_64 0.0-55 24.00 73.00 97.00 NOTE
r-patched-linux-x86_64 0.0-55 4.88 53.68 58.56 NOTE
r-patched-solaris-x86 0.0-55 121.70 NOTE
r-release-linux-x86_64 0.0-55 4.95 53.12 58.08 NOTE
r-release-windows-ix86+x86_64 0.0-55 13.00 107.00 120.00 NOTE
r-release-osx-x86_64 0.0-55 NOTE
r-oldrel-windows-ix86+x86_64 0.0-55 14.00 87.00 101.00 NOTE
r-oldrel-osx-x86_64 0.0-55 ERROR

Check Details

Version: 0.0-55
Check: R code for possible problems
Result: NOTE
    browseDataAsCSV: no visible global function definition for ‘write.csv’
    browseDataAsCSV: no visible global function definition for ‘browseURL’
    tcltkDialog: no visible global function definition for ‘runif’
    tl_get_column_name: no visible global function definition for ‘tail’
    .add,gTexttcltk-guiWidgetsToolkittcltk-character: no visible global
     function definition for ‘rnorm’
    .font<-,gTexttcltk-guiWidgetsToolkittcltk: no visible global function
     definition for ‘rnorm’
    .font<-,tcltkObject-guiWidgetsToolkittcltk: no visible global function
     definition for ‘rnorm’
    .gdf,guiWidgetsToolkittcltk: no visible global function definition for
     ‘head’
    .visible<-,gGraphicstcltk-guiWidgetsToolkittcltk-ANY: no visible global
     function definition for ‘dev.set’
    Undefined global functions or variables:
     browseURL dev.set head rnorm runif tail write.csv
    Consider adding
     importFrom("grDevices", "dev.set")
     importFrom("stats", "rnorm", "runif")
     importFrom("utils", "browseURL", "head", "tail", "write.csv")
    to your NAMESPACE file.
Flavors: r-devel-linux-x86_64-debian-clang, r-devel-linux-x86_64-debian-gcc, r-devel-linux-x86_64-fedora-clang, r-devel-linux-x86_64-fedora-gcc, r-devel-windows-ix86+x86_64, r-patched-linux-x86_64, r-patched-solaris-x86, r-release-linux-x86_64, r-release-windows-ix86+x86_64, r-release-osx-x86_64, r-oldrel-windows-ix86+x86_64

Version: 0.0-55
Check: whether package can be installed
Result: ERROR
    Installation failed.
Flavor: r-oldrel-osx-x86_64