CRAN Package Check Results for Package gWidgetstcltk

Last updated on 2017-03-30 09:47:49.

Flavor Version Tinstall Tcheck Ttotal Status Flags
r-devel-linux-x86_64-debian-clang 0.0-55 4.70 46.79 51.49 NOTE
r-devel-linux-x86_64-debian-gcc 0.0-55 4.70 45.41 50.11 NOTE
r-devel-linux-x86_64-fedora-clang 0.0-55 94.27 NOTE --no-stop-on-test-error
r-devel-linux-x86_64-fedora-gcc 0.0-55 86.19 NOTE --no-stop-on-test-error
r-devel-macos-x86_64-clang 0.0-55 73.01 NOTE --no-stop-on-test-error
r-devel-windows-ix86+x86_64 0.0-55 15.00 69.00 84.00 NOTE
r-patched-linux-x86_64 0.0-55 4.96 46.66 51.62 NOTE
r-patched-solaris-sparc 0.0-55 523.20 NOTE
r-patched-solaris-x86 0.0-55 118.70 NOTE
r-release-linux-x86_64 0.0-55 4.98 42.73 47.71 NOTE
r-release-osx-x86_64-mavericks 0.0-55 ERROR
r-release-windows-ix86+x86_64 0.0-55 30.00 98.00 128.00 NOTE
r-oldrel-windows-ix86+x86_64 0.0-55 32.00 79.00 111.00 OK

Check Details

Version: 0.0-55
Check: R code for possible problems
Result: NOTE
    browseDataAsCSV: no visible global function definition for ‘write.csv’
    browseDataAsCSV: no visible global function definition for ‘browseURL’
    tcltkDialog: no visible global function definition for ‘runif’
    tl_get_column_name: no visible global function definition for ‘tail’
    .add,gTexttcltk-guiWidgetsToolkittcltk-character: no visible global
     function definition for ‘rnorm’
    .font<-,gTexttcltk-guiWidgetsToolkittcltk: no visible global function
     definition for ‘rnorm’
    .font<-,tcltkObject-guiWidgetsToolkittcltk: no visible global function
     definition for ‘rnorm’
    .gdf,guiWidgetsToolkittcltk: no visible global function definition for
     ‘head’
    .visible<-,gGraphicstcltk-guiWidgetsToolkittcltk-ANY: no visible global
     function definition for ‘dev.set’
    Undefined global functions or variables:
     browseURL dev.set head rnorm runif tail write.csv
    Consider adding
     importFrom("grDevices", "dev.set")
     importFrom("stats", "rnorm", "runif")
     importFrom("utils", "browseURL", "head", "tail", "write.csv")
    to your NAMESPACE file.
Flavors: r-devel-linux-x86_64-debian-clang, r-devel-linux-x86_64-debian-gcc, r-devel-windows-ix86+x86_64, r-patched-linux-x86_64, r-patched-solaris-sparc, r-patched-solaris-x86, r-release-linux-x86_64, r-release-windows-ix86+x86_64

Version: 0.0-55
Flags: --no-stop-on-test-error
Check: R code for possible problems
Result: NOTE
    browseDataAsCSV: no visible global function definition for ‘write.csv’
    browseDataAsCSV: no visible global function definition for ‘browseURL’
    tcltkDialog: no visible global function definition for ‘runif’
    tl_get_column_name: no visible global function definition for ‘tail’
    .add,gTexttcltk-guiWidgetsToolkittcltk-character: no visible global
     function definition for ‘rnorm’
    .font<-,gTexttcltk-guiWidgetsToolkittcltk: no visible global function
     definition for ‘rnorm’
    .font<-,tcltkObject-guiWidgetsToolkittcltk: no visible global function
     definition for ‘rnorm’
    .gdf,guiWidgetsToolkittcltk: no visible global function definition for
     ‘head’
    .visible<-,gGraphicstcltk-guiWidgetsToolkittcltk-ANY: no visible global
     function definition for ‘dev.set’
    Undefined global functions or variables:
     browseURL dev.set head rnorm runif tail write.csv
    Consider adding
     importFrom("grDevices", "dev.set")
     importFrom("stats", "rnorm", "runif")
     importFrom("utils", "browseURL", "head", "tail", "write.csv")
    to your NAMESPACE file.
Flavors: r-devel-linux-x86_64-fedora-clang, r-devel-linux-x86_64-fedora-gcc, r-devel-macos-x86_64-clang

Version: 0.0-55
Check: whether package can be installed
Result: ERROR
    Installation failed.
Flavor: r-release-osx-x86_64-mavericks