CRAN Package Check Results for Package gWidgetstcltk

Last updated on 2016-09-28 15:47:58.

Flavor Version Tinstall Tcheck Ttotal Status Flags
r-devel-linux-x86_64-debian-clang 0.0-55 4.66 44.70 49.36 NOTE
r-devel-linux-x86_64-debian-gcc 0.0-55 4.72 45.85 50.56 NOTE
r-devel-linux-x86_64-fedora-clang 0.0-55 80.48 NOTE
r-devel-linux-x86_64-fedora-gcc 0.0-55 71.73 NOTE
r-devel-macos-x86_64-clang 0.0-55 67.83 NOTE
r-devel-windows-ix86+x86_64 0.0-55 16.00 83.00 99.00 NOTE
r-patched-linux-x86_64 0.0-55 5.13 43.94 49.07 NOTE
r-patched-solaris-sparc 0.0-55 494.10 NOTE
r-patched-solaris-x86 0.0-55 106.40 NOTE
r-release-linux-x86_64 0.0-55 5.14 42.89 48.02 NOTE
r-release-osx-x86_64-mavericks 0.0-55 ERROR
r-release-windows-ix86+x86_64 0.0-55 24.00 67.00 91.00 NOTE
r-oldrel-windows-ix86+x86_64 0.0-55 23.00 69.00 92.00 OK

Check Details

Version: 0.0-55
Check: R code for possible problems
Result: NOTE
    browseDataAsCSV: no visible global function definition for ‘write.csv’
    browseDataAsCSV: no visible global function definition for ‘browseURL’
    tcltkDialog: no visible global function definition for ‘runif’
    tl_get_column_name: no visible global function definition for ‘tail’
    .add,gTexttcltk-guiWidgetsToolkittcltk-character: no visible global
     function definition for ‘rnorm’
    .font<-,gTexttcltk-guiWidgetsToolkittcltk: no visible global function
     definition for ‘rnorm’
    .font<-,tcltkObject-guiWidgetsToolkittcltk: no visible global function
     definition for ‘rnorm’
    .gdf,guiWidgetsToolkittcltk: no visible global function definition for
     ‘head’
    .visible<-,gGraphicstcltk-guiWidgetsToolkittcltk-ANY: no visible global
     function definition for ‘dev.set’
    Undefined global functions or variables:
     browseURL dev.set head rnorm runif tail write.csv
    Consider adding
     importFrom("grDevices", "dev.set")
     importFrom("stats", "rnorm", "runif")
     importFrom("utils", "browseURL", "head", "tail", "write.csv")
    to your NAMESPACE file.
Flavors: r-devel-linux-x86_64-debian-clang, r-devel-linux-x86_64-debian-gcc, r-devel-linux-x86_64-fedora-clang, r-devel-linux-x86_64-fedora-gcc, r-devel-macos-x86_64-clang, r-devel-windows-ix86+x86_64, r-patched-linux-x86_64, r-patched-solaris-sparc, r-patched-solaris-x86, r-release-linux-x86_64, r-release-windows-ix86+x86_64

Version: 0.0-55
Check: whether package can be installed
Result: ERROR
    Installation failed.
Flavor: r-release-osx-x86_64-mavericks