CRAN Package Check Results for Package gWidgetstcltk

Last updated on 2014-04-23 20:47:13.

Flavor Version Tinstall Tcheck Ttotal Status Flags
r-devel-linux-x86_64-debian-clang 0.0-54 5.40 59.92 65.32 NOTE
r-devel-linux-x86_64-debian-gcc 0.0-54 5.42 49.24 54.66 NOTE
r-devel-linux-x86_64-fedora-clang 0.0-54 107.94 NOTE
r-devel-linux-x86_64-fedora-gcc 0.0-54 105.27 NOTE
r-devel-osx-x86_64-clang 0.0-54 91.76 NOTE
r-devel-osx-x86_64-gcc 0.0-54 NOTE
r-devel-windows-ix86+x86_64 0.0-54 12.00 65.00 77.00 NOTE
r-patched-linux-x86_64 0.0-54 5.34 48.84 54.17 NOTE
r-patched-solaris-sparc 0.0-54 584.30 NOTE
r-patched-solaris-x86 0.0-54 152.00 NOTE
r-release-linux-ix86 0.0-54 9.00 79.00 88.00 NOTE
r-release-linux-x86_64 0.0-54 5.36 49.34 54.70 NOTE
r-release-osx-x86_64-mavericks 0.0-54 NOTE
r-release-windows-ix86+x86_64 0.0-54 18.00 88.00 106.00 NOTE
r-oldrel-windows-ix86+x86_64 0.0-54 15.00 67.00 82.00 NOTE

Check Details

Version: 0.0-54
Check: dependencies in R code
Result: NOTE
    Packages in Depends field not imported from:
     ‘digest’ ‘methods’
     These packages need to be imported from (in the NAMESPACE file)
     for when this namespace is loaded but not attached.
    ':::' calls which should be '::':
     ‘methods:::setClass’ ‘methods:::setIs’ ‘methods:::setOldClass’
     See the note in ?`:::` about the use of this operator.
    See the information on DESCRIPTION files in the chapter ‘Creating R
    packages’ of the ‘Writing R Extensions’ manual.
Flavors: r-devel-linux-x86_64-debian-clang, r-devel-linux-x86_64-debian-gcc, r-devel-linux-x86_64-fedora-clang, r-devel-linux-x86_64-fedora-gcc, r-devel-osx-x86_64-clang, r-devel-osx-x86_64-gcc, r-devel-windows-ix86+x86_64, r-patched-linux-x86_64, r-patched-solaris-sparc, r-patched-solaris-x86, r-release-linux-ix86, r-release-linux-x86_64, r-release-osx-x86_64-mavericks, r-release-windows-ix86+x86_64, r-oldrel-windows-ix86+x86_64

Version: 0.0-54
Check: top-level files
Result: NOTE
    Non-standard file/directory found at top level:
     ‘TODO.txt’
Flavors: r-devel-linux-x86_64-fedora-clang, r-devel-linux-x86_64-fedora-gcc