CRAN Package Check Results for Package gafit

Last updated on 2022-12-10 05:57:26 CET.

Flavor Version Tinstall Tcheck Ttotal Status Flags
r-devel-linux-x86_64-debian-clang 0.5.1 2.51 21.16 23.67 OK
r-devel-linux-x86_64-debian-gcc 0.5.1 2.03 16.41 18.44 OK
r-devel-linux-x86_64-fedora-clang 0.5.1 39.83 NOTE
r-devel-linux-x86_64-fedora-gcc 0.5.1 38.46 NOTE
r-devel-windows-x86_64 0.5.1 12.00 52.00 64.00 OK
r-patched-linux-x86_64 0.5.1 2.46 20.37 22.83 OK
r-release-linux-x86_64 0.5.1 2.20 20.14 22.34 OK
r-release-macos-arm64 0.5.1 16.00 OK
r-release-macos-x86_64 0.5.1 20.00 OK
r-release-windows-x86_64 0.5.1 7.00 43.00 50.00 OK
r-oldrel-macos-arm64 0.5.1 18.00 OK
r-oldrel-macos-x86_64 0.5.1 29.00 OK
r-oldrel-windows-ix86+x86_64 0.5.1 8.00 29.00 37.00 OK

Check Details

Version: 0.5.1
Check: compiled code
Result: NOTE
    File ‘gafit/libs/gafit.so’:
     Found no calls to: ‘R_registerRoutines’, ‘R_useDynamicSymbols’
    
    It is good practice to register native routines and to disable symbol
    search.
    
    See ‘Writing portable packages’ in the ‘Writing R Extensions’ manual.
Flavors: r-devel-linux-x86_64-fedora-clang, r-devel-linux-x86_64-fedora-gcc