CRAN Package Check Results for Package galamm

Last updated on 2024-04-20 23:23:08 CEST.

Flavor Version Tinstall Tcheck Ttotal Status Flags
r-devel-linux-x86_64-debian-clang 0.2.0 93.88 198.95 292.83 OK
r-devel-linux-x86_64-debian-gcc 0.2.0 62.63 150.69 213.32 OK
r-devel-linux-x86_64-fedora-clang 0.2.0 337.27 OK
r-devel-linux-x86_64-fedora-gcc 0.2.0 380.79 OK
r-prerel-macos-arm64 0.2.0 111.00 NOTE
r-prerel-macos-x86_64 0.2.0 230.00 NOTE
r-prerel-windows-x86_64 0.2.0 61.00 191.00 252.00 OK
r-patched-linux-x86_64 0.2.0 62.15 196.42 258.57 OK
r-release-linux-x86_64 0.2.0 60.92 195.38 256.30 OK
r-release-macos-arm64 0.2.0 115.00 NOTE
r-release-macos-x86_64 0.2.0 232.00 NOTE
r-release-windows-x86_64 0.2.0 72.00 236.00 308.00 OK
r-oldrel-macos-arm64 0.2.0 113.00 NOTE
r-oldrel-windows-x86_64 0.2.0 73.00 225.00 298.00 OK

Check Details

Version: 0.2.0
Check: installed package size
Result: NOTE installed size is 25.8Mb sub-directories of 1Mb or more: doc 2.0Mb libs 22.2Mb Flavors: r-prerel-macos-arm64, r-prerel-macos-x86_64, r-release-macos-arm64, r-release-macos-x86_64, r-oldrel-macos-arm64