CRAN Package Check Results for Package gam

Last updated on 2015-01-25 04:47:03.

Flavor Version Tinstall Tcheck Ttotal Status Flags
r-devel-linux-x86_64-debian-clang 1.09.1 7.04 17.22 24.26 NOTE
r-devel-linux-x86_64-debian-gcc 1.09.1 8.05 16.86 24.90 NOTE
r-devel-linux-x86_64-fedora-clang 1.09.1 42.31 NOTE
r-devel-linux-x86_64-fedora-gcc 1.09.1 42.71 NOTE
r-devel-osx-x86_64-clang 1.09.1 43.77 NOTE
r-devel-windows-ix86+x86_64 1.09.1 29.00 31.00 60.00 NOTE
r-patched-linux-x86_64 1.09.1 7.52 17.05 24.57 NOTE
r-patched-solaris-sparc 1.09.1 251.50 NOTE
r-patched-solaris-x86 1.09.1 63.20 NOTE
r-release-linux-ix86 1.09.1 10.25 23.26 33.52 NOTE
r-release-linux-x86_64 1.09.1 7.20 18.06 25.27 NOTE
r-release-osx-x86_64-mavericks 1.09.1 NOTE
r-release-osx-x86_64-snowleopard 1.09.1 OK
r-release-windows-ix86+x86_64 1.09.1 28.00 34.00 62.00 NOTE
r-oldrel-windows-ix86+x86_64 1.09 27.00 34.00 61.00 OK

Check Details

Version: 1.09.1
Check: dependencies in R code
Result: NOTE
    'library' or 'require' calls in package code:
     ‘akima’ ‘foreach’
     Please use :: or requireNamespace() instead.
     See section 'Suggested packages' in the 'Writing R Extensions' manual.
    Package in Depends field not imported from: ‘splines’
     These packages need to be imported from (in the NAMESPACE file)
     for when this namespace is loaded but not attached.
Flavors: r-devel-linux-x86_64-debian-clang, r-devel-linux-x86_64-debian-gcc, r-devel-linux-x86_64-fedora-clang, r-devel-linux-x86_64-fedora-gcc, r-devel-osx-x86_64-clang, r-devel-windows-ix86+x86_64

Version: 1.09.1
Check: R code for possible problems
Result: NOTE
    gplot.matrix: no visible global function definition for ‘interp’
    step.gam: no visible global function definition for ‘%dopar%’
    step.gam: no visible global function definition for ‘foreach’
Flavors: r-devel-linux-x86_64-debian-clang, r-devel-linux-x86_64-debian-gcc, r-devel-linux-x86_64-fedora-clang, r-devel-linux-x86_64-fedora-gcc, r-devel-osx-x86_64-clang, r-devel-windows-ix86+x86_64, r-patched-linux-x86_64, r-patched-solaris-sparc, r-patched-solaris-x86, r-release-linux-ix86, r-release-linux-x86_64, r-release-osx-x86_64-mavericks, r-release-windows-ix86+x86_64

Version: 1.09.1
Check: S3 generic/method consistency
Result: NOTE
    Found the following apparent S3 methods exported but not registered:
     gplot.default gplot.factor gplot.list gplot.matrix gplot.numeric
     as.data.frame.lo.smooth anova.gamlist deviance.default deviance.glm
     deviance.lm all.wam
    See section ‘Registering S3 methods’ in the ‘Writing R Extensions’
    manual.
Flavors: r-devel-linux-x86_64-fedora-clang, r-devel-linux-x86_64-fedora-gcc

Version: 1.09.1
Check: dependencies in R code
Result: NOTE
    Package in Depends field not imported from: ‘splines’
     These packages need to be imported from (in the NAMESPACE file)
     for when this namespace is loaded but not attached.
    See the information on DESCRIPTION files in the chapter ‘Creating R
    packages’ of the ‘Writing R Extensions’ manual.
Flavors: r-patched-linux-x86_64, r-patched-solaris-sparc, r-patched-solaris-x86, r-release-linux-ix86, r-release-linux-x86_64, r-release-osx-x86_64-mavericks, r-release-windows-ix86+x86_64