CRAN Package Check Results for Package gam

Last updated on 2015-07-04 08:50:19.

Flavor Version Tinstall Tcheck Ttotal Status Flags
r-devel-linux-x86_64-debian-clang 1.12 7.23 15.65 22.88 NOTE
r-devel-linux-x86_64-debian-gcc 1.12 7.25 15.86 23.11 NOTE
r-devel-linux-x86_64-fedora-clang 1.12 40.42 NOTE
r-devel-linux-x86_64-fedora-gcc 1.12 38.31 NOTE
r-devel-osx-x86_64-clang 1.12 38.75 OK
r-devel-windows-ix86+x86_64 1.12 44.00 51.00 95.00 NOTE
r-patched-linux-x86_64 1.12 7.50 16.52 24.02 OK
r-patched-solaris-sparc 1.12 253.10 OK
r-patched-solaris-x86 1.12 57.70 OK
r-release-linux-x86_64 1.12 7.35 16.97 24.32 OK
r-release-osx-x86_64-mavericks 1.12 OK
r-release-windows-ix86+x86_64 1.12 34.00 54.00 88.00 OK
r-oldrel-windows-ix86+x86_64 1.12 38.00 40.00 78.00 OK

Check Details

Version: 1.12
Check: R code for possible problems
Result: NOTE
    gplot.factor: no visible global function definition for ‘plot’
    gplot.factor: no visible global function definition for ‘mtext’
    gplot.factor: no visible global function definition for ‘axis’
    gplot.factor: no visible global function definition for ‘segments’
    gplot.factor: no visible global function definition for ‘points’
    gplot.factor: no visible global function definition for ‘rug’
    gplot.matrix: no visible global function definition for ‘persp’
    gplot.numeric: no visible global function definition for ‘plot’
    gplot.numeric: no visible global function definition for ‘lines’
    gplot.numeric: no visible global function definition for ‘rug’
    plot.gam: no visible global function definition for ‘menu’
    Undefined global functions or variables:
     axis lines menu mtext persp plot points rug segments
Flavors: r-devel-linux-x86_64-debian-clang, r-devel-linux-x86_64-debian-gcc, r-devel-linux-x86_64-fedora-clang, r-devel-linux-x86_64-fedora-gcc, r-devel-windows-ix86+x86_64