CRAN Package Check Results for Package gam

Last updated on 2017-02-27 18:48:56.

Flavor Version Tinstall Tcheck Ttotal Status Flags
r-devel-linux-x86_64-debian-clang 1.14 7.91 20.07 27.98 NOTE
r-devel-linux-x86_64-debian-gcc 1.14 7.70 18.99 26.70 NOTE
r-devel-linux-x86_64-fedora-clang 1.14 44.23 NOTE --no-stop-on-test-error
r-devel-linux-x86_64-fedora-gcc 1.14 42.79 NOTE --no-stop-on-test-error
r-devel-macos-x86_64-clang 1.14 39.74 NOTE --no-stop-on-test-error
r-devel-windows-ix86+x86_64 1.14 37.00 104.00 141.00 OK
r-patched-linux-x86_64 1.14 7.09 16.97 24.06 OK
r-patched-solaris-sparc 1.14 240.70 OK
r-patched-solaris-x86 1.14 52.90 OK
r-release-linux-x86_64 1.14 7.19 16.99 24.18 OK
r-release-osx-x86_64-mavericks 1.14 OK
r-release-windows-ix86+x86_64 1.14 59.00 40.00 99.00 OK
r-oldrel-windows-ix86+x86_64 1.14 41.00 77.00 118.00 OK

Check Details

Version: 1.14
Check: compiled code
Result: NOTE
    File ‘gam/libs/gam.so’:
     Found no calls to: ‘R_registerRoutines’, ‘R_useDynamicSymbols’
    
    It is good practice to register native routines and to disable symbol
    search.
    
    See ‘Writing portable packages’ in the ‘Writing R Extensions’ manual.
Flavors: r-devel-linux-x86_64-debian-clang, r-devel-linux-x86_64-debian-gcc

Version: 1.14
Flags: --no-stop-on-test-error
Check: compiled code
Result: NOTE
    File ‘gam/libs/gam.so’:
     Found no calls to: ‘R_registerRoutines’, ‘R_useDynamicSymbols’
    
    It is good practice to register native routines and to disable symbol
    search.
    
    See ‘Writing portable packages’ in the ‘Writing R Extensions’ manual.
Flavors: r-devel-linux-x86_64-fedora-clang, r-devel-linux-x86_64-fedora-gcc, r-devel-macos-x86_64-clang