CRAN Package Check Results for Package gam

Last updated on 2014-10-21 03:49:06.

Flavor Version Tinstall Tcheck Ttotal Status Flags
r-devel-linux-x86_64-debian-clang 1.09.1 7.26 17.14 24.40 NOTE
r-devel-linux-x86_64-debian-gcc 1.09.1 7.61 16.82 24.43 NOTE
r-devel-linux-x86_64-fedora-clang 1.09.1 43.56 NOTE
r-devel-linux-x86_64-fedora-gcc 1.09.1 41.06 NOTE
r-devel-osx-x86_64-clang 1.09.1 43.87 NOTE
r-devel-windows-ix86+x86_64 1.09.1 26.00 31.00 57.00 NOTE
r-patched-linux-x86_64 1.09.1 7.35 17.74 25.10 NOTE
r-patched-solaris-sparc 1.09.1 262.90 NOTE
r-patched-solaris-x86 1.09.1 63.00 NOTE
r-release-linux-ix86 1.09.1 10.81 24.19 35.00 OK
r-release-linux-x86_64 1.09.1 7.25 16.92 24.17 OK
r-release-osx-x86_64-mavericks 1.09.1 OK
r-release-osx-x86_64-snowleopard 1.09.1 OK
r-release-windows-ix86+x86_64 1.09.1 26.00 31.00 57.00 OK
r-oldrel-windows-ix86+x86_64 1.09 27.00 34.00 61.00 OK

Check Details

Version: 1.09.1
Check: dependencies in R code
Result: NOTE
    Package in Depends field not imported from: ‘splines’
     These packages need to be imported from (in the NAMESPACE file)
     for when this namespace is loaded but not attached.
    See the information on DESCRIPTION files in the chapter ‘Creating R
    packages’ of the ‘Writing R Extensions’ manual.
Flavors: r-devel-linux-x86_64-debian-clang, r-devel-linux-x86_64-debian-gcc, r-devel-linux-x86_64-fedora-clang, r-devel-linux-x86_64-fedora-gcc, r-devel-osx-x86_64-clang, r-devel-windows-ix86+x86_64, r-patched-linux-x86_64, r-patched-solaris-sparc, r-patched-solaris-x86

Version: 1.09.1
Check: R code for possible problems
Result: NOTE
    gplot.matrix: no visible global function definition for ‘interp’
    step.gam: no visible global function definition for ‘%dopar%’
    step.gam: no visible global function definition for ‘foreach’
Flavors: r-devel-linux-x86_64-debian-clang, r-devel-linux-x86_64-debian-gcc, r-devel-linux-x86_64-fedora-clang, r-devel-linux-x86_64-fedora-gcc, r-devel-osx-x86_64-clang, r-devel-windows-ix86+x86_64, r-patched-linux-x86_64, r-patched-solaris-sparc, r-patched-solaris-x86