CRAN Package Check Results for Package gam

Last updated on 2014-09-22 01:48:02.

Flavor Version Tinstall Tcheck Ttotal Status Flags
r-devel-linux-x86_64-debian-clang 1.09.1 7.24 16.40 23.64 NOTE
r-devel-linux-x86_64-debian-gcc 1.09.1 7.19 16.07 23.26 NOTE
r-devel-linux-x86_64-fedora-clang 1.09.1 41.72 NOTE
r-devel-linux-x86_64-fedora-gcc 1.09.1 39.71 NOTE
r-devel-osx-x86_64-clang 1.09.1 42.85 NOTE
r-devel-windows-ix86+x86_64 1.09.1 25.00 33.00 58.00 NOTE
r-patched-linux-x86_64 1.09.1 7.52 16.90 24.42 NOTE
r-patched-solaris-sparc 1.09.1 259.20 NOTE
r-patched-solaris-x86 1.09.1 67.70 NOTE
r-release-linux-ix86 1.09.1 10.92 24.29 35.21 OK
r-release-linux-x86_64 1.09.1 7.21 18.00 25.22 OK
r-release-osx-x86_64-mavericks 1.09.1 OK
r-release-osx-x86_64-snowleopard 1.09.1 OK
r-release-windows-ix86+x86_64 1.09.1 24.00 31.00 55.00 OK
r-oldrel-windows-ix86+x86_64 1.09 27.00 34.00 61.00 OK

Check Details

Version: 1.09.1
Check: dependencies in R code
Result: NOTE
    Package in Depends field not imported from: ‘splines’
     These packages need to be imported from (in the NAMESPACE file)
     for when this namespace is loaded but not attached.
    See the information on DESCRIPTION files in the chapter ‘Creating R
    packages’ of the ‘Writing R Extensions’ manual.
Flavors: r-devel-linux-x86_64-debian-clang, r-devel-linux-x86_64-debian-gcc, r-devel-linux-x86_64-fedora-clang, r-devel-linux-x86_64-fedora-gcc, r-devel-osx-x86_64-clang, r-devel-windows-ix86+x86_64, r-patched-linux-x86_64, r-patched-solaris-sparc, r-patched-solaris-x86

Version: 1.09.1
Check: R code for possible problems
Result: NOTE
    gplot.matrix: no visible global function definition for ‘interp’
    step.gam: no visible global function definition for ‘%dopar%’
    step.gam: no visible global function definition for ‘foreach’
Flavors: r-devel-linux-x86_64-debian-clang, r-devel-linux-x86_64-debian-gcc, r-devel-linux-x86_64-fedora-clang, r-devel-linux-x86_64-fedora-gcc, r-devel-osx-x86_64-clang, r-devel-windows-ix86+x86_64