CRAN Package Check Results for Package gam

Last updated on 2016-05-24 08:48:40.

Flavor Version Tinstall Tcheck Ttotal Status Flags
r-devel-linux-x86_64-debian-gcc 1.12 7.66 18.14 25.80 NOTE
r-devel-linux-x86_64-fedora-clang 1.12 45.84 NOTE
r-devel-linux-x86_64-fedora-gcc 1.12 37.30 NOTE
r-devel-osx-x86_64-clang 1.12 43.50 NOTE
r-devel-windows-ix86+x86_64 1.12 25.00 37.00 62.00 NOTE
r-patched-linux-x86_64 1.12 7.62 17.74 25.36 NOTE
r-patched-solaris-sparc 1.12 244.00 NOTE
r-patched-solaris-x86 1.12 54.50 NOTE
r-release-linux-x86_64 1.12 7.32 17.51 24.84 NOTE
r-release-osx-x86_64-mavericks 1.12 NOTE
r-release-windows-ix86+x86_64 1.12 25.00 37.00 62.00 NOTE
r-oldrel-windows-ix86+x86_64 1.12 44.00 35.00 79.00 OK

Check Details

Version: 1.12
Check: R code for possible problems
Result: NOTE
    gplot.factor: no visible global function definition for ‘plot’
    gplot.factor: no visible global function definition for ‘mtext’
    gplot.factor: no visible global function definition for ‘axis’
    gplot.factor: no visible global function definition for ‘segments’
    gplot.factor: no visible global function definition for ‘points’
    gplot.factor: no visible global function definition for ‘rug’
    gplot.matrix: no visible global function definition for ‘persp’
    gplot.numeric: no visible global function definition for ‘plot’
    gplot.numeric: no visible global function definition for ‘lines’
    gplot.numeric: no visible global function definition for ‘rug’
    plot.gam: no visible global function definition for ‘menu’
    Undefined global functions or variables:
     axis lines menu mtext persp plot points rug segments
    Consider adding
     importFrom("graphics", "axis", "lines", "mtext", "persp", "plot",
     "points", "rug", "segments")
     importFrom("utils", "menu")
    to your NAMESPACE file.
Flavors: r-devel-linux-x86_64-debian-gcc, r-devel-linux-x86_64-fedora-clang, r-devel-linux-x86_64-fedora-gcc, r-devel-osx-x86_64-clang, r-devel-windows-ix86+x86_64, r-patched-linux-x86_64, r-patched-solaris-sparc, r-patched-solaris-x86, r-release-linux-x86_64, r-release-osx-x86_64-mavericks, r-release-windows-ix86+x86_64