CRAN Package Check Results for Package gam

Last updated on 2016-02-12 12:47:19.

Flavor Version Tinstall Tcheck Ttotal Status Flags
r-devel-linux-x86_64-debian-gcc 1.12 7.61 15.73 23.34 NOTE
r-devel-linux-x86_64-fedora-clang 1.12 38.66 NOTE
r-devel-linux-x86_64-fedora-gcc 1.12 37.71 NOTE
r-devel-osx-x86_64-clang 1.12 45.15 NOTE
r-devel-windows-ix86+x86_64 1.12 37.00 37.00 74.00 NOTE
r-patched-linux-x86_64 1.12 7.27 17.28 24.54 OK
r-patched-solaris-sparc 1.12 241.00 OK
r-patched-solaris-x86 1.12 52.90 OK
r-release-linux-x86_64 1.12 7.47 16.57 24.04 OK
r-release-osx-x86_64-mavericks 1.12 OK
r-release-windows-ix86+x86_64 1.12 37.00 34.00 71.00 OK
r-oldrel-windows-ix86+x86_64 1.12 35.00 43.00 78.00 OK

Check Details

Version: 1.12
Check: R code for possible problems
Result: NOTE
    gplot.factor: no visible global function definition for ‘plot’
    gplot.factor: no visible global function definition for ‘mtext’
    gplot.factor: no visible global function definition for ‘axis’
    gplot.factor: no visible global function definition for ‘segments’
    gplot.factor: no visible global function definition for ‘points’
    gplot.factor: no visible global function definition for ‘rug’
    gplot.matrix: no visible global function definition for ‘persp’
    gplot.numeric: no visible global function definition for ‘plot’
    gplot.numeric: no visible global function definition for ‘lines’
    gplot.numeric: no visible global function definition for ‘rug’
    plot.gam: no visible global function definition for ‘menu’
    Undefined global functions or variables:
     axis lines menu mtext persp plot points rug segments
    Consider adding
     importFrom("graphics", "axis", "lines", "mtext", "persp", "plot",
     "points", "rug", "segments")
     importFrom("utils", "menu")
    to your NAMESPACE file.
Flavors: r-devel-linux-x86_64-debian-gcc, r-devel-linux-x86_64-fedora-clang, r-devel-linux-x86_64-fedora-gcc, r-devel-osx-x86_64-clang, r-devel-windows-ix86+x86_64