CRAN Package Check Results for Package gam

Last updated on 2016-07-24 06:46:51.

Flavor Version Tinstall Tcheck Ttotal Status Flags
r-devel-linux-x86_64-debian-clang 1.12 8.44 20.68 29.12 NOTE
r-devel-linux-x86_64-debian-gcc 1.12 8.98 19.35 28.33 NOTE
r-devel-linux-x86_64-fedora-clang 1.12 39.16 NOTE
r-devel-linux-x86_64-fedora-gcc 1.12 36.71 NOTE
r-devel-osx-x86_64-clang 1.12 35.76 NOTE
r-devel-windows-ix86+x86_64 1.12 26.00 41.00 67.00 NOTE
r-patched-linux-x86_64 1.12 9.36 19.11 28.47 NOTE
r-patched-solaris-sparc 1.12 241.70 NOTE
r-patched-solaris-x86 1.12 52.60 NOTE
r-release-linux-x86_64 1.12 9.24 19.45 28.69 NOTE
r-release-osx-x86_64-mavericks 1.12 NOTE
r-release-windows-ix86+x86_64 1.12 35.00 63.00 98.00 NOTE
r-oldrel-windows-ix86+x86_64 1.12 45.00 41.00 86.00 OK

Check Details

Version: 1.12
Check: R code for possible problems
Result: NOTE
    gplot.factor: no visible global function definition for ‘plot’
    gplot.factor: no visible global function definition for ‘mtext’
    gplot.factor: no visible global function definition for ‘axis’
    gplot.factor: no visible global function definition for ‘segments’
    gplot.factor: no visible global function definition for ‘points’
    gplot.factor: no visible global function definition for ‘rug’
    gplot.matrix: no visible global function definition for ‘persp’
    gplot.numeric: no visible global function definition for ‘plot’
    gplot.numeric: no visible global function definition for ‘lines’
    gplot.numeric: no visible global function definition for ‘rug’
    plot.gam: no visible global function definition for ‘menu’
    Undefined global functions or variables:
     axis lines menu mtext persp plot points rug segments
    Consider adding
     importFrom("graphics", "axis", "lines", "mtext", "persp", "plot",
     "points", "rug", "segments")
     importFrom("utils", "menu")
    to your NAMESPACE file.
Flavors: r-devel-linux-x86_64-debian-clang, r-devel-linux-x86_64-debian-gcc, r-devel-linux-x86_64-fedora-clang, r-devel-linux-x86_64-fedora-gcc, r-devel-osx-x86_64-clang, r-devel-windows-ix86+x86_64, r-patched-linux-x86_64, r-patched-solaris-sparc, r-patched-solaris-x86, r-release-linux-x86_64, r-release-osx-x86_64-mavericks, r-release-windows-ix86+x86_64