CRAN Package Check Results for Package gam

Last updated on 2015-09-01 09:47:49.

Flavor Version Tinstall Tcheck Ttotal Status Flags
r-devel-linux-x86_64-debian-clang 1.12 7.18 16.09 23.27 NOTE
r-devel-linux-x86_64-debian-gcc 1.12 7.34 16.84 24.17 NOTE
r-devel-linux-x86_64-fedora-clang 1.12 40.20 NOTE
r-devel-linux-x86_64-fedora-gcc 1.12 38.46 NOTE
r-devel-osx-x86_64-clang 1.12 41.51 OK
r-devel-windows-ix86+x86_64 1.12 34.00 40.00 74.00 NOTE
r-patched-linux-x86_64 1.12 8.37 16.24 24.61 OK
r-patched-solaris-sparc 1.12 254.90 OK
r-patched-solaris-x86 1.12 61.10 OK
r-release-linux-x86_64 1.12 7.44 16.85 24.29 OK
r-release-osx-x86_64-mavericks 1.12 OK
r-release-windows-ix86+x86_64 1.12 33.00 39.00 72.00 OK
r-oldrel-windows-ix86+x86_64 1.12 34.00 41.00 75.00 OK

Check Details

Version: 1.12
Check: R code for possible problems
Result: NOTE
    gplot.factor: no visible global function definition for ‘plot’
    gplot.factor: no visible global function definition for ‘mtext’
    gplot.factor: no visible global function definition for ‘axis’
    gplot.factor: no visible global function definition for ‘segments’
    gplot.factor: no visible global function definition for ‘points’
    gplot.factor: no visible global function definition for ‘rug’
    gplot.matrix: no visible global function definition for ‘persp’
    gplot.numeric: no visible global function definition for ‘plot’
    gplot.numeric: no visible global function definition for ‘lines’
    gplot.numeric: no visible global function definition for ‘rug’
    plot.gam: no visible global function definition for ‘menu’
    Undefined global functions or variables:
     axis lines menu mtext persp plot points rug segments
    Consider adding
     importFrom("graphics", "axis", "lines", "mtext", "persp", "plot",
     "points", "rug", "segments")
     importFrom("utils", "menu")
    to your NAMESPACE.
Flavors: r-devel-linux-x86_64-debian-clang, r-devel-linux-x86_64-debian-gcc, r-devel-linux-x86_64-fedora-clang, r-devel-linux-x86_64-fedora-gcc, r-devel-windows-ix86+x86_64