Last updated on 2022-07-06 07:48:59 CEST.
Flavor | Version | Tinstall | Tcheck | Ttotal | Status | Flags |
---|---|---|---|---|---|---|
r-devel-linux-x86_64-debian-clang | 1.20.1 | 13.39 | 41.56 | 54.95 | NOTE | |
r-devel-linux-x86_64-debian-gcc | 1.20.2 | 11.70 | 31.74 | 43.44 | OK | |
r-devel-linux-x86_64-fedora-clang | 1.20.2 | 81.94 | OK | |||
r-devel-linux-x86_64-fedora-gcc | 1.20.2 | 81.54 | OK | |||
r-devel-windows-x86_64 | 1.20.2 | 83.00 | 94.00 | 177.00 | OK | |
r-patched-linux-x86_64 | 1.20.1 | 13.32 | 40.02 | 53.34 | OK | |
r-release-linux-x86_64 | 1.20.1 | 10.88 | 40.77 | 51.65 | OK | |
r-release-macos-arm64 | 1.20.2 | 40.00 | WARN | |||
r-release-macos-x86_64 | 1.20.1 | 36.00 | OK | |||
r-release-windows-x86_64 | 1.20.2 | 30.00 | 95.00 | 125.00 | OK | |
r-oldrel-macos-arm64 | 1.20.2 | 26.00 | OK | |||
r-oldrel-macos-x86_64 | 1.20.1 | 33.00 | OK | |||
r-oldrel-windows-ix86+x86_64 | 1.20.2 | 37.00 | 76.00 | 113.00 | OK |
Version: 1.20.1
Check: Rd files
Result: NOTE
checkRd: (-1) anova.gam.Rd:45: Escaped LaTeX specials: \&
checkRd: (-1) gam.Rd:234: Escaped LaTeX specials: \&
checkRd: (-1) gam.control.Rd:34: Escaped LaTeX specials: \&
checkRd: (-1) gam.scope.Rd:49: Escaped LaTeX specials: \&
checkRd: (-1) gam.smoothers.Rd:35: Escaped LaTeX specials: \&
checkRd: (-1) lo.Rd:104: Escaped LaTeX specials: \&
checkRd: (-1) na.gam.replace.Rd:32: Escaped LaTeX specials: \&
checkRd: (-1) plot.gam.Rd:77: Escaped LaTeX specials: \&
checkRd: (-1) predict.gam.Rd:74: Escaped LaTeX specials: \&
checkRd: (-1) random.Rd:79: Escaped LaTeX specials: \&
checkRd: (-1) s.Rd:74: Escaped LaTeX specials: \&
checkRd: (-1) step.gam.Rd:90: Escaped LaTeX specials: \&
Flavor: r-devel-linux-x86_64-debian-clang
Version: 1.20.2
Check: whether package can be installed
Result: WARN
Found the following significant warnings:
Warning: ‘zrank’ is used uninitialized [-Wuninitialized]
Flavor: r-release-macos-arm64