CRAN Package Check Results for Package gam

Last updated on 2015-03-03 12:50:34.

Flavor Version Tinstall Tcheck Ttotal Status Flags
r-devel-linux-x86_64-debian-clang 1.09.1 7.08 16.11 23.19 NOTE
r-devel-linux-x86_64-debian-gcc 1.09.1 7.12 15.94 23.05 NOTE
r-devel-linux-x86_64-fedora-clang 1.09.1 41.56 NOTE
r-devel-linux-x86_64-fedora-gcc 1.09.1 39.83 NOTE
r-devel-osx-x86_64-clang 1.09.1 41.77 NOTE
r-devel-windows-ix86+x86_64 1.09.1 46.00 39.00 85.00 NOTE
r-patched-linux-x86_64 1.09.1 7.36 17.49 24.85 NOTE
r-patched-solaris-sparc 1.09.1 270.30 NOTE
r-patched-solaris-x86 1.09.1 64.10 NOTE
r-release-linux-ix86 1.09.1 10.40 24.14 34.54 NOTE
r-release-linux-x86_64 1.09.1 7.50 18.04 25.54 NOTE
r-release-osx-x86_64-mavericks 1.09.1 NOTE
r-release-osx-x86_64-snowleopard 1.09.1 OK
r-release-windows-ix86+x86_64 1.09.1 45.00 34.00 79.00 NOTE
r-oldrel-windows-ix86+x86_64 1.09 27.00 34.00 61.00 OK

Check Details

Version: 1.09.1
Check: dependencies in R code
Result: NOTE
    'library' or 'require' calls in package code:
     ‘akima’ ‘foreach’
     Please use :: or requireNamespace() instead.
     See section 'Suggested packages' in the 'Writing R Extensions' manual.
    Package in Depends field not imported from: ‘splines’
     These packages need to be imported from (in the NAMESPACE file)
     for when this namespace is loaded but not attached.
Flavors: r-devel-linux-x86_64-debian-clang, r-devel-linux-x86_64-debian-gcc, r-devel-linux-x86_64-fedora-clang, r-devel-linux-x86_64-fedora-gcc, r-devel-osx-x86_64-clang, r-devel-windows-ix86+x86_64, r-patched-linux-x86_64, r-patched-solaris-sparc, r-patched-solaris-x86

Version: 1.09.1
Check: S3 generic/method consistency
Result: NOTE
    Found the following apparent S3 methods exported but not registered:
     all.wam anova.gamlist as.data.frame.lo.smooth deviance.default
     deviance.glm deviance.lm gplot.default gplot.factor gplot.list
     gplot.matrix gplot.numeric
    See section ‘Registering S3 methods’ in the ‘Writing R Extensions’
    manual.
Flavors: r-devel-linux-x86_64-debian-clang, r-devel-linux-x86_64-debian-gcc, r-devel-linux-x86_64-fedora-clang, r-devel-linux-x86_64-fedora-gcc, r-devel-osx-x86_64-clang

Version: 1.09.1
Check: R code for possible problems
Result: NOTE
    gplot.matrix: no visible global function definition for ‘interp’
    step.gam: no visible global function definition for ‘%dopar%’
    step.gam: no visible global function definition for ‘foreach’
Flavors: r-devel-linux-x86_64-debian-clang, r-devel-linux-x86_64-debian-gcc, r-devel-linux-x86_64-fedora-clang, r-devel-linux-x86_64-fedora-gcc, r-devel-osx-x86_64-clang, r-devel-windows-ix86+x86_64, r-patched-linux-x86_64, r-patched-solaris-sparc, r-patched-solaris-x86, r-release-linux-ix86, r-release-linux-x86_64, r-release-osx-x86_64-mavericks, r-release-windows-ix86+x86_64

Version: 1.09.1
Check: dependencies in R code
Result: NOTE
    Package in Depends field not imported from: ‘splines’
     These packages need to be imported from (in the NAMESPACE file)
     for when this namespace is loaded but not attached.
    See the information on DESCRIPTION files in the chapter ‘Creating R
    packages’ of the ‘Writing R Extensions’ manual.
Flavors: r-release-linux-ix86, r-release-linux-x86_64, r-release-osx-x86_64-mavericks, r-release-windows-ix86+x86_64