CRAN Package Check Results for Package gam

Last updated on 2014-08-28 14:47:28.

Flavor Version Tinstall Tcheck Ttotal Status Flags
r-devel-linux-x86_64-debian-clang 1.09.1 7.28 15.94 23.22 NOTE
r-devel-linux-x86_64-debian-gcc 1.09.1 8.58 15.96 24.54 NOTE
r-devel-linux-x86_64-fedora-clang 1.09.1 41.50 NOTE
r-devel-linux-x86_64-fedora-gcc 1.09.1 40.30 NOTE
r-devel-osx-x86_64-clang 1.09.1 41.25 NOTE
r-devel-windows-ix86+x86_64 1.09.1 25.00 32.00 57.00 NOTE
r-patched-linux-x86_64 1.09.1 7.48 16.46 23.94 NOTE
r-patched-solaris-sparc 1.09.1 259.20 NOTE
r-patched-solaris-x86 1.09.1 64.10 NOTE
r-release-linux-ix86 1.09.1 11.28 24.07 35.35 OK
r-release-linux-x86_64 1.09.1 7.26 17.18 24.44 OK
r-release-osx-x86_64-mavericks 1.09.1 OK
r-release-osx-x86_64-snowleopard 1.09.1 OK
r-release-windows-ix86+x86_64 1.09.1 27.00 34.00 61.00 OK
r-oldrel-windows-ix86+x86_64 1.09 27.00 34.00 61.00 OK

Check Details

Version: 1.09.1
Check: dependencies in R code
Result: NOTE
    Package in Depends field not imported from: ‘splines’
     These packages need to be imported from (in the NAMESPACE file)
     for when this namespace is loaded but not attached.
    See the information on DESCRIPTION files in the chapter ‘Creating R
    packages’ of the ‘Writing R Extensions’ manual.
Flavors: r-devel-linux-x86_64-debian-clang, r-devel-linux-x86_64-debian-gcc, r-devel-linux-x86_64-fedora-clang, r-devel-linux-x86_64-fedora-gcc, r-devel-osx-x86_64-clang, r-devel-windows-ix86+x86_64, r-patched-linux-x86_64, r-patched-solaris-sparc, r-patched-solaris-x86

Version: 1.09.1
Check: R code for possible problems
Result: NOTE
    gplot.matrix: no visible global function definition for ‘interp’
    step.gam: no visible global function definition for ‘%dopar%’
    step.gam: no visible global function definition for ‘foreach’
Flavors: r-devel-linux-x86_64-debian-clang, r-devel-linux-x86_64-debian-gcc, r-devel-linux-x86_64-fedora-clang, r-devel-linux-x86_64-fedora-gcc, r-devel-osx-x86_64-clang, r-devel-windows-ix86+x86_64