CRAN Package Check Results for Package gam

Last updated on 2014-04-24 21:47:40.

Flavor Version Tinstall Tcheck Ttotal Status Flags
r-devel-linux-x86_64-debian-clang 1.09.1 7.07 17.66 24.73 OK
r-devel-linux-x86_64-debian-gcc 1.09.1 7.09 17.55 24.64 OK
r-devel-linux-x86_64-fedora-clang 1.09.1 43.85 OK
r-devel-linux-x86_64-fedora-gcc 1.09.1 42.66 OK
r-devel-osx-x86_64-clang 1.09.1 38.05 OK
r-devel-osx-x86_64-gcc 1.09.1 NOTE
r-devel-windows-ix86+x86_64 1.09.1 22.00 32.00 54.00 OK
r-patched-linux-x86_64 1.09.1 7.24 17.54 24.79 OK
r-patched-solaris-sparc 1.09.1 242.80 OK
r-patched-solaris-x86 1.09.1 60.80 OK
r-release-linux-ix86 1.09.1 12.00 34.00 46.00 OK
r-release-linux-x86_64 1.09.1 7.18 17.92 25.10 OK
r-release-osx-x86_64-mavericks 1.09.1 WARN
r-release-osx-x86_64-snowleopard 1.09.1 OK
r-release-windows-ix86+x86_64 1.09.1 25.00 33.00 58.00 OK
r-oldrel-windows-ix86+x86_64 1.09 27.00 34.00 61.00 OK

Check Details

Version: 1.09.1
Check: package dependencies
Result: NOTE
    Package suggested but not available for checking: ‘foreach’
Flavors: r-devel-osx-x86_64-gcc, r-release-osx-x86_64-mavericks

Version: 1.09.1
Check: R code for possible problems
Result: NOTE
    step.gam: no visible global function definition for ‘%dopar%’
    step.gam: no visible global function definition for ‘foreach’
Flavors: r-devel-osx-x86_64-gcc, r-release-osx-x86_64-mavericks

Version: 1.09.1
Check: PDF version of manual
Result: WARNING
    LaTeX errors when creating PDF version.
    This typically indicates Rd problems.
    LaTeX errors found:
    ! LaTeX Error: File `upquote.sty' not found.
    
    Type X to quit or <RETURN> to proceed,
    or enter new name. (Default extension: sty)
    
    2d625f09/Rd2.tex:8: ==> Fatal error occurred, no output PDF file produced!
Flavor: r-release-osx-x86_64-mavericks