CRAN Package Check Results for Package gam

Last updated on 2015-04-01 19:48:24.

Flavor Version Tinstall Tcheck Ttotal Status Flags
r-devel-linux-x86_64-debian-clang 1.09.1 7.02 15.90 22.92 NOTE
r-devel-linux-x86_64-debian-gcc 1.09.1 7.22 16.52 23.74 NOTE
r-devel-linux-x86_64-fedora-clang 1.09.1 40.91 NOTE
r-devel-linux-x86_64-fedora-gcc 1.09.1 38.85 NOTE
r-devel-osx-x86_64-clang 1.09.1 46.23 NOTE
r-prerel-windows-ix86+x86_64 1.09.1 32.00 29.00 61.00 NOTE
r-prerel-linux-x86_64 1.09.1 7.31 15.83 23.14 NOTE
r-prerel-solaris-sparc 1.09.1 258.70 NOTE
r-prerel-solaris-x86 1.09.1 58.00 NOTE
r-release-linux-x86_64 1.09.1 7.78 17.78 25.56 NOTE
r-release-osx-x86_64-mavericks 1.09.1 NOTE
r-release-osx-x86_64-snowleopard 1.09.1 OK
r-release-windows-ix86+x86_64 1.09.1 26.00 34.00 60.00 NOTE
r-oldrel-windows-ix86+x86_64 1.09 27.00 34.00 61.00 OK

Check Details

Version: 1.09.1
Check: dependencies in R code
Result: NOTE
    'library' or 'require' calls in package code:
     ‘akima’ ‘foreach’
     Please use :: or requireNamespace() instead.
     See section 'Suggested packages' in the 'Writing R Extensions' manual.
    Package in Depends field not imported from: ‘splines’
     These packages need to be imported from (in the NAMESPACE file)
     for when this namespace is loaded but not attached.
Flavors: r-devel-linux-x86_64-debian-clang, r-devel-linux-x86_64-debian-gcc, r-devel-linux-x86_64-fedora-clang, r-devel-linux-x86_64-fedora-gcc, r-devel-osx-x86_64-clang, r-prerel-windows-ix86+x86_64, r-prerel-linux-x86_64, r-prerel-solaris-sparc, r-prerel-solaris-x86, r-release-linux-x86_64, r-release-windows-ix86+x86_64

Version: 1.09.1
Check: S3 generic/method consistency
Result: NOTE
    Found the following apparent S3 methods exported but not registered:
     all.wam anova.gamlist as.data.frame.lo.smooth deviance.default
     deviance.glm deviance.lm gplot.default gplot.factor gplot.list
     gplot.matrix gplot.numeric
    See section ‘Registering S3 methods’ in the ‘Writing R Extensions’
    manual.
Flavors: r-devel-linux-x86_64-debian-clang, r-devel-linux-x86_64-debian-gcc, r-devel-linux-x86_64-fedora-clang, r-devel-linux-x86_64-fedora-gcc, r-devel-osx-x86_64-clang, r-prerel-linux-x86_64

Version: 1.09.1
Check: R code for possible problems
Result: NOTE
    gplot.matrix: no visible global function definition for ‘interp’
    step.gam: no visible global function definition for ‘%dopar%’
    step.gam: no visible global function definition for ‘foreach’
Flavors: r-devel-linux-x86_64-debian-clang, r-devel-linux-x86_64-debian-gcc, r-devel-linux-x86_64-fedora-clang, r-devel-linux-x86_64-fedora-gcc, r-devel-osx-x86_64-clang, r-prerel-windows-ix86+x86_64, r-prerel-linux-x86_64, r-prerel-solaris-sparc, r-prerel-solaris-x86, r-release-linux-x86_64, r-release-osx-x86_64-mavericks, r-release-windows-ix86+x86_64

Version: 1.09.1
Check: dependencies in R code
Result: NOTE
    Package in Depends field not imported from: ‘splines’
     These packages need to be imported from (in the NAMESPACE file)
     for when this namespace is loaded but not attached.
    See the information on DESCRIPTION files in the chapter ‘Creating R
    packages’ of the ‘Writing R Extensions’ manual.
Flavor: r-release-osx-x86_64-mavericks