CRAN Package Check Results for Package gam

Last updated on 2015-08-03 21:47:21.

Flavor Version Tinstall Tcheck Ttotal Status Flags
r-devel-linux-x86_64-debian-clang 1.12 7.20 16.80 24.01 NOTE
r-devel-linux-x86_64-debian-gcc 1.12 7.41 15.91 23.32 NOTE
r-devel-linux-x86_64-fedora-clang 1.12 39.72 NOTE
r-devel-linux-x86_64-fedora-gcc 1.12 38.97 NOTE
r-devel-osx-x86_64-clang 1.12 37.52 OK
r-devel-windows-ix86+x86_64 1.12 27.00 48.00 75.00 NOTE
r-patched-linux-x86_64 1.12 7.64 16.25 23.88 OK
r-patched-solaris-sparc 1.12 254.90 OK
r-patched-solaris-x86 1.12 57.00 OK
r-release-linux-x86_64 1.12 7.38 22.68 30.06 OK
r-release-osx-x86_64-mavericks 1.12 OK
r-release-windows-ix86+x86_64 1.12 33.00 36.00 69.00 OK
r-oldrel-windows-ix86+x86_64 1.12 37.00 41.00 78.00 OK

Check Details

Version: 1.12
Check: R code for possible problems
Result: NOTE
    gplot.factor: no visible global function definition for ‘plot’
    gplot.factor: no visible global function definition for ‘mtext’
    gplot.factor: no visible global function definition for ‘axis’
    gplot.factor: no visible global function definition for ‘segments’
    gplot.factor: no visible global function definition for ‘points’
    gplot.factor: no visible global function definition for ‘rug’
    gplot.matrix: no visible global function definition for ‘persp’
    gplot.numeric: no visible global function definition for ‘plot’
    gplot.numeric: no visible global function definition for ‘lines’
    gplot.numeric: no visible global function definition for ‘rug’
    plot.gam: no visible global function definition for ‘menu’
    Undefined global functions or variables:
     axis lines menu mtext persp plot points rug segments
    Consider adding
     importFrom("graphics", "axis", "lines", "mtext", "persp", "plot",
     "points", "rug", "segments")
     importFrom("utils", "menu")
    to your NAMESPACE.
Flavors: r-devel-linux-x86_64-debian-clang, r-devel-linux-x86_64-debian-gcc, r-devel-linux-x86_64-fedora-clang, r-devel-linux-x86_64-fedora-gcc, r-devel-windows-ix86+x86_64