CRAN Package Check Results for Package gam

Last updated on 2017-03-28 06:47:49.

Flavor Version Tinstall Tcheck Ttotal Status Flags
r-devel-linux-x86_64-debian-clang 1.14 7.53 20.01 27.54 NOTE
r-devel-linux-x86_64-debian-gcc 1.14 7.65 19.06 26.71 NOTE
r-devel-linux-x86_64-fedora-clang 1.14 46.95 NOTE --no-stop-on-test-error
r-devel-linux-x86_64-fedora-gcc 1.14 44.22 NOTE --no-stop-on-test-error
r-devel-macos-x86_64-clang 1.14 38.93 NOTE --no-stop-on-test-error
r-devel-windows-ix86+x86_64 1.14 32.00 43.00 75.00 OK
r-patched-linux-x86_64 1.14 7.19 18.84 26.04 NOTE
r-patched-solaris-sparc 1.14 264.80 OK
r-patched-solaris-x86 1.14 58.30 OK
r-release-linux-x86_64 1.14 7.10 16.82 23.92 OK
r-release-osx-x86_64-mavericks 1.14 OK
r-release-windows-ix86+x86_64 1.14 43.00 40.00 83.00 OK
r-oldrel-windows-ix86+x86_64 1.14 30.00 42.00 72.00 OK

Check Details

Version: 1.14
Check: compiled code
Result: NOTE
    File ‘gam/libs/gam.so’:
     Found no calls to: ‘R_registerRoutines’, ‘R_useDynamicSymbols’
    
    It is good practice to register native routines and to disable symbol
    search.
    
    See ‘Writing portable packages’ in the ‘Writing R Extensions’ manual.
Flavors: r-devel-linux-x86_64-debian-clang, r-devel-linux-x86_64-debian-gcc, r-patched-linux-x86_64

Version: 1.14
Flags: --no-stop-on-test-error
Check: compiled code
Result: NOTE
    File ‘gam/libs/gam.so’:
     Found no calls to: ‘R_registerRoutines’, ‘R_useDynamicSymbols’
    
    It is good practice to register native routines and to disable symbol
    search.
    
    See ‘Writing portable packages’ in the ‘Writing R Extensions’ manual.
Flavors: r-devel-linux-x86_64-fedora-clang, r-devel-linux-x86_64-fedora-gcc, r-devel-macos-x86_64-clang