CRAN Package Check Results for Package gam

Last updated on 2018-02-22 05:47:45 CET.

Flavor Version Tinstall Tcheck Ttotal Status Flags
r-devel-linux-x86_64-debian-clang 1.14-4 10.62 26.72 37.34 WARN
r-devel-linux-x86_64-debian-gcc 1.14-4 8.79 22.76 31.55 WARN
r-devel-linux-x86_64-fedora-clang 1.14-4 49.82 WARN
r-devel-linux-x86_64-fedora-gcc 1.14-4 47.47 WARN
r-devel-windows-ix86+x86_64 1.14-4 57.00 49.00 106.00 WARN
r-patched-linux-x86_64 1.14-4 7.77 30.84 38.61 OK
r-patched-solaris-x86 1.14-4 63.80 OK
r-release-linux-x86_64 1.14-4 7.85 30.76 38.61 OK
r-release-windows-ix86+x86_64 1.14-4 31.00 64.00 95.00 OK
r-release-osx-x86_64 1.14-4 OK
r-oldrel-windows-ix86+x86_64 1.14-4 32.00 62.00 94.00 OK
r-oldrel-osx-x86_64 1.14-4 OK

Check Details

Version: 1.14-4
Check: use of S3 registration
Result: WARN
    Registered S3 methods from standard package(s) overwritten by 'gam':
     method from
     plot.gam mgcv
     summary.gam mgcv
     print.summary.gam mgcv
     print.gam mgcv
     predict.gam mgcv
     anova.gam mgcv
Flavors: r-devel-linux-x86_64-debian-clang, r-devel-linux-x86_64-debian-gcc, r-devel-linux-x86_64-fedora-clang, r-devel-linux-x86_64-fedora-gcc, r-devel-windows-ix86+x86_64, r-devel-windows-ix86+x86_64