CRAN Package Check Results for Package gamRR

Last updated on 2022-06-25 15:51:21 CEST.

Flavor Version Tinstall Tcheck Ttotal Status Flags
r-devel-linux-x86_64-debian-clang 0.7.0 8.54 66.35 74.89 NOTE
r-devel-linux-x86_64-debian-gcc 0.7.0 6.09 49.67 55.76 NOTE
r-devel-linux-x86_64-fedora-clang 0.7.0 96.21 NOTE
r-devel-linux-x86_64-fedora-gcc 0.7.0 94.74 NOTE
r-devel-windows-x86_64 0.7.0 12.00 84.00 96.00 NOTE
r-patched-linux-x86_64 0.7.0 7.97 62.34 70.31 NOTE
r-release-linux-x86_64 0.7.0 6.66 63.75 70.41 NOTE
r-release-macos-arm64 0.7.0 27.00 NOTE
r-release-macos-x86_64 0.7.0 41.00 NOTE
r-release-windows-x86_64 0.7.0 14.00 85.00 99.00 NOTE
r-oldrel-macos-arm64 0.7.0 35.00 NOTE
r-oldrel-macos-x86_64 0.7.0 53.00 NOTE
r-oldrel-windows-ix86+x86_64 0.7.0 16.00 78.00 94.00 NOTE

Check Details

Version: 0.7.0
Check: LazyData
Result: NOTE
     'LazyData' is specified without a 'data' directory
Flavors: r-devel-linux-x86_64-debian-clang, r-devel-linux-x86_64-debian-gcc, r-devel-linux-x86_64-fedora-clang, r-devel-linux-x86_64-fedora-gcc, r-devel-windows-x86_64, r-patched-linux-x86_64, r-release-linux-x86_64, r-release-macos-arm64, r-release-macos-x86_64, r-release-windows-x86_64, r-oldrel-macos-arm64, r-oldrel-macos-x86_64, r-oldrel-windows-ix86+x86_64